43.153.71.132 - - [03/Oct/2025:15:59:28 +0800] "GET / HTTP/1.1" 200 33466 "http://36.133.115.36" "Mozilla/5.0 (iPhone; CPU iPhone OS 13_2_3 like Mac OS X) AppleWebKit/605.1.15 (KHTML, like Gecko) Version/13.0.3 Mobile/15E148 Safari/604.1"
36.133.115.36 - - [03/Oct/2025:16:00:26 +0800] "POST /wp-cron.php?doing_wp_cron=1759478426.2199571132659912109375 HTTP/1.1" 200 31 "-" "WordPress/6.8.2; http://cqqizhou.com"
87.120.191.6 - - [03/Oct/2025:16:00:26 +0800] "GET / HTTP/1.1" 200 33465 "-" "Mozilla/5.0 (Windows NT 10.0; Win64; x64) AppleWebKit/537.36 (KHTML, like Gecko) Chrome/90.0.4430.85 Safari/537.36 Edg/90.0.818.46"
36.133.115.36 - - [03/Oct/2025:16:01:42 +0800] "POST /wp-cron.php?doing_wp_cron=1759478502.8536279201507568359375 HTTP/1.1" 200 31 "-" "WordPress/6.8.2; http://cqqizhou.com"
37.60.141.156 - - [03/Oct/2025:16:01:43 +0800] "GET / HTTP/1.1" 200 151919 "-" "Mozilla/5.0 (Windows NT 10.0; Win64; x64) AppleWebKit/537.36 (KHTML, like Gecko) Chrome/42.0.2311.135 Safari/537.36 Edge/12.246"
36.133.115.36 - - [03/Oct/2025:16:02:30 +0800] "POST /wp-cron.php?doing_wp_cron=1759478550.8790249824523925781250 HTTP/1.1" 200 31 "-" "WordPress/6.8.2; http://cqqizhou.com"
42.236.17.213 - - [03/Oct/2025:16:02:31 +0800] "GET / HTTP/1.1" 200 33465 "http://cqqizhou.com/" "Mozilla/5.0 (Linux; Android 10; K) AppleWebKit/537.36 (KHTML, like Gecko) Chrome/131.0.0.0 Mobile Safari/537.36; 360Spider"
36.133.115.36 - - [03/Oct/2025:16:32:44 +0800] "POST /wp-cron.php?doing_wp_cron=1759480364.8451249599456787109375 HTTP/1.1" 200 31 "-" "WordPress/6.8.2; http://cqqizhou.com"
85.208.96.211 - - [03/Oct/2025:16:32:44 +0800] "GET /robots.txt HTTP/1.1" 200 190 "-" "Mozilla/5.0 (compatible; SemrushBot/7~bl; +http://www.semrush.com/bot.html)"
85.208.96.205 - - [03/Oct/2025:16:32:46 +0800] "GET /business/ HTTP/1.1" 200 22444 "-" "Mozilla/5.0 (compatible; SemrushBot/7~bl; +http://www.semrush.com/bot.html)"
36.133.115.36 - - [03/Oct/2025:16:43:14 +0800] "POST /wp-cron.php?doing_wp_cron=1759480994.1318941116333007812500 HTTP/1.1" 200 31 "-" "WordPress/6.8.2; http://cqqizhou.com"
37.60.141.156 - - [03/Oct/2025:16:43:14 +0800] "GET /cgi-bin/luci/;stok=/locale HTTP/1.1" 301 5 "-" "-"
37.60.141.156 - - [03/Oct/2025:16:43:15 +0800] "GET /cgi-bin/luci/;stok=/locale HTTP/1.1" 404 31381 "http://36.133.115.36:80/cgi-bin/luci/;stok=/locale" "-"
36.133.115.36 - - [03/Oct/2025:16:54:44 +0800] "POST /wp-cron.php?doing_wp_cron=1759481684.8650290966033935546875 HTTP/1.1" 200 31 "-" "WordPress/6.8.2; http://cqqizhou.com"
45.142.195.99 - - [03/Oct/2025:16:54:45 +0800] "GET / HTTP/1.1" 200 33465 "-" "Mozilla/5.0 (Windows NT 10.0; Win64; x64) AppleWebKit/537.36 (KHTML, like Gecko) Chrome/90.0.4430.85 Safari/537.36 Edg/90.0.818.46"
36.133.115.36 - - [03/Oct/2025:17:03:16 +0800] "POST /wp-cron.php?doing_wp_cron=1759482196.6950581073760986328125 HTTP/1.1" 200 31 "-" "WordPress/6.8.2; http://cqqizhou.com"
43.135.142.37 - - [03/Oct/2025:17:03:16 +0800] "GET / HTTP/1.1" 200 33465 "-" "Mozilla/5.0 (iPhone; CPU iPhone OS 13_2_3 like Mac OS X) AppleWebKit/605.1.15 (KHTML, like Gecko) Version/13.0.3 Mobile/15E148 Safari/604.1"
36.133.115.36 - - [03/Oct/2025:17:03:46 +0800] "POST /wp-cron.php?doing_wp_cron=1759482226.9353029727935791015625 HTTP/1.1" 200 31 "-" "WordPress/6.8.2; http://cqqizhou.com"
87.120.191.70 - - [03/Oct/2025:17:03:47 +0800] "GET / HTTP/1.1" 200 33465 "-" "Mozilla/5.0 (Windows NT 10.0; Win64; x64) AppleWebKit/537.36 (KHTML, like Gecko) Chrome/90.0.4430.85 Safari/537.36 Edg/90.0.818.46"
36.133.115.36 - - [03/Oct/2025:17:33:04 +0800] "POST /wp-cron.php?doing_wp_cron=1759483984.1424469947814941406250 HTTP/1.1" 200 31 "-" "WordPress/6.8.2; http://cqqizhou.com"
87.120.191.6 - - [03/Oct/2025:17:33:04 +0800] "GET / HTTP/1.1" 200 33465 "-" "Mozilla/5.0 (Windows NT 10.0; Win64; x64) AppleWebKit/537.36 (KHTML, like Gecko) Chrome/90.0.4430.85 Safari/537.36 Edg/90.0.818.46"
36.133.115.36 - - [03/Oct/2025:17:44:13 +0800] "POST /wp-cron.php?doing_wp_cron=1759484653.0451729297637939453125 HTTP/1.1" 200 31 "-" "WordPress/6.8.2; http://cqqizhou.com"
172.237.126.158 - - [03/Oct/2025:17:44:13 +0800] "GET / HTTP/1.1" 301 5 "-" "Mozilla/5.0 (Windows NT 6.1; WOW64; rv:8.0) Gecko/20100101 Firefox/8.0"
172.237.126.158 - - [03/Oct/2025:17:44:15 +0800] "GET / HTTP/1.1" 200 165874 "-" "Mozilla/5.0 (Windows NT 6.1; WOW64; rv:8.0) Gecko/20100101 Firefox/8.0"
36.133.115.36 - - [03/Oct/2025:18:05:53 +0800] "POST /wp-cron.php?doing_wp_cron=1759485953.2204070091247558593750 HTTP/1.1" 200 31 "-" "WordPress/6.8.2; http://cqqizhou.com"
87.120.191.70 - - [03/Oct/2025:18:05:53 +0800] "GET / HTTP/1.1" 200 33465 "-" "Mozilla/5.0 (Windows NT 10.0; Win64; x64) AppleWebKit/537.36 (KHTML, like Gecko) Chrome/90.0.4430.85 Safari/537.36 Edg/90.0.818.46"
36.133.115.36 - - [03/Oct/2025:18:09:24 +0800] "POST /wp-cron.php?doing_wp_cron=1759486164.6058518886566162109375 HTTP/1.1" 200 31 "-" "WordPress/6.8.2; http://cqqizhou.com"
101.91.148.219 - - [03/Oct/2025:18:09:24 +0800] "GET / HTTP/1.1" 200 33465 "-" "Mozilla/5.0 (iPhone; CPU iPhone OS 13_2_3 like Mac OS X) AppleWebKit/605.1.15 (KHTML, like Gecko) Version/13.0.3 Mobile/15E148 Safari/604.1"
36.133.115.36 - - [03/Oct/2025:18:13:24 +0800] "POST /wp-cron.php?doing_wp_cron=1759486404.4594008922576904296875 HTTP/1.1" 200 31 "-" "WordPress/6.8.2; http://cqqizhou.com"
45.142.195.99 - - [03/Oct/2025:18:13:24 +0800] "GET / HTTP/1.1" 200 33465 "-" "Mozilla/5.0 (Windows NT 10.0; Win64; x64) AppleWebKit/537.36 (KHTML, like Gecko) Chrome/90.0.4430.85 Safari/537.36 Edg/90.0.818.46"
36.133.115.36 - - [03/Oct/2025:18:53:59 +0800] "POST /wp-cron.php?doing_wp_cron=1759488839.3266150951385498046875 HTTP/1.1" 200 31 "-" "WordPress/6.8.2; http://cqqizhou.com"
37.60.141.156 - - [03/Oct/2025:18:53:59 +0800] "GET /cgi-bin/luci/;stok=/locale HTTP/1.1" 301 5 "-" "-"
37.60.141.156 - - [03/Oct/2025:18:54:00 +0800] "GET /cgi-bin/luci/;stok=/locale HTTP/1.1" 404 31381 "http://36.133.115.36:80/cgi-bin/luci/;stok=/locale" "-"
36.133.115.36 - - [03/Oct/2025:19:04:55 +0800] "POST /wp-cron.php?doing_wp_cron=1759489495.9412729740142822265625 HTTP/1.1" 200 31 "-" "WordPress/6.8.2; http://cqqizhou.com"
87.120.191.6 - - [03/Oct/2025:19:04:56 +0800] "GET / HTTP/1.1" 200 33465 "-" "Mozilla/5.0 (Windows NT 10.0; Win64; x64) AppleWebKit/537.36 (KHTML, like Gecko) Chrome/90.0.4430.85 Safari/537.36 Edg/90.0.818.46"
36.133.115.36 - - [03/Oct/2025:19:15:03 +0800] "POST /wp-cron.php?doing_wp_cron=1759490103.1937170028686523437500 HTTP/1.1" 200 31 "-" "WordPress/6.8.2; http://cqqizhou.com"
87.120.191.70 - - [03/Oct/2025:19:15:03 +0800] "GET / HTTP/1.1" 200 33465 "-" "Mozilla/5.0 (Windows NT 10.0; Win64; x64) AppleWebKit/537.36 (KHTML, like Gecko) Chrome/90.0.4430.85 Safari/537.36 Edg/90.0.818.46"
36.133.115.36 - - [03/Oct/2025:19:20:50 +0800] "POST /wp-cron.php?doing_wp_cron=1759490450.5501639842987060546875 HTTP/1.1" 200 31 "-" "WordPress/6.8.2; http://cqqizhou.com"
43.156.109.53 - - [03/Oct/2025:19:20:50 +0800] "GET / HTTP/1.1" 200 33465 "-" "Mozilla/5.0 (iPhone; CPU iPhone OS 13_2_3 like Mac OS X) AppleWebKit/605.1.15 (KHTML, like Gecko) Version/13.0.3 Mobile/15E148 Safari/604.1"
36.133.115.36 - - [03/Oct/2025:19:26:27 +0800] "POST /wp-cron.php?doing_wp_cron=1759490787.7609119415283203125000 HTTP/1.1" 200 31 "-" "WordPress/6.8.2; http://cqqizhou.com"
68.183.90.5 - - [03/Oct/2025:19:26:27 +0800] "GET /.env HTTP/1.1" 404 8990 "-" "Mozilla/5.0; Keydrop.io/1.0(onlyscans.com/about);"
68.183.90.5 - - [03/Oct/2025:19:26:29 +0800] "GET /.git/config HTTP/1.1" 404 8990 "-" "Mozilla/5.0; Keydrop.io/1.0(onlyscans.com/about);"
36.133.108.125 - - [03/Oct/2025:19:33:55 +0800] "HEAD /phpunit/src/Util/PHP/eval-stdin.php HTTP/1.1" 404 0 "-" "Mozilla/5.0 (Macintosh; U; Intel Mac OS X 10_6_6; en-gb) AppleWebKit/533.20.25 (KHTML, like Gecko) Version/5.0.4 Safari/533.20.27"
36.133.115.36 - - [03/Oct/2025:19:38:37 +0800] "POST /wp-cron.php?doing_wp_cron=1759491517.5407249927520751953125 HTTP/1.1" 200 31 "-" "WordPress/6.8.2; http://cqqizhou.com"
45.142.195.99 - - [03/Oct/2025:19:38:37 +0800] "GET / HTTP/1.1" 200 33465 "-" "Mozilla/5.0 (Windows NT 10.0; Win64; x64) AppleWebKit/537.36 (KHTML, like Gecko) Chrome/90.0.4430.85 Safari/537.36 Edg/90.0.818.46"
36.133.115.36 - - [03/Oct/2025:19:54:22 +0800] "POST /wp-cron.php?doing_wp_cron=1759492462.1175060272216796875000 HTTP/1.1" 200 31 "-" "WordPress/6.8.2; http://cqqizhou.com"
124.156.225.181 - - [03/Oct/2025:19:54:22 +0800] "GET / HTTP/1.1" 301 5 "-" "Mozilla/5.0 (iPhone; CPU iPhone OS 13_2_3 like Mac OS X) AppleWebKit/605.1.15 (KHTML, like Gecko) Version/13.0.3 Mobile/15E148 Safari/604.1"
124.156.225.181 - - [03/Oct/2025:19:54:24 +0800] "GET / HTTP/1.1" 200 33465 "http://www.cqqizhou.com" "Mozilla/5.0 (iPhone; CPU iPhone OS 13_2_3 like Mac OS X) AppleWebKit/605.1.15 (KHTML, like Gecko) Version/13.0.3 Mobile/15E148 Safari/604.1"
36.133.115.36 - - [03/Oct/2025:19:59:02 +0800] "POST /wp-cron.php?doing_wp_cron=1759492741.9929039478302001953125 HTTP/1.1" 200 31 "-" "WordPress/6.8.2; http://cqqizhou.com"
37.60.141.156 - - [03/Oct/2025:19:59:02 +0800] "GET / HTTP/1.1" 200 151919 "-" "Mozilla/5.0 (Windows NT 10.0; Win64; x64) AppleWebKit/537.36 (KHTML, like Gecko) Chrome/42.0.2311.135 Safari/537.36 Edge/12.246"
36.133.115.36 - - [03/Oct/2025:20:05:36 +0800] "POST /wp-cron.php?doing_wp_cron=1759493136.3082730770111083984375 HTTP/1.1" 200 31 "-" "WordPress/6.8.2; http://cqqizhou.com"
207.90.244.14 - - [03/Oct/2025:20:05:36 +0800] "GET / HTTP/1.1" 301 5 "-" "Mozilla/5.0 (Windows NT 6.1) AppleWebKit/537.36 (KHTML, like Gecko) Chrome/41.0.2228.0 Safari/537.36"
207.90.244.14 - - [03/Oct/2025:20:05:39 +0800] "GET / HTTP/1.1" 200 165874 "-" "Mozilla/5.0 (Windows NT 6.1) AppleWebKit/537.36 (KHTML, like Gecko) Chrome/41.0.2228.0 Safari/537.36"
207.90.244.14 - - [03/Oct/2025:20:05:41 +0800] "GET /robots.txt HTTP/1.1" 200 390 "-" "-"
207.90.244.14 - - [03/Oct/2025:20:05:45 +0800] "GET /sitemap.xml HTTP/1.1" 200 2409 "-" "-"
36.133.115.36 - - [03/Oct/2025:20:06:01 +0800] "POST /wp-cron.php?doing_wp_cron=1759493161.3404231071472167968750 HTTP/1.1" 200 31 "-" "WordPress/6.8.2; http://cqqizhou.com"
103.203.56.1 - - [03/Oct/2025:20:06:01 +0800] "GET / HTTP/1.1" 301 5 "-" "HTTP Banner Detection (https://security.ipip.net)"
36.133.115.36 - - [03/Oct/2025:20:08:36 +0800] "POST /wp-cron.php?doing_wp_cron=1759493316.2760519981384277343750 HTTP/1.1" 200 31 "-" "WordPress/6.8.2; http://cqqizhou.com"
87.120.191.90 - - [03/Oct/2025:20:08:36 +0800] "GET / HTTP/1.1" 200 33466 "-" "Mozilla/5.0 (Windows NT 10.0; Win64; x64) AppleWebKit/537.36 (KHTML, like Gecko) Chrome/90.0.4430.85 Safari/537.36 Edg/90.0.818.46"
36.133.115.36 - - [03/Oct/2025:20:08:46 +0800] "POST /wp-cron.php?doing_wp_cron=1759493326.8600909709930419921875 HTTP/1.1" 200 31 "-" "WordPress/6.8.2; http://cqqizhou.com"
87.120.191.6 - - [03/Oct/2025:20:08:47 +0800] "GET / HTTP/1.1" 200 33466 "-" "Mozilla/5.0 (Windows NT 10.0; Win64; x64) AppleWebKit/537.36 (KHTML, like Gecko) Chrome/90.0.4430.85 Safari/537.36 Edg/90.0.818.46"
36.133.115.36 - - [03/Oct/2025:20:12:59 +0800] "POST /wp-cron.php?doing_wp_cron=1759493579.7319490909576416015625 HTTP/1.1" 200 31 "-" "WordPress/6.8.2; http://cqqizhou.com"
35.203.210.247 - - [03/Oct/2025:20:12:59 +0800] "GET /wp-login.php HTTP/1.1" 200 8672 "-" "Hello from Palo Alto Networks, find out more about our scans in https://docs-cortex.paloaltonetworks.com/r/1/Cortex-Xpanse/Scanning-activity"
87.120.191.70 - - [03/Oct/2025:20:13:28 +0800] "GET / HTTP/1.1" 200 33466 "-" "Mozilla/5.0 (Windows NT 10.0; Win64; x64) AppleWebKit/537.36 (KHTML, like Gecko) Chrome/90.0.4430.85 Safari/537.36 Edg/90.0.818.46"
36.133.115.36 - - [03/Oct/2025:20:14:19 +0800] "POST /wp-cron.php?doing_wp_cron=1759493659.7780621051788330078125 HTTP/1.1" 200 31 "-" "WordPress/6.8.2; http://cqqizhou.com"
185.180.140.131 - - [03/Oct/2025:20:14:19 +0800] "GET / HTTP/1.1" 301 5 "-" "Mozilla/5.0 (Windows NT 10.0; Win64; x64) AppleWebKit/537.36 (KHTML, like Gecko) Chrome/60.0.3112.113 Safari/537.36"
185.180.140.11 - - [03/Oct/2025:20:14:21 +0800] "GET / HTTP/1.1" 200 39369 "http://36.133.115.36/" "Mozilla/5.0 (Windows NT 10.0; Win64; x64) AppleWebKit/537.36 (KHTML, like Gecko) Chrome/60.0.3112.113 Safari/537.36"
36.133.115.36 - - [03/Oct/2025:20:15:43 +0800] "POST /wp-cron.php?doing_wp_cron=1759493743.6992399692535400390625 HTTP/1.1" 200 31 "-" "WordPress/6.8.2; http://cqqizhou.com"
93.123.109.214 - - [03/Oct/2025:20:15:43 +0800] "GET / HTTP/1.1" 301 5 "-" "l9tcpid/v1.1.0"
185.238.231.92 - - [03/Oct/2025:20:29:28 +0800] "GET /file.php HTTP/1.1" 404 47 "-" "Go-http-client/1.1"
185.238.231.92 - - [03/Oct/2025:20:29:29 +0800] "GET /admin.php HTTP/1.1" 404 47 "-" "Go-http-client/1.1"
36.133.115.36 - - [03/Oct/2025:20:29:30 +0800] "POST /wp-cron.php?doing_wp_cron=1759494570.0661079883575439453125 HTTP/1.1" 200 31 "-" "WordPress/6.8.2; http://cqqizhou.com"
185.238.231.92 - - [03/Oct/2025:20:29:30 +0800] "GET /index.php HTTP/1.1" 301 5 "-" "Go-http-client/1.1"
185.238.231.92 - - [03/Oct/2025:20:29:30 +0800] "GET / HTTP/1.1" 200 39369 "http://cqqizhou.com/index.php" "Go-http-client/1.1"
185.238.231.92 - - [03/Oct/2025:20:29:31 +0800] "GET /chosen.php HTTP/1.1" 404 47 "-" "Go-http-client/1.1"
185.238.231.92 - - [03/Oct/2025:20:29:32 +0800] "GET /wp-atom.php HTTP/1.1" 404 47 "-" "Go-http-client/1.1"
185.238.231.92 - - [03/Oct/2025:20:29:32 +0800] "GET /wp-content/plugins/pwnd/block-support.php HTTP/1.1" 404 47 "-" "Go-http-client/1.1"
185.238.231.92 - - [03/Oct/2025:20:29:32 +0800] "GET /about.php HTTP/1.1" 404 47 "-" "Go-http-client/1.1"
185.238.231.92 - - [03/Oct/2025:20:29:33 +0800] "GET /autoload_classmap.php HTTP/1.1" 404 47 "-" "Go-http-client/1.1"
185.238.231.92 - - [03/Oct/2025:20:29:33 +0800] "GET /index/function.php HTTP/1.1" 404 47 "-" "Go-http-client/1.1"
185.238.231.92 - - [03/Oct/2025:20:29:34 +0800] "GET /adminfuns.php HTTP/1.1" 404 47 "-" "Go-http-client/1.1"
185.238.231.92 - - [03/Oct/2025:20:29:34 +0800] "GET /mah.php HTTP/1.1" 404 47 "-" "Go-http-client/1.1"
185.238.231.92 - - [03/Oct/2025:20:29:35 +0800] "GET /simple.php HTTP/1.1" 404 47 "-" "Go-http-client/1.1"
185.238.231.92 - - [03/Oct/2025:20:29:35 +0800] "GET /nope.php HTTP/1.1" 404 47 "-" "Go-http-client/1.1"
185.238.231.92 - - [03/Oct/2025:20:29:36 +0800] "GET /asasx.php HTTP/1.1" 404 47 "-" "Go-http-client/1.1"
185.238.231.92 - - [03/Oct/2025:20:29:36 +0800] "GET /system.php HTTP/1.1" 404 47 "-" "Go-http-client/1.1"
185.238.231.92 - - [03/Oct/2025:20:29:36 +0800] "GET /mah/function.php HTTP/1.1" 404 47 "-" "Go-http-client/1.1"
185.238.231.92 - - [03/Oct/2025:20:29:37 +0800] "GET /past.php HTTP/1.1" 404 47 "-" "Go-http-client/1.1"
185.238.231.92 - - [03/Oct/2025:20:29:37 +0800] "GET /css/index.php HTTP/1.1" 404 47 "-" "Go-http-client/1.1"
185.238.231.92 - - [03/Oct/2025:20:29:38 +0800] "GET /classwithtostring.php HTTP/1.1" 404 47 "-" "Go-http-client/1.1"
185.238.231.92 - - [03/Oct/2025:20:29:38 +0800] "GET /goods.php HTTP/1.1" 404 47 "-" "Go-http-client/1.1"
185.238.231.92 - - [03/Oct/2025:20:29:39 +0800] "GET /wp-slie.php HTTP/1.1" 404 47 "-" "Go-http-client/1.1"
185.238.231.92 - - [03/Oct/2025:20:29:39 +0800] "GET /wp-includes/Requests/about.php HTTP/1.1" 404 47 "-" "Go-http-client/1.1"
185.238.231.92 - - [03/Oct/2025:20:29:39 +0800] "GET /inputs.php HTTP/1.1" 404 47 "-" "Go-http-client/1.1"
185.238.231.92 - - [03/Oct/2025:20:29:40 +0800] "GET /1.php HTTP/1.1" 404 47 "-" "Go-http-client/1.1"
185.238.231.92 - - [03/Oct/2025:20:29:40 +0800] "GET /wp-content/plugins/WordPressCore/index.php HTTP/1.1" 404 47 "-" "Go-http-client/1.1"
185.238.231.92 - - [03/Oct/2025:20:29:41 +0800] "GET /wp-onta.php HTTP/1.1" 404 47 "-" "Go-http-client/1.1"
185.238.231.92 - - [03/Oct/2025:20:29:41 +0800] "GET /function/function.php HTTP/1.1" 404 47 "-" "Go-http-client/1.1"
185.238.231.92 - - [03/Oct/2025:20:29:42 +0800] "GET /about/function.php HTTP/1.1" 404 47 "-" "Go-http-client/1.1"
185.238.231.92 - - [03/Oct/2025:20:29:42 +0800] "GET /wp-admin/js/index.php HTTP/1.1" 404 47 "-" "Go-http-client/1.1"
185.238.231.92 - - [03/Oct/2025:20:29:42 +0800] "GET /wp-content/index.php HTTP/1.1" 200 31 "-" "Go-http-client/1.1"
185.238.231.92 - - [03/Oct/2025:20:29:43 +0800] "GET /wp-content/uploads/wp.php HTTP/1.1" 404 47 "-" "Go-http-client/1.1"
185.238.231.92 - - [03/Oct/2025:20:29:43 +0800] "GET /k.php HTTP/1.1" 404 47 "-" "Go-http-client/1.1"
185.238.231.92 - - [03/Oct/2025:20:29:44 +0800] "GET /cjfuns.php HTTP/1.1" 404 47 "-" "Go-http-client/1.1"
185.238.231.92 - - [03/Oct/2025:20:29:44 +0800] "GET /alfa.php HTTP/1.1" 404 47 "-" "Go-http-client/1.1"
185.238.231.92 - - [03/Oct/2025:20:29:45 +0800] "GET /wp-includes/assets/index.php HTTP/1.1" 404 47 "-" "Go-http-client/1.1"
185.238.231.92 - - [03/Oct/2025:20:29:45 +0800] "GET /admin/function.php HTTP/1.1" 404 47 "-" "Go-http-client/1.1"
185.238.231.92 - - [03/Oct/2025:20:29:45 +0800] "GET /wp.php HTTP/1.1" 404 47 "-" "Go-http-client/1.1"
185.238.231.92 - - [03/Oct/2025:20:29:46 +0800] "GET /wp-includes/css/index.php HTTP/1.1" 404 47 "-" "Go-http-client/1.1"
185.238.231.92 - - [03/Oct/2025:20:29:46 +0800] "GET /lock360.php HTTP/1.1" 404 47 "-" "Go-http-client/1.1"
185.238.231.92 - - [03/Oct/2025:20:29:47 +0800] "GET /404.php HTTP/1.1" 404 47 "-" "Go-http-client/1.1"
185.238.231.92 - - [03/Oct/2025:20:29:47 +0800] "GET /defaults.php HTTP/1.1" 404 47 "-" "Go-http-client/1.1"
185.238.231.92 - - [03/Oct/2025:20:29:48 +0800] "GET /wp-content/plugins/index.php HTTP/1.1" 200 31 "-" "Go-http-client/1.1"
185.238.231.92 - - [03/Oct/2025:20:29:48 +0800] "GET /wp-content/plugins/fix/up.php HTTP/1.1" 404 47 "-" "Go-http-client/1.1"
185.238.231.92 - - [03/Oct/2025:20:29:48 +0800] "GET /default.php HTTP/1.1" 404 47 "-" "Go-http-client/1.1"
185.238.231.92 - - [03/Oct/2025:20:29:49 +0800] "GET /alfanew.php HTTP/1.1" 404 47 "-" "Go-http-client/1.1"
185.238.231.92 - - [03/Oct/2025:20:29:49 +0800] "GET /wp-content/themes/pridmag/db.php HTTP/1.1" 404 47 "-" "Go-http-client/1.1"
185.238.231.92 - - [03/Oct/2025:20:29:50 +0800] "GET /wp-admin/includes/class-wp-filesystem-base.php HTTP/1.1" 200 31 "-" "Go-http-client/1.1"
185.238.231.92 - - [03/Oct/2025:20:29:50 +0800] "GET /dropdown.php HTTP/1.1" 404 47 "-" "Go-http-client/1.1"
185.238.231.92 - - [03/Oct/2025:20:29:51 +0800] "GET /radio.php HTTP/1.1" 404 47 "-" "Go-http-client/1.1"
185.238.231.92 - - [03/Oct/2025:20:29:51 +0800] "GET /click.php HTTP/1.1" 404 47 "-" "Go-http-client/1.1"
185.238.231.92 - - [03/Oct/2025:20:29:52 +0800] "GET /wp-content/uploads/wpr-addons/forms/b1ack.php HTTP/1.1" 404 47 "-" "Go-http-client/1.1"
185.238.231.92 - - [03/Oct/2025:20:29:52 +0800] "GET /manager.php HTTP/1.1" 404 47 "-" "Go-http-client/1.1"
185.238.231.92 - - [03/Oct/2025:20:29:53 +0800] "GET /wp-content/admin.php HTTP/1.1" 404 47 "-" "Go-http-client/1.1"
185.238.231.92 - - [03/Oct/2025:20:29:53 +0800] "GET /cong.php HTTP/1.1" 404 47 "-" "Go-http-client/1.1"
185.238.231.92 - - [03/Oct/2025:20:29:54 +0800] "GET /wp-content/plugins/core-plugin/include.php HTTP/1.1" 404 47 "-" "Go-http-client/1.1"
185.238.231.92 - - [03/Oct/2025:20:29:54 +0800] "GET /text.php HTTP/1.1" 404 47 "-" "Go-http-client/1.1"
185.238.231.92 - - [03/Oct/2025:20:29:55 +0800] "GET /buy.php HTTP/1.1" 404 47 "-" "Go-http-client/1.1"
185.238.231.92 - - [03/Oct/2025:20:29:55 +0800] "GET /as.php HTTP/1.1" 404 47 "-" "Go-http-client/1.1"
185.238.231.92 - - [03/Oct/2025:20:29:55 +0800] "GET /av.php HTTP/1.1" 404 47 "-" "Go-http-client/1.1"
185.238.231.92 - - [03/Oct/2025:20:29:56 +0800] "GET /atomlib.php HTTP/1.1" 404 47 "-" "Go-http-client/1.1"
185.238.231.92 - - [03/Oct/2025:20:29:56 +0800] "GET /wp-content/uploads/index.php HTTP/1.1" 404 47 "-" "Go-http-client/1.1"
185.238.231.92 - - [03/Oct/2025:20:29:57 +0800] "GET /wp-content/plugins/pwnd/pwnd.php HTTP/1.1" 404 47 "-" "Go-http-client/1.1"
185.238.231.92 - - [03/Oct/2025:20:29:57 +0800] "GET /filemanager.php HTTP/1.1" 404 47 "-" "Go-http-client/1.1"
185.238.231.92 - - [03/Oct/2025:20:29:58 +0800] "GET /edit.php HTTP/1.1" 404 47 "-" "Go-http-client/1.1"
185.238.231.92 - - [03/Oct/2025:20:29:59 +0800] "GET /wp-content/themes/about.php HTTP/1.1" 404 47 "-" "Go-http-client/1.1"
185.238.231.92 - - [03/Oct/2025:20:29:59 +0800] "GET /wp-content/plugins/erinyani/default.php HTTP/1.1" 404 47 "-" "Go-http-client/1.1"
185.238.231.92 - - [03/Oct/2025:20:30:00 +0800] "GET /themes.php HTTP/1.1" 404 47 "-" "Go-http-client/1.1"
185.238.231.92 - - [03/Oct/2025:20:30:01 +0800] "GET /wp-content/themes/seotheme/mar.php HTTP/1.1" 404 47 "-" "Go-http-client/1.1"
185.238.231.92 - - [03/Oct/2025:20:30:01 +0800] "GET /wp-onto.php HTTP/1.1" 404 47 "-" "Go-http-client/1.1"
185.238.231.92 - - [03/Oct/2025:20:30:01 +0800] "GET /wp-content/uploads/ HTTP/1.1" 403 146 "-" "Go-http-client/1.1"
185.238.231.92 - - [03/Oct/2025:20:30:02 +0800] "GET /a.php HTTP/1.1" 404 47 "-" "Go-http-client/1.1"
185.238.231.92 - - [03/Oct/2025:20:30:02 +0800] "GET /install.php HTTP/1.1" 404 47 "-" "Go-http-client/1.1"
185.238.231.92 - - [03/Oct/2025:20:30:03 +0800] "GET /new.php HTTP/1.1" 404 47 "-" "Go-http-client/1.1"
185.238.231.92 - - [03/Oct/2025:20:30:03 +0800] "GET /wp-includes/wp-atom.php HTTP/1.1" 404 47 "-" "Go-http-client/1.1"
185.238.231.92 - - [03/Oct/2025:20:30:04 +0800] "GET /classsmtps.php HTTP/1.1" 404 47 "-" "Go-http-client/1.1"
185.238.231.92 - - [03/Oct/2025:20:30:04 +0800] "GET /wp-admin/maint/index.php HTTP/1.1" 404 47 "-" "Go-http-client/1.1"
185.238.231.92 - - [03/Oct/2025:20:30:04 +0800] "GET /wp-content/about.php HTTP/1.1" 404 47 "-" "Go-http-client/1.1"
185.238.231.92 - - [03/Oct/2025:20:30:05 +0800] "GET /autoload_classmap/function.php HTTP/1.1" 404 47 "-" "Go-http-client/1.1"
185.238.231.92 - - [03/Oct/2025:20:30:05 +0800] "GET /wp-content/themes/sketch/404.php HTTP/1.1" 404 47 "-" "Go-http-client/1.1"
185.238.231.92 - - [03/Oct/2025:20:30:06 +0800] "GET /tinyfilemanager.php HTTP/1.1" 404 47 "-" "Go-http-client/1.1"
185.238.231.92 - - [03/Oct/2025:20:30:06 +0800] "GET /shell.php HTTP/1.1" 404 47 "-" "Go-http-client/1.1"
185.238.231.92 - - [03/Oct/2025:20:30:07 +0800] "GET /contact.php HTTP/1.1" 404 47 "-" "Go-http-client/1.1"
185.238.231.92 - - [03/Oct/2025:20:30:07 +0800] "GET /ioxi-o.php HTTP/1.1" 404 47 "-" "Go-http-client/1.1"
185.238.231.92 - - [03/Oct/2025:20:30:08 +0800] "GET /wp-includes/ID3/index.php HTTP/1.1" 404 47 "-" "Go-http-client/1.1"
185.238.231.92 - - [03/Oct/2025:20:30:08 +0800] "GET /system_log.php HTTP/1.1" 404 47 "-" "Go-http-client/1.1"
185.238.231.92 - - [03/Oct/2025:20:30:09 +0800] "GET /class.php HTTP/1.1" 404 47 "-" "Go-http-client/1.1"
185.238.231.92 - - [03/Oct/2025:20:30:09 +0800] "GET /wp-content/plugins/pwnd/1.php HTTP/1.1" 404 47 "-" "Go-http-client/1.1"
185.238.231.92 - - [03/Oct/2025:20:30:09 +0800] "GET /makeasmtp.php HTTP/1.1" 404 47 "-" "Go-http-client/1.1"
185.238.231.92 - - [03/Oct/2025:20:30:10 +0800] "GET /ini.php HTTP/1.1" 404 47 "-" "Go-http-client/1.1"
185.238.231.92 - - [03/Oct/2025:20:30:10 +0800] "GET /lv.php HTTP/1.1" 404 47 "-" "Go-http-client/1.1"
185.238.231.92 - - [03/Oct/2025:20:30:11 +0800] "GET /wp-content/plugins/mainhosting/asasx.php HTTP/1.1" 404 47 "-" "Go-http-client/1.1"
185.238.231.92 - - [03/Oct/2025:20:30:11 +0800] "GET /wp-content/plugins/erinyani/asasx.php HTTP/1.1" 404 47 "-" "Go-http-client/1.1"
185.238.231.92 - - [03/Oct/2025:20:30:12 +0800] "GET /wp-file.php HTTP/1.1" 404 47 "-" "Go-http-client/1.1"
185.238.231.92 - - [03/Oct/2025:20:30:12 +0800] "GET /yasnu.php HTTP/1.1" 404 47 "-" "Go-http-client/1.1"
185.238.231.92 - - [03/Oct/2025:20:30:12 +0800] "GET /wso.php HTTP/1.1" 404 47 "-" "Go-http-client/1.1"
185.238.231.92 - - [03/Oct/2025:20:30:13 +0800] "GET /aa.php HTTP/1.1" 404 47 "-" "Go-http-client/1.1"
185.238.231.92 - - [03/Oct/2025:20:30:13 +0800] "GET /wp-content/themes/deeto/login.php HTTP/1.1" 404 47 "-" "Go-http-client/1.1"
185.238.231.92 - - [03/Oct/2025:20:30:14 +0800] "GET /gel4y.php HTTP/1.1" 404 47 "-" "Go-http-client/1.1"
185.238.231.92 - - [03/Oct/2025:20:30:14 +0800] "GET /wp-seto.php HTTP/1.1" 404 47 "-" "Go-http-client/1.1"
185.238.231.89 - - [03/Oct/2025:20:30:17 +0800] "GET /wp-links.php HTTP/1.1" 404 47 "-" "Go-http-client/1.1"
185.238.231.89 - - [03/Oct/2025:20:30:18 +0800] "GET /wp-admin/images/admin.php HTTP/1.1" 404 47 "-" "Go-http-client/1.1"
185.238.231.89 - - [03/Oct/2025:20:30:19 +0800] "GET /wp-includes/css/about.php HTTP/1.1" 404 47 "-" "Go-http-client/1.1"
185.238.231.89 - - [03/Oct/2025:20:30:19 +0800] "GET /moon.php HTTP/1.1" 404 47 "-" "Go-http-client/1.1"
185.238.231.89 - - [03/Oct/2025:20:30:19 +0800] "GET /go.php HTTP/1.1" 404 47 "-" "Go-http-client/1.1"
185.238.231.89 - - [03/Oct/2025:20:30:20 +0800] "GET /wp-content/plugins/shell/index.php HTTP/1.1" 404 47 "-" "Go-http-client/1.1"
185.238.231.89 - - [03/Oct/2025:20:30:20 +0800] "GET /item.php HTTP/1.1" 404 47 "-" "Go-http-client/1.1"
185.238.231.89 - - [03/Oct/2025:20:30:21 +0800] "GET /zex.php HTTP/1.1" 404 47 "-" "Go-http-client/1.1"
185.238.231.89 - - [03/Oct/2025:20:30:21 +0800] "GET /wp-admin/class-db.php HTTP/1.1" 404 47 "-" "Go-http-client/1.1"
185.238.231.89 - - [03/Oct/2025:20:30:22 +0800] "GET /sts.php HTTP/1.1" 404 47 "-" "Go-http-client/1.1"
185.238.231.89 - - [03/Oct/2025:20:30:22 +0800] "GET /load.php HTTP/1.1" 404 47 "-" "Go-http-client/1.1"
36.133.115.36 - - [03/Oct/2025:20:30:24 +0800] "POST /wp-cron.php?doing_wp_cron=1759494624.7704949378967285156250 HTTP/1.1" 200 31 "-" "WordPress/6.8.2; http://cqqizhou.com"
185.238.231.89 - - [03/Oct/2025:20:30:24 +0800] "GET /wp-admin/network/index.php HTTP/1.1" 302 5 "-" "Go-http-client/1.1"
185.238.231.89 - - [03/Oct/2025:20:30:25 +0800] "GET /wp-login.php?redirect_to=http%3A%2F%2Fcqqizhou.com%2Fwp-admin%2Fnetwork%2Findex.php&reauth=1 HTTP/1.1" 200 2790 "http://cqqizhou.com/wp-admin/network/index.php" "Go-http-client/1.1"
185.238.231.89 - - [03/Oct/2025:20:30:26 +0800] "GET /wp-content/plugins/WordPressCore/include.php HTTP/1.1" 404 47 "-" "Go-http-client/1.1"
185.238.231.89 - - [03/Oct/2025:20:30:27 +0800] "GET /wp-admin/images/index.php HTTP/1.1" 404 47 "-" "Go-http-client/1.1"
185.238.231.89 - - [03/Oct/2025:20:30:27 +0800] "GET /wp-content/plugins/revslider/includes/external/page/index.php HTTP/1.1" 404 47 "-" "Go-http-client/1.1"
185.238.231.89 - - [03/Oct/2025:20:30:28 +0800] "GET /wp-content/ HTTP/1.1" 200 31 "-" "Go-http-client/1.1"
185.238.231.89 - - [03/Oct/2025:20:30:28 +0800] "GET /wp-content/themes/index.php HTTP/1.1" 200 31 "-" "Go-http-client/1.1"
185.238.231.89 - - [03/Oct/2025:20:30:29 +0800] "GET /wp-includes/css/ HTTP/1.1" 403 146 "-" "Go-http-client/1.1"
185.238.231.89 - - [03/Oct/2025:20:30:30 +0800] "GET /wp-admin/js/widgets/index.php HTTP/1.1" 404 47 "-" "Go-http-client/1.1"
185.238.231.89 - - [03/Oct/2025:20:30:30 +0800] "GET /wp-content/BypassBest.php HTTP/1.1" 404 47 "-" "Go-http-client/1.1"
185.238.231.89 - - [03/Oct/2025:20:30:30 +0800] "GET /Private-Exploit-Ova.php HTTP/1.1" 404 47 "-" "Go-http-client/1.1"
185.238.231.89 - - [03/Oct/2025:20:30:31 +0800] "GET /private/index.php HTTP/1.1" 404 47 "-" "Go-http-client/1.1"
185.238.231.89 - - [03/Oct/2025:20:30:31 +0800] "GET /wp-koseko.php HTTP/1.1" 404 47 "-" "Go-http-client/1.1"
185.238.231.89 - - [03/Oct/2025:20:30:33 +0800] "GET /403.php HTTP/1.1" 404 47 "-" "Go-http-client/1.1"
185.238.231.89 - - [03/Oct/2025:20:30:33 +0800] "GET /wp-includes/ID3/ HTTP/1.1" 403 146 "-" "Go-http-client/1.1"
185.238.231.89 - - [03/Oct/2025:20:30:34 +0800] "GET /baxa1.php7 HTTP/1.1" 404 8990 "-" "Go-http-client/1.1"
185.238.231.89 - - [03/Oct/2025:20:30:35 +0800] "GET /wp-admin/css/index.php HTTP/1.1" 404 47 "-" "Go-http-client/1.1"
185.238.231.89 - - [03/Oct/2025:20:30:35 +0800] "GET /link.php HTTP/1.1" 404 47 "-" "Go-http-client/1.1"
185.238.231.89 - - [03/Oct/2025:20:30:35 +0800] "GET /fie.php HTTP/1.1" 404 47 "-" "Go-http-client/1.1"
185.238.231.89 - - [03/Oct/2025:20:30:36 +0800] "GET /wp-includes/Text/Diff/index.php HTTP/1.1" 404 47 "-" "Go-http-client/1.1"
185.238.231.89 - - [03/Oct/2025:20:30:37 +0800] "GET /wp-login.php HTTP/1.1" 200 2780 "-" "Go-http-client/1.1"
185.238.231.89 - - [03/Oct/2025:20:30:39 +0800] "GET /wp-content/plugins/erinyani/ HTTP/1.1" 404 8990 "-" "Go-http-client/1.1"
185.238.231.89 - - [03/Oct/2025:20:30:40 +0800] "GET /wp-admin/includes/index.php HTTP/1.1" 404 47 "-" "Go-http-client/1.1"
185.238.231.89 - - [03/Oct/2025:20:30:42 +0800] "GET /wp-includes/Text/network.php HTTP/1.1" 404 47 "-" "Go-http-client/1.1"
185.238.231.89 - - [03/Oct/2025:20:30:42 +0800] "GET /log.php HTTP/1.1" 404 47 "-" "Go-http-client/1.1"
185.238.231.89 - - [03/Oct/2025:20:30:43 +0800] "GET /wp-admin/maint/ HTTP/1.1" 403 146 "-" "Go-http-client/1.1"
185.238.231.89 - - [03/Oct/2025:20:30:43 +0800] "GET /wp-content/plugins/tolly-t/hello.php HTTP/1.1" 404 47 "-" "Go-http-client/1.1"
185.238.231.89 - - [03/Oct/2025:20:30:44 +0800] "GET /wp-includes/block-bindings/ HTTP/1.1" 403 146 "-" "Go-http-client/1.1"
185.238.231.89 - - [03/Oct/2025:20:30:44 +0800] "GET /wp-content/themes/admin.php HTTP/1.1" 404 47 "-" "Go-http-client/1.1"
185.238.231.89 - - [03/Oct/2025:20:30:45 +0800] "GET /wp-includes/fonts/index.php HTTP/1.1" 404 47 "-" "Go-http-client/1.1"
185.238.231.89 - - [03/Oct/2025:20:30:45 +0800] "GET /wp-conflg.php HTTP/1.1" 404 47 "-" "Go-http-client/1.1"
185.238.231.89 - - [03/Oct/2025:20:30:46 +0800] "GET /wp-content/plugins/phpad/as.php HTTP/1.1" 404 47 "-" "Go-http-client/1.1"
185.238.231.89 - - [03/Oct/2025:20:30:46 +0800] "GET /ws.php HTTP/1.1" 404 47 "-" "Go-http-client/1.1"
185.238.231.89 - - [03/Oct/2025:20:30:46 +0800] "GET /jindex.php HTTP/1.1" 404 47 "-" "Go-http-client/1.1"
185.238.231.89 - - [03/Oct/2025:20:30:48 +0800] "GET /wp-content/plugins/ioxi/ioxi/dropdown.php HTTP/1.1" 404 47 "-" "Go-http-client/1.1"
185.238.231.89 - - [03/Oct/2025:20:30:48 +0800] "GET /baxa1.php HTTP/1.1" 404 47 "-" "Go-http-client/1.1"
36.133.115.36 - - [03/Oct/2025:20:30:49 +0800] "POST /wp-cron.php?doing_wp_cron=1759494649.6673090457916259765625 HTTP/1.1" 200 31 "-" "WordPress/6.8.2; http://cqqizhou.com"
185.238.231.89 - - [03/Oct/2025:20:30:49 +0800] "GET /.well-known/ HTTP/1.1" 404 8990 "-" "Go-http-client/1.1"
185.238.231.89 - - [03/Oct/2025:20:30:50 +0800] "GET /wp-ori.php HTTP/1.1" 404 47 "-" "Go-http-client/1.1"
185.238.231.89 - - [03/Oct/2025:20:30:50 +0800] "GET /.wp/wso.php HTTP/1.1" 404 47 "-" "Go-http-client/1.1"
185.238.231.89 - - [03/Oct/2025:20:30:51 +0800] "GET /wp-ostro.php HTTP/1.1" 404 47 "-" "Go-http-client/1.1"
185.238.231.89 - - [03/Oct/2025:20:30:51 +0800] "GET /wp-includes/js/ HTTP/1.1" 403 146 "-" "Go-http-client/1.1"
185.238.231.89 - - [03/Oct/2025:20:30:52 +0800] "GET /96i.php HTTP/1.1" 404 47 "-" "Go-http-client/1.1"
185.238.231.89 - - [03/Oct/2025:20:30:53 +0800] "GET /wp-admin/images/about.php HTTP/1.1" 404 47 "-" "Go-http-client/1.1"
185.238.231.89 - - [03/Oct/2025:20:30:53 +0800] "GET /ajax/xulp.php HTTP/1.1" 404 47 "-" "Go-http-client/1.1"
185.238.231.89 - - [03/Oct/2025:20:30:54 +0800] "GET /wp-admin/css/colors/blue/ HTTP/1.1" 403 146 "-" "Go-http-client/1.1"
185.238.231.89 - - [03/Oct/2025:20:30:54 +0800] "GET /wp-includes/IXR/index.php HTTP/1.1" 404 47 "-" "Go-http-client/1.1"
185.238.231.89 - - [03/Oct/2025:20:30:55 +0800] "GET /as/function.php HTTP/1.1" 404 47 "-" "Go-http-client/1.1"
185.238.231.89 - - [03/Oct/2025:20:30:55 +0800] "GET /core.php HTTP/1.1" 404 47 "-" "Go-http-client/1.1"
185.238.231.89 - - [03/Oct/2025:20:30:56 +0800] "GET /wp-content/plugins/erinyani/baxa1.php7 HTTP/1.1" 404 8990 "-" "Go-http-client/1.1"
185.238.231.89 - - [03/Oct/2025:20:30:57 +0800] "GET /assets/ HTTP/1.1" 404 8990 "-" "Go-http-client/1.1"
185.238.231.89 - - [03/Oct/2025:20:30:58 +0800] "GET /.well-known/acme-challenge/ HTTP/1.1" 404 8990 "-" "Go-http-client/1.1"
185.238.231.89 - - [03/Oct/2025:20:30:59 +0800] "GET /doc.php HTTP/1.1" 404 47 "-" "Go-http-client/1.1"
185.238.231.89 - - [03/Oct/2025:20:31:00 +0800] "GET /wp-admin/ HTTP/1.1" 302 5 "-" "Go-http-client/1.1"
185.238.231.89 - - [03/Oct/2025:20:31:01 +0800] "GET /wp-login.php?redirect_to=http%3A%2F%2Fcqqizhou.com%2Fwp-admin%2F&reauth=1 HTTP/1.1" 200 2780 "http://cqqizhou.com/wp-admin/" "Go-http-client/1.1"
185.238.231.89 - - [03/Oct/2025:20:31:02 +0800] "GET /gg.php HTTP/1.1" 404 47 "-" "Go-http-client/1.1"
185.238.231.89 - - [03/Oct/2025:20:31:03 +0800] "GET /x.php HTTP/1.1" 404 47 "-" "Go-http-client/1.1"
185.238.231.89 - - [03/Oct/2025:20:31:03 +0800] "GET /wp-content/themes/twentyfive/include.php HTTP/1.1" 404 47 "-" "Go-http-client/1.1"
185.238.231.89 - - [03/Oct/2025:20:31:04 +0800] "GET /ioxi002.PhP7 HTTP/1.1" 404 8990 "-" "Go-http-client/1.1"
185.238.231.89 - - [03/Oct/2025:20:31:05 +0800] "GET /files/index.php HTTP/1.1" 404 47 "-" "Go-http-client/1.1"
185.238.231.89 - - [03/Oct/2025:20:31:06 +0800] "GET /wp-content/languages/index.php HTTP/1.1" 404 47 "-" "Go-http-client/1.1"
185.238.231.89 - - [03/Oct/2025:20:31:07 +0800] "GET /tiny.php HTTP/1.1" 404 47 "-" "Go-http-client/1.1"
185.238.231.89 - - [03/Oct/2025:20:31:09 +0800] "GET /.well-known/pki-validation/xmrlpc.php HTTP/1.1" 404 47 "-" "Go-http-client/1.1"
185.238.231.89 - - [03/Oct/2025:20:31:10 +0800] "GET /wp-includes/assets/ HTTP/1.1" 403 146 "-" "Go-http-client/1.1"
185.238.231.89 - - [03/Oct/2025:20:31:10 +0800] "GET /inc.php HTTP/1.1" 404 47 "-" "Go-http-client/1.1"
185.238.231.89 - - [03/Oct/2025:20:31:11 +0800] "GET /xBrain.php HTTP/1.1" 404 47 "-" "Go-http-client/1.1"
185.238.231.89 - - [03/Oct/2025:20:31:11 +0800] "GET /wp-content/plugins/erinyani/baxa1.php HTTP/1.1" 404 47 "-" "Go-http-client/1.1"
185.238.231.89 - - [03/Oct/2025:20:31:12 +0800] "GET /content.php HTTP/1.1" 404 47 "-" "Go-http-client/1.1"
185.238.231.89 - - [03/Oct/2025:20:31:12 +0800] "GET /wp-content/plugins/view-more/ioxi.php HTTP/1.1" 404 47 "-" "Go-http-client/1.1"
185.238.231.89 - - [03/Oct/2025:20:31:13 +0800] "GET /wp-admin/css/colors/blue/index.php HTTP/1.1" 404 47 "-" "Go-http-client/1.1"
185.238.231.89 - - [03/Oct/2025:20:31:13 +0800] "GET /.well-known/acme-challenge/index.php HTTP/1.1" 404 47 "-" "Go-http-client/1.1"
185.238.231.89 - - [03/Oct/2025:20:31:14 +0800] "GET /images/class-config.php HTTP/1.1" 404 47 "-" "Go-http-client/1.1"
185.238.231.89 - - [03/Oct/2025:20:31:14 +0800] "GET /wp-includes/SimplePie/index.php HTTP/1.1" 404 47 "-" "Go-http-client/1.1"
185.238.231.89 - - [03/Oct/2025:20:31:15 +0800] "GET /goat.php HTTP/1.1" 404 47 "-" "Go-http-client/1.1"
185.238.231.89 - - [03/Oct/2025:20:31:15 +0800] "GET /wp-admin/classwithtostring.php HTTP/1.1" 404 47 "-" "Go-http-client/1.1"
185.238.231.89 - - [03/Oct/2025:20:31:16 +0800] "GET /eagle.php HTTP/1.1" 404 47 "-" "Go-http-client/1.1"
185.238.231.89 - - [03/Oct/2025:20:31:16 +0800] "GET /wp-content/plugins/about.php HTTP/1.1" 404 47 "-" "Go-http-client/1.1"
185.238.231.89 - - [03/Oct/2025:20:31:17 +0800] "GET /xmlrpc.php HTTP/1.1" 405 53 "-" "Go-http-client/1.1"
185.238.231.89 - - [03/Oct/2025:20:31:18 +0800] "GET /w.php HTTP/1.1" 404 47 "-" "Go-http-client/1.1"
185.238.231.89 - - [03/Oct/2025:20:31:19 +0800] "GET /qfunctions.php HTTP/1.1" 404 47 "-" "Go-http-client/1.1"
185.238.231.89 - - [03/Oct/2025:20:31:19 +0800] "GET /wp-esp.php HTTP/1.1" 404 47 "-" "Go-http-client/1.1"
185.238.231.89 - - [03/Oct/2025:20:31:20 +0800] "GET /wp-seno.php HTTP/1.1" 404 47 "-" "Go-http-client/1.1"
185.238.231.89 - - [03/Oct/2025:20:31:20 +0800] "GET /wp-content/plugins/classic-editor/wp-login.php HTTP/1.1" 404 47 "-" "Go-http-client/1.1"
185.238.231.89 - - [03/Oct/2025:20:31:20 +0800] "GET /css.php HTTP/1.1" 404 47 "-" "Go-http-client/1.1"
185.238.231.89 - - [03/Oct/2025:20:31:21 +0800] "GET /bless.php HTTP/1.1" 404 47 "-" "Go-http-client/1.1"
185.238.231.89 - - [03/Oct/2025:20:31:22 +0800] "GET /wp-includes/admin.php HTTP/1.1" 404 47 "-" "Go-http-client/1.1"
185.238.231.89 - - [03/Oct/2025:20:31:23 +0800] "GET /update/f35.php HTTP/1.1" 404 47 "-" "Go-http-client/1.1"
185.238.231.89 - - [03/Oct/2025:20:31:24 +0800] "GET /simple/function.php HTTP/1.1" 404 47 "-" "Go-http-client/1.1"
185.238.231.89 - - [03/Oct/2025:20:31:25 +0800] "GET /wp-mail.php HTTP/1.1" 403 1114 "-" "Go-http-client/1.1"
185.238.231.89 - - [03/Oct/2025:20:31:26 +0800] "GET /wp-admin/meta/ HTTP/1.1" 404 8990 "-" "Go-http-client/1.1"
185.238.231.92 - - [03/Oct/2025:20:31:27 +0800] "GET /wp-admin/css/colors/index.php HTTP/1.1" 404 47 "-" "Go-http-client/1.1"
185.238.231.92 - - [03/Oct/2025:20:31:28 +0800] "GET /b.php HTTP/1.1" 404 47 "-" "Go-http-client/1.1"
185.238.231.92 - - [03/Oct/2025:20:31:28 +0800] "GET /.well-known/index.php HTTP/1.1" 404 47 "-" "Go-http-client/1.1"
185.238.231.92 - - [03/Oct/2025:20:31:29 +0800] "GET /wp-admin/includes/nav.php HTTP/1.1" 404 47 "-" "Go-http-client/1.1"
185.238.231.92 - - [03/Oct/2025:20:31:29 +0800] "GET /post.php HTTP/1.1" 404 47 "-" "Go-http-client/1.1"
185.238.231.92 - - [03/Oct/2025:20:31:30 +0800] "GET /alfa-rex.php7 HTTP/1.1" 404 8989 "-" "Go-http-client/1.1"
185.238.231.92 - - [03/Oct/2025:20:31:31 +0800] "GET /elp.php HTTP/1.1" 404 47 "-" "Go-http-client/1.1"
185.238.231.92 - - [03/Oct/2025:20:31:31 +0800] "GET /wp-admin/maint/about.php HTTP/1.1" 404 47 "-" "Go-http-client/1.1"
185.238.231.92 - - [03/Oct/2025:20:31:32 +0800] "GET /xml.php HTTP/1.1" 404 47 "-" "Go-http-client/1.1"
185.238.231.92 - - [03/Oct/2025:20:31:32 +0800] "GET /mjq.php HTTP/1.1" 404 47 "-" "Go-http-client/1.1"
185.238.231.92 - - [03/Oct/2025:20:31:34 +0800] "GET /randkeyword.PhP7 HTTP/1.1" 404 8991 "-" "Go-http-client/1.1"
185.238.231.92 - - [03/Oct/2025:20:31:35 +0800] "GET /wp-resso.php HTTP/1.1" 404 47 "-" "Go-http-client/1.1"
185.238.231.92 - - [03/Oct/2025:20:31:35 +0800] "GET /wp-Owl.php HTTP/1.1" 404 47 "-" "Go-http-client/1.1"
185.238.231.92 - - [03/Oct/2025:20:31:36 +0800] "GET /wp-includes/theme-compat/ HTTP/1.1" 403 146 "-" "Go-http-client/1.1"
185.238.231.92 - - [03/Oct/2025:20:31:36 +0800] "GET /templates/atomic/templates.php HTTP/1.1" 404 47 "-" "Go-http-client/1.1"
185.238.231.92 - - [03/Oct/2025:20:31:37 +0800] "GET /wp-oteso.php HTTP/1.1" 404 47 "-" "Go-http-client/1.1"
185.238.231.92 - - [03/Oct/2025:20:31:37 +0800] "GET /wp-includes/index.php HTTP/1.1" 404 47 "-" "Go-http-client/1.1"
185.238.231.92 - - [03/Oct/2025:20:31:38 +0800] "GET /wp-admin/about.php HTTP/1.1" 302 5 "-" "Go-http-client/1.1"
185.238.231.92 - - [03/Oct/2025:20:31:39 +0800] "GET /wp-login.php?redirect_to=http%3A%2F%2Fcqqizhou.com%2Fwp-admin%2Fabout.php&reauth=1 HTTP/1.1" 200 2785 "http://cqqizhou.com/wp-admin/about.php" "Go-http-client/1.1"
185.238.231.92 - - [03/Oct/2025:20:31:39 +0800] "GET /wordpress/wp-admin/includes/class-wp-filesystem-base.php HTTP/1.1" 404 47 "-" "Go-http-client/1.1"
185.238.231.92 - - [03/Oct/2025:20:31:40 +0800] "GET /wp-configss1.php HTTP/1.1" 404 47 "-" "Go-http-client/1.1"
185.238.231.92 - - [03/Oct/2025:20:31:40 +0800] "GET /wp-includes/js/index.php HTTP/1.1" 404 47 "-" "Go-http-client/1.1"
185.238.231.92 - - [03/Oct/2025:20:31:41 +0800] "GET /.well-known/gecko-litespeed.php HTTP/1.1" 404 47 "-" "Go-http-client/1.1"
185.238.231.92 - - [03/Oct/2025:20:31:41 +0800] "GET /wp-admin/js/wp-conflg.php HTTP/1.1" 404 47 "-" "Go-http-client/1.1"
185.238.231.92 - - [03/Oct/2025:20:31:42 +0800] "GET /wp-xiomi.php HTTP/1.1" 404 47 "-" "Go-http-client/1.1"
185.238.231.92 - - [03/Oct/2025:20:31:42 +0800] "GET /byp.php HTTP/1.1" 404 47 "-" "Go-http-client/1.1"
185.238.231.92 - - [03/Oct/2025:20:31:42 +0800] "GET /Private-Expl0it.php HTTP/1.1" 404 47 "-" "Go-http-client/1.1"
185.238.231.92 - - [03/Oct/2025:20:31:43 +0800] "GET /wp-admin/js/about.php HTTP/1.1" 404 47 "-" "Go-http-client/1.1"
185.238.231.92 - - [03/Oct/2025:20:31:43 +0800] "GET /v.php HTTP/1.1" 404 47 "-" "Go-http-client/1.1"
185.238.231.92 - - [03/Oct/2025:20:31:44 +0800] "GET /mar.php HTTP/1.1" 404 47 "-" "Go-http-client/1.1"
185.238.231.92 - - [03/Oct/2025:20:31:44 +0800] "GET /wp-content/autoload_classmap.php HTTP/1.1" 404 47 "-" "Go-http-client/1.1"
185.238.231.92 - - [03/Oct/2025:20:31:45 +0800] "GET /wp-info.php HTTP/1.1" 404 47 "-" "Go-http-client/1.1"
36.133.115.36 - - [03/Oct/2025:20:31:46 +0800] "POST /wp-cron.php?doing_wp_cron=1759494706.4461491107940673828125 HTTP/1.1" 200 31 "-" "WordPress/6.8.2; http://cqqizhou.com"
185.238.231.92 - - [03/Oct/2025:20:31:46 +0800] "GET /wp-admin/user/index.php HTTP/1.1" 302 5 "-" "Go-http-client/1.1"
185.238.231.92 - - [03/Oct/2025:20:31:47 +0800] "GET /wp-login.php?redirect_to=http%3A%2F%2Fcqqizhou.com%2Fwp-admin%2Fuser%2Findex.php&reauth=1 HTTP/1.1" 200 2787 "http://cqqizhou.com/wp-admin/user/index.php" "Go-http-client/1.1"
185.238.231.92 - - [03/Oct/2025:20:31:48 +0800] "GET /NewFile.php HTTP/1.1" 404 47 "-" "Go-http-client/1.1"
185.238.231.92 - - [03/Oct/2025:20:31:48 +0800] "GET /user.php HTTP/1.1" 404 47 "-" "Go-http-client/1.1"
185.238.231.92 - - [03/Oct/2025:20:31:49 +0800] "GET /tools.php HTTP/1.1" 404 47 "-" "Go-http-client/1.1"
185.238.231.92 - - [03/Oct/2025:20:31:49 +0800] "GET /wp-includes/Text/about.php HTTP/1.1" 404 47 "-" "Go-http-client/1.1"
185.238.231.92 - - [03/Oct/2025:20:31:50 +0800] "GET /wp-admin/css/about.php HTTP/1.1" 404 47 "-" "Go-http-client/1.1"
185.238.231.92 - - [03/Oct/2025:20:31:50 +0800] "GET /function.php HTTP/1.1" 404 47 "-" "Go-http-client/1.1"
185.238.231.92 - - [03/Oct/2025:20:31:51 +0800] "GET /2.php HTTP/1.1" 404 47 "-" "Go-http-client/1.1"
185.238.231.92 - - [03/Oct/2025:20:31:51 +0800] "GET /update/function.php HTTP/1.1" 404 47 "-" "Go-http-client/1.1"
185.238.231.92 - - [03/Oct/2025:20:31:51 +0800] "GET /wp-ampif.php HTTP/1.1" 404 47 "-" "Go-http-client/1.1"
185.238.231.92 - - [03/Oct/2025:20:31:53 +0800] "GET /wp-includes/ID3/about.php HTTP/1.1" 404 47 "-" "Go-http-client/1.1"
185.238.231.92 - - [03/Oct/2025:20:31:53 +0800] "GET /wp-includes/blocks/calendar/index.php HTTP/1.1" 404 47 "-" "Go-http-client/1.1"
185.238.231.92 - - [03/Oct/2025:20:31:54 +0800] "GET /wp-content/cong.php HTTP/1.1" 404 47 "-" "Go-http-client/1.1"
185.238.231.92 - - [03/Oct/2025:20:31:54 +0800] "GET /WSO.php HTTP/1.1" 404 47 "-" "Go-http-client/1.1"
185.238.231.92 - - [03/Oct/2025:20:31:54 +0800] "GET /wp-includes/SimplePie/about.php HTTP/1.1" 404 47 "-" "Go-http-client/1.1"
185.238.231.92 - - [03/Oct/2025:20:31:56 +0800] "GET /flower.php HTTP/1.1" 404 47 "-" "Go-http-client/1.1"
185.238.231.92 - - [03/Oct/2025:20:31:57 +0800] "GET /wp-content/themes/twentytwentyfour/ HTTP/1.1" 404 8990 "-" "Go-http-client/1.1"
185.238.231.92 - - [03/Oct/2025:20:31:58 +0800] "GET /wp-admin/js/widgets/ HTTP/1.1" 403 146 "-" "Go-http-client/1.1"
185.238.231.92 - - [03/Oct/2025:20:31:58 +0800] "GET /files/home.php HTTP/1.1" 404 47 "-" "Go-http-client/1.1"
185.238.231.92 - - [03/Oct/2025:20:31:58 +0800] "GET /wp-includes/images/ HTTP/1.1" 403 146 "-" "Go-http-client/1.1"
185.238.231.92 - - [03/Oct/2025:20:31:59 +0800] "GET /wp-includes/about.php HTTP/1.1" 404 47 "-" "Go-http-client/1.1"
185.238.231.92 - - [03/Oct/2025:20:31:59 +0800] "GET /jquery.php HTTP/1.1" 404 47 "-" "Go-http-client/1.1"
185.238.231.92 - - [03/Oct/2025:20:32:00 +0800] "GET /wp-content/uploads/2024/index.php HTTP/1.1" 404 47 "-" "Go-http-client/1.1"
185.238.231.92 - - [03/Oct/2025:20:32:00 +0800] "GET /wp-content/plugins/secure-fortress/avdb_3f7a1921c1e2b.php HTTP/1.1" 404 47 "-" "Go-http-client/1.1"
185.238.231.92 - - [03/Oct/2025:20:32:01 +0800] "GET /.well-known/acme-challenge/about.php HTTP/1.1" 404 47 "-" "Go-http-client/1.1"
185.238.231.92 - - [03/Oct/2025:20:32:02 +0800] "GET /xx.php HTTP/1.1" 404 47 "-" "Go-http-client/1.1"
185.238.231.92 - - [03/Oct/2025:20:32:02 +0800] "GET /wp-sit.php HTTP/1.1" 404 47 "-" "Go-http-client/1.1"
185.238.231.92 - - [03/Oct/2025:20:32:03 +0800] "GET /leafmailer.php HTTP/1.1" 404 47 "-" "Go-http-client/1.1"
185.238.231.92 - - [03/Oct/2025:20:32:03 +0800] "GET /wp-includes/images/about.php HTTP/1.1" 404 47 "-" "Go-http-client/1.1"
185.238.231.92 - - [03/Oct/2025:20:32:04 +0800] "GET /blog.php HTTP/1.1" 404 47 "-" "Go-http-client/1.1"
185.238.231.92 - - [03/Oct/2025:20:32:04 +0800] "GET /wp-harri.php HTTP/1.1" 404 47 "-" "Go-http-client/1.1"
185.238.231.92 - - [03/Oct/2025:20:32:05 +0800] "GET /wp-includes/ HTTP/1.1" 403 146 "-" "Go-http-client/1.1"
185.238.231.92 - - [03/Oct/2025:20:32:05 +0800] "GET /wp-content/plugins/ HTTP/1.1" 200 31 "-" "Go-http-client/1.1"
185.238.231.92 - - [03/Oct/2025:20:32:06 +0800] "GET /class.api.php HTTP/1.1" 404 47 "-" "Go-http-client/1.1"
185.238.231.92 - - [03/Oct/2025:20:32:07 +0800] "GET /wp-content/mu-plugins-old/ HTTP/1.1" 404 8990 "-" "Go-http-client/1.1"
185.238.231.92 - - [03/Oct/2025:20:32:07 +0800] "GET /jp.php HTTP/1.1" 404 47 "-" "Go-http-client/1.1"
185.238.231.92 - - [03/Oct/2025:20:32:08 +0800] "GET /wp-includes/css/dist/ HTTP/1.1" 403 146 "-" "Go-http-client/1.1"
185.238.231.92 - - [03/Oct/2025:20:32:09 +0800] "GET /s.php HTTP/1.1" 404 47 "-" "Go-http-client/1.1"
185.238.231.92 - - [03/Oct/2025:20:32:09 +0800] "GET /zwso.php HTTP/1.1" 404 47 "-" "Go-http-client/1.1"
185.238.231.92 - - [03/Oct/2025:20:32:10 +0800] "GET /wp-includes/customize/index.php HTTP/1.1" 404 47 "-" "Go-http-client/1.1"
185.238.231.92 - - [03/Oct/2025:20:32:11 +0800] "GET /wp-signup.php HTTP/1.1" 302 5 "-" "Go-http-client/1.1"
185.238.231.92 - - [03/Oct/2025:20:32:12 +0800] "GET /wp-login.php?action=register HTTP/1.1" 302 5 "http://cqqizhou.com/wp-signup.php" "Go-http-client/1.1"
185.238.231.92 - - [03/Oct/2025:20:32:13 +0800] "GET /wp-login.php?registration=disabled HTTP/1.1" 200 2869 "http://cqqizhou.com/wp-login.php?action=register" "Go-http-client/1.1"
185.238.231.92 - - [03/Oct/2025:20:32:13 +0800] "GET /fm.php/sts.php HTTP/1.1" 404 47 "-" "Go-http-client/1.1"
185.238.231.92 - - [03/Oct/2025:20:32:13 +0800] "GET /wp-admin/wp-login.php HTTP/1.1" 404 47 "-" "Go-http-client/1.1"
185.238.231.92 - - [03/Oct/2025:20:32:14 +0800] "GET /wp-configs.php HTTP/1.1" 404 47 "-" "Go-http-client/1.1"
185.238.231.92 - - [03/Oct/2025:20:32:14 +0800] "GET /modules/mod_simplefileuploadv1.3/elements/filemanager.php HTTP/1.1" 404 47 "-" "Go-http-client/1.1"
185.238.231.92 - - [03/Oct/2025:20:32:15 +0800] "GET /mini.php HTTP/1.1" 404 47 "-" "Go-http-client/1.1"
185.238.231.92 - - [03/Oct/2025:20:32:15 +0800] "GET /options.php HTTP/1.1" 404 47 "-" "Go-http-client/1.1"
185.238.231.92 - - [03/Oct/2025:20:32:16 +0800] "GET /wp-admin.php HTTP/1.1" 404 47 "-" "Go-http-client/1.1"
185.238.231.92 - - [03/Oct/2025:20:32:16 +0800] "GET /wp-admin/includes/ HTTP/1.1" 403 146 "-" "Go-http-client/1.1"
185.238.231.92 - - [03/Oct/2025:20:32:17 +0800] "GET /admin/uploads/ HTTP/1.1" 404 8990 "-" "Go-http-client/1.1"
185.238.231.92 - - [03/Oct/2025:20:32:18 +0800] "GET /chosen/function.php HTTP/1.1" 404 47 "-" "Go-http-client/1.1"
185.238.231.92 - - [03/Oct/2025:20:32:18 +0800] "GET /wp-includes/certificates/index.php HTTP/1.1" 404 47 "-" "Go-http-client/1.1"
185.238.231.92 - - [03/Oct/2025:20:32:19 +0800] "GET /wp-content/plugins/fix/as.php HTTP/1.1" 404 47 "-" "Go-http-client/1.1"
185.238.231.92 - - [03/Oct/2025:20:32:19 +0800] "GET /wp-content/updates.php HTTP/1.1" 404 47 "-" "Go-http-client/1.1"
185.238.231.92 - - [03/Oct/2025:20:32:20 +0800] "GET /pages.php HTTP/1.1" 404 47 "-" "Go-http-client/1.1"
185.238.231.92 - - [03/Oct/2025:20:32:20 +0800] "GET /wp-network.php.php HTTP/1.1" 404 47 "-" "Go-http-client/1.1"
185.238.231.92 - - [03/Oct/2025:20:32:21 +0800] "GET /.well-known/pki-validation/index.php HTTP/1.1" 404 47 "-" "Go-http-client/1.1"
185.238.231.92 - - [03/Oct/2025:20:32:21 +0800] "GET /ty.php HTTP/1.1" 404 47 "-" "Go-http-client/1.1"
185.238.231.92 - - [03/Oct/2025:20:32:22 +0800] "GET /assets/css/ HTTP/1.1" 404 8989 "-" "Go-http-client/1.1"
185.238.231.92 - - [03/Oct/2025:20:32:23 +0800] "GET /cgi-bin/xmrlpc.php HTTP/1.1" 404 47 "-" "Go-http-client/1.1"
185.238.231.92 - - [03/Oct/2025:20:32:23 +0800] "GET /wp-admin/autoload_classmap.php HTTP/1.1" 404 47 "-" "Go-http-client/1.1"
185.238.231.92 - - [03/Oct/2025:20:32:24 +0800] "GET /wp-admin/css/colors/coffee/index.php HTTP/1.1" 404 47 "-" "Go-http-client/1.1"
185.238.231.92 - - [03/Oct/2025:20:32:24 +0800] "GET /file2.php HTTP/1.1" 404 47 "-" "Go-http-client/1.1"
185.238.231.92 - - [03/Oct/2025:20:32:25 +0800] "GET /wp-2019.php HTTP/1.1" 404 47 "-" "Go-http-client/1.1"
185.238.231.92 - - [03/Oct/2025:20:32:25 +0800] "GET /wp-config-sample.php HTTP/1.1" 500 2434 "-" "Go-http-client/1.1"
185.238.231.96 - - [03/Oct/2025:20:32:26 +0800] "GET /wp-includes/customize/ HTTP/1.1" 403 146 "-" "Go-http-client/1.1"
185.238.231.96 - - [03/Oct/2025:20:32:26 +0800] "GET /wordpress/BypassBest.php HTTP/1.1" 404 47 "-" "Go-http-client/1.1"
185.238.231.96 - - [03/Oct/2025:20:32:27 +0800] "GET /not.php HTTP/1.1" 404 47 "-" "Go-http-client/1.1"
185.238.231.96 - - [03/Oct/2025:20:32:28 +0800] "GET /wp-includes/PHPMailer/ HTTP/1.1" 403 146 "-" "Go-http-client/1.1"
185.238.231.96 - - [03/Oct/2025:20:32:28 +0800] "GET /wp-content/themes/twentytwentyfour/settings.php HTTP/1.1" 404 47 "-" "Go-http-client/1.1"
185.238.231.96 - - [03/Oct/2025:20:32:29 +0800] "GET /wp-content/plugins/mainhosting/default.php HTTP/1.1" 404 47 "-" "Go-http-client/1.1"
185.238.231.96 - - [03/Oct/2025:20:32:29 +0800] "GET /readme.php HTTP/1.1" 404 47 "-" "Go-http-client/1.1"
185.238.231.96 - - [03/Oct/2025:20:32:30 +0800] "GET /wp-includes/Text/Diff/Renderer/ HTTP/1.1" 403 146 "-" "Go-http-client/1.1"
185.238.231.96 - - [03/Oct/2025:20:32:31 +0800] "GET /accah.php HTTP/1.1" 404 47 "-" "Go-http-client/1.1"
185.238.231.96 - - [03/Oct/2025:20:32:31 +0800] "GET /wp-crom.php HTTP/1.1" 404 47 "-" "Go-http-client/1.1"
185.238.231.96 - - [03/Oct/2025:20:32:32 +0800] "GET /wp-content/upgrade/ HTTP/1.1" 403 146 "-" "Go-http-client/1.1"
185.238.231.96 - - [03/Oct/2025:20:32:32 +0800] "GET /wp-content/themes/wp-pridmag/up.php HTTP/1.1" 404 47 "-" "Go-http-client/1.1"
185.238.231.96 - - [03/Oct/2025:20:32:33 +0800] "GET /wp-admin/maint/wp-login.php HTTP/1.1" 404 47 "-" "Go-http-client/1.1"
185.238.231.96 - - [03/Oct/2025:20:32:34 +0800] "GET /wp-includes/rest-api/about.php HTTP/1.1" 404 47 "-" "Go-http-client/1.1"
