121.229.185.160 - - [27/Sep/2025:08:35:18 +0800] "GET / HTTP/1.1" 200 33467 "-" "Mozilla/5.0 (iPhone; CPU iPhone OS 13_2_3 like Mac OS X) AppleWebKit/605.1.15 (KHTML, like Gecko) Version/13.0.3 Mobile/15E148 Safari/604.1"
36.133.115.36 - - [27/Sep/2025:08:58:20 +0800] "POST /wp-cron.php?doing_wp_cron=1758934700.3452870845794677734375 HTTP/1.1" 200 31 "-" "WordPress/6.8.2; http://cqqizhou.com"
183.207.45.117 - - [27/Sep/2025:08:58:20 +0800] "GET / HTTP/1.1" 301 5 "-" "Mozilla/5.0 (Windows NT 10.0; Win64; x64) AppleWebKit/537.36 (KHTML, like Gecko) Chrome/107.0.0.0 Safari/537.36"
183.207.45.117 - - [27/Sep/2025:08:58:20 +0800] "GET / HTTP/1.1" 200 39369 "-" "Mozilla/5.0 (Windows NT 10.0; Win64; x64) AppleWebKit/537.36 (KHTML, like Gecko) Chrome/107.0.0.0 Safari/537.36"
183.207.45.117 - - [27/Sep/2025:08:58:21 +0800] "GET /bug HTTP/1.1" 301 5 "-" "Mozilla/5.0 (Windows NT 10.0; Win64; x64) AppleWebKit/537.36 (KHTML, like Gecko) Chrome/107.0.0.0 Safari/537.36"
183.207.45.117 - - [27/Sep/2025:08:58:22 +0800] "GET /bug/ HTTP/1.1" 200 11683 "-" "Mozilla/5.0 (Windows NT 10.0; Win64; x64) AppleWebKit/537.36 (KHTML, like Gecko) Chrome/107.0.0.0 Safari/537.36"
183.207.45.117 - - [27/Sep/2025:08:58:22 +0800] "GET /contacts/ HTTP/1.1" 200 18530 "-" "Mozilla/5.0 (Windows NT 10.0; Win64; x64) AppleWebKit/537.36 (KHTML, like Gecko) Chrome/107.0.0.0 Safari/537.36"
183.207.45.117 - - [27/Sep/2025:08:58:23 +0800] "GET /logistics HTTP/1.1" 301 5 "-" "Mozilla/5.0 (Windows NT 10.0; Win64; x64) AppleWebKit/537.36 (KHTML, like Gecko) Chrome/107.0.0.0 Safari/537.36"
183.207.45.117 - - [27/Sep/2025:08:58:24 +0800] "GET /logistics/ HTTP/1.1" 200 18248 "-" "Mozilla/5.0 (Windows NT 10.0; Win64; x64) AppleWebKit/537.36 (KHTML, like Gecko) Chrome/107.0.0.0 Safari/537.36"
183.207.45.117 - - [27/Sep/2025:08:58:25 +0800] "GET /services HTTP/1.1" 301 5 "-" "Mozilla/5.0 (Windows NT 10.0; Win64; x64) AppleWebKit/537.36 (KHTML, like Gecko) Chrome/107.0.0.0 Safari/537.36"
183.207.45.117 - - [27/Sep/2025:08:58:25 +0800] "GET /services/ HTTP/1.1" 200 19769 "-" "Mozilla/5.0 (Windows NT 10.0; Win64; x64) AppleWebKit/537.36 (KHTML, like Gecko) Chrome/107.0.0.0 Safari/537.36"
183.207.45.117 - - [27/Sep/2025:08:58:26 +0800] "GET / HTTP/1.1" 301 5 "-" "Mozilla/5.0 (Windows NT 10.0; Win64; x64) AppleWebKit/537.36 (KHTML, like Gecko) Chrome/107.0.0.0 Safari/537.36"
183.207.45.117 - - [27/Sep/2025:08:58:26 +0800] "GET / HTTP/1.1" 200 39369 "-" "Mozilla/5.0 (Windows NT 10.0; Win64; x64) AppleWebKit/537.36 (KHTML, like Gecko) Chrome/107.0.0.0 Safari/537.36"
183.207.45.117 - - [27/Sep/2025:08:58:27 +0800] "GET / HTTP/1.1" 301 5 "-" "Mozilla/5.0 (Windows NT 10.0; Win64; x64) AppleWebKit/537.36 (KHTML, like Gecko) Chrome/107.0.0.0 Safari/537.36"
183.207.45.117 - - [27/Sep/2025:08:58:27 +0800] "GET / HTTP/1.1" 200 39369 "-" "Mozilla/5.0 (Windows NT 10.0; Win64; x64) AppleWebKit/537.36 (KHTML, like Gecko) Chrome/107.0.0.0 Safari/537.36"
183.207.45.117 - - [27/Sep/2025:08:58:28 +0800] "GET / HTTP/1.1" 301 5 "-" "Mozilla/5.0 (Windows NT 10.0; Win64; x64) AppleWebKit/537.36 (KHTML, like Gecko) Chrome/107.0.0.0 Safari/537.36"
183.207.45.117 - - [27/Sep/2025:08:58:28 +0800] "GET / HTTP/1.1" 200 39369 "-" "Mozilla/5.0 (Windows NT 10.0; Win64; x64) AppleWebKit/537.36 (KHTML, like Gecko) Chrome/107.0.0.0 Safari/537.36"
183.207.45.117 - - [27/Sep/2025:08:58:28 +0800] "GET / HTTP/1.1" 301 5 "-" "Mozilla/5.0 (Windows NT 10.0; Win64; x64) AppleWebKit/537.36 (KHTML, like Gecko) Chrome/107.0.0.0 Safari/537.36"
183.207.45.117 - - [27/Sep/2025:08:58:29 +0800] "GET / HTTP/1.1" 200 39369 "-" "Mozilla/5.0 (Windows NT 10.0; Win64; x64) AppleWebKit/537.36 (KHTML, like Gecko) Chrome/107.0.0.0 Safari/537.36"
183.207.45.117 - - [27/Sep/2025:08:58:29 +0800] "GET / HTTP/1.1" 301 5 "-" "Mozilla/5.0 (Windows NT 10.0; Win64; x64) AppleWebKit/537.36 (KHTML, like Gecko) Chrome/107.0.0.0 Safari/537.36"
183.207.45.117 - - [27/Sep/2025:08:58:29 +0800] "GET / HTTP/1.1" 200 39369 "-" "Mozilla/5.0 (Windows NT 10.0; Win64; x64) AppleWebKit/537.36 (KHTML, like Gecko) Chrome/107.0.0.0 Safari/537.36"
183.207.45.117 - - [27/Sep/2025:08:58:30 +0800] "GET /bug HTTP/1.1" 301 5 "-" "Mozilla/5.0 (Windows NT 10.0; Win64; x64) AppleWebKit/537.36 (KHTML, like Gecko) Chrome/107.0.0.0 Safari/537.36"
183.207.45.117 - - [27/Sep/2025:08:58:31 +0800] "GET /bug/ HTTP/1.1" 200 11683 "-" "Mozilla/5.0 (Windows NT 10.0; Win64; x64) AppleWebKit/537.36 (KHTML, like Gecko) Chrome/107.0.0.0 Safari/537.36"
183.207.45.117 - - [27/Sep/2025:08:58:32 +0800] "GET /contacts/ HTTP/1.1" 200 18530 "-" "Mozilla/5.0 (Windows NT 10.0; Win64; x64) AppleWebKit/537.36 (KHTML, like Gecko) Chrome/107.0.0.0 Safari/537.36"
183.207.45.117 - - [27/Sep/2025:08:58:32 +0800] "GET /logistics HTTP/1.1" 301 5 "-" "Mozilla/5.0 (Windows NT 10.0; Win64; x64) AppleWebKit/537.36 (KHTML, like Gecko) Chrome/107.0.0.0 Safari/537.36"
183.207.45.117 - - [27/Sep/2025:08:58:33 +0800] "GET /logistics/ HTTP/1.1" 200 18248 "-" "Mozilla/5.0 (Windows NT 10.0; Win64; x64) AppleWebKit/537.36 (KHTML, like Gecko) Chrome/107.0.0.0 Safari/537.36"
183.207.45.117 - - [27/Sep/2025:08:58:34 +0800] "GET /process/processing HTTP/1.1" 404 8991 "-" "Mozilla/5.0 (Windows NT 10.0; Win64; x64) AppleWebKit/537.36 (KHTML, like Gecko) Chrome/107.0.0.0 Safari/537.36"
183.207.45.117 - - [27/Sep/2025:08:58:34 +0800] "GET /services HTTP/1.1" 301 5 "-" "Mozilla/5.0 (Windows NT 10.0; Win64; x64) AppleWebKit/537.36 (KHTML, like Gecko) Chrome/107.0.0.0 Safari/537.36"
183.207.45.117 - - [27/Sep/2025:08:58:35 +0800] "GET /services/ HTTP/1.1" 200 19769 "-" "Mozilla/5.0 (Windows NT 10.0; Win64; x64) AppleWebKit/537.36 (KHTML, like Gecko) Chrome/107.0.0.0 Safari/537.36"
123.57.13.121 - - [27/Sep/2025:08:58:59 +0800] "GET / HTTP/1.1" 200 39369 "-" "Mozilla/5.0 (Windows NT 10.0; Win64; x64) AppleWebKit/537.36 (KHTML, like Gecko) Chrome/104.0.0.0 Safari/537.36"
36.133.115.36 - - [27/Sep/2025:09:00:23 +0800] "POST /wp-cron.php?doing_wp_cron=1758934823.7197430133819580078125 HTTP/1.1" 200 31 "-" "WordPress/6.8.2; http://cqqizhou.com"
40.124.175.201 - - [27/Sep/2025:09:00:23 +0800] "GET /hudson HTTP/1.1" 404 8990 "-" "Mozilla/5.0 zgrab/0.x"
36.133.115.36 - - [27/Sep/2025:09:09:46 +0800] "POST /wp-cron.php?doing_wp_cron=1758935386.5546629428863525390625 HTTP/1.1" 200 31 "-" "WordPress/6.8.2; http://cqqizhou.com"
87.120.191.6 - - [27/Sep/2025:09:09:46 +0800] "GET / HTTP/1.1" 200 33467 "-" "Mozilla/5.0 (Windows NT 10.0; Win64; x64) AppleWebKit/537.36 (KHTML, like Gecko) Chrome/90.0.4430.85 Safari/537.36 Edg/90.0.818.46"
220.181.108.93 - - [27/Sep/2025:09:14:52 +0800] "GET /wp-content/uploads/2025/07/1750649186-qizhou1920x1080_3.webp HTTP/1.1" 200 134070 "-" "Baiduspider-image+(+http://www.baidu.com/search/spider.htm)"
36.133.115.36 - - [27/Sep/2025:09:15:21 +0800] "POST /wp-cron.php?doing_wp_cron=1758935721.5316751003265380859375 HTTP/1.1" 200 31 "-" "WordPress/6.8.2; http://cqqizhou.com"
87.120.191.84 - - [27/Sep/2025:09:15:21 +0800] "GET / HTTP/1.1" 200 33467 "-" "Linux Gnu (cow)"
36.133.115.36 - - [27/Sep/2025:09:27:55 +0800] "POST /wp-cron.php?doing_wp_cron=1758936475.0608088970184326171875 HTTP/1.1" 200 31 "-" "WordPress/6.8.2; http://cqqizhou.com"
212.72.171.49 - - [27/Sep/2025:09:27:55 +0800] "POST /xmlrpc.php HTTP/1.1" 200 217 "-" "Mozilla/5.0 (X11; Ubuntu; Linux x86_64; rv:85.0) Gecko/20100101 Firefox/91.0"
36.133.115.36 - - [27/Sep/2025:09:32:49 +0800] "POST /wp-cron.php?doing_wp_cron=1758936769.6985249519348144531250 HTTP/1.1" 200 31 "-" "WordPress/6.8.2; http://cqqizhou.com"
91.224.92.17 - - [27/Sep/2025:09:32:50 +0800] "GET / HTTP/1.1" 200 151919 "-" "-"
36.133.115.36 - - [27/Sep/2025:09:39:46 +0800] "POST /wp-cron.php?doing_wp_cron=1758937186.1883249282836914062500 HTTP/1.1" 200 31 "-" "WordPress/6.8.2; http://cqqizhou.com"
37.60.141.156 - - [27/Sep/2025:09:39:47 +0800] "GET / HTTP/1.1" 200 151919 "-" "Mozilla/5.0 (Windows NT 10.0; Win64; x64) AppleWebKit/537.36 (KHTML, like Gecko) Chrome/42.0.2311.135 Safari/537.36 Edge/12.246"
36.133.115.36 - - [27/Sep/2025:10:11:22 +0800] "POST /wp-cron.php?doing_wp_cron=1758939082.3263049125671386718750 HTTP/1.1" 200 31 "-" "WordPress/6.8.2; http://cqqizhou.com"
87.120.191.6 - - [27/Sep/2025:10:11:22 +0800] "GET / HTTP/1.1" 200 33467 "-" "Mozilla/5.0 (Windows NT 10.0; Win64; x64) AppleWebKit/537.36 (KHTML, like Gecko) Chrome/90.0.4430.85 Safari/537.36 Edg/90.0.818.46"
36.133.115.36 - - [27/Sep/2025:10:28:56 +0800] "POST /wp-cron.php?doing_wp_cron=1758940136.6139569282531738281250 HTTP/1.1" 200 31 "-" "WordPress/6.8.2; http://cqqizhou.com"
43.130.57.46 - - [27/Sep/2025:10:28:56 +0800] "GET / HTTP/1.1" 301 5 "-" "Mozilla/5.0 (iPhone; CPU iPhone OS 13_2_3 like Mac OS X) AppleWebKit/605.1.15 (KHTML, like Gecko) Version/13.0.3 Mobile/15E148 Safari/604.1"
43.130.57.46 - - [27/Sep/2025:10:28:59 +0800] "GET / HTTP/1.1" 200 33467 "http://36.133.115.36" "Mozilla/5.0 (iPhone; CPU iPhone OS 13_2_3 like Mac OS X) AppleWebKit/605.1.15 (KHTML, like Gecko) Version/13.0.3 Mobile/15E148 Safari/604.1"
144.172.94.30 - - [27/Sep/2025:10:29:44 +0800] "POST /boaform/admin/formLogin HTTP/1.1" 404 8991 "http://36.133.115.36:80/admin/login.asp" "Mozilla/5.0 (X11; Ubuntu; Linux x86_64; rv:71.0) Gecko/20100101 Firefox/71.0"
36.133.115.36 - - [27/Sep/2025:10:31:02 +0800] "POST /wp-cron.php?doing_wp_cron=1758940262.3186159133911132812500 HTTP/1.1" 200 31 "-" "WordPress/6.8.2; http://cqqizhou.com"
124.156.179.141 - - [27/Sep/2025:10:31:02 +0800] "GET / HTTP/1.1" 200 33467 "-" "Mozilla/5.0 (iPhone; CPU iPhone OS 13_2_3 like Mac OS X) AppleWebKit/605.1.15 (KHTML, like Gecko) Version/13.0.3 Mobile/15E148 Safari/604.1"
36.133.115.36 - - [27/Sep/2025:10:45:00 +0800] "POST /wp-cron.php?doing_wp_cron=1758941100.4522519111633300781250 HTTP/1.1" 200 31 "-" "WordPress/6.8.2; http://cqqizhou.com"
87.120.191.70 - - [27/Sep/2025:10:45:00 +0800] "GET / HTTP/1.1" 200 33467 "-" "Mozilla/5.0 (Windows NT 10.0; Win64; x64) AppleWebKit/537.36 (KHTML, like Gecko) Chrome/90.0.4430.85 Safari/537.36 Edg/90.0.818.46"
36.133.115.36 - - [27/Sep/2025:10:46:26 +0800] "POST /wp-cron.php?doing_wp_cron=1758941185.9860210418701171875000 HTTP/1.1" 200 31 "-" "WordPress/6.8.2; http://cqqizhou.com"
206.168.34.204 - - [27/Sep/2025:10:46:26 +0800] "GET / HTTP/1.1" 301 5 "-" "Mozilla/5.0 (compatible; CensysInspect/1.1; +https://about.censys.io/)"
206.168.34.204 - - [27/Sep/2025:10:46:31 +0800] "GET / HTTP/1.1" 200 39369 "-" "Mozilla/5.0 (compatible; CensysInspect/1.1; +https://about.censys.io/)"
36.133.115.36 - - [27/Sep/2025:10:49:12 +0800] "POST /wp-cron.php?doing_wp_cron=1758941352.6294789314270019531250 HTTP/1.1" 200 31 "-" "WordPress/6.8.2; http://cqqizhou.com"
176.65.149.245 - - [27/Sep/2025:10:49:12 +0800] "GET / HTTP/1.1" 200 33467 "-" "Mozilla/5.0 (Windows NT 10.0; Win64; x64) AppleWebKit/537.36 (KHTML, like Gecko) Chrome/90.0.4430.85 Safari/537.36 Edg/90.0.818.46"
36.133.115.36 - - [27/Sep/2025:10:49:57 +0800] "POST /wp-cron.php?doing_wp_cron=1758941397.4592308998107910156250 HTTP/1.1" 200 31 "-" "WordPress/6.8.2; http://cqqizhou.com"
36.133.108.119 - - [27/Sep/2025:10:49:57 +0800] "HEAD /containers/json HTTP/1.1" 404 0 "-" "Mozilla/5.0 (Macintosh; U; Intel Mac OS X 10_5_8; zh-cn) AppleWebKit/533.18.1 (KHTML, like Gecko) Version/5.0.2 Safari/533.18.5"
36.133.115.36 - - [27/Sep/2025:10:54:36 +0800] "POST /wp-cron.php?doing_wp_cron=1758941676.1833291053771972656250 HTTP/1.1" 200 31 "-" "WordPress/6.8.2; http://cqqizhou.com"
37.60.141.156 - - [27/Sep/2025:10:54:36 +0800] "GET / HTTP/1.1" 200 151919 "-" "Hello World"
36.133.115.36 - - [27/Sep/2025:11:14:07 +0800] "POST /wp-cron.php?doing_wp_cron=1758942847.9195559024810791015625 HTTP/1.1" 200 31 "-" "WordPress/6.8.2; http://cqqizhou.com"
88.99.213.155 - - [27/Sep/2025:11:14:08 +0800] "POST /xmlrpc.php HTTP/1.1" 200 217 "http://cqqizhou.com" "Mozilla/5.0 (Windows NT 10.0; Win64; x64; rv:127.0) Gecko/20100101 Firefox/127.0"
88.99.213.155 - - [27/Sep/2025:11:14:09 +0800] "POST /wp-login.php HTTP/1.1" 200 2971 "http://cqqizhou.com" "Mozilla/5.0 (Macintosh; Intel Mac OS X 13_3) AppleWebKit/537.36 (KHTML, like Gecko) Chrome/126.0.0.0 Safari/537.36 Edg/126.0.0.0"
36.133.115.36 - - [27/Sep/2025:11:18:24 +0800] "POST /wp-cron.php?doing_wp_cron=1758943104.3102889060974121093750 HTTP/1.1" 200 31 "-" "WordPress/6.8.2; http://cqqizhou.com"
103.124.95.168 - - [27/Sep/2025:11:18:24 +0800] "POST /xmlrpc.php HTTP/1.1" 200 217 "http://cqqizhou.com" "Mozilla/5.0 (Windows NT 10.0; Win64; x64) AppleWebKit/537.36 (KHTML, like Gecko) Chrome/113.0.5672.93 Safari/537.36"
103.124.95.168 - - [27/Sep/2025:11:18:25 +0800] "POST /wp-login.php HTTP/1.1" 200 2972 "http://cqqizhou.com" "Mozilla/5.0 (Macintosh; Intel Mac OS X 10_15_7; rv:128.0) Gecko/20100101 Firefox/128.0"
87.120.191.6 - - [27/Sep/2025:11:18:45 +0800] "GET / HTTP/1.1" 200 33467 "-" "Mozilla/5.0 (Windows NT 10.0; Win64; x64) AppleWebKit/537.36 (KHTML, like Gecko) Chrome/90.0.4430.85 Safari/537.36 Edg/90.0.818.46"
36.133.115.36 - - [27/Sep/2025:11:19:06 +0800] "POST /wp-cron.php?doing_wp_cron=1758943146.4040689468383789062500 HTTP/1.1" 200 31 "-" "WordPress/6.8.2; http://cqqizhou.com"
37.60.141.156 - - [27/Sep/2025:11:19:07 +0800] "GET / HTTP/1.1" 200 151919 "-" "Mozilla/5.0 (Windows NT 10.0; Win64; x64) AppleWebKit/537.36 (KHTML, like Gecko) Chrome/42.0.2311.135 Safari/537.36 Edge/12.246"
36.133.115.36 - - [27/Sep/2025:11:22:40 +0800] "POST /wp-cron.php?doing_wp_cron=1758943360.5762729644775390625000 HTTP/1.1" 200 31 "-" "WordPress/6.8.2; http://cqqizhou.com"
103.173.227.63 - - [27/Sep/2025:11:22:40 +0800] "POST /xmlrpc.php HTTP/1.1" 200 217 "http://cqqizhou.com" "Mozilla/5.0 (Macintosh; Intel Mac OS X 10_15_7) AppleWebKit/537.36 (KHTML, like Gecko) Chrome/116.0.5845.96 Safari/537.36"
103.173.227.63 - - [27/Sep/2025:11:22:41 +0800] "POST /wp-login.php HTTP/1.1" 200 2978 "http://cqqizhou.com" "Mozilla/5.0 (Windows NT 10.0; Win64; x64) AppleWebKit/537.36 (KHTML, like Gecko) Chrome/114.0.5735.134 Safari/537.36"
36.133.115.36 - - [27/Sep/2025:11:38:41 +0800] "POST /wp-cron.php?doing_wp_cron=1758944321.2435419559478759765625 HTTP/1.1" 200 31 "-" "WordPress/6.8.2; http://cqqizhou.com"
87.120.191.84 - - [27/Sep/2025:11:38:41 +0800] "GET / HTTP/1.1" 200 33467 "-" "Mozilla/5.0 (Windows NT 10.0; Win64; x64) AppleWebKit/537.36 (KHTML, like Gecko) Chrome/90.0.4430.85 Safari/537.36 Edg/90.0.818.46"
36.133.115.36 - - [27/Sep/2025:11:38:47 +0800] "POST /wp-cron.php?doing_wp_cron=1758944326.9836130142211914062500 HTTP/1.1" 200 31 "-" "WordPress/6.8.2; http://cqqizhou.com"
18.139.13.90 - - [27/Sep/2025:11:38:47 +0800] "POST /xmlrpc.php HTTP/1.1" 200 217 "-" "Mozilla/5.0 (X11; Ubuntu; Linux x86_64; rv:85.0) Gecko/20100101 Firefox/91.0"
36.133.115.36 - - [27/Sep/2025:11:40:16 +0800] "POST /wp-cron.php?doing_wp_cron=1758944416.5653150081634521484375 HTTP/1.1" 200 31 "-" "WordPress/6.8.2; http://cqqizhou.com"
44.252.97.130 - - [27/Sep/2025:11:40:16 +0800] "GET / HTTP/1.1" 301 5 "-" "Mozilla/5.0 (Macintosh; Intel Mac OS X 10_11_5) AppleWebKit/537.36 (KHTML, like Gecko) Chrome/50.0.2661.102 Safari/537.36"
36.133.115.36 - - [27/Sep/2025:11:58:39 +0800] "POST /wp-cron.php?doing_wp_cron=1758945519.6895298957824707031250 HTTP/1.1" 200 31 "-" "WordPress/6.8.2; http://cqqizhou.com"
176.65.132.155 - - [27/Sep/2025:11:58:41 +0800] "GET / HTTP/1.1" 200 151919 "-" "-"
36.133.115.36 - - [27/Sep/2025:12:25:57 +0800] "POST /wp-cron.php?doing_wp_cron=1758947157.0652201175689697265625 HTTP/1.1" 200 31 "-" "WordPress/6.8.2; http://cqqizhou.com"
87.120.191.6 - - [27/Sep/2025:12:25:57 +0800] "GET / HTTP/1.1" 200 33467 "-" "Mozilla/5.0 (Windows NT 10.0; Win64; x64) AppleWebKit/537.36 (KHTML, like Gecko) Chrome/90.0.4430.85 Safari/537.36 Edg/90.0.818.46"
52.167.144.207 - - [27/Sep/2025:12:30:35 +0800] "GET /about/ HTTP/1.1" 304 0 "-" "Mozilla/5.0 AppleWebKit/537.36 (KHTML, like Gecko; compatible; bingbot/2.0; +http://www.bing.com/bingbot.htm) Chrome/116.0.1938.76 Safari/537.36"
182.200.162.184 - - [27/Sep/2025:12:41:20 +0800] "GET / HTTP/1.1" 200 39369 "-" "Mozilla/5.0 (Windows NT 10.0; Win64; x64) AppleWebKit/537.36 (KHTML, like Gecko) Chrome/84.0.4147.30"
36.133.115.36 - - [27/Sep/2025:12:41:27 +0800] "POST /wp-cron.php?doing_wp_cron=1758948087.6736900806427001953125 HTTP/1.1" 200 31 "-" "WordPress/6.8.2; http://cqqizhou.com"
42.122.155.52 - - [27/Sep/2025:12:41:27 +0800] "GET / HTTP/1.1" 301 5 "-" "Mozilla/5.0 (Windows NT 6.2) AppleWebKit/537.36 (KHTML, like Gecko) Chrome/71.0.3578.30"
42.122.155.52 - - [27/Sep/2025:12:41:28 +0800] "GET / HTTP/1.1" 200 39369 "-" "Mozilla/5.0 (Windows NT 6.2) AppleWebKit/537.36 (KHTML, like Gecko) Chrome/71.0.3578.30"
42.236.17.253 - - [27/Sep/2025:12:54:51 +0800] "GET / HTTP/1.1" 200 39369 "http://cqqizhou.com" "Mozilla/5.0 (Windows NT 10.0; Win64; x64) AppleWebKit/537.36 (KHTML, like Gecko) Chrome/140.0.0.0 Safari/537.36 Edg/140.0.0.0; 360Spider"
36.133.115.36 - - [27/Sep/2025:13:15:11 +0800] "POST /wp-cron.php?doing_wp_cron=1758950111.7026009559631347656250 HTTP/1.1" 200 31 "-" "WordPress/6.8.2; http://cqqizhou.com"
172.236.228.208 - - [27/Sep/2025:13:15:11 +0800] "GET / HTTP/1.1" 301 5 "-" "Mozilla/5.0 (Macintosh; Intel Mac OS X 13_1) AppleWebKit/537.36 (KHTML, like Gecko) Chrome/108.0.0.0 Safari/537.36"
36.133.115.36 - - [27/Sep/2025:13:29:22 +0800] "POST /wp-cron.php?doing_wp_cron=1758950962.1466069221496582031250 HTTP/1.1" 200 31 "-" "WordPress/6.8.2; http://cqqizhou.com"
43.166.134.47 - - [27/Sep/2025:13:29:22 +0800] "GET / HTTP/1.1" 301 5 "-" "Mozilla/5.0 (iPhone; CPU iPhone OS 13_2_3 like Mac OS X) AppleWebKit/605.1.15 (KHTML, like Gecko) Version/13.0.3 Mobile/15E148 Safari/604.1"
43.166.134.47 - - [27/Sep/2025:13:29:24 +0800] "GET / HTTP/1.1" 200 33467 "http://www.cqqizhou.com" "Mozilla/5.0 (iPhone; CPU iPhone OS 13_2_3 like Mac OS X) AppleWebKit/605.1.15 (KHTML, like Gecko) Version/13.0.3 Mobile/15E148 Safari/604.1"
36.133.115.36 - - [27/Sep/2025:13:37:01 +0800] "POST /wp-cron.php?doing_wp_cron=1758951421.5073709487915039062500 HTTP/1.1" 200 31 "-" "WordPress/6.8.2; http://cqqizhou.com"
87.120.191.6 - - [27/Sep/2025:13:37:01 +0800] "GET / HTTP/1.1" 200 33467 "-" "Mozilla/5.0 (Windows NT 10.0; Win64; x64) AppleWebKit/537.36 (KHTML, like Gecko) Chrome/90.0.4430.85 Safari/537.36 Edg/90.0.818.46"
36.133.115.36 - - [27/Sep/2025:14:05:11 +0800] "POST /wp-cron.php?doing_wp_cron=1758953111.3272879123687744140625 HTTP/1.1" 200 31 "-" "WordPress/6.8.2; http://cqqizhou.com"
162.62.213.165 - - [27/Sep/2025:14:05:11 +0800] "GET / HTTP/1.1" 200 33467 "-" "Mozilla/5.0 (iPhone; CPU iPhone OS 13_2_3 like Mac OS X) AppleWebKit/605.1.15 (KHTML, like Gecko) Version/13.0.3 Mobile/15E148 Safari/604.1"
36.133.115.36 - - [27/Sep/2025:14:40:05 +0800] "POST /wp-cron.php?doing_wp_cron=1758955205.9549510478973388671875 HTTP/1.1" 200 31 "-" "WordPress/6.8.2; http://cqqizhou.com"
87.120.191.6 - - [27/Sep/2025:14:40:06 +0800] "GET / HTTP/1.1" 200 33467 "-" "Mozilla/5.0 (Windows NT 10.0; Win64; x64) AppleWebKit/537.36 (KHTML, like Gecko) Chrome/90.0.4430.85 Safari/537.36 Edg/90.0.818.46"
36.133.115.36 - - [27/Sep/2025:14:40:09 +0800] "POST /wp-cron.php HTTP/1.1" 200 31 "-" "WordPress/6.8.2; http://cqqizhou.com"
36.133.115.36 - - [27/Sep/2025:14:40:10 +0800] "GET / HTTP/1.1" 200 39369 "-" "WordPress/6.8.2; http://cqqizhou.com"
36.133.115.36 - - [27/Sep/2025:14:40:10 +0800] "GET / HTTP/1.1" 200 39369 "-" "WordPress/6.8.2; http://cqqizhou.com"
36.133.115.36 - - [27/Sep/2025:14:40:10 +0800] "GET / HTTP/1.1" 200 39369 "-" "WordPress/6.8.2; http://cqqizhou.com"
36.133.115.36 - - [27/Sep/2025:14:55:11 +0800] "POST /wp-cron.php?doing_wp_cron=1758956111.8946468830108642578125 HTTP/1.1" 200 31 "-" "WordPress/6.8.2; http://cqqizhou.com"
176.65.149.245 - - [27/Sep/2025:14:55:12 +0800] "GET / HTTP/1.1" 200 33467 "-" "Mozilla/5.0 (Windows NT 10.0; Win64; x64) AppleWebKit/537.36 (KHTML, like Gecko) Chrome/90.0.4430.85 Safari/537.36 Edg/90.0.818.46"
36.133.115.36 - - [27/Sep/2025:15:03:53 +0800] "POST /wp-cron.php?doing_wp_cron=1758956633.6430308818817138671875 HTTP/1.1" 200 31 "-" "WordPress/6.8.2; http://cqqizhou.com"
173.252.83.114 - - [27/Sep/2025:15:03:53 +0800] "GET /robots.txt HTTP/1.1" 200 390 "-" "facebookexternalhit/1.1 (+http://www.facebook.com/externalhit_uatext.php)"
36.133.115.36 - - [27/Sep/2025:15:15:06 +0800] "POST /wp-cron.php?doing_wp_cron=1758957306.0755770206451416015625 HTTP/1.1" 200 31 "-" "WordPress/6.8.2; http://cqqizhou.com"
3.80.198.115 - - [27/Sep/2025:15:15:06 +0800] "GET / HTTP/1.1" 301 5 "-" "Mozilla/5.0 (Windows NT 10.0; Win64; x64) AppleWebKit/537.36 (KHTML, like Gecko) Chrome/136.0.0.0 Safari/537.36"
36.133.115.36 - - [27/Sep/2025:15:43:20 +0800] "POST /wp-cron.php?doing_wp_cron=1758959000.4003369808197021484375 HTTP/1.1" 200 31 "-" "WordPress/6.8.2; http://cqqizhou.com"
87.120.191.6 - - [27/Sep/2025:15:43:20 +0800] "GET / HTTP/1.1" 200 33467 "-" "Mozilla/5.0 (Windows NT 10.0; Win64; x64) AppleWebKit/537.36 (KHTML, like Gecko) Chrome/90.0.4430.85 Safari/537.36 Edg/90.0.818.46"
42.236.12.247 - - [27/Sep/2025:15:50:52 +0800] "GET / HTTP/1.1" 200 39369 "http://cqqizhou.com/" "Mozilla/5.0 (Windows NT 10.0; Win64; x64) AppleWebKit/537.36 (KHTML, like Gecko) Chrome/140.0.0.0 Safari/537.36 Edg/140.0.0.0; 360Spider"
36.133.115.36 - - [27/Sep/2025:16:07:04 +0800] "POST /wp-cron.php?doing_wp_cron=1758960424.9371910095214843750000 HTTP/1.1" 200 31 "-" "WordPress/6.8.2; http://cqqizhou.com"
185.40.4.19 - - [27/Sep/2025:16:07:05 +0800] "GET / HTTP/1.1" 200 33467 "-" "Mozilla/5.0 (Windows NT 10.0; Win64; x64) AppleWebKit/537.36 (KHTML, like Gecko) Chrome/90.0.4430.85 Safari/537.36 Edg/90.0.818.46"
36.133.115.36 - - [27/Sep/2025:16:10:50 +0800] "POST /wp-cron.php?doing_wp_cron=1758960650.9120550155639648437500 HTTP/1.1" 200 31 "-" "WordPress/6.8.2; http://cqqizhou.com"
125.94.144.102 - - [27/Sep/2025:16:10:51 +0800] "GET / HTTP/1.1" 200 33467 "-" "Mozilla/5.0 (iPhone; CPU iPhone OS 13_2_3 like Mac OS X) AppleWebKit/605.1.15 (KHTML, like Gecko) Version/13.0.3 Mobile/15E148 Safari/604.1"
36.133.115.36 - - [27/Sep/2025:16:16:13 +0800] "POST /wp-cron.php?doing_wp_cron=1758960973.5904190540313720703125 HTTP/1.1" 200 31 "-" "WordPress/6.8.2; http://cqqizhou.com"
86.54.31.40 - - [27/Sep/2025:16:16:13 +0800] "GET / HTTP/1.1" 301 5 "-" "Mozilla/5.0 (Windows NT 6.1) AppleWebKit/537.36 (KHTML, like Gecko) Chrome/41.0.2228.0 Safari/537.36"
86.54.31.40 - - [27/Sep/2025:16:16:15 +0800] "GET / HTTP/1.1" 200 165874 "-" "Mozilla/5.0 (Windows NT 6.1) AppleWebKit/537.36 (KHTML, like Gecko) Chrome/41.0.2228.0 Safari/537.36"
86.54.31.40 - - [27/Sep/2025:16:16:17 +0800] "GET /robots.txt HTTP/1.1" 200 390 "-" "-"
86.54.31.40 - - [27/Sep/2025:16:16:19 +0800] "GET /sitemap.xml HTTP/1.1" 200 2411 "-" "-"
86.54.31.40 - - [27/Sep/2025:16:16:21 +0800] "GET /.well-known/security.txt HTTP/1.1" 404 31381 "-" "-"
36.133.115.36 - - [27/Sep/2025:16:24:22 +0800] "POST /wp-cron.php?doing_wp_cron=1758961462.4479908943176269531250 HTTP/1.1" 200 31 "-" "WordPress/6.8.2; http://cqqizhou.com"
45.135.193.100 - - [27/Sep/2025:16:24:23 +0800] "GET / HTTP/1.1" 200 151919 "-" "-"
36.133.115.36 - - [27/Sep/2025:16:31:16 +0800] "POST /wp-cron.php?doing_wp_cron=1758961876.0020461082458496093750 HTTP/1.1" 200 31 "-" "WordPress/6.8.2; http://cqqizhou.com"
170.106.35.187 - - [27/Sep/2025:16:31:16 +0800] "GET / HTTP/1.1" 301 5 "-" "Mozilla/5.0 (iPhone; CPU iPhone OS 13_2_3 like Mac OS X) AppleWebKit/605.1.15 (KHTML, like Gecko) Version/13.0.3 Mobile/15E148 Safari/604.1"
170.106.35.187 - - [27/Sep/2025:16:31:18 +0800] "GET / HTTP/1.1" 200 33467 "http://36.133.115.36" "Mozilla/5.0 (iPhone; CPU iPhone OS 13_2_3 like Mac OS X) AppleWebKit/605.1.15 (KHTML, like Gecko) Version/13.0.3 Mobile/15E148 Safari/604.1"
36.133.115.36 - - [27/Sep/2025:16:39:00 +0800] "POST /wp-cron.php?doing_wp_cron=1758962340.6563060283660888671875 HTTP/1.1" 200 31 "-" "WordPress/6.8.2; http://cqqizhou.com"
61.147.98.247 - - [27/Sep/2025:16:39:00 +0800] "GET / HTTP/1.1" 301 5 "-" "-"
61.147.98.247 - - [27/Sep/2025:16:39:00 +0800] "GET / HTTP/1.1" 200 165874 "-" "-"
61.147.98.247 - - [27/Sep/2025:16:39:00 +0800] "GET / HTTP/1.1" 200 165874 "-" "-"
61.147.98.247 - - [27/Sep/2025:16:39:01 +0800] "GET / HTTP/1.1" 200 165874 "-" "-"
36.133.115.36 - - [27/Sep/2025:16:54:07 +0800] "POST /wp-cron.php?doing_wp_cron=1758963247.2245869636535644531250 HTTP/1.1" 200 31 "-" "WordPress/6.8.2; http://cqqizhou.com"
87.120.191.6 - - [27/Sep/2025:16:54:07 +0800] "GET / HTTP/1.1" 200 33467 "-" "Mozilla/5.0 (Windows NT 10.0; Win64; x64) AppleWebKit/537.36 (KHTML, like Gecko) Chrome/90.0.4430.85 Safari/537.36 Edg/90.0.818.46"
36.133.115.36 - - [27/Sep/2025:16:56:47 +0800] "POST /wp-cron.php?doing_wp_cron=1758963407.8161869049072265625000 HTTP/1.1" 200 31 "-" "WordPress/6.8.2; http://cqqizhou.com"
20.102.116.62 - - [27/Sep/2025:16:56:47 +0800] "GET /developmentserver/metadatauploader HTTP/1.1" 404 8990 "-" "Mozilla/5.0 zgrab/0.x"
36.133.115.36 - - [27/Sep/2025:16:58:57 +0800] "POST /wp-cron.php?doing_wp_cron=1758963537.5725219249725341796875 HTTP/1.1" 200 31 "-" "WordPress/6.8.2; http://cqqizhou.com"
43.156.202.34 - - [27/Sep/2025:16:58:57 +0800] "GET / HTTP/1.1" 200 33467 "-" "Mozilla/5.0 (iPhone; CPU iPhone OS 13_2_3 like Mac OS X) AppleWebKit/605.1.15 (KHTML, like Gecko) Version/13.0.3 Mobile/15E148 Safari/604.1"
36.133.115.36 - - [27/Sep/2025:17:09:54 +0800] "POST /wp-cron.php?doing_wp_cron=1758964194.3602380752563476562500 HTTP/1.1" 200 31 "-" "WordPress/6.8.2; http://cqqizhou.com"
42.236.101.207 - - [27/Sep/2025:17:09:54 +0800] "GET / HTTP/1.1" 200 33467 "http://cqqizhou.com/" "Mozilla/5.0 (Linux; Android 10; K) AppleWebKit/537.36 (KHTML, like Gecko) Chrome/131.0.0.0 Mobile Safari/537.36; 360Spider"
36.133.115.36 - - [27/Sep/2025:17:22:08 +0800] "POST /wp-cron.php?doing_wp_cron=1758964928.0165879726409912109375 HTTP/1.1" 200 31 "-" "WordPress/6.8.2; http://cqqizhou.com"
176.65.149.245 - - [27/Sep/2025:17:22:08 +0800] "GET / HTTP/1.1" 200 33467 "-" "Mozilla/5.0 (Windows NT 10.0; Win64; x64) AppleWebKit/537.36 (KHTML, like Gecko) Chrome/90.0.4430.85 Safari/537.36 Edg/90.0.818.46"
180.184.144.185 - - [27/Sep/2025:17:22:26 +0800] "GET / HTTP/1.1" 200 39369 "-" "Mozilla/5.0 (Macintosh; Intel Mac OS X 10_15_7) AppleWebKit/537.36 (KHTML, like Gecko) Chrome/106.0.0.0 Safari/537.36"
36.133.115.36 - - [27/Sep/2025:17:23:34 +0800] "POST /wp-cron.php?doing_wp_cron=1758965014.2746880054473876953125 HTTP/1.1" 200 31 "-" "WordPress/6.8.2; http://cqqizhou.com"
62.60.131.161 - - [27/Sep/2025:17:23:34 +0800] "GET /phpmyadmin/ HTTP/1.1" 404 31381 "-" "curl/8.5.0"
36.133.115.36 - - [27/Sep/2025:17:33:55 +0800] "POST /wp-cron.php?doing_wp_cron=1758965635.1153190135955810546875 HTTP/1.1" 200 31 "-" "WordPress/6.8.2; http://cqqizhou.com"
167.99.71.235 - - [27/Sep/2025:17:33:55 +0800] "GET /wp-login.php HTTP/1.1" 200 2780 "-" "Mozilla/5.0 (X11; Ubuntu; Linux x86_64; rv:85.0) Gecko/20100101 Firefox/91.0"
167.99.71.235 - - [27/Sep/2025:17:33:55 +0800] "POST /wp-login.php HTTP/1.1" 200 2978 "-" "Mozilla/5.0 (X11; Ubuntu; Linux x86_64; rv:85.0) Gecko/20100101 Firefox/91.0"
36.133.115.36 - - [27/Sep/2025:17:55:32 +0800] "POST /wp-cron.php?doing_wp_cron=1758966932.4792189598083496093750 HTTP/1.1" 200 31 "-" "WordPress/6.8.2; http://cqqizhou.com"
87.120.191.6 - - [27/Sep/2025:17:55:32 +0800] "GET / HTTP/1.1" 200 33467 "-" "Mozilla/5.0 (Windows NT 10.0; Win64; x64) AppleWebKit/537.36 (KHTML, like Gecko) Chrome/90.0.4430.85 Safari/537.36 Edg/90.0.818.46"
36.133.115.36 - - [27/Sep/2025:18:00:23 +0800] "POST /wp-cron.php?doing_wp_cron=1758967223.7950201034545898437500 HTTP/1.1" 200 31 "-" "WordPress/6.8.2; http://cqqizhou.com"
45.135.193.100 - - [27/Sep/2025:18:00:24 +0800] "GET / HTTP/1.1" 200 151919 "-" "-"
36.133.115.36 - - [27/Sep/2025:18:45:22 +0800] "POST /wp-cron.php?doing_wp_cron=1758969921.9956429004669189453125 HTTP/1.1" 200 31 "-" "WordPress/6.8.2; http://cqqizhou.com"
20.126.165.182 - - [27/Sep/2025:18:45:22 +0800] "GET /wp-login.php HTTP/1.1" 200 2780 "-" "Mozilla/5.0 (X11; Ubuntu; Linux x86_64; rv:85.0) Gecko/20100101 Firefox/91.0"
20.126.165.182 - - [27/Sep/2025:18:45:23 +0800] "POST /wp-login.php HTTP/1.1" 200 2888 "-" "Mozilla/5.0 (X11; Ubuntu; Linux x86_64; rv:85.0) Gecko/20100101 Firefox/91.0"
36.133.115.36 - - [27/Sep/2025:18:46:28 +0800] "POST /wp-cron.php?doing_wp_cron=1758969988.8766460418701171875000 HTTP/1.1" 200 31 "-" "WordPress/6.8.2; http://cqqizhou.com"
220.181.51.85 - - [27/Sep/2025:18:46:28 +0800] "GET /wp-content/uploads/2025/07/1753456723-%CB%AB%CF%E0%B8%D6roduct_Single600.webp HTTP/1.1" 404 31381 "http://www.cqqizhou.com/" "Mozilla/5.0 (Windows NT 10.0; WOW64) AppleWebKit/537.36 (KHTML, like Gecko) Chrome/48.0.2564.116 Safari/537.36"
116.179.33.16 - - [27/Sep/2025:18:46:29 +0800] "GET /wp-content/uploads/2025/07/1753453127-%D3%E0%BE%EDproduct_Single600%A1%C1284.webp HTTP/1.1" 404 31381 "http://www.cqqizhou.com/" "Mozilla/5.0 (Windows NT 10.0; WOW64) AppleWebKit/537.36 (KHTML, like Gecko) Chrome/48.0.2564.116 Safari/537.36"
220.181.51.120 - - [27/Sep/2025:18:46:29 +0800] "GET /wp-content/uploads/2025/07/1753456770-%C8%C8%B6%C6%D0%BF%BE%EDproduct_Single600.webp HTTP/1.1" 404 31381 "http://www.cqqizhou.com/" "Mozilla/5.0 (Windows NT 10.0; WOW64) AppleWebKit/537.36 (KHTML, like Gecko) Chrome/48.0.2564.116 Safari/537.36"
36.133.115.36 - - [27/Sep/2025:19:01:36 +0800] "POST /wp-cron.php?doing_wp_cron=1758970896.5435318946838378906250 HTTP/1.1" 200 31 "-" "WordPress/6.8.2; http://cqqizhou.com"
176.65.149.245 - - [27/Sep/2025:19:01:36 +0800] "GET / HTTP/1.1" 200 33467 "-" "Mozilla/5.0 (Windows NT 10.0; Win64; x64) AppleWebKit/537.36 (KHTML, like Gecko) Chrome/90.0.4430.85 Safari/537.36 Edg/90.0.818.46"
36.133.115.36 - - [27/Sep/2025:19:07:07 +0800] "POST /wp-cron.php?doing_wp_cron=1758971226.9680819511413574218750 HTTP/1.1" 200 31 "-" "WordPress/6.8.2; http://cqqizhou.com"
103.217.192.38 - - [27/Sep/2025:19:07:07 +0800] "GET /index.php?s=api HTTP/1.1" 200 17161 "-" "Mozilla/5.0 (Windows NT 10.0; WOW64; rv:48.0) Gecko/20100101 Firefox/48.0"
87.120.191.6 - - [27/Sep/2025:19:07:09 +0800] "GET / HTTP/1.1" 200 33467 "-" "Mozilla/5.0 (Windows NT 10.0; Win64; x64) AppleWebKit/537.36 (KHTML, like Gecko) Chrome/90.0.4430.85 Safari/537.36 Edg/90.0.818.46"
36.133.115.36 - - [27/Sep/2025:19:24:38 +0800] "POST /wp-cron.php?doing_wp_cron=1758972277.9773020744323730468750 HTTP/1.1" 200 31 "-" "WordPress/6.8.2; http://cqqizhou.com"
85.208.96.202 - - [27/Sep/2025:19:24:38 +0800] "GET /robots.txt HTTP/1.1" 200 190 "-" "Mozilla/5.0 (compatible; SemrushBot/7~bl; +http://www.semrush.com/bot.html)"
85.208.96.205 - - [27/Sep/2025:19:29:27 +0800] "GET /club/ HTTP/1.1" 200 13062 "-" "Mozilla/5.0 (compatible; SemrushBot/7~bl; +http://www.semrush.com/bot.html)"
85.208.96.195 - - [27/Sep/2025:19:56:02 +0800] "GET /portfolio/hot-dip-galvanized-coil/ HTTP/1.1" 200 22257 "-" "Mozilla/5.0 (compatible; SemrushBot/7~bl; +http://www.semrush.com/bot.html)"
85.208.96.194 - - [27/Sep/2025:20:00:19 +0800] "GET /2160/ HTTP/1.1" 200 29934 "-" "Mozilla/5.0 (compatible; SemrushBot/7~bl; +http://www.semrush.com/bot.html)"
36.133.115.36 - - [27/Sep/2025:20:03:40 +0800] "POST /wp-cron.php?doing_wp_cron=1758974620.3624200820922851562500 HTTP/1.1" 200 31 "-" "WordPress/6.8.2; http://cqqizhou.com"
182.44.8.254 - - [27/Sep/2025:20:03:40 +0800] "GET / HTTP/1.1" 301 5 "-" "Mozilla/5.0 (iPhone; CPU iPhone OS 13_2_3 like Mac OS X) AppleWebKit/605.1.15 (KHTML, like Gecko) Version/13.0.3 Mobile/15E148 Safari/604.1"
36.133.115.36 - - [27/Sep/2025:20:05:31 +0800] "POST /wp-cron.php?doing_wp_cron=1758974731.3605868816375732421875 HTTP/1.1" 200 31 "-" "WordPress/6.8.2; http://cqqizhou.com"
36.133.108.119 - - [27/Sep/2025:20:05:31 +0800] "HEAD /.env HTTP/1.1" 404 0 "-" "Mozilla/5.0 (compatible; MSIE 8.0; Windows NT 5.1; Trident/4.0; SLCC1; .NET CLR 3.0.4506.2152; .NET CLR 3.5.30729; .NET CLR 1.1.4322)"
36.133.115.36 - - [27/Sep/2025:20:06:25 +0800] "POST /wp-cron.php?doing_wp_cron=1758974785.3439691066741943359375 HTTP/1.1" 200 31 "-" "WordPress/6.8.2; http://cqqizhou.com"
43.153.10.83 - - [27/Sep/2025:20:06:25 +0800] "GET / HTTP/1.1" 301 5 "-" "Mozilla/5.0 (iPhone; CPU iPhone OS 13_2_3 like Mac OS X) AppleWebKit/605.1.15 (KHTML, like Gecko) Version/13.0.3 Mobile/15E148 Safari/604.1"
43.153.10.83 - - [27/Sep/2025:20:06:30 +0800] "GET / HTTP/1.1" 200 33467 "http://www.cqqizhou.com" "Mozilla/5.0 (iPhone; CPU iPhone OS 13_2_3 like Mac OS X) AppleWebKit/605.1.15 (KHTML, like Gecko) Version/13.0.3 Mobile/15E148 Safari/604.1"
36.133.115.36 - - [27/Sep/2025:20:11:00 +0800] "POST /wp-cron.php?doing_wp_cron=1758975060.3201560974121093750000 HTTP/1.1" 200 31 "-" "WordPress/6.8.2; http://cqqizhou.com"
87.120.191.6 - - [27/Sep/2025:20:11:00 +0800] "GET / HTTP/1.1" 200 33467 "-" "Mozilla/5.0 (Windows NT 10.0; Win64; x64) AppleWebKit/537.36 (KHTML, like Gecko) Chrome/90.0.4430.85 Safari/537.36 Edg/90.0.818.46"
36.133.115.36 - - [27/Sep/2025:20:12:31 +0800] "POST /wp-cron.php?doing_wp_cron=1758975151.6032009124755859375000 HTTP/1.1" 200 31 "-" "WordPress/6.8.2; http://cqqizhou.com"
170.106.73.216 - - [27/Sep/2025:20:12:31 +0800] "GET / HTTP/1.1" 200 33467 "-" "Mozilla/5.0 (iPhone; CPU iPhone OS 13_2_3 like Mac OS X) AppleWebKit/605.1.15 (KHTML, like Gecko) Version/13.0.3 Mobile/15E148 Safari/604.1"
36.133.115.36 - - [27/Sep/2025:20:27:11 +0800] "POST /wp-cron.php?doing_wp_cron=1758976031.6219470500946044921875 HTTP/1.1" 200 31 "-" "WordPress/6.8.2; http://cqqizhou.com"
3.125.38.89 - - [27/Sep/2025:20:27:11 +0800] "GET /robots.txt HTTP/1.1" 200 190 "-" "CheckMarkNetwork/1.0 (+http://www.checkmarknetwork.com/spider.html)"
3.125.38.89 - - [27/Sep/2025:20:27:11 +0800] "HEAD / HTTP/1.1" 200 0 "-" "CheckMarkNetwork/1.0 (+http://www.checkmarknetwork.com/spider.html)"
3.125.38.89 - - [27/Sep/2025:20:27:17 +0800] "GET / HTTP/1.1" 200 39369 "-" "CheckMarkNetwork/1.0 (+http://www.checkmarknetwork.com/spider.html)"
85.208.96.211 - - [27/Sep/2025:20:36:58 +0800] "GET /portfolio/remaining-rolls/ HTTP/1.1" 200 22142 "-" "Mozilla/5.0 (compatible; SemrushBot/7~bl; +http://www.semrush.com/bot.html)"
123.57.13.121 - - [27/Sep/2025:21:09:17 +0800] "GET / HTTP/1.1" 200 39369 "-" "Mozilla/5.0 (Windows NT 10.0; Win64; x64) AppleWebKit/537.36 (KHTML, like Gecko) Chrome/104.0.0.0 Safari/537.36"
36.133.115.36 - - [27/Sep/2025:21:10:54 +0800] "POST /wp-cron.php?doing_wp_cron=1758978654.2029280662536621093750 HTTP/1.1" 200 31 "-" "WordPress/6.8.2; http://cqqizhou.com"
87.120.191.6 - - [27/Sep/2025:21:10:54 +0800] "GET / HTTP/1.1" 200 33467 "-" "Mozilla/5.0 (Windows NT 10.0; Win64; x64) AppleWebKit/537.36 (KHTML, like Gecko) Chrome/90.0.4430.85 Safari/537.36 Edg/90.0.818.46"
36.133.115.36 - - [27/Sep/2025:21:22:31 +0800] "POST /wp-cron.php?doing_wp_cron=1758979351.9388589859008789062500 HTTP/1.1" 200 31 "-" "WordPress/6.8.2; http://cqqizhou.com"
176.65.149.245 - - [27/Sep/2025:21:22:32 +0800] "GET / HTTP/1.1" 200 33467 "-" "Mozilla/5.0 (Windows NT 10.0; Win64; x64) AppleWebKit/537.36 (KHTML, like Gecko) Chrome/90.0.4430.85 Safari/537.36 Edg/90.0.818.46"
116.179.32.210 - - [27/Sep/2025:21:26:02 +0800] "GET /wp-content/uploads/2025/07/1750649207-qizhou1920x1080_9.webp HTTP/1.1" 200 146108 "-" "Baiduspider-image+(+http://www.baidu.com/search/spider.htm)"
36.133.115.36 - - [27/Sep/2025:21:26:18 +0800] "POST /wp-cron.php?doing_wp_cron=1758979578.1232109069824218750000 HTTP/1.1" 200 31 "-" "WordPress/6.8.2; http://cqqizhou.com"
116.179.33.74 - - [27/Sep/2025:21:26:18 +0800] "GET /robots.txt HTTP/1.1" 200 190 "-" "Mozilla/5.0 (Windows NT 10.0; WOW64) AppleWebKit/537.36 (KHTML, like Gecko) Chrome/48.0.2564.116 Safari/537.36"
116.179.33.13 - - [27/Sep/2025:21:26:20 +0800] "GET /robots.txt HTTP/1.1" 200 190 "-" "Mozilla/5.0 (Windows NT 10.0; WOW64) AppleWebKit/537.36 (KHTML, like Gecko) Chrome/48.0.2564.116 Safari/537.36"
36.133.115.36 - - [27/Sep/2025:21:39:04 +0800] "POST /wp-cron.php?doing_wp_cron=1758980344.4903240203857421875000 HTTP/1.1" 200 31 "-" "WordPress/6.8.2; http://cqqizhou.com"
85.208.96.200 - - [27/Sep/2025:21:39:04 +0800] "GET /robots.txt HTTP/1.1" 200 190 "-" "Mozilla/5.0 (compatible; SemrushBot/7~bl; +http://www.semrush.com/bot.html)"
85.208.96.205 - - [27/Sep/2025:21:46:39 +0800] "GET /portfolio/%E5%86%B7%E8%BD%A7%E6%9D%BF/ HTTP/1.1" 200 22092 "-" "Mozilla/5.0 (compatible; SemrushBot/7~bl; +http://www.semrush.com/bot.html)"
36.133.115.36 - - [27/Sep/2025:21:57:16 +0800] "POST /wp-cron.php?doing_wp_cron=1758981436.4466629028320312500000 HTTP/1.1" 200 31 "-" "WordPress/6.8.2; http://cqqizhou.com"
87.120.191.84 - - [27/Sep/2025:21:57:16 +0800] "GET / HTTP/1.1" 200 33467 "-" "Mozilla/5.0 (Windows NT 10.0; Win64; x64) AppleWebKit/537.36 (KHTML, like Gecko) Chrome/90.0.4430.85 Safari/537.36 Edg/90.0.818.46"
36.133.115.36 - - [27/Sep/2025:22:01:34 +0800] "POST /wp-cron.php?doing_wp_cron=1758981693.9804129600524902343750 HTTP/1.1" 200 31 "-" "WordPress/6.8.2; http://cqqizhou.com"
43.156.202.34 - - [27/Sep/2025:22:01:34 +0800] "GET / HTTP/1.1" 301 5 "-" "Mozilla/5.0 (iPhone; CPU iPhone OS 13_2_3 like Mac OS X) AppleWebKit/605.1.15 (KHTML, like Gecko) Version/13.0.3 Mobile/15E148 Safari/604.1"
43.156.202.34 - - [27/Sep/2025:22:01:35 +0800] "GET / HTTP/1.1" 200 33467 "http://36.133.115.36" "Mozilla/5.0 (iPhone; CPU iPhone OS 13_2_3 like Mac OS X) AppleWebKit/605.1.15 (KHTML, like Gecko) Version/13.0.3 Mobile/15E148 Safari/604.1"
36.133.115.36 - - [27/Sep/2025:22:02:04 +0800] "POST /wp-cron.php?doing_wp_cron=1758981724.6690969467163085937500 HTTP/1.1" 200 31 "-" "WordPress/6.8.2; http://cqqizhou.com"
176.65.132.156 - - [27/Sep/2025:22:02:04 +0800] "GET / HTTP/1.1" 301 5 "-" "Mozilla/5.0 (Windows NT 10.0; Win64; x64) AppleWebKit/537.36 (KHTML, like Gecko) Chrome/90.0.4430.85 Safari/537.36 Edg/90.0.818.46"
185.93.89.60 - - [27/Sep/2025:22:04:15 +0800] "GET / HTTP/1.1" 200 39369 "-" "Go-http-client/1.1"
36.133.115.36 - - [27/Sep/2025:22:15:25 +0800] "POST /wp-cron.php?doing_wp_cron=1758982525.5771300792694091796875 HTTP/1.1" 200 31 "-" "WordPress/6.8.2; http://cqqizhou.com"
36.133.108.119 - - [27/Sep/2025:22:15:25 +0800] "HEAD /.git/config HTTP/1.1" 404 0 "-" "Mozilla/5.0 (Windows NT 6.1) AppleWebKit/537.36 (KHTML, like Gecko) Chrome/27.0.1453.90 Safari/537.36"
123.57.13.121 - - [27/Sep/2025:22:17:37 +0800] "GET / HTTP/1.1" 200 39369 "-" "Mozilla/5.0 (Windows NT 10.0; Win64; x64) AppleWebKit/537.36 (KHTML, like Gecko) Chrome/104.0.0.0 Safari/537.36"
36.133.115.36 - - [27/Sep/2025:22:20:26 +0800] "POST /wp-cron.php?doing_wp_cron=1758982826.5439889430999755859375 HTTP/1.1" 200 31 "-" "WordPress/6.8.2; http://cqqizhou.com"
106.75.28.215 - - [27/Sep/2025:22:20:26 +0800] "GET /version HTTP/1.1" 301 5 "-" "-"
106.75.28.215 - - [27/Sep/2025:22:20:27 +0800] "GET / HTTP/1.1" 200 151919 "-" "-"
106.75.28.215 - - [27/Sep/2025:22:20:28 +0800] "GET / HTTP/1.1" 200 151919 "-" "-"
106.75.28.215 - - [27/Sep/2025:22:20:29 +0800] "GET /v1 HTTP/1.1" 301 5 "-" "-"
106.75.28.215 - - [27/Sep/2025:22:20:30 +0800] "GET / HTTP/1.1" 200 151919 "-" "-"
36.133.115.36 - - [27/Sep/2025:22:20:52 +0800] "POST /wp-cron.php?doing_wp_cron=1758982852.6618230342864990234375 HTTP/1.1" 200 31 "-" "WordPress/6.8.2; http://cqqizhou.com"
87.120.191.6 - - [27/Sep/2025:22:20:52 +0800] "GET / HTTP/1.1" 200 33467 "-" "Mozilla/5.0 (Windows NT 10.0; Win64; x64) AppleWebKit/537.36 (KHTML, like Gecko) Chrome/90.0.4430.85 Safari/537.36 Edg/90.0.818.46"
85.208.96.208 - - [27/Sep/2025:22:20:59 +0800] "GET /portfolio-category/hot-dip-galvanized-coil/ HTTP/1.1" 200 20880 "-" "Mozilla/5.0 (compatible; SemrushBot/7~bl; +http://www.semrush.com/bot.html)"
36.133.115.36 - - [27/Sep/2025:22:47:38 +0800] "POST /wp-cron.php?doing_wp_cron=1758984458.1974658966064453125000 HTTP/1.1" 200 31 "-" "WordPress/6.8.2; http://cqqizhou.com"
144.172.94.30 - - [27/Sep/2025:22:47:38 +0800] "POST /boaform/admin/formLogin HTTP/1.1" 404 8990 "http://36.133.115.36:80/admin/login.asp" "Mozilla/5.0 (X11; Ubuntu; Linux x86_64; rv:71.0) Gecko/20100101 Firefox/71.0"
36.133.115.36 - - [27/Sep/2025:22:54:56 +0800] "POST /wp-cron.php?doing_wp_cron=1758984896.2886509895324707031250 HTTP/1.1" 200 31 "-" "WordPress/6.8.2; http://cqqizhou.com"
49.51.47.100 - - [27/Sep/2025:22:54:56 +0800] "GET / HTTP/1.1" 200 33467 "-" "Mozilla/5.0 (iPhone; CPU iPhone OS 13_2_3 like Mac OS X) AppleWebKit/605.1.15 (KHTML, like Gecko) Version/13.0.3 Mobile/15E148 Safari/604.1"
42.236.17.82 - - [27/Sep/2025:23:08:29 +0800] "GET / HTTP/1.1" 200 39369 "http://cqqizhou.com/" "Mozilla/5.0 (Windows NT 10.0; Win64; x64) AppleWebKit/537.36 (KHTML, like Gecko) Chrome/140.0.0.0 Safari/537.36 Edg/140.0.0.0; 360Spider"
36.133.115.36 - - [27/Sep/2025:23:10:42 +0800] "POST /wp-cron.php?doing_wp_cron=1758985842.1269059181213378906250 HTTP/1.1" 200 31 "-" "WordPress/6.8.2; http://cqqizhou.com"
34.79.81.77 - - [27/Sep/2025:23:10:42 +0800] "GET / HTTP/1.1" 301 5 "-" "python-requests/2.32.5"
85.208.96.210 - - [27/Sep/2025:23:11:45 +0800] "GET /2163/ HTTP/1.1" 200 23987 "-" "Mozilla/5.0 (compatible; SemrushBot/7~bl; +http://www.semrush.com/bot.html)"
36.133.115.36 - - [27/Sep/2025:23:26:25 +0800] "POST /wp-cron.php?doing_wp_cron=1758986785.0829579830169677734375 HTTP/1.1" 200 31 "-" "WordPress/6.8.2; http://cqqizhou.com"
87.120.191.6 - - [27/Sep/2025:23:26:25 +0800] "GET / HTTP/1.1" 200 33467 "-" "Mozilla/5.0 (Windows NT 10.0; Win64; x64) AppleWebKit/537.36 (KHTML, like Gecko) Chrome/90.0.4430.85 Safari/537.36 Edg/90.0.818.46"
85.208.96.194 - - [27/Sep/2025:23:26:36 +0800] "GET /2162/ HTTP/1.1" 200 25352 "-" "Mozilla/5.0 (compatible; SemrushBot/7~bl; +http://www.semrush.com/bot.html)"
176.65.132.155 - - [27/Sep/2025:23:26:40 +0800] "GET / HTTP/1.1" 200 151919 "-" "-"
85.208.96.195 - - [27/Sep/2025:23:33:09 +0800] "GET /2164/ HTTP/1.1" 200 23705 "-" "Mozilla/5.0 (compatible; SemrushBot/7~bl; +http://www.semrush.com/bot.html)"