45.142.193.144 - - [16/Sep/2025:11:55:49 +0800] "GET / HTTP/1.1" 200 33466 "-" "Mozilla/5.0 (Windows NT 10.0; Win64; x64) AppleWebKit/537.36 (KHTML, like Gecko) Chrome/90.0.4430.85 Safari/537.36 Edg/90.0.818.46"
36.133.115.36 - - [16/Sep/2025:11:59:47 +0800] "POST /wp-cron.php?doing_wp_cron=1757995187.6108980178833007812500 HTTP/1.1" 200 31 "-" "WordPress/6.8.2; http://cqqizhou.com"
45.4.172.186 - - [16/Sep/2025:11:59:47 +0800] "POST /xmlrpc.php HTTP/1.1" 200 217 "http://cqqizhou.com" "Mozilla/5.0 (Windows NT 11.0; Win64; x64) AppleWebKit/537.36 (KHTML, like Gecko) Chrome/126.0.0.0 Safari/537.36"
36.133.115.36 - - [16/Sep/2025:12:03:28 +0800] "POST /wp-cron.php?doing_wp_cron=1757995408.2607169151306152343750 HTTP/1.1" 200 31 "-" "WordPress/6.8.2; http://cqqizhou.com"
15.206.85.226 - - [16/Sep/2025:12:03:28 +0800] "POST /xmlrpc.php HTTP/1.1" 200 217 "http://cqqizhou.com" "Mozilla/5.0 (Macintosh; Intel Mac OS X 10_15_7) AppleWebKit/537.36 (KHTML, like Gecko) Chrome/114.0.5735.134 Safari/537.36"
36.133.115.36 - - [16/Sep/2025:12:07:08 +0800] "POST /wp-cron.php?doing_wp_cron=1757995628.4901070594787597656250 HTTP/1.1" 200 31 "-" "WordPress/6.8.2; http://cqqizhou.com"
103.77.207.75 - - [16/Sep/2025:12:07:08 +0800] "POST /xmlrpc.php HTTP/1.1" 200 217 "http://cqqizhou.com" "Mozilla/5.0 (Macintosh; Intel Mac OS X 13.3; rv:126.0) Gecko/20100101 Firefox/126.0"
36.133.115.36 - - [16/Sep/2025:12:09:33 +0800] "POST /wp-cron.php?doing_wp_cron=1757995773.7498800754547119140625 HTTP/1.1" 200 31 "-" "WordPress/6.8.2; http://cqqizhou.com"
45.142.193.144 - - [16/Sep/2025:12:09:34 +0800] "GET / HTTP/1.1" 200 33467 "-" "Mozilla/5.0 (Windows NT 10.0; Win64; x64) AppleWebKit/537.36 (KHTML, like Gecko) Chrome/90.0.4430.85 Safari/537.36 Edg/90.0.818.46"
36.133.115.36 - - [16/Sep/2025:12:10:44 +0800] "POST /wp-cron.php?doing_wp_cron=1757995844.0600960254669189453125 HTTP/1.1" 200 31 "-" "WordPress/6.8.2; http://cqqizhou.com"
176.9.23.121 - - [16/Sep/2025:12:10:44 +0800] "POST /xmlrpc.php HTTP/1.1" 200 217 "http://cqqizhou.com" "Mozilla/5.0 (Macintosh; Intel Mac OS X 14.3) AppleWebKit/614.31.14 (KHTML, like Gecko) Version/17.0.96 Safari/614.31.14"
36.133.115.36 - - [16/Sep/2025:12:13:32 +0800] "POST /wp-cron.php?doing_wp_cron=1757996012.6960680484771728515625 HTTP/1.1" 200 31 "-" "WordPress/6.8.2; http://cqqizhou.com"
87.120.191.70 - - [16/Sep/2025:12:13:32 +0800] "GET / HTTP/1.1" 301 5 "-" "Mozilla/5.0 (Windows NT 10.0; Win64; x64) AppleWebKit/537.36 (KHTML, like Gecko) Chrome/90.0.4430.85 Safari/537.36 Edg/90.0.818.46"
36.133.115.36 - - [16/Sep/2025:12:14:22 +0800] "POST /wp-cron.php?doing_wp_cron=1757996062.8103380203247070312500 HTTP/1.1" 200 31 "-" "WordPress/6.8.2; http://cqqizhou.com"
68.183.157.208 - - [16/Sep/2025:12:14:22 +0800] "POST /xmlrpc.php HTTP/1.1" 200 217 "http://cqqizhou.com" "Mozilla/5.0 (Windows NT 10.0; Win64; x64; rv:126.0) Gecko/20100101 Firefox/126.0"
36.133.115.36 - - [16/Sep/2025:12:16:36 +0800] "POST /wp-cron.php?doing_wp_cron=1757996196.7620980739593505859375 HTTP/1.1" 200 31 "-" "WordPress/6.8.2; http://cqqizhou.com"
45.156.128.47 - - [16/Sep/2025:12:16:36 +0800] "GET / HTTP/1.1" 301 5 "-" "Mozilla/5.0 (Windows NT 10.0; Win64; x64) AppleWebKit/537.36 (KHTML, like Gecko) Chrome/60.0.3112.113 Safari/537.36"
36.133.115.36 - - [16/Sep/2025:12:18:04 +0800] "POST /wp-cron.php?doing_wp_cron=1757996284.1659109592437744140625 HTTP/1.1" 200 31 "-" "WordPress/6.8.2; http://cqqizhou.com"
198.23.142.10 - - [16/Sep/2025:12:18:04 +0800] "POST /xmlrpc.php HTTP/1.1" 200 217 "http://cqqizhou.com" "Mozilla/5.0 (Windows NT 11.0; Win64; x64; rv:126.0) Gecko/20100101 Firefox/126.0"
220.181.108.103 - - [16/Sep/2025:12:18:31 +0800] "GET /policy/ HTTP/1.1" 200 23548 "-" "Mozilla/5.0 (compatible; Baiduspider/2.0; +http://www.baidu.com/search/spider.html)"
36.133.115.36 - - [16/Sep/2025:12:21:02 +0800] "POST /wp-cron.php?doing_wp_cron=1757996462.1491239070892333984375 HTTP/1.1" 200 31 "-" "WordPress/6.8.2; http://cqqizhou.com"
185.75.143.243 - - [16/Sep/2025:12:21:02 +0800] "POST /xmlrpc.php HTTP/1.1" 200 217 "-" "Mozilla/5.0 (X11; U; Linux i686; en-US; rv:96.0) Gecko/20071914 Firefox/96.0"
36.133.115.36 - - [16/Sep/2025:12:21:46 +0800] "POST /wp-cron.php?doing_wp_cron=1757996506.8750519752502441406250 HTTP/1.1" 200 31 "-" "WordPress/6.8.2; http://cqqizhou.com"
89.187.84.172 - - [16/Sep/2025:12:21:46 +0800] "POST /xmlrpc.php HTTP/1.1" 200 217 "http://cqqizhou.com" "Mozilla/5.0 (Windows NT 10.0; Win64; x64) AppleWebKit/537.36 (KHTML, like Gecko) Chrome/116.0.5845.96 Safari/537.36 Edg/116.0.1938.62"
36.133.115.36 - - [16/Sep/2025:12:32:18 +0800] "POST /wp-cron.php?doing_wp_cron=1757997138.3341529369354248046875 HTTP/1.1" 200 31 "-" "WordPress/6.8.2; http://cqqizhou.com"
147.185.132.164 - - [16/Sep/2025:12:32:18 +0800] "GET / HTTP/1.1" 200 33467 "-" "Hello from Palo Alto Networks, find out more about our scans in https://docs-cortex.paloaltonetworks.com/r/1/Cortex-Xpanse/Scanning-activity"
95.143.172.176 - - [16/Sep/2025:12:32:44 +0800] "POST /xmlrpc.php HTTP/1.1" 200 217 "http://cqqizhou.com" "Mozilla/5.0 (Macintosh; Intel Mac OS X 14_4_1) AppleWebKit/605.1.15 (KHTML, like Gecko) Version/17.3.1 Safari/605.1.15"
80.249.144.89 - - [16/Sep/2025:12:35:29 +0800] "GET / HTTP/1.1" 200 39369 "-" "Mozilla/5.0 (Windows NT 10.0; Win64; x64) AppleWebKit/537.36 (KHTML, like Gecko) Chrome/67.0.3396.99 Safari/537.36"
36.133.115.36 - - [16/Sep/2025:12:36:25 +0800] "POST /wp-cron.php?doing_wp_cron=1757997385.3004190921783447265625 HTTP/1.1" 200 31 "-" "WordPress/6.8.2; http://cqqizhou.com"
165.22.218.230 - - [16/Sep/2025:12:36:25 +0800] "POST /xmlrpc.php HTTP/1.1" 200 217 "http://cqqizhou.com" "Mozilla/5.0 (Windows NT 10.0; Win64; x64) AppleWebKit/537.36 (KHTML, like Gecko) Chrome/115.0.5790.171 Safari/537.36 Edg/115.0.1901.203"
36.133.115.36 - - [16/Sep/2025:12:38:35 +0800] "POST /wp-cron.php?doing_wp_cron=1757997515.6241979598999023437500 HTTP/1.1" 200 31 "-" "WordPress/6.8.2; http://cqqizhou.com"
87.120.191.70 - - [16/Sep/2025:12:38:35 +0800] "GET / HTTP/1.1" 301 5 "-" "Mozilla/5.0 (Windows NT 10.0; Win64; x64) AppleWebKit/537.36 (KHTML, like Gecko) Chrome/90.0.4430.85 Safari/537.36 Edg/90.0.818.46"
36.133.115.36 - - [16/Sep/2025:12:39:11 +0800] "POST /wp-cron.php?doing_wp_cron=1757997551.4008169174194335937500 HTTP/1.1" 200 31 "-" "WordPress/6.8.2; http://cqqizhou.com"
149.50.103.48 - - [16/Sep/2025:12:39:11 +0800] "GET / HTTP/1.1" 200 33466 "-" "Mozilla/5.0 (Windows NT 10.0; Win64; x64) AppleWebKit/537.36 (KHTML, like Gecko) Chrome/90.0.4430.85 Safari/537.36 Edg/90.0.818.46"
36.133.115.36 - - [16/Sep/2025:12:43:28 +0800] "POST /wp-cron.php?doing_wp_cron=1757997807.9654541015625000000000 HTTP/1.1" 200 31 "-" "WordPress/6.8.2; http://cqqizhou.com"
45.142.193.144 - - [16/Sep/2025:12:43:28 +0800] "GET / HTTP/1.1" 200 33467 "-" "Mozilla/5.0 (Windows NT 10.0; Win64; x64) AppleWebKit/537.36 (KHTML, like Gecko) Chrome/90.0.4430.85 Safari/537.36 Edg/90.0.818.46"
103.42.58.99 - - [16/Sep/2025:12:43:31 +0800] "POST /xmlrpc.php HTTP/1.1" 200 217 "http://cqqizhou.com" "Mozilla/5.0 (Macintosh; Intel Mac OS X 14.3) AppleWebKit/614.31.14 (KHTML, like Gecko) Version/17.0.96 Safari/614.31.14"
36.133.115.36 - - [16/Sep/2025:12:45:50 +0800] "POST /wp-cron.php?doing_wp_cron=1757997950.0062990188598632812500 HTTP/1.1" 200 31 "-" "WordPress/6.8.2; http://cqqizhou.com"
176.65.149.161 - - [16/Sep/2025:12:45:50 +0800] "GET / HTTP/1.1" 200 33467 "-" "Mozilla/5.0 (Windows NT 10.0; Win64; x64) AppleWebKit/537.36 (KHTML, like Gecko) Chrome/90.0.4430.85 Safari/537.36 Edg/90.0.818.46"
36.133.115.36 - - [16/Sep/2025:12:46:57 +0800] "POST /wp-cron.php?doing_wp_cron=1757998017.2337660789489746093750 HTTP/1.1" 200 31 "-" "WordPress/6.8.2; http://cqqizhou.com"
185.25.117.32 - - [16/Sep/2025:12:46:57 +0800] "POST /xmlrpc.php HTTP/1.1" 200 217 "http://cqqizhou.com" "Mozilla/5.0 (Macintosh; Intel Mac OS X 14.3) AppleWebKit/614.31.14 (KHTML, like Gecko) Version/17.0.96 Safari/614.31.14"
36.133.115.36 - - [16/Sep/2025:12:50:17 +0800] "POST /wp-cron.php?doing_wp_cron=1757998217.8510088920593261718750 HTTP/1.1" 200 31 "-" "WordPress/6.8.2; http://cqqizhou.com"
13.93.123.99 - - [16/Sep/2025:12:50:17 +0800] "POST /xmlrpc.php HTTP/1.1" 200 217 "http://cqqizhou.com" "Mozilla/5.0 (Windows NT 10.0; Win64; x64) AppleWebKit/537.36 (KHTML, like Gecko) Chrome/113.0.5672.126 Safari/537.36 Edg/113.0.1774.50"
36.133.115.36 - - [16/Sep/2025:12:57:15 +0800] "POST /wp-cron.php?doing_wp_cron=1757998635.7093429565429687500000 HTTP/1.1" 200 31 "-" "WordPress/6.8.2; http://cqqizhou.com"
54.37.151.241 - - [16/Sep/2025:12:57:15 +0800] "POST /xmlrpc.php HTTP/1.1" 200 217 "http://cqqizhou.com" "Mozilla/5.0 (Windows NT 10.0; Win64; x64; rv:128.0) Gecko/20100101 Firefox/128.0"
36.133.115.36 - - [16/Sep/2025:13:00:37 +0800] "POST /wp-cron.php?doing_wp_cron=1757998837.4733769893646240234375 HTTP/1.1" 200 31 "-" "WordPress/6.8.2; http://cqqizhou.com"
198.177.125.119 - - [16/Sep/2025:13:00:37 +0800] "POST /xmlrpc.php HTTP/1.1" 200 217 "http://cqqizhou.com" "Mozilla/5.0 (Macintosh; Intel Mac OS X 10_15_7; rv:127.0) Gecko/20100101 Firefox/127.0"
36.133.115.36 - - [16/Sep/2025:13:03:40 +0800] "POST /wp-cron.php?doing_wp_cron=1757999020.7549428939819335937500 HTTP/1.1" 200 31 "-" "WordPress/6.8.2; http://cqqizhou.com"
117.132.188.205 - - [16/Sep/2025:13:03:40 +0800] "GET / HTTP/1.1" 301 5 "-" "Mozilla/5.0 (Windows NT 10.0; Win64; x64) AppleWebKit/537.36 (KHTML, like Gecko) Chrome/107.0.0.0 Safari/537.36"
117.132.188.205 - - [16/Sep/2025:13:03:41 +0800] "GET / HTTP/1.1" 200 39369 "-" "Mozilla/5.0 (Windows NT 10.0; Win64; x64) AppleWebKit/537.36 (KHTML, like Gecko) Chrome/107.0.0.0 Safari/537.36"
117.132.188.205 - - [16/Sep/2025:13:03:41 +0800] "GET /bug HTTP/1.1" 301 5 "-" "Mozilla/5.0 (Windows NT 10.0; Win64; x64) AppleWebKit/537.36 (KHTML, like Gecko) Chrome/107.0.0.0 Safari/537.36"
117.132.188.205 - - [16/Sep/2025:13:03:42 +0800] "GET /bug/ HTTP/1.1" 200 11645 "-" "Mozilla/5.0 (Windows NT 10.0; Win64; x64) AppleWebKit/537.36 (KHTML, like Gecko) Chrome/107.0.0.0 Safari/537.36"
117.132.188.205 - - [16/Sep/2025:13:03:43 +0800] "GET /contacts/ HTTP/1.1" 200 18530 "-" "Mozilla/5.0 (Windows NT 10.0; Win64; x64) AppleWebKit/537.36 (KHTML, like Gecko) Chrome/107.0.0.0 Safari/537.36"
117.132.188.205 - - [16/Sep/2025:13:03:44 +0800] "GET /logistics HTTP/1.1" 301 5 "-" "Mozilla/5.0 (Windows NT 10.0; Win64; x64) AppleWebKit/537.36 (KHTML, like Gecko) Chrome/107.0.0.0 Safari/537.36"
117.132.188.205 - - [16/Sep/2025:13:03:45 +0800] "GET /logistics/ HTTP/1.1" 200 18249 "-" "Mozilla/5.0 (Windows NT 10.0; Win64; x64) AppleWebKit/537.36 (KHTML, like Gecko) Chrome/107.0.0.0 Safari/537.36"
117.132.188.205 - - [16/Sep/2025:13:03:45 +0800] "GET /services HTTP/1.1" 301 5 "-" "Mozilla/5.0 (Windows NT 10.0; Win64; x64) AppleWebKit/537.36 (KHTML, like Gecko) Chrome/107.0.0.0 Safari/537.36"
36.133.115.36 - - [16/Sep/2025:13:03:46 +0800] "POST /wp-cron.php?doing_wp_cron=1757999026.3609080314636230468750 HTTP/1.1" 200 31 "-" "WordPress/6.8.2; http://cqqizhou.com"
117.132.188.205 - - [16/Sep/2025:13:03:46 +0800] "GET /services/ HTTP/1.1" 200 19769 "-" "Mozilla/5.0 (Windows NT 10.0; Win64; x64) AppleWebKit/537.36 (KHTML, like Gecko) Chrome/107.0.0.0 Safari/537.36"
117.132.188.205 - - [16/Sep/2025:13:03:47 +0800] "GET / HTTP/1.1" 301 5 "-" "Mozilla/5.0 (Windows NT 10.0; Win64; x64) AppleWebKit/537.36 (KHTML, like Gecko) Chrome/107.0.0.0 Safari/537.36"
117.132.188.205 - - [16/Sep/2025:13:03:47 +0800] "GET / HTTP/1.1" 200 39369 "-" "Mozilla/5.0 (Windows NT 10.0; Win64; x64) AppleWebKit/537.36 (KHTML, like Gecko) Chrome/107.0.0.0 Safari/537.36"
117.132.188.205 - - [16/Sep/2025:13:03:48 +0800] "GET / HTTP/1.1" 301 5 "-" "Mozilla/5.0 (Windows NT 10.0; Win64; x64) AppleWebKit/537.36 (KHTML, like Gecko) Chrome/107.0.0.0 Safari/537.36"
117.132.188.205 - - [16/Sep/2025:13:03:48 +0800] "GET / HTTP/1.1" 200 39369 "-" "Mozilla/5.0 (Windows NT 10.0; Win64; x64) AppleWebKit/537.36 (KHTML, like Gecko) Chrome/107.0.0.0 Safari/537.36"
117.132.188.205 - - [16/Sep/2025:13:03:49 +0800] "GET / HTTP/1.1" 301 5 "-" "Mozilla/5.0 (Windows NT 10.0; Win64; x64) AppleWebKit/537.36 (KHTML, like Gecko) Chrome/107.0.0.0 Safari/537.36"
117.132.188.205 - - [16/Sep/2025:13:03:49 +0800] "GET / HTTP/1.1" 200 39369 "-" "Mozilla/5.0 (Windows NT 10.0; Win64; x64) AppleWebKit/537.36 (KHTML, like Gecko) Chrome/107.0.0.0 Safari/537.36"
117.132.188.205 - - [16/Sep/2025:13:03:49 +0800] "GET / HTTP/1.1" 301 5 "-" "Mozilla/5.0 (Windows NT 10.0; Win64; x64) AppleWebKit/537.36 (KHTML, like Gecko) Chrome/107.0.0.0 Safari/537.36"
117.132.188.205 - - [16/Sep/2025:13:03:49 +0800] "GET / HTTP/1.1" 200 39369 "-" "Mozilla/5.0 (Windows NT 10.0; Win64; x64) AppleWebKit/537.36 (KHTML, like Gecko) Chrome/107.0.0.0 Safari/537.36"
117.132.188.205 - - [16/Sep/2025:13:03:50 +0800] "GET / HTTP/1.1" 301 5 "-" "Mozilla/5.0 (Windows NT 10.0; Win64; x64) AppleWebKit/537.36 (KHTML, like Gecko) Chrome/107.0.0.0 Safari/537.36"
117.132.188.205 - - [16/Sep/2025:13:03:50 +0800] "GET / HTTP/1.1" 200 39369 "-" "Mozilla/5.0 (Windows NT 10.0; Win64; x64) AppleWebKit/537.36 (KHTML, like Gecko) Chrome/107.0.0.0 Safari/537.36"
117.132.188.205 - - [16/Sep/2025:13:03:51 +0800] "GET /bug HTTP/1.1" 301 5 "-" "Mozilla/5.0 (Windows NT 10.0; Win64; x64) AppleWebKit/537.36 (KHTML, like Gecko) Chrome/107.0.0.0 Safari/537.36"
117.132.188.205 - - [16/Sep/2025:13:03:52 +0800] "GET /bug/ HTTP/1.1" 200 11645 "-" "Mozilla/5.0 (Windows NT 10.0; Win64; x64) AppleWebKit/537.36 (KHTML, like Gecko) Chrome/107.0.0.0 Safari/537.36"
117.132.188.205 - - [16/Sep/2025:13:03:53 +0800] "GET /contacts/ HTTP/1.1" 200 18530 "-" "Mozilla/5.0 (Windows NT 10.0; Win64; x64) AppleWebKit/537.36 (KHTML, like Gecko) Chrome/107.0.0.0 Safari/537.36"
117.132.188.205 - - [16/Sep/2025:13:03:53 +0800] "GET /logistics HTTP/1.1" 301 5 "-" "Mozilla/5.0 (Windows NT 10.0; Win64; x64) AppleWebKit/537.36 (KHTML, like Gecko) Chrome/107.0.0.0 Safari/537.36"
117.132.188.205 - - [16/Sep/2025:13:03:54 +0800] "GET /logistics/ HTTP/1.1" 200 18248 "-" "Mozilla/5.0 (Windows NT 10.0; Win64; x64) AppleWebKit/537.36 (KHTML, like Gecko) Chrome/107.0.0.0 Safari/537.36"
117.132.188.205 - - [16/Sep/2025:13:03:55 +0800] "GET /process/processing HTTP/1.1" 404 8990 "-" "Mozilla/5.0 (Windows NT 10.0; Win64; x64) AppleWebKit/537.36 (KHTML, like Gecko) Chrome/107.0.0.0 Safari/537.36"
117.132.188.205 - - [16/Sep/2025:13:03:56 +0800] "GET /services HTTP/1.1" 301 5 "-" "Mozilla/5.0 (Windows NT 10.0; Win64; x64) AppleWebKit/537.36 (KHTML, like Gecko) Chrome/107.0.0.0 Safari/537.36"
117.132.188.205 - - [16/Sep/2025:13:03:56 +0800] "GET /services/ HTTP/1.1" 200 19769 "-" "Mozilla/5.0 (Windows NT 10.0; Win64; x64) AppleWebKit/537.36 (KHTML, like Gecko) Chrome/107.0.0.0 Safari/537.36"
209.172.2.50 - - [16/Sep/2025:13:04:11 +0800] "POST /xmlrpc.php HTTP/1.1" 200 217 "http://cqqizhou.com" "Mozilla/5.0 (Windows NT 10.0; Win64; x64) AppleWebKit/537.36 (KHTML, like Gecko) Chrome/112.0.5615.138 Safari/537.36 Edg/112.0.1722.68"
188.166.16.179 - - [16/Sep/2025:13:04:40 +0800] "GET /admin/config.php HTTP/1.0" 404 16 "-" "Mozilla/5.0 (Linux; Android 10; Pixel 4) AppleWebKit/537.36 (KHTML, like Gecko) Chrome/110.0.4797.145 Safari/537.36"
87.120.191.70 - - [16/Sep/2025:13:04:43 +0800] "GET / HTTP/1.1" 301 5 "-" "Mozilla/5.0 (Windows NT 10.0; Win64; x64) AppleWebKit/537.36 (KHTML, like Gecko) Chrome/90.0.4430.85 Safari/537.36 Edg/90.0.818.46"
36.133.115.36 - - [16/Sep/2025:13:05:32 +0800] "POST /wp-cron.php?doing_wp_cron=1757999132.9302940368652343750000 HTTP/1.1" 200 31 "-" "WordPress/6.8.2; http://cqqizhou.com"
103.74.118.39 - - [16/Sep/2025:13:05:33 +0800] "POST /xmlrpc.php HTTP/1.1" 200 217 "-" "Mozilla/5.0 (X11; Ubuntu; Linux x86_64; rv:85.0) Gecko/20100101 Firefox/91.0"
36.133.115.36 - - [16/Sep/2025:13:07:49 +0800] "POST /wp-cron.php?doing_wp_cron=1757999269.2731270790100097656250 HTTP/1.1" 200 31 "-" "WordPress/6.8.2; http://cqqizhou.com"
93.81.236.143 - - [16/Sep/2025:13:07:49 +0800] "POST /xmlrpc.php HTTP/1.1" 200 217 "http://cqqizhou.com" "Mozilla/5.0 (Windows NT 11.0; Win64; x64; rv:126.0) Gecko/20100101 Firefox/126.0"
36.133.115.36 - - [16/Sep/2025:13:11:23 +0800] "POST /wp-cron.php?doing_wp_cron=1757999483.2744939327239990234375 HTTP/1.1" 200 31 "-" "WordPress/6.8.2; http://cqqizhou.com"
64.227.143.86 - - [16/Sep/2025:13:11:23 +0800] "POST /xmlrpc.php HTTP/1.1" 200 217 "http://cqqizhou.com" "Mozilla/5.0 (Macintosh; Intel Mac OS X 10_15_7) AppleWebKit/537.36 (KHTML, like Gecko) Chrome/126.0.0.0 Safari/537.36"
36.133.115.36 - - [16/Sep/2025:13:15:03 +0800] "POST /wp-cron.php?doing_wp_cron=1757999703.9133510589599609375000 HTTP/1.1" 200 31 "-" "WordPress/6.8.2; http://cqqizhou.com"
192.227.184.130 - - [16/Sep/2025:13:15:03 +0800] "POST /xmlrpc.php HTTP/1.1" 200 217 "http://cqqizhou.com" "Mozilla/5.0 (Macintosh; Intel Mac OS X 10_15_7) AppleWebKit/537.36 (KHTML, like Gecko) Chrome/115.0.5790.102 Safari/537.36"
36.133.115.36 - - [16/Sep/2025:13:18:45 +0800] "POST /wp-cron.php?doing_wp_cron=1757999925.8005170822143554687500 HTTP/1.1" 200 31 "-" "WordPress/6.8.2; http://cqqizhou.com"
172.104.229.65 - - [16/Sep/2025:13:18:45 +0800] "POST /xmlrpc.php HTTP/1.1" 200 217 "http://cqqizhou.com" "Mozilla/5.0 (Windows NT 10.0; Win64; x64) AppleWebKit/537.36 (KHTML, like Gecko) Chrome/114.0.5735.134 Safari/537.36"
36.133.115.36 - - [16/Sep/2025:13:22:24 +0800] "POST /wp-cron.php?doing_wp_cron=1758000144.4791219234466552734375 HTTP/1.1" 200 31 "-" "WordPress/6.8.2; http://cqqizhou.com"
158.220.116.163 - - [16/Sep/2025:13:22:24 +0800] "POST /xmlrpc.php HTTP/1.1" 200 217 "http://cqqizhou.com" "Mozilla/5.0 (Windows NT 10.0; Win64; x64) AppleWebKit/537.36 (KHTML, like Gecko) Chrome/112.0.5615.138 Safari/537.36 Edg/112.0.1722.68"
36.133.115.36 - - [16/Sep/2025:13:25:39 +0800] "POST /wp-cron.php?doing_wp_cron=1758000339.9286489486694335937500 HTTP/1.1" 200 31 "-" "WordPress/6.8.2; http://cqqizhou.com"
87.120.126.162 - - [16/Sep/2025:13:25:40 +0800] "POST /hello.world?%ADd+allow_url_include%3d1+%ADd+auto_prepend_file%3dphp://input HTTP/1.1" 404 31381 "-" "libredtail-http"
87.120.126.162 - - [16/Sep/2025:13:25:42 +0800] "POST /?%ADd+allow_url_include%3d1+%ADd+auto_prepend_file%3dphp://input HTTP/1.1" 200 151919 "-" "libredtail-http"
87.120.126.162 - - [16/Sep/2025:13:25:43 +0800] "GET /vendor/phpunit/phpunit/src/Util/PHP/eval-stdin.php HTTP/1.1" 404 27 "-" "libredtail-http"
87.120.126.162 - - [16/Sep/2025:13:25:44 +0800] "GET /vendor/phpunit/phpunit/Util/PHP/eval-stdin.php HTTP/1.1" 404 27 "-" "libredtail-http"
87.120.126.162 - - [16/Sep/2025:13:25:44 +0800] "GET /vendor/phpunit/src/Util/PHP/eval-stdin.php HTTP/1.1" 404 27 "-" "libredtail-http"
87.120.126.162 - - [16/Sep/2025:13:25:44 +0800] "GET /vendor/phpunit/Util/PHP/eval-stdin.php HTTP/1.1" 404 27 "-" "libredtail-http"
87.120.126.162 - - [16/Sep/2025:13:25:45 +0800] "GET /vendor/phpunit/phpunit/LICENSE/eval-stdin.php HTTP/1.1" 404 27 "-" "libredtail-http"
87.120.126.162 - - [16/Sep/2025:13:25:45 +0800] "GET /vendor/vendor/phpunit/phpunit/src/Util/PHP/eval-stdin.php HTTP/1.1" 404 27 "-" "libredtail-http"
87.120.126.162 - - [16/Sep/2025:13:25:46 +0800] "GET /phpunit/phpunit/src/Util/PHP/eval-stdin.php HTTP/1.1" 404 27 "-" "libredtail-http"
87.120.126.162 - - [16/Sep/2025:13:25:46 +0800] "GET /phpunit/phpunit/Util/PHP/eval-stdin.php HTTP/1.1" 404 27 "-" "libredtail-http"
87.120.126.162 - - [16/Sep/2025:13:25:47 +0800] "GET /phpunit/src/Util/PHP/eval-stdin.php HTTP/1.1" 404 27 "-" "libredtail-http"
87.120.126.162 - - [16/Sep/2025:13:25:47 +0800] "GET /phpunit/Util/PHP/eval-stdin.php HTTP/1.1" 404 27 "-" "libredtail-http"
87.120.126.162 - - [16/Sep/2025:13:25:47 +0800] "GET /lib/phpunit/phpunit/src/Util/PHP/eval-stdin.php HTTP/1.1" 404 27 "-" "libredtail-http"
87.120.126.162 - - [16/Sep/2025:13:25:48 +0800] "GET /lib/phpunit/phpunit/Util/PHP/eval-stdin.php HTTP/1.1" 404 27 "-" "libredtail-http"
87.120.126.162 - - [16/Sep/2025:13:25:48 +0800] "GET /lib/phpunit/src/Util/PHP/eval-stdin.php HTTP/1.1" 404 27 "-" "libredtail-http"
87.120.126.162 - - [16/Sep/2025:13:25:49 +0800] "GET /lib/phpunit/Util/PHP/eval-stdin.php HTTP/1.1" 404 27 "-" "libredtail-http"
87.120.126.162 - - [16/Sep/2025:13:25:49 +0800] "GET /lib/vendor/phpunit/phpunit/src/Util/PHP/eval-stdin.php HTTP/1.1" 404 27 "-" "libredtail-http"
87.120.126.162 - - [16/Sep/2025:13:25:50 +0800] "GET /laravel/vendor/phpunit/phpunit/src/Util/PHP/eval-stdin.php HTTP/1.1" 404 27 "-" "libredtail-http"
87.120.126.162 - - [16/Sep/2025:13:25:50 +0800] "GET /www/vendor/phpunit/phpunit/src/Util/PHP/eval-stdin.php HTTP/1.1" 404 27 "-" "libredtail-http"
87.120.126.162 - - [16/Sep/2025:13:25:51 +0800] "GET /ws/vendor/phpunit/phpunit/src/Util/PHP/eval-stdin.php HTTP/1.1" 404 27 "-" "libredtail-http"
87.120.126.162 - - [16/Sep/2025:13:25:51 +0800] "GET /yii/vendor/phpunit/phpunit/src/Util/PHP/eval-stdin.php HTTP/1.1" 404 27 "-" "libredtail-http"
87.120.126.162 - - [16/Sep/2025:13:25:52 +0800] "GET /zend/vendor/phpunit/phpunit/src/Util/PHP/eval-stdin.php HTTP/1.1" 404 27 "-" "libredtail-http"
87.120.126.162 - - [16/Sep/2025:13:25:52 +0800] "GET /ws/ec/vendor/phpunit/phpunit/src/Util/PHP/eval-stdin.php HTTP/1.1" 404 27 "-" "libredtail-http"
87.120.126.162 - - [16/Sep/2025:13:25:53 +0800] "GET /V2/vendor/phpunit/phpunit/src/Util/PHP/eval-stdin.php HTTP/1.1" 404 27 "-" "libredtail-http"
87.120.126.162 - - [16/Sep/2025:13:25:53 +0800] "GET /tests/vendor/phpunit/phpunit/src/Util/PHP/eval-stdin.php HTTP/1.1" 404 27 "-" "libredtail-http"
87.120.126.162 - - [16/Sep/2025:13:25:54 +0800] "GET /test/vendor/phpunit/phpunit/src/Util/PHP/eval-stdin.php HTTP/1.1" 404 27 "-" "libredtail-http"
87.120.126.162 - - [16/Sep/2025:13:25:55 +0800] "GET /testing/vendor/phpunit/phpunit/src/Util/PHP/eval-stdin.php HTTP/1.1" 404 27 "-" "libredtail-http"
87.120.126.162 - - [16/Sep/2025:13:25:55 +0800] "GET /api/vendor/phpunit/phpunit/src/Util/PHP/eval-stdin.php HTTP/1.1" 404 27 "-" "libredtail-http"
87.120.126.162 - - [16/Sep/2025:13:25:56 +0800] "GET /demo/vendor/phpunit/phpunit/src/Util/PHP/eval-stdin.php HTTP/1.1" 404 27 "-" "libredtail-http"
87.120.126.162 - - [16/Sep/2025:13:25:56 +0800] "GET /cms/vendor/phpunit/phpunit/src/Util/PHP/eval-stdin.php HTTP/1.1" 404 27 "-" "libredtail-http"
87.120.126.162 - - [16/Sep/2025:13:25:56 +0800] "GET /crm/vendor/phpunit/phpunit/src/Util/PHP/eval-stdin.php HTTP/1.1" 404 27 "-" "libredtail-http"
87.120.126.162 - - [16/Sep/2025:13:25:57 +0800] "GET /admin/vendor/phpunit/phpunit/src/Util/PHP/eval-stdin.php HTTP/1.1" 404 27 "-" "libredtail-http"
87.120.126.162 - - [16/Sep/2025:13:25:57 +0800] "GET /backup/vendor/phpunit/phpunit/src/Util/PHP/eval-stdin.php HTTP/1.1" 404 27 "-" "libredtail-http"
87.120.126.162 - - [16/Sep/2025:13:25:58 +0800] "GET /blog/vendor/phpunit/phpunit/src/Util/PHP/eval-stdin.php HTTP/1.1" 404 27 "-" "libredtail-http"
87.120.126.162 - - [16/Sep/2025:13:25:58 +0800] "GET /workspace/drupal/vendor/phpunit/phpunit/src/Util/PHP/eval-stdin.php HTTP/1.1" 404 27 "-" "libredtail-http"
87.120.126.162 - - [16/Sep/2025:13:25:59 +0800] "GET /panel/vendor/phpunit/phpunit/src/Util/PHP/eval-stdin.php HTTP/1.1" 404 27 "-" "libredtail-http"
87.120.126.162 - - [16/Sep/2025:13:25:59 +0800] "GET /public/vendor/phpunit/phpunit/src/Util/PHP/eval-stdin.php HTTP/1.1" 404 27 "-" "libredtail-http"
87.120.126.162 - - [16/Sep/2025:13:26:00 +0800] "GET /apps/vendor/phpunit/phpunit/src/Util/PHP/eval-stdin.php HTTP/1.1" 404 27 "-" "libredtail-http"
87.120.126.162 - - [16/Sep/2025:13:26:00 +0800] "GET /app/vendor/phpunit/phpunit/src/Util/PHP/eval-stdin.php HTTP/1.1" 404 27 "-" "libredtail-http"
36.133.115.36 - - [16/Sep/2025:13:26:01 +0800] "POST /wp-cron.php?doing_wp_cron=1758000361.4834699630737304687500 HTTP/1.1" 200 31 "-" "WordPress/6.8.2; http://cqqizhou.com"
87.120.126.162 - - [16/Sep/2025:13:26:01 +0800] "GET /index.php?s=/index/\x5Cthink\x5Capp/invokefunction&function=call_user_func_array&vars[0]=md5&vars[1][]=Hello HTTP/1.1" 200 64985 "-" "libredtail-http"
87.120.126.162 - - [16/Sep/2025:13:26:02 +0800] "GET /public/index.php?s=/index/\x5Cthink\x5Capp/invokefunction&function=call_user_func_array&vars[0]=md5&vars[1][]=Hello HTTP/1.1" 404 27 "-" "libredtail-http"
87.120.126.162 - - [16/Sep/2025:13:26:05 +0800] "GET /index.php?lang=../../../../../../../../usr/local/lib/php/pearcmd&+config-create+/&/<?echo(md5(\x22hi\x22));?>+/tmp/index1.php HTTP/1.1" 200 151919 "-" "libredtail-http"
213.156.43.111 - - [16/Sep/2025:13:26:05 +0800] "POST /xmlrpc.php HTTP/1.1" 200 217 "http://cqqizhou.com" "Mozilla/5.0 (Windows NT 10.0; Win64; x64) AppleWebKit/537.36 (KHTML, like Gecko) Chrome/116.0.5845.96 Safari/537.36 Edg/116.0.1938.62"
87.120.126.162 - - [16/Sep/2025:13:26:06 +0800] "GET /index.php?lang=../../../../../../../../tmp/index1 HTTP/1.1" 200 151919 "-" "libredtail-http"
87.120.126.162 - - [16/Sep/2025:13:26:08 +0800] "GET /containers/json HTTP/1.1" 301 5 "-" "libredtail-http"
87.120.126.162 - - [16/Sep/2025:13:26:09 +0800] "GET /containers/json HTTP/1.1" 301 5 "-" "libredtail-http"
36.133.115.36 - - [16/Sep/2025:13:27:55 +0800] "POST /wp-cron.php?doing_wp_cron=1758000475.4955921173095703125000 HTTP/1.1" 200 31 "-" "WordPress/6.8.2; http://cqqizhou.com"
87.120.191.70 - - [16/Sep/2025:13:27:55 +0800] "GET / HTTP/1.1" 301 5 "-" "Mozilla/5.0 (Windows NT 10.0; Win64; x64) AppleWebKit/537.36 (KHTML, like Gecko) Chrome/90.0.4430.85 Safari/537.36 Edg/90.0.818.46"
36.133.115.36 - - [16/Sep/2025:13:29:39 +0800] "POST /wp-cron.php?doing_wp_cron=1758000579.7375879287719726562500 HTTP/1.1" 200 31 "-" "WordPress/6.8.2; http://cqqizhou.com"
188.212.34.189 - - [16/Sep/2025:13:29:39 +0800] "POST /xmlrpc.php HTTP/1.1" 200 217 "http://cqqizhou.com" "Mozilla/5.0 (Macintosh; Intel Mac OS X 10_15_7; rv:127.0) Gecko/20100101 Firefox/127.0"
36.133.115.36 - - [16/Sep/2025:13:30:26 +0800] "POST /wp-cron.php?doing_wp_cron=1758000626.8348848819732666015625 HTTP/1.1" 200 31 "-" "WordPress/6.8.2; http://cqqizhou.com"
111.7.96.148 - - [16/Sep/2025:13:30:27 +0800] "GET / HTTP/1.1" 200 41369 "-" "curl/7.64.1"
123.160.223.75 - - [16/Sep/2025:13:31:14 +0800] "GET / HTTP/1.1" 200 39369 "-" "Mozilla/5.0 (Macintosh; Intel Mac OS X 10_15_7) AppleWebKit/537.36 (KHTML, like Gecko) Chrome/96.0.4664.110 Safari/537.36"
36.133.115.36 - - [16/Sep/2025:13:33:20 +0800] "POST /wp-cron.php?doing_wp_cron=1758000800.8203198909759521484375 HTTP/1.1" 200 31 "-" "WordPress/6.8.2; http://cqqizhou.com"
68.72.143.114 - - [16/Sep/2025:13:33:20 +0800] "POST /xmlrpc.php HTTP/1.1" 200 217 "http://cqqizhou.com" "Mozilla/5.0 (Windows NT 10.0; Win64; x64; rv:126.0) Gecko/20100101 Firefox/126.0"
185.223.152.55 - - [16/Sep/2025:13:36:43 +0800] "GET /file.php HTTP/1.1" 404 47 "-" "Go-http-client/1.1"
185.223.152.55 - - [16/Sep/2025:13:36:43 +0800] "GET /admin.php HTTP/1.1" 404 47 "-" "Go-http-client/1.1"
36.133.115.36 - - [16/Sep/2025:13:36:44 +0800] "POST /wp-cron.php?doing_wp_cron=1758001004.8104341030120849609375 HTTP/1.1" 200 31 "-" "WordPress/6.8.2; http://cqqizhou.com"
185.223.152.55 - - [16/Sep/2025:13:36:44 +0800] "GET /index.php HTTP/1.1" 301 5 "-" "Go-http-client/1.1"
185.223.152.55 - - [16/Sep/2025:13:36:45 +0800] "GET / HTTP/1.1" 200 39369 "http://cqqizhou.com/index.php" "Go-http-client/1.1"
185.223.152.55 - - [16/Sep/2025:13:36:45 +0800] "GET /chosen.php HTTP/1.1" 404 47 "-" "Go-http-client/1.1"
185.223.152.55 - - [16/Sep/2025:13:36:46 +0800] "GET /wp-atom.php HTTP/1.1" 404 47 "-" "Go-http-client/1.1"
185.223.152.55 - - [16/Sep/2025:13:36:46 +0800] "GET /wp-content/plugins/pwnd/block-support.php HTTP/1.1" 404 47 "-" "Go-http-client/1.1"
185.223.152.55 - - [16/Sep/2025:13:36:46 +0800] "GET /about.php HTTP/1.1" 404 47 "-" "Go-http-client/1.1"
185.223.152.55 - - [16/Sep/2025:13:36:47 +0800] "GET /autoload_classmap.php HTTP/1.1" 404 47 "-" "Go-http-client/1.1"
185.223.152.55 - - [16/Sep/2025:13:36:47 +0800] "GET /index/function.php HTTP/1.1" 404 47 "-" "Go-http-client/1.1"
185.223.152.55 - - [16/Sep/2025:13:36:48 +0800] "GET /adminfuns.php HTTP/1.1" 404 47 "-" "Go-http-client/1.1"
185.223.152.55 - - [16/Sep/2025:13:36:48 +0800] "GET /mah.php HTTP/1.1" 404 47 "-" "Go-http-client/1.1"
185.223.152.55 - - [16/Sep/2025:13:36:48 +0800] "GET /simple.php HTTP/1.1" 404 47 "-" "Go-http-client/1.1"
185.223.152.55 - - [16/Sep/2025:13:36:49 +0800] "GET /nope.php HTTP/1.1" 404 47 "-" "Go-http-client/1.1"
185.223.152.55 - - [16/Sep/2025:13:36:49 +0800] "GET /asasx.php HTTP/1.1" 404 47 "-" "Go-http-client/1.1"
185.223.152.55 - - [16/Sep/2025:13:36:49 +0800] "GET /system.php HTTP/1.1" 404 47 "-" "Go-http-client/1.1"
185.223.152.55 - - [16/Sep/2025:13:36:50 +0800] "GET /mah/function.php HTTP/1.1" 404 47 "-" "Go-http-client/1.1"
185.223.152.55 - - [16/Sep/2025:13:36:50 +0800] "GET /past.php HTTP/1.1" 404 47 "-" "Go-http-client/1.1"
185.223.152.55 - - [16/Sep/2025:13:36:50 +0800] "GET /css/index.php HTTP/1.1" 404 47 "-" "Go-http-client/1.1"
185.223.152.55 - - [16/Sep/2025:13:36:51 +0800] "GET /classwithtostring.php HTTP/1.1" 404 47 "-" "Go-http-client/1.1"
185.223.152.55 - - [16/Sep/2025:13:36:51 +0800] "GET /goods.php HTTP/1.1" 404 47 "-" "Go-http-client/1.1"
185.223.152.55 - - [16/Sep/2025:13:36:51 +0800] "GET /wp-slie.php HTTP/1.1" 404 47 "-" "Go-http-client/1.1"
185.223.152.55 - - [16/Sep/2025:13:36:52 +0800] "GET /wp-includes/Requests/about.php HTTP/1.1" 404 47 "-" "Go-http-client/1.1"
185.223.152.55 - - [16/Sep/2025:13:36:52 +0800] "GET /inputs.php HTTP/1.1" 404 47 "-" "Go-http-client/1.1"
185.223.152.55 - - [16/Sep/2025:13:36:52 +0800] "GET /1.php HTTP/1.1" 404 47 "-" "Go-http-client/1.1"
185.223.152.55 - - [16/Sep/2025:13:36:53 +0800] "GET /wp-content/plugins/WordPressCore/index.php HTTP/1.1" 404 47 "-" "Go-http-client/1.1"
185.223.152.55 - - [16/Sep/2025:13:36:53 +0800] "GET /wp-onta.php HTTP/1.1" 404 47 "-" "Go-http-client/1.1"
185.223.152.55 - - [16/Sep/2025:13:36:53 +0800] "GET /function/function.php HTTP/1.1" 404 47 "-" "Go-http-client/1.1"
185.223.152.55 - - [16/Sep/2025:13:36:54 +0800] "GET /about/function.php HTTP/1.1" 404 47 "-" "Go-http-client/1.1"
185.223.152.55 - - [16/Sep/2025:13:36:54 +0800] "GET /wp-admin/js/index.php HTTP/1.1" 404 47 "-" "Go-http-client/1.1"
185.223.152.55 - - [16/Sep/2025:13:36:55 +0800] "GET /wp-content/index.php HTTP/1.1" 200 31 "-" "Go-http-client/1.1"
185.223.152.55 - - [16/Sep/2025:13:36:55 +0800] "GET /wp-content/uploads/wp.php HTTP/1.1" 404 47 "-" "Go-http-client/1.1"
185.223.152.55 - - [16/Sep/2025:13:36:55 +0800] "GET /k.php HTTP/1.1" 404 47 "-" "Go-http-client/1.1"
185.223.152.55 - - [16/Sep/2025:13:36:56 +0800] "GET /cjfuns.php HTTP/1.1" 404 47 "-" "Go-http-client/1.1"
185.223.152.55 - - [16/Sep/2025:13:36:56 +0800] "GET /alfa.php HTTP/1.1" 404 47 "-" "Go-http-client/1.1"
185.223.152.55 - - [16/Sep/2025:13:36:56 +0800] "GET /wp-includes/assets/index.php HTTP/1.1" 404 47 "-" "Go-http-client/1.1"
185.223.152.55 - - [16/Sep/2025:13:36:57 +0800] "GET /admin/function.php HTTP/1.1" 404 47 "-" "Go-http-client/1.1"
36.133.115.36 - - [16/Sep/2025:13:36:57 +0800] "POST /wp-cron.php?doing_wp_cron=1758001017.4485819339752197265625 HTTP/1.1" 200 31 "-" "WordPress/6.8.2; http://cqqizhou.com"
185.223.152.55 - - [16/Sep/2025:13:36:57 +0800] "GET /wp.php HTTP/1.1" 404 47 "-" "Go-http-client/1.1"
13.202.247.0 - - [16/Sep/2025:13:36:57 +0800] "POST /xmlrpc.php HTTP/1.1" 200 217 "http://cqqizhou.com" "Mozilla/5.0 (Windows NT 10.0; Win64; x64) AppleWebKit/537.36 (KHTML, like Gecko) Chrome/116.0.5845.96 Safari/537.36 Edg/116.0.1938.62"
185.223.152.55 - - [16/Sep/2025:13:36:57 +0800] "GET /wp-includes/css/index.php HTTP/1.1" 404 47 "-" "Go-http-client/1.1"
185.223.152.55 - - [16/Sep/2025:13:36:58 +0800] "GET /lock360.php HTTP/1.1" 404 47 "-" "Go-http-client/1.1"
185.223.152.55 - - [16/Sep/2025:13:36:58 +0800] "GET /404.php HTTP/1.1" 404 47 "-" "Go-http-client/1.1"
185.223.152.55 - - [16/Sep/2025:13:36:58 +0800] "GET /defaults.php HTTP/1.1" 404 47 "-" "Go-http-client/1.1"
185.223.152.55 - - [16/Sep/2025:13:36:59 +0800] "GET /wp-content/plugins/index.php HTTP/1.1" 200 31 "-" "Go-http-client/1.1"
185.223.152.55 - - [16/Sep/2025:13:36:59 +0800] "GET /wp-content/plugins/fix/up.php HTTP/1.1" 404 47 "-" "Go-http-client/1.1"
185.223.152.55 - - [16/Sep/2025:13:37:00 +0800] "GET /default.php HTTP/1.1" 404 47 "-" "Go-http-client/1.1"
185.223.152.55 - - [16/Sep/2025:13:37:00 +0800] "GET /alfanew.php HTTP/1.1" 404 47 "-" "Go-http-client/1.1"
185.223.152.55 - - [16/Sep/2025:13:37:00 +0800] "GET /wp-content/themes/pridmag/db.php HTTP/1.1" 404 47 "-" "Go-http-client/1.1"
185.223.152.55 - - [16/Sep/2025:13:37:01 +0800] "GET /wp-admin/includes/class-wp-filesystem-base.php HTTP/1.1" 200 31 "-" "Go-http-client/1.1"
185.223.152.55 - - [16/Sep/2025:13:37:01 +0800] "GET /dropdown.php HTTP/1.1" 404 47 "-" "Go-http-client/1.1"
185.223.152.55 - - [16/Sep/2025:13:37:01 +0800] "GET /radio.php HTTP/1.1" 404 47 "-" "Go-http-client/1.1"
185.223.152.55 - - [16/Sep/2025:13:37:02 +0800] "GET /click.php HTTP/1.1" 404 47 "-" "Go-http-client/1.1"
185.223.152.55 - - [16/Sep/2025:13:37:02 +0800] "GET /wp-content/uploads/wpr-addons/forms/b1ack.php HTTP/1.1" 404 47 "-" "Go-http-client/1.1"
185.223.152.55 - - [16/Sep/2025:13:37:02 +0800] "GET /manager.php HTTP/1.1" 404 47 "-" "Go-http-client/1.1"
185.223.152.55 - - [16/Sep/2025:13:37:03 +0800] "GET /wp-content/admin.php HTTP/1.1" 404 47 "-" "Go-http-client/1.1"
185.223.152.55 - - [16/Sep/2025:13:37:03 +0800] "GET /cong.php HTTP/1.1" 404 47 "-" "Go-http-client/1.1"
185.223.152.55 - - [16/Sep/2025:13:37:03 +0800] "GET /wp-content/plugins/core-plugin/include.php HTTP/1.1" 404 47 "-" "Go-http-client/1.1"
185.223.152.55 - - [16/Sep/2025:13:37:04 +0800] "GET /text.php HTTP/1.1" 404 47 "-" "Go-http-client/1.1"
185.223.152.55 - - [16/Sep/2025:13:37:04 +0800] "GET /buy.php HTTP/1.1" 404 47 "-" "Go-http-client/1.1"
185.223.152.55 - - [16/Sep/2025:13:37:04 +0800] "GET /as.php HTTP/1.1" 404 47 "-" "Go-http-client/1.1"
185.223.152.55 - - [16/Sep/2025:13:37:05 +0800] "GET /av.php HTTP/1.1" 404 47 "-" "Go-http-client/1.1"
185.223.152.55 - - [16/Sep/2025:13:37:05 +0800] "GET /atomlib.php HTTP/1.1" 404 47 "-" "Go-http-client/1.1"
185.223.152.55 - - [16/Sep/2025:13:37:06 +0800] "GET /wp-content/uploads/index.php HTTP/1.1" 404 47 "-" "Go-http-client/1.1"
185.223.152.55 - - [16/Sep/2025:13:37:06 +0800] "GET /wp-content/plugins/pwnd/pwnd.php HTTP/1.1" 404 47 "-" "Go-http-client/1.1"
185.223.152.55 - - [16/Sep/2025:13:37:06 +0800] "GET /filemanager.php HTTP/1.1" 404 47 "-" "Go-http-client/1.1"
185.223.152.55 - - [16/Sep/2025:13:37:07 +0800] "GET /edit.php HTTP/1.1" 404 47 "-" "Go-http-client/1.1"
185.223.152.55 - - [16/Sep/2025:13:37:07 +0800] "GET /wp-content/themes/about.php HTTP/1.1" 404 47 "-" "Go-http-client/1.1"
185.223.152.55 - - [16/Sep/2025:13:37:07 +0800] "GET /wp-content/plugins/erinyani/default.php HTTP/1.1" 404 47 "-" "Go-http-client/1.1"
185.223.152.55 - - [16/Sep/2025:13:37:08 +0800] "GET /themes.php HTTP/1.1" 404 47 "-" "Go-http-client/1.1"
185.223.152.55 - - [16/Sep/2025:13:37:08 +0800] "GET /wp-content/themes/seotheme/mar.php HTTP/1.1" 404 47 "-" "Go-http-client/1.1"
185.223.152.55 - - [16/Sep/2025:13:37:08 +0800] "GET /wp-onto.php HTTP/1.1" 404 47 "-" "Go-http-client/1.1"
185.223.152.55 - - [16/Sep/2025:13:37:09 +0800] "GET /wp-content/uploads/ HTTP/1.1" 403 146 "-" "Go-http-client/1.1"
185.223.152.55 - - [16/Sep/2025:13:37:09 +0800] "GET /a.php HTTP/1.1" 404 47 "-" "Go-http-client/1.1"
185.223.152.55 - - [16/Sep/2025:13:37:09 +0800] "GET /install.php HTTP/1.1" 404 47 "-" "Go-http-client/1.1"
185.223.152.55 - - [16/Sep/2025:13:37:10 +0800] "GET /new.php HTTP/1.1" 404 47 "-" "Go-http-client/1.1"
185.223.152.55 - - [16/Sep/2025:13:37:10 +0800] "GET /wp-includes/wp-atom.php HTTP/1.1" 404 47 "-" "Go-http-client/1.1"
185.223.152.55 - - [16/Sep/2025:13:37:10 +0800] "GET /classsmtps.php HTTP/1.1" 404 47 "-" "Go-http-client/1.1"
185.223.152.55 - - [16/Sep/2025:13:37:11 +0800] "GET /wp-admin/maint/index.php HTTP/1.1" 404 47 "-" "Go-http-client/1.1"
185.223.152.55 - - [16/Sep/2025:13:37:11 +0800] "GET /wp-content/about.php HTTP/1.1" 404 47 "-" "Go-http-client/1.1"
185.223.152.55 - - [16/Sep/2025:13:37:12 +0800] "GET /autoload_classmap/function.php HTTP/1.1" 404 47 "-" "Go-http-client/1.1"
185.223.152.55 - - [16/Sep/2025:13:37:12 +0800] "GET /wp-content/themes/sketch/404.php HTTP/1.1" 404 47 "-" "Go-http-client/1.1"
185.223.152.55 - - [16/Sep/2025:13:37:12 +0800] "GET /tinyfilemanager.php HTTP/1.1" 404 47 "-" "Go-http-client/1.1"
185.223.152.55 - - [16/Sep/2025:13:37:13 +0800] "GET /shell.php HTTP/1.1" 404 47 "-" "Go-http-client/1.1"
185.223.152.55 - - [16/Sep/2025:13:37:13 +0800] "GET /contact.php HTTP/1.1" 404 47 "-" "Go-http-client/1.1"
185.223.152.55 - - [16/Sep/2025:13:37:13 +0800] "GET /ioxi-o.php HTTP/1.1" 404 47 "-" "Go-http-client/1.1"
185.223.152.55 - - [16/Sep/2025:13:37:14 +0800] "GET /wp-includes/ID3/index.php HTTP/1.1" 404 47 "-" "Go-http-client/1.1"
185.223.152.55 - - [16/Sep/2025:13:37:14 +0800] "GET /system_log.php HTTP/1.1" 404 47 "-" "Go-http-client/1.1"
185.223.152.55 - - [16/Sep/2025:13:37:14 +0800] "GET /class.php HTTP/1.1" 404 47 "-" "Go-http-client/1.1"
185.223.152.55 - - [16/Sep/2025:13:37:15 +0800] "GET /wp-content/plugins/pwnd/1.php HTTP/1.1" 404 47 "-" "Go-http-client/1.1"
185.223.152.55 - - [16/Sep/2025:13:37:15 +0800] "GET /makeasmtp.php HTTP/1.1" 404 47 "-" "Go-http-client/1.1"
185.223.152.55 - - [16/Sep/2025:13:37:15 +0800] "GET /ini.php HTTP/1.1" 404 47 "-" "Go-http-client/1.1"
185.223.152.55 - - [16/Sep/2025:13:37:16 +0800] "GET /lv.php HTTP/1.1" 404 47 "-" "Go-http-client/1.1"
185.223.152.55 - - [16/Sep/2025:13:37:16 +0800] "GET /wp-content/plugins/mainhosting/asasx.php HTTP/1.1" 404 47 "-" "Go-http-client/1.1"
185.223.152.55 - - [16/Sep/2025:13:37:16 +0800] "GET /wp-content/plugins/erinyani/asasx.php HTTP/1.1" 404 47 "-" "Go-http-client/1.1"
185.223.152.55 - - [16/Sep/2025:13:37:17 +0800] "GET /wp-file.php HTTP/1.1" 404 47 "-" "Go-http-client/1.1"
185.223.152.55 - - [16/Sep/2025:13:37:17 +0800] "GET /yasnu.php HTTP/1.1" 404 47 "-" "Go-http-client/1.1"
185.223.152.55 - - [16/Sep/2025:13:37:17 +0800] "GET /wso.php HTTP/1.1" 404 47 "-" "Go-http-client/1.1"
185.223.152.55 - - [16/Sep/2025:13:37:18 +0800] "GET /aa.php HTTP/1.1" 404 47 "-" "Go-http-client/1.1"
185.223.152.55 - - [16/Sep/2025:13:37:18 +0800] "GET /wp-content/themes/deeto/login.php HTTP/1.1" 404 47 "-" "Go-http-client/1.1"
185.223.152.55 - - [16/Sep/2025:13:37:19 +0800] "GET /gel4y.php HTTP/1.1" 404 47 "-" "Go-http-client/1.1"
185.223.152.55 - - [16/Sep/2025:13:37:19 +0800] "GET /wp-seto.php HTTP/1.1" 404 47 "-" "Go-http-client/1.1"
185.223.152.48 - - [16/Sep/2025:13:37:20 +0800] "GET /wp-links.php HTTP/1.1" 404 47 "-" "Go-http-client/1.1"
185.223.152.48 - - [16/Sep/2025:13:37:20 +0800] "GET /wp-admin/images/admin.php HTTP/1.1" 404 47 "-" "Go-http-client/1.1"
185.223.152.48 - - [16/Sep/2025:13:37:20 +0800] "GET /wp-includes/css/about.php HTTP/1.1" 404 47 "-" "Go-http-client/1.1"
185.223.152.48 - - [16/Sep/2025:13:37:21 +0800] "GET /moon.php HTTP/1.1" 404 47 "-" "Go-http-client/1.1"
185.223.152.48 - - [16/Sep/2025:13:37:21 +0800] "GET /go.php HTTP/1.1" 404 47 "-" "Go-http-client/1.1"
185.223.152.48 - - [16/Sep/2025:13:37:21 +0800] "GET /wp-content/plugins/shell/index.php HTTP/1.1" 404 47 "-" "Go-http-client/1.1"
185.223.152.48 - - [16/Sep/2025:13:37:22 +0800] "GET /item.php HTTP/1.1" 404 47 "-" "Go-http-client/1.1"
185.223.152.48 - - [16/Sep/2025:13:37:22 +0800] "GET /zex.php HTTP/1.1" 404 47 "-" "Go-http-client/1.1"
185.223.152.48 - - [16/Sep/2025:13:37:22 +0800] "GET /wp-admin/class-db.php HTTP/1.1" 404 47 "-" "Go-http-client/1.1"
185.223.152.48 - - [16/Sep/2025:13:37:23 +0800] "GET /sts.php HTTP/1.1" 404 47 "-" "Go-http-client/1.1"
185.223.152.48 - - [16/Sep/2025:13:37:23 +0800] "GET /load.php HTTP/1.1" 404 47 "-" "Go-http-client/1.1"
185.223.152.48 - - [16/Sep/2025:13:37:24 +0800] "GET /wp-admin/network/index.php HTTP/1.1" 302 5 "-" "Go-http-client/1.1"
185.223.152.48 - - [16/Sep/2025:13:37:25 +0800] "GET /wp-login.php?redirect_to=http%3A%2F%2Fcqqizhou.com%2Fwp-admin%2Fnetwork%2Findex.php&reauth=1 HTTP/1.1" 200 2791 "http://cqqizhou.com/wp-admin/network/index.php" "Go-http-client/1.1"
185.223.152.48 - - [16/Sep/2025:13:37:26 +0800] "GET /wp-content/plugins/WordPressCore/include.php HTTP/1.1" 404 47 "-" "Go-http-client/1.1"
185.223.152.48 - - [16/Sep/2025:13:37:26 +0800] "GET /wp-admin/images/index.php HTTP/1.1" 404 47 "-" "Go-http-client/1.1"
185.223.152.48 - - [16/Sep/2025:13:37:26 +0800] "GET /wp-content/plugins/revslider/includes/external/page/index.php HTTP/1.1" 404 47 "-" "Go-http-client/1.1"
185.223.152.48 - - [16/Sep/2025:13:37:27 +0800] "GET /wp-content/ HTTP/1.1" 200 31 "-" "Go-http-client/1.1"
185.223.152.48 - - [16/Sep/2025:13:37:27 +0800] "GET /wp-content/themes/index.php HTTP/1.1" 200 31 "-" "Go-http-client/1.1"
185.223.152.48 - - [16/Sep/2025:13:37:27 +0800] "GET /wp-includes/css/ HTTP/1.1" 403 146 "-" "Go-http-client/1.1"
185.223.152.48 - - [16/Sep/2025:13:37:28 +0800] "GET /wp-admin/js/widgets/index.php HTTP/1.1" 404 47 "-" "Go-http-client/1.1"
185.223.152.48 - - [16/Sep/2025:13:37:28 +0800] "GET /wp-content/BypassBest.php HTTP/1.1" 404 47 "-" "Go-http-client/1.1"
185.223.152.48 - - [16/Sep/2025:13:37:28 +0800] "GET /Private-Exploit-Ova.php HTTP/1.1" 404 47 "-" "Go-http-client/1.1"
185.223.152.48 - - [16/Sep/2025:13:37:29 +0800] "GET /private/index.php HTTP/1.1" 404 47 "-" "Go-http-client/1.1"
185.223.152.48 - - [16/Sep/2025:13:37:29 +0800] "GET /wp-koseko.php HTTP/1.1" 404 47 "-" "Go-http-client/1.1"
185.223.152.48 - - [16/Sep/2025:13:37:29 +0800] "GET /403.php HTTP/1.1" 404 47 "-" "Go-http-client/1.1"
185.223.152.48 - - [16/Sep/2025:13:37:30 +0800] "GET /wp-includes/ID3/ HTTP/1.1" 403 146 "-" "Go-http-client/1.1"
185.223.152.48 - - [16/Sep/2025:13:37:31 +0800] "GET /baxa1.php7 HTTP/1.1" 404 8989 "-" "Go-http-client/1.1"
185.223.152.48 - - [16/Sep/2025:13:37:31 +0800] "GET /wp-admin/css/index.php HTTP/1.1" 404 47 "-" "Go-http-client/1.1"
185.223.152.48 - - [16/Sep/2025:13:37:32 +0800] "GET /link.php HTTP/1.1" 404 47 "-" "Go-http-client/1.1"
185.223.152.48 - - [16/Sep/2025:13:37:32 +0800] "GET /fie.php HTTP/1.1" 404 47 "-" "Go-http-client/1.1"
185.223.152.48 - - [16/Sep/2025:13:37:32 +0800] "GET /wp-includes/Text/Diff/index.php HTTP/1.1" 404 47 "-" "Go-http-client/1.1"
185.223.152.48 - - [16/Sep/2025:13:37:33 +0800] "GET /wp-login.php HTTP/1.1" 200 2780 "-" "Go-http-client/1.1"
185.223.152.48 - - [16/Sep/2025:13:37:34 +0800] "GET /wp-content/plugins/erinyani/ HTTP/1.1" 404 8990 "-" "Go-http-client/1.1"
185.223.152.48 - - [16/Sep/2025:13:37:35 +0800] "GET /wp-admin/includes/index.php HTTP/1.1" 404 47 "-" "Go-http-client/1.1"
185.223.152.48 - - [16/Sep/2025:13:37:35 +0800] "GET /wp-includes/Text/network.php HTTP/1.1" 404 47 "-" "Go-http-client/1.1"
185.223.152.48 - - [16/Sep/2025:13:37:35 +0800] "GET /log.php HTTP/1.1" 404 47 "-" "Go-http-client/1.1"
185.223.152.48 - - [16/Sep/2025:13:37:36 +0800] "GET /wp-admin/maint/ HTTP/1.1" 403 146 "-" "Go-http-client/1.1"
185.223.152.48 - - [16/Sep/2025:13:37:36 +0800] "GET /wp-content/plugins/tolly-t/hello.php HTTP/1.1" 404 47 "-" "Go-http-client/1.1"
185.223.152.48 - - [16/Sep/2025:13:37:36 +0800] "GET /wp-includes/block-bindings/ HTTP/1.1" 403 146 "-" "Go-http-client/1.1"
185.223.152.48 - - [16/Sep/2025:13:37:37 +0800] "GET /wp-content/themes/admin.php HTTP/1.1" 404 47 "-" "Go-http-client/1.1"
185.223.152.48 - - [16/Sep/2025:13:37:37 +0800] "GET /wp-includes/fonts/index.php HTTP/1.1" 404 47 "-" "Go-http-client/1.1"
185.223.152.48 - - [16/Sep/2025:13:37:37 +0800] "GET /wp-conflg.php HTTP/1.1" 404 47 "-" "Go-http-client/1.1"
185.223.152.48 - - [16/Sep/2025:13:37:38 +0800] "GET /wp-content/plugins/phpad/as.php HTTP/1.1" 404 47 "-" "Go-http-client/1.1"
185.223.152.48 - - [16/Sep/2025:13:37:38 +0800] "GET /ws.php HTTP/1.1" 404 47 "-" "Go-http-client/1.1"
185.223.152.48 - - [16/Sep/2025:13:37:38 +0800] "GET /jindex.php HTTP/1.1" 404 47 "-" "Go-http-client/1.1"
185.223.152.48 - - [16/Sep/2025:13:37:39 +0800] "GET /wp-content/plugins/ioxi/ioxi/dropdown.php HTTP/1.1" 404 47 "-" "Go-http-client/1.1"
185.223.152.48 - - [16/Sep/2025:13:37:39 +0800] "GET /baxa1.php HTTP/1.1" 404 47 "-" "Go-http-client/1.1"
185.223.152.48 - - [16/Sep/2025:13:37:40 +0800] "GET /.well-known/ HTTP/1.1" 404 8988 "-" "Go-http-client/1.1"
185.223.152.48 - - [16/Sep/2025:13:37:41 +0800] "GET /wp-ori.php HTTP/1.1" 404 47 "-" "Go-http-client/1.1"
185.223.152.48 - - [16/Sep/2025:13:37:41 +0800] "GET /.wp/wso.php HTTP/1.1" 404 47 "-" "Go-http-client/1.1"
185.223.152.48 - - [16/Sep/2025:13:37:41 +0800] "GET /wp-ostro.php HTTP/1.1" 404 47 "-" "Go-http-client/1.1"
185.223.152.48 - - [16/Sep/2025:13:37:42 +0800] "GET /wp-includes/js/ HTTP/1.1" 403 146 "-" "Go-http-client/1.1"
185.223.152.48 - - [16/Sep/2025:13:37:42 +0800] "GET /96i.php HTTP/1.1" 404 47 "-" "Go-http-client/1.1"
185.223.152.48 - - [16/Sep/2025:13:37:43 +0800] "GET /wp-admin/images/about.php HTTP/1.1" 404 47 "-" "Go-http-client/1.1"
185.223.152.48 - - [16/Sep/2025:13:37:43 +0800] "GET /ajax/xulp.php HTTP/1.1" 404 47 "-" "Go-http-client/1.1"
185.223.152.48 - - [16/Sep/2025:13:37:43 +0800] "GET /wp-admin/css/colors/blue/ HTTP/1.1" 403 146 "-" "Go-http-client/1.1"
185.223.152.48 - - [16/Sep/2025:13:37:44 +0800] "GET /wp-includes/IXR/index.php HTTP/1.1" 404 47 "-" "Go-http-client/1.1"
185.223.152.48 - - [16/Sep/2025:13:37:44 +0800] "GET /as/function.php HTTP/1.1" 404 47 "-" "Go-http-client/1.1"
185.223.152.48 - - [16/Sep/2025:13:37:44 +0800] "GET /core.php HTTP/1.1" 404 47 "-" "Go-http-client/1.1"
185.223.152.48 - - [16/Sep/2025:13:37:45 +0800] "GET /wp-content/plugins/erinyani/baxa1.php7 HTTP/1.1" 404 8989 "-" "Go-http-client/1.1"
36.133.115.36 - - [16/Sep/2025:13:37:46 +0800] "POST /wp-cron.php?doing_wp_cron=1758001066.9538850784301757812500 HTTP/1.1" 200 31 "-" "WordPress/6.8.2; http://cqqizhou.com"
185.223.152.48 - - [16/Sep/2025:13:37:47 +0800] "GET /assets/ HTTP/1.1" 404 8989 "-" "Go-http-client/1.1"
185.223.152.48 - - [16/Sep/2025:13:37:48 +0800] "GET /.well-known/acme-challenge/ HTTP/1.1" 404 8989 "-" "Go-http-client/1.1"
185.223.152.48 - - [16/Sep/2025:13:37:48 +0800] "GET /doc.php HTTP/1.1" 404 47 "-" "Go-http-client/1.1"
185.223.152.48 - - [16/Sep/2025:13:37:49 +0800] "GET /wp-admin/ HTTP/1.1" 302 5 "-" "Go-http-client/1.1"
185.223.152.48 - - [16/Sep/2025:13:37:50 +0800] "GET /wp-login.php?redirect_to=http%3A%2F%2Fcqqizhou.com%2Fwp-admin%2F&reauth=1 HTTP/1.1" 200 2780 "http://cqqizhou.com/wp-admin/" "Go-http-client/1.1"
185.223.152.48 - - [16/Sep/2025:13:37:50 +0800] "GET /gg.php HTTP/1.1" 404 47 "-" "Go-http-client/1.1"
185.223.152.48 - - [16/Sep/2025:13:37:51 +0800] "GET /x.php HTTP/1.1" 404 47 "-" "Go-http-client/1.1"
185.223.152.48 - - [16/Sep/2025:13:37:51 +0800] "GET /wp-content/themes/twentyfive/include.php HTTP/1.1" 404 47 "-" "Go-http-client/1.1"
185.223.152.48 - - [16/Sep/2025:13:37:52 +0800] "GET /ioxi002.PhP7 HTTP/1.1" 404 8989 "-" "Go-http-client/1.1"
185.223.152.48 - - [16/Sep/2025:13:37:52 +0800] "GET /files/index.php HTTP/1.1" 404 47 "-" "Go-http-client/1.1"
185.223.152.48 - - [16/Sep/2025:13:37:53 +0800] "GET /wp-content/languages/index.php HTTP/1.1" 404 47 "-" "Go-http-client/1.1"
185.223.152.48 - - [16/Sep/2025:13:37:53 +0800] "GET /tiny.php HTTP/1.1" 404 47 "-" "Go-http-client/1.1"
185.223.152.48 - - [16/Sep/2025:13:37:53 +0800] "GET /.well-known/pki-validation/xmrlpc.php HTTP/1.1" 404 47 "-" "Go-http-client/1.1"
185.223.152.48 - - [16/Sep/2025:13:37:54 +0800] "GET /wp-includes/assets/ HTTP/1.1" 403 146 "-" "Go-http-client/1.1"
185.223.152.48 - - [16/Sep/2025:13:37:54 +0800] "GET /inc.php HTTP/1.1" 404 47 "-" "Go-http-client/1.1"
185.223.152.48 - - [16/Sep/2025:13:37:55 +0800] "GET /xBrain.php HTTP/1.1" 404 47 "-" "Go-http-client/1.1"
185.223.152.48 - - [16/Sep/2025:13:37:55 +0800] "GET /wp-content/plugins/erinyani/baxa1.php HTTP/1.1" 404 47 "-" "Go-http-client/1.1"
185.223.152.48 - - [16/Sep/2025:13:37:55 +0800] "GET /content.php HTTP/1.1" 404 47 "-" "Go-http-client/1.1"
185.223.152.48 - - [16/Sep/2025:13:37:56 +0800] "GET /wp-content/plugins/view-more/ioxi.php HTTP/1.1" 404 47 "-" "Go-http-client/1.1"
185.223.152.48 - - [16/Sep/2025:13:37:56 +0800] "GET /wp-admin/css/colors/blue/index.php HTTP/1.1" 404 47 "-" "Go-http-client/1.1"
185.223.152.48 - - [16/Sep/2025:13:37:56 +0800] "GET /.well-known/acme-challenge/index.php HTTP/1.1" 404 47 "-" "Go-http-client/1.1"
185.223.152.48 - - [16/Sep/2025:13:37:57 +0800] "GET /images/class-config.php HTTP/1.1" 404 47 "-" "Go-http-client/1.1"
185.223.152.48 - - [16/Sep/2025:13:37:57 +0800] "GET /wp-includes/SimplePie/index.php HTTP/1.1" 404 47 "-" "Go-http-client/1.1"
185.223.152.48 - - [16/Sep/2025:13:37:57 +0800] "GET /goat.php HTTP/1.1" 404 47 "-" "Go-http-client/1.1"
185.223.152.48 - - [16/Sep/2025:13:37:58 +0800] "GET /wp-admin/classwithtostring.php HTTP/1.1" 404 47 "-" "Go-http-client/1.1"
185.223.152.48 - - [16/Sep/2025:13:37:58 +0800] "GET /eagle.php HTTP/1.1" 404 47 "-" "Go-http-client/1.1"
185.223.152.48 - - [16/Sep/2025:13:37:58 +0800] "GET /wp-content/plugins/about.php HTTP/1.1" 404 47 "-" "Go-http-client/1.1"
185.223.152.48 - - [16/Sep/2025:13:37:59 +0800] "GET /xmlrpc.php HTTP/1.1" 405 53 "-" "Go-http-client/1.1"
185.223.152.48 - - [16/Sep/2025:13:38:00 +0800] "GET /w.php HTTP/1.1" 404 47 "-" "Go-http-client/1.1"
185.223.152.48 - - [16/Sep/2025:13:38:00 +0800] "GET /qfunctions.php HTTP/1.1" 404 47 "-" "Go-http-client/1.1"
185.223.152.48 - - [16/Sep/2025:13:38:01 +0800] "GET /wp-esp.php HTTP/1.1" 404 47 "-" "Go-http-client/1.1"
185.223.152.48 - - [16/Sep/2025:13:38:01 +0800] "GET /wp-seno.php HTTP/1.1" 404 47 "-" "Go-http-client/1.1"
185.223.152.48 - - [16/Sep/2025:13:38:01 +0800] "GET /wp-content/plugins/classic-editor/wp-login.php HTTP/1.1" 404 47 "-" "Go-http-client/1.1"
185.223.152.48 - - [16/Sep/2025:13:38:02 +0800] "GET /css.php HTTP/1.1" 404 47 "-" "Go-http-client/1.1"
