47.109.44.73 - - [14/Sep/2025:09:58:16 +0800] "GET /portfolio/hot-dip-galvanized-coil/ HTTP/1.1" 200 22257 "-" "Mozilla/5.0 (Windows NT 6.1; WOW64) AppleWebKit/537.36 (KHTML, like Gecko) Chrome/86.0.4240.198 Safari/537.36"
47.109.44.73 - - [14/Sep/2025:09:59:32 +0800] "GET /wp-content/themes/qizhou/css/ HTTP/1.1" 403 548 "-" "Mozilla/5.0 (Windows NT 6.1; WOW64) AppleWebKit/537.36 (KHTML, like Gecko) Chrome/86.0.4240.198 Safari/537.36"
139.129.246.141 - - [14/Sep/2025:09:59:42 +0800] "GET /wp-content/uploads/2025/09/ HTTP/1.1" 403 548 "-" "Mozilla/5.0 (Windows NT 6.1; WOW64) AppleWebKit/537.36 (KHTML, like Gecko) Chrome/86.0.4240.198 Safari/537.36"
36.133.115.36 - - [14/Sep/2025:10:00:09 +0800] "POST /wp-cron.php?doing_wp_cron=1757815209.1050150394439697265625 HTTP/1.1" 200 31 "-" "WordPress/6.8.2; http://cqqizhou.com"
139.129.246.141 - - [14/Sep/2025:10:00:09 +0800] "GET /process/ HTTP/1.1" 301 5 "-" "Mozilla/5.0 (Windows NT 6.1; WOW64) AppleWebKit/537.36 (KHTML, like Gecko) Chrome/86.0.4240.198 Safari/537.36"
139.129.246.141 - - [14/Sep/2025:10:00:09 +0800] "GET /services/processing/ HTTP/1.1" 200 22903 "http://cqqizhou.com/process/" "Mozilla/5.0 (Windows NT 6.1; WOW64) AppleWebKit/537.36 (KHTML, like Gecko) Chrome/86.0.4240.198 Safari/537.36"
47.109.54.65 - - [14/Sep/2025:10:01:25 +0800] "GET /wp-content/uploads/2025/ HTTP/1.1" 403 548 "-" "Mozilla/5.0 (Windows NT 6.1; WOW64) AppleWebKit/537.36 (KHTML, like Gecko) Chrome/86.0.4240.198 Safari/537.36"
121.42.249.16 - - [14/Sep/2025:10:02:06 +0800] "GET /wp-content/themes/qizhou/js/ HTTP/1.1" 403 548 "-" "Mozilla/5.0 (Windows NT 6.1; WOW64) AppleWebKit/537.36 (KHTML, like Gecko) Chrome/86.0.4240.198 Safari/537.36"
47.108.117.45 - - [14/Sep/2025:10:02:24 +0800] "GET /portfolio/ HTTP/1.1" 200 20553 "-" "Mozilla/5.0 (Windows NT 6.1; WOW64) AppleWebKit/537.36 (KHTML, like Gecko) Chrome/86.0.4240.198 Safari/537.36"
47.109.44.73 - - [14/Sep/2025:10:02:30 +0800] "GET /wp-content/plugins/smartideo/static/ HTTP/1.1" 403 548 "-" "Mozilla/5.0 (Windows NT 6.1; WOW64) AppleWebKit/537.36 (KHTML, like Gecko) Chrome/86.0.4240.198 Safari/537.36"
47.109.54.65 - - [14/Sep/2025:10:02:43 +0800] "GET /wp-content/plugins/revslider/public/css/ HTTP/1.1" 403 548 "-" "Mozilla/5.0 (Windows NT 6.1; WOW64) AppleWebKit/537.36 (KHTML, like Gecko) Chrome/86.0.4240.198 Safari/537.36"
36.133.115.36 - - [14/Sep/2025:10:02:46 +0800] "POST /wp-cron.php?doing_wp_cron=1757815366.6848568916320800781250 HTTP/1.1" 200 31 "-" "WordPress/6.8.2; http://cqqizhou.com"
121.42.253.62 - - [14/Sep/2025:10:02:46 +0800] "GET /services HTTP/1.1" 301 5 "-" "Mozilla/5.0 (Windows NT 6.1; WOW64) AppleWebKit/537.36 (KHTML, like Gecko) Chrome/86.0.4240.198 Safari/537.36"
121.42.253.62 - - [14/Sep/2025:10:02:46 +0800] "GET /services/ HTTP/1.1" 200 25528 "http://www.cqqizhou.com/services" "Mozilla/5.0 (Windows NT 6.1; WOW64) AppleWebKit/537.36 (KHTML, like Gecko) Chrome/86.0.4240.198 Safari/537.36"
47.108.117.45 - - [14/Sep/2025:10:03:01 +0800] "GET /contacts/ HTTP/1.1" 200 21496 "-" "Mozilla/5.0 (Windows NT 6.1; WOW64) AppleWebKit/537.36 (KHTML, like Gecko) Chrome/86.0.4240.198 Safari/537.36"
121.42.252.229 - - [14/Sep/2025:10:03:19 +0800] "GET /contacts/ HTTP/1.1" 301 5 "-" "Mozilla/5.0 (Windows NT 6.1; WOW64) AppleWebKit/537.36 (KHTML, like Gecko) Chrome/86.0.4240.198 Safari/537.36"
121.42.252.229 - - [14/Sep/2025:10:03:19 +0800] "GET /contacts/ HTTP/1.1" 200 21496 "http://www.cqqizhou.com/contacts/#wpcf7-f158-p2-o1" "Mozilla/5.0 (Windows NT 6.1; WOW64) AppleWebKit/537.36 (KHTML, like Gecko) Chrome/86.0.4240.198 Safari/537.36"
45.135.193.100 - - [14/Sep/2025:10:03:30 +0800] "GET / HTTP/1.1" 200 33468 "-" "Mozilla/5.0 (Windows NT 10.0; Win64; x64) AppleWebKit/537.36 (KHTML, like Gecko) Chrome/90.0.4430.85 Safari/537.36 Edg/90.0.818.46"
139.129.246.141 - - [14/Sep/2025:10:03:34 +0800] "GET /shop/ HTTP/1.1" 301 5 "-" "Mozilla/5.0 (Windows NT 6.1; WOW64) AppleWebKit/537.36 (KHTML, like Gecko) Chrome/86.0.4240.198 Safari/537.36"
139.129.246.141 - - [14/Sep/2025:10:03:35 +0800] "GET /shop/ HTTP/1.1" 200 20160 "http://www.cqqizhou.com/shop/" "Mozilla/5.0 (Windows NT 6.1; WOW64) AppleWebKit/537.36 (KHTML, like Gecko) Chrome/86.0.4240.198 Safari/537.36"
47.109.31.152 - - [14/Sep/2025:10:04:08 +0800] "GET /2155/ HTTP/1.1" 200 29372 "-" "Mozilla/5.0 (Windows NT 6.1; WOW64) AppleWebKit/537.36 (KHTML, like Gecko) Chrome/86.0.4240.198 Safari/537.36"
36.133.115.36 - - [14/Sep/2025:10:04:11 +0800] "POST /wp-cron.php?doing_wp_cron=1757815451.1690299510955810546875 HTTP/1.1" 200 31 "-" "WordPress/6.8.2; http://cqqizhou.com"
43.153.96.79 - - [14/Sep/2025:10:04:11 +0800] "GET /wp-content/uploads/2025/07/1753453029- HTTP/1.1" 404 8989 "-" "Mozilla/5.0 (iPhone; CPU iPhone OS 13_2_3 like Mac OS X) AppleWebKit/605.1.15 (KHTML, like Gecko) Version/13.0.3 Mobile/15E148 Safari/604.1"
121.42.249.16 - - [14/Sep/2025:10:04:53 +0800] "GET /wp-includes/css/dist/ HTTP/1.1" 403 548 "-" "Mozilla/5.0 (Windows NT 6.1; WOW64) AppleWebKit/537.36 (KHTML, like Gecko) Chrome/86.0.4240.198 Safari/537.36"
47.109.44.73 - - [14/Sep/2025:10:05:02 +0800] "GET /2153/ HTTP/1.1" 200 24603 "-" "Mozilla/5.0 (Windows NT 6.1; WOW64) AppleWebKit/537.36 (KHTML, like Gecko) Chrome/86.0.4240.198 Safari/537.36"
121.42.249.16 - - [14/Sep/2025:10:05:05 +0800] "GET /wp-content/themes/qizhou/css/ HTTP/1.1" 403 548 "-" "Mozilla/5.0 (Windows NT 6.1; WOW64) AppleWebKit/537.36 (KHTML, like Gecko) Chrome/86.0.4240.198 Safari/537.36"
121.42.252.229 - - [14/Sep/2025:10:07:25 +0800] "GET /policy/ HTTP/1.1" 200 23548 "-" "Mozilla/5.0 (Windows NT 6.1; WOW64) AppleWebKit/537.36 (KHTML, like Gecko) Chrome/86.0.4240.198 Safari/537.36"
36.133.115.36 - - [14/Sep/2025:10:10:21 +0800] "POST /wp-cron.php?doing_wp_cron=1757815821.6242771148681640625000 HTTP/1.1" 200 31 "-" "WordPress/6.8.2; http://cqqizhou.com"
139.129.246.141 - - [14/Sep/2025:10:10:21 +0800] "GET /home/ HTTP/1.1" 301 5 "-" "Mozilla/5.0 (Windows NT 6.1; WOW64) AppleWebKit/537.36 (KHTML, like Gecko) Chrome/86.0.4240.198 Safari/537.36"
139.129.246.141 - - [14/Sep/2025:10:10:21 +0800] "GET / HTTP/1.1" 200 39369 "http://www.cqqizhou.com/home/" "Mozilla/5.0 (Windows NT 6.1; WOW64) AppleWebKit/537.36 (KHTML, like Gecko) Chrome/86.0.4240.198 Safari/537.36"
87.120.191.70 - - [14/Sep/2025:10:10:22 +0800] "GET / HTTP/1.1" 301 5 "-" "Mozilla/5.0 (Windows NT 10.0; Win64; x64) AppleWebKit/537.36 (KHTML, like Gecko) Chrome/90.0.4430.85 Safari/537.36 Edg/90.0.818.46"
36.133.115.36 - - [14/Sep/2025:10:12:14 +0800] "POST /wp-cron.php?doing_wp_cron=1757815934.7441549301147460937500 HTTP/1.1" 200 31 "-" "WordPress/6.8.2; http://cqqizhou.com"
121.42.236.230 - - [14/Sep/2025:10:12:14 +0800] "GET /home/ HTTP/1.1" 301 5 "-" "Mozilla/5.0 (Windows NT 6.1; WOW64) AppleWebKit/537.36 (KHTML, like Gecko) Chrome/86.0.4240.198 Safari/537.36"
121.42.236.230 - - [14/Sep/2025:10:12:14 +0800] "GET / HTTP/1.1" 200 39369 "http://www.cqqizhou.com/home/" "Mozilla/5.0 (Windows NT 6.1; WOW64) AppleWebKit/537.36 (KHTML, like Gecko) Chrome/86.0.4240.198 Safari/537.36"
129.226.93.214 - - [14/Sep/2025:10:12:33 +0800] "GET /2214/ HTTP/1.1" 200 21274 "-" "Mozilla/5.0 (iPhone; CPU iPhone OS 13_2_3 like Mac OS X) AppleWebKit/605.1.15 (KHTML, like Gecko) Version/13.0.3 Mobile/15E148 Safari/604.1"
36.133.115.36 - - [14/Sep/2025:10:13:33 +0800] "POST /wp-cron.php?doing_wp_cron=1757816013.8661060333251953125000 HTTP/1.1" 200 31 "-" "WordPress/6.8.2; http://cqqizhou.com"
47.108.117.45 - - [14/Sep/2025:10:13:33 +0800] "GET /process/processing HTTP/1.1" 301 5 "-" "Mozilla/5.0 (Windows NT 6.1; WOW64) AppleWebKit/537.36 (KHTML, like Gecko) Chrome/86.0.4240.198 Safari/537.36"
47.108.117.45 - - [14/Sep/2025:10:13:34 +0800] "GET /services/processing/ HTTP/1.1" 200 22903 "http://cqqizhou.com/process/processing" "Mozilla/5.0 (Windows NT 6.1; WOW64) AppleWebKit/537.36 (KHTML, like Gecko) Chrome/86.0.4240.198 Safari/537.36"
121.42.249.16 - - [14/Sep/2025:10:13:34 +0800] "GET /2153/ HTTP/1.1" 200 24603 "-" "Mozilla/5.0 (Windows NT 6.1; WOW64) AppleWebKit/537.36 (KHTML, like Gecko) Chrome/86.0.4240.198 Safari/537.36"
139.129.246.141 - - [14/Sep/2025:10:15:08 +0800] "GET /portfolio-category/pickled-coil/ HTTP/1.1" 200 20869 "-" "Mozilla/5.0 (Windows NT 6.1; WOW64) AppleWebKit/537.36 (KHTML, like Gecko) Chrome/86.0.4240.198 Safari/537.36"
121.42.253.62 - - [14/Sep/2025:10:16:02 +0800] "GET /wp-content/cache/min/1/wp-content/plugins/smartideo/static/ HTTP/1.1" 403 548 "-" "Mozilla/5.0 (Windows NT 6.1; WOW64) AppleWebKit/537.36 (KHTML, like Gecko) Chrome/86.0.4240.198 Safari/537.36"
121.42.236.230 - - [14/Sep/2025:10:16:06 +0800] "GET /wp-content/cache/min/1/wp-content/plugins/contact-form-7/includes/css/ HTTP/1.1" 403 548 "-" "Mozilla/5.0 (Windows NT 6.1; WOW64) AppleWebKit/537.36 (KHTML, like Gecko) Chrome/86.0.4240.198 Safari/537.36"
121.42.253.62 - - [14/Sep/2025:10:16:25 +0800] "GET /2164/ HTTP/1.1" 200 23705 "-" "Mozilla/5.0 (Windows NT 6.1; WOW64) AppleWebKit/537.36 (KHTML, like Gecko) Chrome/86.0.4240.198 Safari/537.36"
47.109.54.65 - - [14/Sep/2025:10:18:05 +0800] "GET /contacts/ HTTP/1.1" 200 21496 "-" "Mozilla/5.0 (Windows NT 6.1; WOW64) AppleWebKit/537.36 (KHTML, like Gecko) Chrome/86.0.4240.198 Safari/537.36"
47.108.117.45 - - [14/Sep/2025:10:18:06 +0800] "GET /wp-content/uploads/2025/08/ HTTP/1.1" 403 548 "-" "Mozilla/5.0 (Windows NT 6.1; WOW64) AppleWebKit/537.36 (KHTML, like Gecko) Chrome/86.0.4240.198 Safari/537.36"
36.133.115.36 - - [14/Sep/2025:10:18:21 +0800] "POST /wp-cron.php?doing_wp_cron=1757816301.0192399024963378906250 HTTP/1.1" 200 31 "-" "WordPress/6.8.2; http://cqqizhou.com"
47.109.44.73 - - [14/Sep/2025:10:18:21 +0800] "GET /process/processing HTTP/1.1" 301 5 "-" "Mozilla/5.0 (Windows NT 6.1; WOW64) AppleWebKit/537.36 (KHTML, like Gecko) Chrome/86.0.4240.198 Safari/537.36"
47.109.44.73 - - [14/Sep/2025:10:18:21 +0800] "GET /services/processing/ HTTP/1.1" 200 22903 "http://www.cqqizhou.com/process/processing" "Mozilla/5.0 (Windows NT 6.1; WOW64) AppleWebKit/537.36 (KHTML, like Gecko) Chrome/86.0.4240.198 Safari/537.36"
121.42.252.229 - - [14/Sep/2025:10:18:25 +0800] "GET /news/page/1/ HTTP/1.1" 301 5 "-" "Mozilla/5.0 (Windows NT 6.1; WOW64) AppleWebKit/537.36 (KHTML, like Gecko) Chrome/86.0.4240.198 Safari/537.36"
121.42.252.229 - - [14/Sep/2025:10:18:25 +0800] "GET /news/ HTTP/1.1" 200 25256 "http://cqqizhou.com/news/page/1/" "Mozilla/5.0 (Windows NT 6.1; WOW64) AppleWebKit/537.36 (KHTML, like Gecko) Chrome/86.0.4240.198 Safari/537.36"
47.109.44.73 - - [14/Sep/2025:10:18:49 +0800] "GET /wp-content/cache/min/1/wp-content/plugins/revslider/public/ HTTP/1.1" 403 548 "-" "Mozilla/5.0 (Windows NT 6.1; WOW64) AppleWebKit/537.36 (KHTML, like Gecko) Chrome/86.0.4240.198 Safari/537.36"
121.42.249.16 - - [14/Sep/2025:10:19:08 +0800] "GET /2214/ HTTP/1.1" 200 24843 "-" "Mozilla/5.0 (Windows NT 6.1; WOW64) AppleWebKit/537.36 (KHTML, like Gecko) Chrome/86.0.4240.198 Safari/537.36"
36.133.115.36 - - [14/Sep/2025:10:19:24 +0800] "POST /wp-cron.php?doing_wp_cron=1757816364.8542060852050781250000 HTTP/1.1" 200 31 "-" "WordPress/6.8.2; http://cqqizhou.com"
121.42.252.229 - - [14/Sep/2025:10:19:24 +0800] "GET /ask/data/ HTTP/1.1" 301 5 "-" "Mozilla/5.0 (Windows NT 6.1; WOW64) AppleWebKit/537.36 (KHTML, like Gecko) Chrome/86.0.4240.198 Safari/537.36"
121.42.252.229 - - [14/Sep/2025:10:19:24 +0800] "GET /data/ HTTP/1.1" 200 11831 "http://www.cqqizhou.com/ask/data/" "Mozilla/5.0 (Windows NT 6.1; WOW64) AppleWebKit/537.36 (KHTML, like Gecko) Chrome/86.0.4240.198 Safari/537.36"
36.133.115.36 - - [14/Sep/2025:10:19:56 +0800] "POST /wp-cron.php?doing_wp_cron=1757816396.9365899562835693359375 HTTP/1.1" 200 31 "-" "WordPress/6.8.2; http://cqqizhou.com"
121.42.236.230 - - [14/Sep/2025:10:19:56 +0800] "GET /news/page/1/ HTTP/1.1" 301 5 "-" "Mozilla/5.0 (Windows NT 6.1; WOW64) AppleWebKit/537.36 (KHTML, like Gecko) Chrome/86.0.4240.198 Safari/537.36"
121.42.236.230 - - [14/Sep/2025:10:19:57 +0800] "GET /news/ HTTP/1.1" 200 25256 "http://cqqizhou.com/news/page/1/" "Mozilla/5.0 (Windows NT 6.1; WOW64) AppleWebKit/537.36 (KHTML, like Gecko) Chrome/86.0.4240.198 Safari/537.36"
47.109.31.152 - - [14/Sep/2025:10:20:00 +0800] "GET /industry/ HTTP/1.1" 200 21890 "-" "Mozilla/5.0 (Windows NT 6.1; WOW64) AppleWebKit/537.36 (KHTML, like Gecko) Chrome/86.0.4240.198 Safari/537.36"
121.42.252.229 - - [14/Sep/2025:10:20:08 +0800] "GET /wp-content/cache/min/1/wp-content/plugins/contact-form-7/ HTTP/1.1" 403 548 "-" "Mozilla/5.0 (Windows NT 6.1; WOW64) AppleWebKit/537.36 (KHTML, like Gecko) Chrome/86.0.4240.198 Safari/537.36"
47.109.44.73 - - [14/Sep/2025:10:20:26 +0800] "GET /ask/ HTTP/1.1" 404 8990 "-" "Mozilla/5.0 (Windows NT 6.1; WOW64) AppleWebKit/537.36 (KHTML, like Gecko) Chrome/86.0.4240.198 Safari/537.36"
4.227.95.245 - - [14/Sep/2025:10:20:28 +0800] "GET /wp-includes/js/ HTTP/1.1" 403 146 "-" "-"
4.227.95.245 - - [14/Sep/2025:10:20:28 +0800] "GET /wp-includes/pomo/ HTTP/1.1" 403 146 "-" "-"
4.227.95.245 - - [14/Sep/2025:10:20:28 +0800] "GET /wp-includes/rest-api/ HTTP/1.1" 403 146 "-" "-"
4.227.95.245 - - [14/Sep/2025:10:20:28 +0800] "GET /wp-includes/widgets/ HTTP/1.1" 403 146 "-" "-"
4.227.95.245 - - [14/Sep/2025:10:20:29 +0800] "GET /wp-admin/css/ HTTP/1.1" 403 146 "-" "-"
4.227.95.245 - - [14/Sep/2025:10:20:29 +0800] "GET /wp-admin/images/ HTTP/1.1" 403 146 "-" "-"
4.227.95.245 - - [14/Sep/2025:10:20:29 +0800] "GET /wp-admin/maint/ HTTP/1.1" 403 146 "-" "-"
4.227.95.245 - - [14/Sep/2025:10:20:30 +0800] "GET /wp-admin/meta/ HTTP/1.1" 404 31381 "-" "-"
4.227.95.245 - - [14/Sep/2025:10:20:31 +0800] "GET /wp-admin/network/ HTTP/1.1" 302 5 "-" "-"
4.227.95.245 - - [14/Sep/2025:10:20:32 +0800] "GET /wp-login.php?redirect_to=http%3A%2F%2Fcqqizhou.com%2Fwp-admin%2Fnetwork%2F&reauth=1 HTTP/1.1" 200 8680 "-" "-"
4.227.95.245 - - [14/Sep/2025:10:20:33 +0800] "GET /wp-admin/user/ HTTP/1.1" 302 5 "-" "-"
4.227.95.245 - - [14/Sep/2025:10:20:33 +0800] "GET /wp-login.php?redirect_to=http%3A%2F%2Fcqqizhou.com%2Fwp-admin%2Fuser%2F&reauth=1 HTTP/1.1" 200 8677 "-" "-"
4.227.95.245 - - [14/Sep/2025:10:20:34 +0800] "GET /wp-content/ HTTP/1.1" 200 5 "-" "-"
4.227.95.245 - - [14/Sep/2025:10:20:34 +0800] "GET /wp-content/plugins/ HTTP/1.1" 200 5 "-" "-"
4.227.95.245 - - [14/Sep/2025:10:20:34 +0800] "GET /wp-content/themes/ HTTP/1.1" 200 5 "-" "-"
4.227.95.245 - - [14/Sep/2025:10:20:34 +0800] "GET /wp-admin/includes/ HTTP/1.1" 403 146 "-" "-"
4.227.95.245 - - [14/Sep/2025:10:20:35 +0800] "GET /wp-admin/ HTTP/1.1" 302 5 "-" "-"
4.227.95.245 - - [14/Sep/2025:10:20:36 +0800] "GET /wp-login.php?redirect_to=http%3A%2F%2Fcqqizhou.com%2Fwp-admin%2F&reauth=1 HTTP/1.1" 200 8672 "-" "-"
4.227.95.245 - - [14/Sep/2025:10:20:36 +0800] "GET /wp-content/upgrade/ HTTP/1.1" 403 146 "-" "-"
4.227.95.245 - - [14/Sep/2025:10:20:36 +0800] "GET /wp-content/uploads/ HTTP/1.1" 403 146 "-" "-"
4.227.95.245 - - [14/Sep/2025:10:20:37 +0800] "GET /wp-includes/ HTTP/1.1" 403 146 "-" "-"
4.227.95.245 - - [14/Sep/2025:10:20:37 +0800] "GET /wp-includes/css/ HTTP/1.1" 403 146 "-" "-"
4.227.95.245 - - [14/Sep/2025:10:20:37 +0800] "GET /wp-includes/ID3/ HTTP/1.1" 403 146 "-" "-"
4.227.95.245 - - [14/Sep/2025:10:20:37 +0800] "GET /wp-includes/IXR/ HTTP/1.1" 403 146 "-" "-"
4.227.95.245 - - [14/Sep/2025:10:20:37 +0800] "GET /wp-includes/Requests/ HTTP/1.1" 403 146 "-" "-"
4.227.95.245 - - [14/Sep/2025:10:20:38 +0800] "GET /wp-includes/SimplePie/ HTTP/1.1" 403 146 "-" "-"
4.227.95.245 - - [14/Sep/2025:10:20:38 +0800] "GET /wp-includes/Text/ HTTP/1.1" 403 146 "-" "-"
4.227.95.245 - - [14/Sep/2025:10:20:39 +0800] "GET /wp-content/mu-plugins-old/ HTTP/1.1" 404 31381 "-" "-"
4.227.95.245 - - [14/Sep/2025:10:20:40 +0800] "GET /wp-content/themes/classic/inc/ HTTP/1.1" 404 31381 "-" "-"
4.227.95.245 - - [14/Sep/2025:10:20:41 +0800] "GET /wp-content/plugins/ninja-forms/ HTTP/1.1" 404 31381 "-" "-"
4.227.95.245 - - [14/Sep/2025:10:20:42 +0800] "GET /wp-content/mu-plugins/ HTTP/1.1" 404 31381 "-" "-"
4.227.95.245 - - [14/Sep/2025:10:20:42 +0800] "GET /wp-includes/Text/Diff/Renderer/ HTTP/1.1" 403 146 "-" "-"
4.227.95.245 - - [14/Sep/2025:10:20:43 +0800] "GET /wp-includes/blocks/ HTTP/1.1" 200 12 "-" "-"
4.227.95.245 - - [14/Sep/2025:10:20:43 +0800] "GET /wp-includes/certificates/ HTTP/1.1" 403 146 "-" "-"
4.227.95.245 - - [14/Sep/2025:10:20:43 +0800] "GET /wp-includes/customize/ HTTP/1.1" 403 146 "-" "-"
4.227.95.245 - - [14/Sep/2025:10:20:43 +0800] "GET /wp-includes/fonts/ HTTP/1.1" 403 146 "-" "-"
4.227.95.245 - - [14/Sep/2025:10:20:43 +0800] "GET /wp-includes/images/ HTTP/1.1" 403 146 "-" "-"
4.227.95.245 - - [14/Sep/2025:10:20:44 +0800] "GET /.well-known/ HTTP/1.1" 404 31381 "-" "-"
4.227.95.245 - - [14/Sep/2025:10:20:45 +0800] "GET /wp-includes/assets/ HTTP/1.1" 403 146 "-" "-"
4.227.95.245 - - [14/Sep/2025:10:20:45 +0800] "GET /wp-includes/Text/Diff/Engine/ HTTP/1.1" 403 146 "-" "-"
4.227.95.245 - - [14/Sep/2025:10:20:45 +0800] "GET /wp-includes/block-patterns/ HTTP/1.1" 403 146 "-" "-"
4.227.95.245 - - [14/Sep/2025:10:20:45 +0800] "GET /wp-includes/Text/Diff/ HTTP/1.1" 403 146 "-" "-"
4.227.95.245 - - [14/Sep/2025:10:20:46 +0800] "GET /wp-includes/block-supports/ HTTP/1.1" 403 146 "-" "-"
36.133.115.36 - - [14/Sep/2025:10:20:46 +0800] "POST /wp-cron.php?doing_wp_cron=1757816446.9261560440063476562500 HTTP/1.1" 200 31 "-" "WordPress/6.8.2; http://cqqizhou.com"
4.227.95.245 - - [14/Sep/2025:10:20:47 +0800] "GET /wp-includes/SimplePie/Cache/ HTTP/1.1" 404 31381 "-" "-"
4.227.95.245 - - [14/Sep/2025:10:20:48 +0800] "GET /wp-includes/SimplePie/Content/Type/ HTTP/1.1" 404 31381 "-" "-"
4.227.95.245 - - [14/Sep/2025:10:20:49 +0800] "GET /wp-includes/SimplePie/Content/ HTTP/1.1" 404 31381 "-" "-"
4.227.95.245 - - [14/Sep/2025:10:20:49 +0800] "GET /wp-includes/rest-api/endpoints/ HTTP/1.1" 403 146 "-" "-"
4.227.95.245 - - [14/Sep/2025:10:20:49 +0800] "GET /wp-includes/rest-api/fields/ HTTP/1.1" 403 146 "-" "-"
4.227.95.245 - - [14/Sep/2025:10:20:50 +0800] "GET /wp-includes/Requests/Cookie/ HTTP/1.1" 404 31381 "-" "-"
4.227.95.245 - - [14/Sep/2025:10:20:51 +0800] "GET /wp-includes/Requests/Proxy/ HTTP/1.1" 404 31381 "-" "-"
4.227.95.245 - - [14/Sep/2025:10:20:52 +0800] "GET /wp-includes/Requests/Response/ HTTP/1.1" 404 31381 "-" "-"
4.227.95.245 - - [14/Sep/2025:10:20:53 +0800] "GET /wp-includes/Requests/Transport/ HTTP/1.1" 404 31381 "-" "-"
4.227.95.245 - - [14/Sep/2025:10:20:54 +0800] "GET /wp-includes/Requests/Utility/ HTTP/1.1" 404 31381 "-" "-"
4.227.95.245 - - [14/Sep/2025:10:20:55 +0800] "GET /wp-includes/js/codemirror/ HTTP/1.1" 403 146 "-" "-"
4.227.95.245 - - [14/Sep/2025:10:20:56 +0800] "GET /wp-includes/Requests/Exception/HTTP/ HTTP/1.1" 404 31381 "-" "-"
4.227.95.245 - - [14/Sep/2025:10:20:56 +0800] "GET /wp-includes/js/crop/ HTTP/1.1" 403 146 "-" "-"
4.227.95.245 - - [14/Sep/2025:10:20:56 +0800] "GET /wp-includes/images/crystal/ HTTP/1.1" 403 146 "-" "-"
4.227.95.245 - - [14/Sep/2025:10:20:57 +0800] "GET /wp-includes/images/media/ HTTP/1.1" 403 146 "-" "-"
4.227.95.245 - - [14/Sep/2025:10:20:57 +0800] "GET /wp-includes/images/smilies/ HTTP/1.1" 403 146 "-" "-"
4.227.95.245 - - [14/Sep/2025:10:20:58 +0800] "GET /wp-includes/images/wlw/ HTTP/1.1" 404 31381 "-" "-"
4.227.95.245 - - [14/Sep/2025:10:20:58 +0800] "GET /wp-includes/rest-api/search/ HTTP/1.1" 403 146 "-" "-"
4.227.95.245 - - [14/Sep/2025:10:20:59 +0800] "GET /wp-includes/Requests/Exception/ HTTP/1.1" 404 31381 "-" "-"
4.227.95.245 - - [14/Sep/2025:10:21:00 +0800] "GET /wp-includes/Requests/Auth/ HTTP/1.1" 404 31381 "-" "-"
4.227.95.245 - - [14/Sep/2025:10:21:01 +0800] "GET /wp-includes/sodium_compat/src/ HTTP/1.1" 403 146 "-" "-"
4.227.95.245 - - [14/Sep/2025:10:21:01 +0800] "GET /wp-includes/sitemaps/providers/ HTTP/1.1" 403 146 "-" "-"
4.227.95.245 - - [14/Sep/2025:10:21:02 +0800] "GET /wp-includes/Text/Diff/Engine/Engine/ HTTP/1.1" 404 31381 "-" "-"
4.227.95.245 - - [14/Sep/2025:10:21:02 +0800] "GET /wp-includes/html-api/ HTTP/1.1" 403 146 "-" "-"
4.227.95.245 - - [14/Sep/2025:10:21:02 +0800] "GET /wp-includes/php-compat/ HTTP/1.1" 403 146 "-" "-"
4.227.95.245 - - [14/Sep/2025:10:21:02 +0800] "GET /wp-includes/PHPMailer/ HTTP/1.1" 403 146 "-" "-"
4.227.95.245 - - [14/Sep/2025:10:21:03 +0800] "GET /wp-includes/random_compat/ HTTP/1.1" 404 31381 "-" "-"
4.227.95.245 - - [14/Sep/2025:10:21:04 +0800] "GET /wp-includes/sitemaps/ HTTP/1.1" 403 146 "-" "-"
4.227.95.245 - - [14/Sep/2025:10:21:04 +0800] "GET /wp-includes/sodium_compat/ HTTP/1.1" 403 146 "-" "-"
4.227.95.245 - - [14/Sep/2025:10:21:04 +0800] "GET /wp-includes/style-engine/ HTTP/1.1" 403 146 "-" "-"
4.227.95.245 - - [14/Sep/2025:10:21:04 +0800] "GET /wp-includes/theme-compat/ HTTP/1.1" 403 146 "-" "-"
4.227.95.245 - - [14/Sep/2025:10:21:05 +0800] "GET /wp-admin/css/colors/ectoplasm/ HTTP/1.1" 403 146 "-" "-"
4.227.95.245 - - [14/Sep/2025:10:21:05 +0800] "GET /wp-admin/css/colors/ HTTP/1.1" 403 146 "-" "-"
4.227.95.245 - - [14/Sep/2025:10:21:06 +0800] "GET /ALFA_DATA/ HTTP/1.1" 404 31381 "-" "-"
4.227.95.245 - - [14/Sep/2025:10:21:07 +0800] "GET /.well-knownold/ HTTP/1.1" 404 31381 "-" "-"
4.227.95.245 - - [14/Sep/2025:10:21:08 +0800] "GET /.well-known/acme-challenge/ HTTP/1.1" 404 31381 "-" "-"
4.227.95.245 - - [14/Sep/2025:10:21:09 +0800] "GET /cgi-bin/ HTTP/1.1" 404 31381 "-" "-"
4.227.95.245 - - [14/Sep/2025:10:21:10 +0800] "GET /uploads/ HTTP/1.1" 404 31381 "-" "-"
4.227.95.245 - - [14/Sep/2025:10:21:11 +0800] "GET /upload/ HTTP/1.1" 404 31381 "-" "-"
4.227.95.245 - - [14/Sep/2025:10:21:12 +0800] "GET /admin/uploads/ HTTP/1.1" 404 31381 "-" "-"
47.109.44.73 - - [14/Sep/2025:10:21:13 +0800] "GET /wp-content/cache/min/1/wp-content/plugins/revslider/public/css/fonts/ HTTP/1.1" 403 548 "-" "Mozilla/5.0 (Windows NT 6.1; WOW64) AppleWebKit/537.36 (KHTML, like Gecko) Chrome/86.0.4240.198 Safari/537.36"
4.227.95.245 - - [14/Sep/2025:10:21:13 +0800] "GET /Admin/uploads/ HTTP/1.1" 404 31381 "-" "-"
4.227.95.245 - - [14/Sep/2025:10:21:14 +0800] "GET /admin/ HTTP/1.1" 302 5 "-" "-"
4.227.95.245 - - [14/Sep/2025:10:21:15 +0800] "GET /wp-admin/ HTTP/1.1" 302 5 "-" "-"
4.227.95.245 - - [14/Sep/2025:10:21:16 +0800] "GET /wp-login.php?redirect_to=http%3A%2F%2Fcqqizhou.com%2Fwp-admin%2F&reauth=1 HTTP/1.1" 200 8672 "-" "-"
4.227.95.245 - - [14/Sep/2025:10:21:17 +0800] "GET /images/ HTTP/1.1" 404 31381 "-" "-"
4.227.95.245 - - [14/Sep/2025:10:21:18 +0800] "GET /assets/ HTTP/1.1" 404 31381 "-" "-"
4.227.95.245 - - [14/Sep/2025:10:21:19 +0800] "GET /vendor/phpunit/phpunit/src/Util/PHP/ HTTP/1.1" 404 31381 "-" "-"
4.227.95.245 - - [14/Sep/2025:10:21:20 +0800] "GET /upload/image/ HTTP/1.1" 404 31381 "-" "-"
4.227.95.245 - - [14/Sep/2025:10:21:21 +0800] "GET /assets/images/ HTTP/1.1" 404 31381 "-" "-"
4.227.95.245 - - [14/Sep/2025:10:21:22 +0800] "GET /Public/ HTTP/1.1" 404 31381 "-" "-"
4.227.95.245 - - [14/Sep/2025:10:21:23 +0800] "GET /vendor/ HTTP/1.1" 404 31381 "-" "-"
4.227.95.245 - - [14/Sep/2025:10:21:24 +0800] "GET /local/ HTTP/1.1" 404 31381 "-" "-"
4.227.95.245 - - [14/Sep/2025:10:21:25 +0800] "GET /modules/ HTTP/1.1" 404 31381 "-" "-"
4.227.95.245 - - [14/Sep/2025:10:21:26 +0800] "GET /Site/ HTTP/1.1" 404 31381 "-" "-"
4.227.95.245 - - [14/Sep/2025:10:21:27 +0800] "GET /system/ HTTP/1.1" 404 31381 "-" "-"
4.227.95.245 - - [14/Sep/2025:10:21:28 +0800] "GET /template/ HTTP/1.1" 404 31381 "-" "-"
4.227.95.245 - - [14/Sep/2025:10:21:29 +0800] "GET /shop/ HTTP/1.1" 200 72307 "-" "-"
4.227.95.245 - - [14/Sep/2025:10:21:30 +0800] "GET /files/ HTTP/1.1" 404 31381 "-" "-"
4.227.95.245 - - [14/Sep/2025:10:21:31 +0800] "GET /admin/editor/ HTTP/1.1" 404 31381 "-" "-"
4.227.95.245 - - [14/Sep/2025:10:21:32 +0800] "GET /include/ HTTP/1.1" 404 31381 "-" "-"
4.227.95.245 - - [14/Sep/2025:10:21:33 +0800] "GET /Assets/ HTTP/1.1" 404 31381 "-" "-"
4.227.95.245 - - [14/Sep/2025:10:21:34 +0800] "GET /images/stories/ HTTP/1.1" 404 31381 "-" "-"
4.227.95.245 - - [14/Sep/2025:10:21:35 +0800] "GET /plugins/ HTTP/1.1" 404 31381 "-" "-"
4.227.95.245 - - [14/Sep/2025:10:21:36 +0800] "GET /php/ HTTP/1.1" 404 31381 "-" "-"
4.227.95.245 - - [14/Sep/2025:10:21:37 +0800] "GET /admin/images/slider/ HTTP/1.1" 404 31381 "-" "-"
4.227.95.245 - - [14/Sep/2025:10:21:38 +0800] "GET /admin/fckeditor/editor/filemanager/ HTTP/1.1" 404 31381 "-" "-"
4.227.95.245 - - [14/Sep/2025:10:21:39 +0800] "GET /sites/default/files/ HTTP/1.1" 404 31381 "-" "-"
4.227.95.245 - - [14/Sep/2025:10:21:41 +0800] "GET /admin/controller/extension/extension/ HTTP/1.1" 404 31381 "-" "-"
4.227.95.245 - - [14/Sep/2025:10:21:42 +0800] "GET /modules/mod_simplefileuploadv1.3/elements/ HTTP/1.1" 404 31381 "-" "-"
4.227.95.245 - - [14/Sep/2025:10:21:43 +0800] "GET /components/ HTTP/1.1" 404 31381 "-" "-"
4.227.95.245 - - [14/Sep/2025:10:21:44 +0800] "GET /admin/uploads/images/ HTTP/1.1" 404 31381 "-" "-"
36.133.115.36 - - [14/Sep/2025:10:22:07 +0800] "POST /wp-cron.php?doing_wp_cron=1757816527.7932770252227783203125 HTTP/1.1" 200 31 "-" "WordPress/6.8.2; http://cqqizhou.com"
47.109.44.73 - - [14/Sep/2025:10:22:07 +0800] "GET /ask/ HTTP/1.1" 404 8990 "-" "Mozilla/5.0 (Windows NT 6.1; WOW64) AppleWebKit/537.36 (KHTML, like Gecko) Chrome/86.0.4240.198 Safari/537.36"
121.42.252.229 - - [14/Sep/2025:10:23:54 +0800] "GET /portfolio-category/pickled-coil/ HTTP/1.1" 200 20869 "-" "Mozilla/5.0 (Windows NT 6.1; WOW64) AppleWebKit/537.36 (KHTML, like Gecko) Chrome/86.0.4240.198 Safari/537.36"
36.133.115.36 - - [14/Sep/2025:10:24:47 +0800] "POST /wp-cron.php?doing_wp_cron=1757816687.5954670906066894531250 HTTP/1.1" 200 31 "-" "WordPress/6.8.2; http://cqqizhou.com"
121.42.249.16 - - [14/Sep/2025:10:24:47 +0800] "GET /wp-json/ HTTP/1.1" 200 19172 "-" "Mozilla/5.0 (Windows NT 6.1; WOW64) AppleWebKit/537.36 (KHTML, like Gecko) Chrome/86.0.4240.198 Safari/537.36"
139.129.246.141 - - [14/Sep/2025:10:24:48 +0800] "GET /Editor/data/ HTTP/1.1" 301 5 "-" "Mozilla/5.0 (Windows NT 6.1; WOW64) AppleWebKit/537.36 (KHTML, like Gecko) Chrome/86.0.4240.198 Safari/537.36"
139.129.246.141 - - [14/Sep/2025:10:24:48 +0800] "GET /data/ HTTP/1.1" 200 11831 "http://www.cqqizhou.com/Editor/data/" "Mozilla/5.0 (Windows NT 6.1; WOW64) AppleWebKit/537.36 (KHTML, like Gecko) Chrome/86.0.4240.198 Safari/537.36"
122.51.104.231 - - [14/Sep/2025:10:25:19 +0800] "GET / HTTP/1.1" 200 33468 "-" "Mozilla/5.0 (iPhone; CPU iPhone OS 13_2_3 like Mac OS X) AppleWebKit/605.1.15 (KHTML, like Gecko) Version/13.0.3 Mobile/15E148 Safari/604.1"
121.42.249.16 - - [14/Sep/2025:10:25:45 +0800] "GET /wp-content/plugins/smartideo/static/ HTTP/1.1" 403 548 "-" "Mozilla/5.0 (Windows NT 6.1; WOW64) AppleWebKit/537.36 (KHTML, like Gecko) Chrome/86.0.4240.198 Safari/537.36"
36.133.115.36 - - [14/Sep/2025:10:26:15 +0800] "POST /wp-cron.php?doing_wp_cron=1757816775.3285620212554931640625 HTTP/1.1" 200 31 "-" "WordPress/6.8.2; http://cqqizhou.com"
47.108.117.45 - - [14/Sep/2025:10:26:15 +0800] "GET /ask/data/ HTTP/1.1" 301 5 "-" "Mozilla/5.0 (Windows NT 6.1; WOW64) AppleWebKit/537.36 (KHTML, like Gecko) Chrome/86.0.4240.198 Safari/537.36"
47.108.117.45 - - [14/Sep/2025:10:26:15 +0800] "GET /data/ HTTP/1.1" 200 11831 "http://www.cqqizhou.com/ask/data/" "Mozilla/5.0 (Windows NT 6.1; WOW64) AppleWebKit/537.36 (KHTML, like Gecko) Chrome/86.0.4240.198 Safari/537.36"
139.129.246.141 - - [14/Sep/2025:10:26:57 +0800] "GET /wp-content/cache/min/1/wp-content/ HTTP/1.1" 403 548 "-" "Mozilla/5.0 (Windows NT 6.1; WOW64) AppleWebKit/537.36 (KHTML, like Gecko) Chrome/86.0.4240.198 Safari/537.36"
121.42.252.229 - - [14/Sep/2025:10:27:09 +0800] "GET /wp-content/plugins/revslider/public/js/libs/ HTTP/1.1" 403 548 "-" "Mozilla/5.0 (Windows NT 6.1; WOW64) AppleWebKit/537.36 (KHTML, like Gecko) Chrome/86.0.4240.198 Safari/537.36"
36.133.115.36 - - [14/Sep/2025:10:27:32 +0800] "POST /wp-cron.php?doing_wp_cron=1757816852.8789129257202148437500 HTTP/1.1" 200 31 "-" "WordPress/6.8.2; http://cqqizhou.com"
47.109.44.73 - - [14/Sep/2025:10:27:32 +0800] "GET /contacts/ HTTP/1.1" 301 5 "-" "Mozilla/5.0 (Windows NT 6.1; WOW64) AppleWebKit/537.36 (KHTML, like Gecko) Chrome/86.0.4240.198 Safari/537.36"
47.109.44.73 - - [14/Sep/2025:10:27:32 +0800] "GET /contacts/ HTTP/1.1" 200 21496 "http://www.cqqizhou.com/contacts/#wpcf7-f158-p2-o1" "Mozilla/5.0 (Windows NT 6.1; WOW64) AppleWebKit/537.36 (KHTML, like Gecko) Chrome/86.0.4240.198 Safari/537.36"
47.109.54.65 - - [14/Sep/2025:10:28:02 +0800] "GET /contacts/ HTTP/1.1" 200 21496 "-" "Mozilla/5.0 (Windows NT 6.1; WOW64) AppleWebKit/537.36 (KHTML, like Gecko) Chrome/86.0.4240.198 Safari/537.36"
139.129.246.141 - - [14/Sep/2025:10:28:45 +0800] "GET /wp-content/plugins/revslider/public/js/ HTTP/1.1" 403 548 "-" "Mozilla/5.0 (Windows NT 6.1; WOW64) AppleWebKit/537.36 (KHTML, like Gecko) Chrome/86.0.4240.198 Safari/537.36"
36.133.115.36 - - [14/Sep/2025:10:28:55 +0800] "POST /wp-cron.php?doing_wp_cron=1757816935.3680698871612548828125 HTTP/1.1" 200 31 "-" "WordPress/6.8.2; http://cqqizhou.com"
47.108.117.45 - - [14/Sep/2025:10:28:55 +0800] "GET /process/processing HTTP/1.1" 301 5 "-" "Mozilla/5.0 (Windows NT 6.1; WOW64) AppleWebKit/537.36 (KHTML, like Gecko) Chrome/86.0.4240.198 Safari/537.36"
47.108.117.45 - - [14/Sep/2025:10:28:55 +0800] "GET /services/processing/ HTTP/1.1" 200 22903 "http://www.cqqizhou.com/process/processing" "Mozilla/5.0 (Windows NT 6.1; WOW64) AppleWebKit/537.36 (KHTML, like Gecko) Chrome/86.0.4240.198 Safari/537.36"
121.42.252.229 - - [14/Sep/2025:10:29:22 +0800] "GET /portfolio/%e5%86%b7%e8%bd%a7%e5%8d%b7/ HTTP/1.1" 200 22084 "-" "Mozilla/5.0 (Windows NT 6.1; WOW64) AppleWebKit/537.36 (KHTML, like Gecko) Chrome/86.0.4240.198 Safari/537.36"
121.42.253.62 - - [14/Sep/2025:10:32:02 +0800] "GET /wp-content/cache/min/1/wp-content/themes/qizhou/css/ HTTP/1.1" 403 548 "-" "Mozilla/5.0 (Windows NT 6.1; WOW64) AppleWebKit/537.36 (KHTML, like Gecko) Chrome/86.0.4240.198 Safari/537.36"
47.108.117.45 - - [14/Sep/2025:10:32:49 +0800] "GET /2164/ HTTP/1.1" 200 23705 "-" "Mozilla/5.0 (Windows NT 6.1; WOW64) AppleWebKit/537.36 (KHTML, like Gecko) Chrome/86.0.4240.198 Safari/537.36"
121.42.249.16 - - [14/Sep/2025:10:33:06 +0800] "GET /portfolio/pickled-coil/ HTTP/1.1" 200 22145 "-" "Mozilla/5.0 (Windows NT 6.1; WOW64) AppleWebKit/537.36 (KHTML, like Gecko) Chrome/86.0.4240.198 Safari/537.36"
47.108.117.45 - - [14/Sep/2025:10:33:08 +0800] "GET /wp-includes/js/jquery/ui/ HTTP/1.1" 403 548 "-" "Mozilla/5.0 (Windows NT 6.1; WOW64) AppleWebKit/537.36 (KHTML, like Gecko) Chrome/86.0.4240.198 Safari/537.36"
121.42.252.229 - - [14/Sep/2025:10:33:21 +0800] "GET /wp-includes/css/ HTTP/1.1" 403 548 "-" "Mozilla/5.0 (Windows NT 6.1; WOW64) AppleWebKit/537.36 (KHTML, like Gecko) Chrome/86.0.4240.198 Safari/537.36"
121.42.252.229 - - [14/Sep/2025:10:33:46 +0800] "GET /wp-content/uploads/2025/08/ HTTP/1.1" 403 548 "-" "Mozilla/5.0 (Windows NT 6.1; WOW64) AppleWebKit/537.36 (KHTML, like Gecko) Chrome/86.0.4240.198 Safari/537.36"
139.129.246.141 - - [14/Sep/2025:10:33:55 +0800] "GET /wp-content/cache/min/1/wp-content/plugins/revslider/public/css/fonts/ HTTP/1.1" 403 548 "-" "Mozilla/5.0 (Windows NT 6.1; WOW64) AppleWebKit/537.36 (KHTML, like Gecko) Chrome/86.0.4240.198 Safari/537.36"
36.133.115.36 - - [14/Sep/2025:10:33:57 +0800] "POST /wp-cron.php?doing_wp_cron=1757817237.7577950954437255859375 HTTP/1.1" 200 31 "-" "WordPress/6.8.2; http://cqqizhou.com"
87.120.191.70 - - [14/Sep/2025:10:33:57 +0800] "GET / HTTP/1.1" 301 5 "-" "Mozilla/5.0 (Windows NT 10.0; Win64; x64) AppleWebKit/537.36 (KHTML, like Gecko) Chrome/90.0.4430.85 Safari/537.36 Edg/90.0.818.46"
36.133.115.36 - - [14/Sep/2025:10:37:18 +0800] "POST /wp-cron.php?doing_wp_cron=1757817438.3986439704895019531250 HTTP/1.1" 200 31 "-" "WordPress/6.8.2; http://cqqizhou.com"
87.120.191.6 - - [14/Sep/2025:10:37:18 +0800] "GET / HTTP/1.1" 301 5 "-" "Mozilla/5.0 (Windows NT 10.0; Win64; x64) AppleWebKit/537.36 (KHTML, like Gecko) Chrome/90.0.4430.85 Safari/537.36 Edg/90.0.818.46"
36.133.115.36 - - [14/Sep/2025:10:42:04 +0800] "POST /wp-cron.php?doing_wp_cron=1757817724.3785979747772216796875 HTTP/1.1" 200 31 "-" "WordPress/6.8.2; http://cqqizhou.com"
121.42.253.62 - - [14/Sep/2025:10:42:04 +0800] "GET /process/processing HTTP/1.1" 301 5 "-" "Mozilla/5.0 (Windows NT 6.1; WOW64) AppleWebKit/537.36 (KHTML, like Gecko) Chrome/86.0.4240.198 Safari/537.36"
121.42.253.62 - - [14/Sep/2025:10:42:04 +0800] "GET /services/processing/ HTTP/1.1" 200 22903 "http://cqqizhou.com/process/processing" "Mozilla/5.0 (Windows NT 6.1; WOW64) AppleWebKit/537.36 (KHTML, like Gecko) Chrome/86.0.4240.198 Safari/537.36"
149.50.103.48 - - [14/Sep/2025:10:42:09 +0800] "GET / HTTP/1.1" 200 33468 "-" "Mozilla/5.0 (Windows NT 10.0; Win64; x64) AppleWebKit/537.36 (KHTML, like Gecko) Chrome/90.0.4430.85 Safari/537.36 Edg/90.0.818.46"
47.109.44.73 - - [14/Sep/2025:10:45:17 +0800] "GET /portfolio/%e5%86%b7%e8%bd%a7%e5%8d%b7/ HTTP/1.1" 200 22084 "-" "Mozilla/5.0 (Windows NT 6.1; WOW64) AppleWebKit/537.36 (KHTML, like Gecko) Chrome/86.0.4240.198 Safari/537.36"
36.133.115.36 - - [14/Sep/2025:10:48:43 +0800] "POST /wp-cron.php?doing_wp_cron=1757818123.3273940086364746093750 HTTP/1.1" 200 31 "-" "WordPress/6.8.2; http://cqqizhou.com"
91.224.92.17 - - [14/Sep/2025:10:49:02 +0800] "GET / HTTP/1.1" 200 109837 "-" "-"
36.133.115.36 - - [14/Sep/2025:10:50:20 +0800] "POST /wp-cron.php?doing_wp_cron=1757818220.1340160369873046875000 HTTP/1.1" 200 31 "-" "WordPress/6.8.2; http://cqqizhou.com"
45.135.193.100 - - [14/Sep/2025:10:50:20 +0800] "GET / HTTP/1.1" 301 5 "-" "-"
121.42.236.230 - - [14/Sep/2025:10:54:02 +0800] "GET /wp-content/cache/min/1/wp-content/plugins/contact-form-7/ HTTP/1.1" 403 548 "-" "Mozilla/5.0 (Windows NT 6.1; WOW64) AppleWebKit/537.36 (KHTML, like Gecko) Chrome/86.0.4240.198 Safari/537.36"
36.133.115.36 - - [14/Sep/2025:10:59:21 +0800] "POST /wp-cron.php?doing_wp_cron=1757818761.0283989906311035156250 HTTP/1.1" 200 31 "-" "WordPress/6.8.2; http://cqqizhou.com"
87.120.191.70 - - [14/Sep/2025:10:59:21 +0800] "GET / HTTP/1.1" 301 5 "-" "Mozilla/5.0 (Windows NT 10.0; Win64; x64) AppleWebKit/537.36 (KHTML, like Gecko) Chrome/90.0.4430.85 Safari/537.36 Edg/90.0.818.46"
36.133.115.36 - - [14/Sep/2025:11:23:05 +0800] "POST /wp-cron.php?doing_wp_cron=1757820185.2871170043945312500000 HTTP/1.1" 200 31 "-" "WordPress/6.8.2; http://cqqizhou.com"
87.120.191.70 - - [14/Sep/2025:11:23:05 +0800] "GET / HTTP/1.1" 301 5 "-" "Mozilla/5.0 (Windows NT 10.0; Win64; x64) AppleWebKit/537.36 (KHTML, like Gecko) Chrome/90.0.4430.85 Safari/537.36 Edg/90.0.818.46"
36.133.115.36 - - [14/Sep/2025:11:32:49 +0800] "POST /wp-cron.php?doing_wp_cron=1757820769.0202889442443847656250 HTTP/1.1" 200 31 "-" "WordPress/6.8.2; http://cqqizhou.com"
43.153.79.218 - - [14/Sep/2025:11:32:49 +0800] "GET / HTTP/1.1" 200 33468 "-" "Mozilla/5.0 (iPhone; CPU iPhone OS 13_2_3 like Mac OS X) AppleWebKit/605.1.15 (KHTML, like Gecko) Version/13.0.3 Mobile/15E148 Safari/604.1"
36.133.115.36 - - [14/Sep/2025:11:40:50 +0800] "POST /wp-cron.php?doing_wp_cron=1757821250.9387679100036621093750 HTTP/1.1" 200 31 "-" "WordPress/6.8.2; http://cqqizhou.com"
149.50.103.48 - - [14/Sep/2025:11:40:51 +0800] "GET / HTTP/1.1" 200 33468 "-" "Mozilla/5.0 (Windows NT 10.0; Win64; x64) AppleWebKit/537.36 (KHTML, like Gecko) Chrome/90.0.4430.85 Safari/537.36 Edg/90.0.818.46"
36.133.115.36 - - [14/Sep/2025:11:43:41 +0800] "POST /wp-cron.php?doing_wp_cron=1757821421.4477939605712890625000 HTTP/1.1" 200 31 "-" "WordPress/6.8.2; http://cqqizhou.com"
87.120.191.6 - - [14/Sep/2025:11:43:41 +0800] "GET / HTTP/1.1" 301 5 "-" "Mozilla/5.0 (Windows NT 10.0; Win64; x64) AppleWebKit/537.36 (KHTML, like Gecko) Chrome/90.0.4430.85 Safari/537.36 Edg/90.0.818.46"
36.133.115.36 - - [14/Sep/2025:11:45:37 +0800] "POST /wp-cron.php?doing_wp_cron=1757821537.3725299835205078125000 HTTP/1.1" 200 31 "-" "WordPress/6.8.2; http://cqqizhou.com"
49.51.52.250 - - [14/Sep/2025:11:45:37 +0800] "GET /logistics HTTP/1.1" 301 5 "-" "Mozilla/5.0 (iPhone; CPU iPhone OS 13_2_3 like Mac OS X) AppleWebKit/605.1.15 (KHTML, like Gecko) Version/13.0.3 Mobile/15E148 Safari/604.1"
49.51.52.250 - - [14/Sep/2025:11:45:39 +0800] "GET /logistics/ HTTP/1.1" 200 18249 "http://36.133.115.36:80/logistics" "Mozilla/5.0 (iPhone; CPU iPhone OS 13_2_3 like Mac OS X) AppleWebKit/605.1.15 (KHTML, like Gecko) Version/13.0.3 Mobile/15E148 Safari/604.1"
45.135.193.100 - - [14/Sep/2025:11:45:42 +0800] "GET / HTTP/1.1" 301 5 "-" "-"
36.133.115.36 - - [14/Sep/2025:11:48:43 +0800] "POST /wp-cron.php?doing_wp_cron=1757821723.6049969196319580078125 HTTP/1.1" 200 31 "-" "WordPress/6.8.2; http://cqqizhou.com"
87.120.191.70 - - [14/Sep/2025:11:48:43 +0800] "GET / HTTP/1.1" 301 5 "-" "Mozilla/5.0 (Windows NT 10.0; Win64; x64) AppleWebKit/537.36 (KHTML, like Gecko) Chrome/90.0.4430.85 Safari/537.36 Edg/90.0.818.46"
36.133.115.36 - - [14/Sep/2025:11:56:29 +0800] "POST /wp-cron.php?doing_wp_cron=1757822189.4204640388488769531250 HTTP/1.1" 200 31 "-" "WordPress/6.8.2; http://cqqizhou.com"
43.133.91.48 - - [14/Sep/2025:11:56:29 +0800] "GET / HTTP/1.1" 200 33468 "-" "Mozilla/5.0 (iPhone; CPU iPhone OS 13_2_3 like Mac OS X) AppleWebKit/605.1.15 (KHTML, like Gecko) Version/13.0.3 Mobile/15E148 Safari/604.1"
43.153.54.14 - - [14/Sep/2025:12:02:00 +0800] "GET /wp-content/uploads/2025/07/1751864664-Logistics800x500_1-768x480.webp HTTP/1.1" 200 83946 "-" "Mozilla/5.0 (iPhone; CPU iPhone OS 13_2_3 like Mac OS X) AppleWebKit/605.1.15 (KHTML, like Gecko) Version/13.0.3 Mobile/15E148 Safari/604.1"
36.133.115.36 - - [14/Sep/2025:12:08:06 +0800] "POST /wp-cron.php?doing_wp_cron=1757822886.0680940151214599609375 HTTP/1.1" 200 31 "-" "WordPress/6.8.2; http://cqqizhou.com"
170.106.35.153 - - [14/Sep/2025:12:08:06 +0800] "GET / HTTP/1.1" 200 33468 "-" "Mozilla/5.0 (iPhone; CPU iPhone OS 13_2_3 like Mac OS X) AppleWebKit/605.1.15 (KHTML, like Gecko) Version/13.0.3 Mobile/15E148 Safari/604.1"
49.51.252.146 - - [14/Sep/2025:12:10:23 +0800] "GET /wp-content/uploads/2025/07/1751864682-Logistics800x500_2.webp HTTP/1.1" 200 27420 "-" "Mozilla/5.0 (iPhone; CPU iPhone OS 13_2_3 like Mac OS X) AppleWebKit/605.1.15 (KHTML, like Gecko) Version/13.0.3 Mobile/15E148 Safari/604.1"
36.133.115.36 - - [14/Sep/2025:12:11:10 +0800] "POST /wp-cron.php?doing_wp_cron=1757823070.8880469799041748046875 HTTP/1.1" 200 31 "-" "WordPress/6.8.2; http://cqqizhou.com"
87.120.191.70 - - [14/Sep/2025:12:11:10 +0800] "GET / HTTP/1.1" 301 5 "-" "Mozilla/5.0 (Windows NT 10.0; Win64; x64) AppleWebKit/537.36 (KHTML, like Gecko) Chrome/90.0.4430.85 Safari/537.36 Edg/90.0.818.46"
36.133.115.36 - - [14/Sep/2025:12:12:23 +0800] "POST /wp-cron.php?doing_wp_cron=1757823143.6784501075744628906250 HTTP/1.1" 200 31 "-" "WordPress/6.8.2; http://cqqizhou.com"
45.135.193.100 - - [14/Sep/2025:12:12:23 +0800] "GET / HTTP/1.1" 301 5 "-" "-"
36.133.115.36 - - [14/Sep/2025:12:15:25 +0800] "POST /wp-cron.php?doing_wp_cron=1757823325.3232069015502929687500 HTTP/1.1" 200 31 "-" "WordPress/6.8.2; http://cqqizhou.com"
43.157.170.126 - - [14/Sep/2025:12:15:25 +0800] "GET / HTTP/1.1" 200 33468 "-" "Mozilla/5.0 (iPhone; CPU iPhone OS 13_2_3 like Mac OS X) AppleWebKit/605.1.15 (KHTML, like Gecko) Version/13.0.3 Mobile/15E148 Safari/604.1"
36.133.115.36 - - [14/Sep/2025:12:19:21 +0800] "POST /wp-cron.php?doing_wp_cron=1757823561.7852070331573486328125 HTTP/1.1" 200 31 "-" "WordPress/6.8.2; http://cqqizhou.com"
43.153.74.75 - - [14/Sep/2025:12:19:22 +0800] "GET / HTTP/1.1" 200 33468 "-" "Mozilla/5.0 (iPhone; CPU iPhone OS 13_2_3 like Mac OS X) AppleWebKit/605.1.15 (KHTML, like Gecko) Version/13.0.3 Mobile/15E148 Safari/604.1"
43.135.133.194 - - [14/Sep/2025:12:22:40 +0800] "GET /wp-content/uploads/2025/07/1751864664-Logistics800x500_1.webp HTTP/1.1" 200 76914 "-" "Mozilla/5.0 (iPhone; CPU iPhone OS 13_2_3 like Mac OS X) AppleWebKit/605.1.15 (KHTML, like Gecko) Version/13.0.3 Mobile/15E148 Safari/604.1"
36.133.115.36 - - [14/Sep/2025:12:26:52 +0800] "POST /wp-cron.php?doing_wp_cron=1757824012.9531660079956054687500 HTTP/1.1" 200 31 "-" "WordPress/6.8.2; http://cqqizhou.com"
43.159.136.201 - - [14/Sep/2025:12:26:53 +0800] "GET / HTTP/1.1" 200 33469 "-" "Mozilla/5.0 (iPhone; CPU iPhone OS 13_2_3 like Mac OS X) AppleWebKit/605.1.15 (KHTML, like Gecko) Version/13.0.3 Mobile/15E148 Safari/604.1"
43.159.148.221 - - [14/Sep/2025:12:29:58 +0800] "GET /wp-content/uploads/2025/07/1751864682-Logistics800x500_2-300x188.webp HTTP/1.1" 200 9470 "-" "Mozilla/5.0 (iPhone; CPU iPhone OS 13_2_3 like Mac OS X) AppleWebKit/605.1.15 (KHTML, like Gecko) Version/13.0.3 Mobile/15E148 Safari/604.1"
36.133.115.36 - - [14/Sep/2025:12:32:15 +0800] "POST /wp-cron.php?doing_wp_cron=1757824335.0608689785003662109375 HTTP/1.1" 200 31 "-" "WordPress/6.8.2; http://cqqizhou.com"
216.180.246.11 - - [14/Sep/2025:12:32:15 +0800] "GET / HTTP/1.0" 301 0 "-" "'Mozilla/5.0 (compatible; GenomeCrawlerd/1.0; +https://www.nokia.com/genomecrawler)'"
36.133.115.36 - - [14/Sep/2025:12:32:55 +0800] "POST /wp-cron.php?doing_wp_cron=1757824375.3889899253845214843750 HTTP/1.1" 200 31 "-" "WordPress/6.8.2; http://cqqizhou.com"
216.180.246.11 - - [14/Sep/2025:12:32:55 +0800] "GET / HTTP/1.1" 301 5 "-" "'Mozilla/5.0 (compatible; GenomeCrawlerd/1.0; +https://www.nokia.com/genomecrawler)'"
216.180.246.11 - - [14/Sep/2025:12:33:27 +0800] "GET /manage/account/login HTTP/1.1" 404 8990 "-" "'Mozilla/5.0 (compatible; GenomeCrawlerd/1.0; +https://www.nokia.com/genomecrawler)'"
216.180.246.11 - - [14/Sep/2025:12:33:54 +0800] "GET /index.html HTTP/1.1" 200 8721 "-" "'Mozilla/5.0 (compatible; GenomeCrawlerd/1.0; +https://www.nokia.com/genomecrawler)'"
36.133.115.36 - - [14/Sep/2025:12:37:50 +0800] "POST /wp-cron.php?doing_wp_cron=1757824670.8365159034729003906250 HTTP/1.1" 200 31 "-" "WordPress/6.8.2; http://cqqizhou.com"
87.120.191.70 - - [14/Sep/2025:12:37:50 +0800] "GET / HTTP/1.1" 301 5 "-" "Mozilla/5.0 (Windows NT 10.0; Win64; x64) AppleWebKit/537.36 (KHTML, like Gecko) Chrome/90.0.4430.85 Safari/537.36 Edg/90.0.818.46"
43.153.96.233 - - [14/Sep/2025:12:38:16 +0800] "GET /services HTTP/1.1" 301 5 "-" "Mozilla/5.0 (iPhone; CPU iPhone OS 13_2_3 like Mac OS X) AppleWebKit/605.1.15 (KHTML, like Gecko) Version/13.0.3 Mobile/15E148 Safari/604.1"
43.153.96.233 - - [14/Sep/2025:12:38:18 +0800] "GET /services/ HTTP/1.1" 200 19771 "http://36.133.115.36:80/services" "Mozilla/5.0 (iPhone; CPU iPhone OS 13_2_3 like Mac OS X) AppleWebKit/605.1.15 (KHTML, like Gecko) Version/13.0.3 Mobile/15E148 Safari/604.1"
36.133.115.36 - - [14/Sep/2025:12:47:25 +0800] "POST /wp-cron.php?doing_wp_cron=1757825245.8193089962005615234375 HTTP/1.1" 200 31 "-" "WordPress/6.8.2; http://cqqizhou.com"
43.159.149.216 - - [14/Sep/2025:12:47:25 +0800] "GET /bug HTTP/1.1" 301 5 "-" "Mozilla/5.0 (iPhone; CPU iPhone OS 13_2_3 like Mac OS X) AppleWebKit/605.1.15 (KHTML, like Gecko) Version/13.0.3 Mobile/15E148 Safari/604.1"
43.159.149.216 - - [14/Sep/2025:12:47:29 +0800] "GET /bug/ HTTP/1.1" 200 11646 "http://36.133.115.36/bug" "Mozilla/5.0 (iPhone; CPU iPhone OS 13_2_3 like Mac OS X) AppleWebKit/605.1.15 (KHTML, like Gecko) Version/13.0.3 Mobile/15E148 Safari/604.1"
36.133.115.36 - - [14/Sep/2025:12:50:40 +0800] "POST /wp-cron.php?doing_wp_cron=1757825440.9559240341186523437500 HTTP/1.1" 200 31 "-" "WordPress/6.8.2; http://cqqizhou.com"
149.50.103.48 - - [14/Sep/2025:12:50:41 +0800] "GET / HTTP/1.1" 200 33468 "-" "Mozilla/5.0 (Windows NT 10.0; Win64; x64) AppleWebKit/537.36 (KHTML, like Gecko) Chrome/90.0.4430.85 Safari/537.36 Edg/90.0.818.46"
36.133.115.36 - - [14/Sep/2025:12:52:25 +0800] "POST /wp-cron.php?doing_wp_cron=1757825545.3517029285430908203125 HTTP/1.1" 200 31 "-" "WordPress/6.8.2; http://cqqizhou.com"
43.153.74.75 - - [14/Sep/2025:12:52:25 +0800] "GET /wp-json/oembed/1.0/embed?url=http%3A%2F%2Fcqqizhou.com%2Fservices%2F HTTP/1.1" 200 1111 "-" "Mozilla/5.0 (iPhone; CPU iPhone OS 13_2_3 like Mac OS X) AppleWebKit/605.1.15 (KHTML, like Gecko) Version/13.0.3 Mobile/15E148 Safari/604.1"
36.133.115.36 - - [14/Sep/2025:12:57:40 +0800] "POST /wp-cron.php?doing_wp_cron=1757825860.4607019424438476562500 HTTP/1.1" 200 31 "-" "WordPress/6.8.2; http://cqqizhou.com"
170.106.15.3 - - [14/Sep/2025:12:57:40 +0800] "GET /contacts/ HTTP/1.1" 200 18531 "-" "Mozilla/5.0 (iPhone; CPU iPhone OS 13_2_3 like Mac OS X) AppleWebKit/605.1.15 (KHTML, like Gecko) Version/13.0.3 Mobile/15E148 Safari/604.1"
36.133.115.36 - - [14/Sep/2025:13:02:04 +0800] "POST /wp-cron.php?doing_wp_cron=1757826124.9539771080017089843750 HTTP/1.1" 200 31 "-" "WordPress/6.8.2; http://cqqizhou.com"
87.120.191.70 - - [14/Sep/2025:13:02:05 +0800] "GET / HTTP/1.1" 301 5 "-" "Mozilla/5.0 (Windows NT 10.0; Win64; x64) AppleWebKit/537.36 (KHTML, like Gecko) Chrome/90.0.4430.85 Safari/537.36 Edg/90.0.818.46"
36.133.115.36 - - [14/Sep/2025:13:02:57 +0800] "POST /wp-cron.php?doing_wp_cron=1757826177.8960609436035156250000 HTTP/1.1" 200 31 "-" "WordPress/6.8.2; http://cqqizhou.com"
87.120.191.6 - - [14/Sep/2025:13:02:57 +0800] "GET / HTTP/1.1" 301 5 "-" "Mozilla/5.0 (Windows NT 10.0; Win64; x64) AppleWebKit/537.36 (KHTML, like Gecko) Chrome/90.0.4430.85 Safari/537.36 Edg/90.0.818.46"
36.133.115.36 - - [14/Sep/2025:13:03:56 +0800] "POST /wp-cron.php?doing_wp_cron=1757826236.7504489421844482421875 HTTP/1.1" 200 31 "-" "WordPress/6.8.2; http://cqqizhou.com"
43.135.135.57 - - [14/Sep/2025:13:03:56 +0800] "GET /wp-content/uploads/2025/07/1753405252-Services_Banner2000 HTTP/1.1" 404 8990 "-" "Mozilla/5.0 (iPhone; CPU iPhone OS 13_2_3 like Mac OS X) AppleWebKit/605.1.15 (KHTML, like Gecko) Version/13.0.3 Mobile/15E148 Safari/604.1"
36.133.115.36 - - [14/Sep/2025:13:05:15 +0800] "POST /wp-cron.php?doing_wp_cron=1757826314.9715640544891357421875 HTTP/1.1" 200 31 "-" "WordPress/6.8.2; http://cqqizhou.com"
43.134.141.244 - - [14/Sep/2025:13:05:15 +0800] "GET /process/processing HTTP/1.1" 404 8990 "-" "Mozilla/5.0 (iPhone; CPU iPhone OS 13_2_3 like Mac OS X) AppleWebKit/605.1.15 (KHTML, like Gecko) Version/13.0.3 Mobile/15E148 Safari/604.1"
36.133.115.36 - - [14/Sep/2025:13:07:58 +0800] "POST /wp-cron.php?doing_wp_cron=1757826478.6586470603942871093750 HTTP/1.1" 200 31 "-" "WordPress/6.8.2; http://cqqizhou.com"
163.177.34.81 - - [14/Sep/2025:13:07:58 +0800] "GET / HTTP/1.0" 301 0 "http://m.baidu.com/s?wd=hollow7gq" "Mozilla/5.0 (Windows NT 6.1; WOW64; rv:43.0) Gecko/20100101 Firefox/43.0"
163.177.34.80 - - [14/Sep/2025:13:07:58 +0800] "GET / HTTP/1.0" 200 165852 "-" "Mozilla/5.0 (Windows NT 6.1; WOW64; rv:43.0) Gecko/20100101 Firefox/43.0"
43.159.138.217 - - [14/Sep/2025:13:12:27 +0800] "GET /wp-content/uploads/2025/07/1751857929-3D-one-stop-supply-chain-service-W900px2.webp HTTP/1.1" 200 38362 "-" "Mozilla/5.0 (iPhone; CPU iPhone OS 13_2_3 like Mac OS X) AppleWebKit/605.1.15 (KHTML, like Gecko) Version/13.0.3 Mobile/15E148 Safari/604.1"
36.133.115.36 - - [14/Sep/2025:13:17:04 +0800] "POST /wp-cron.php?doing_wp_cron=1757827024.5203509330749511718750 HTTP/1.1" 200 31 "-" "WordPress/6.8.2; http://cqqizhou.com"
27.150.226.102 - - [14/Sep/2025:13:17:04 +0800] "GET http://www.cqqizhou.com/ HTTP/1.1" 301 5 "-" "Mozilla/5.0 (Windows NT 6.1) AppleWebKit/537.36 (KHTML, like Gecko) Chrome/80.0.3987.106"
27.150.226.102 - - [14/Sep/2025:13:17:04 +0800] "GET http://cqqizhou.com/ HTTP/1.1" 200 39369 "-" "Mozilla/5.0 (Windows NT 6.1) AppleWebKit/537.36 (KHTML, like Gecko) Chrome/80.0.3987.106"
1.83.216.150 - - [14/Sep/2025:13:17:09 +0800] "GET http://cqqizhou.com/ HTTP/1.1" 200 39369 "-" "Mozilla/5.0 (Windows NT 10.0) AppleWebKit/537.36 (KHTML, like Gecko) Chrome/87.0.4280.20"
162.62.213.165 - - [14/Sep/2025:13:21:09 +0800] "GET /wp-content/uploads/2025/07/1751829454-Smart-warehousing800x500.webp HTTP/1.1" 200 79504 "-" "Mozilla/5.0 (iPhone; CPU iPhone OS 13_2_3 like Mac OS X) AppleWebKit/605.1.15 (KHTML, like Gecko) Version/13.0.3 Mobile/15E148 Safari/604.1"
36.133.115.36 - - [14/Sep/2025:13:27:07 +0800] "POST /wp-cron.php?doing_wp_cron=1757827627.1944088935852050781250 HTTP/1.1" 200 31 "-" "WordPress/6.8.2; http://cqqizhou.com"
87.120.191.70 - - [14/Sep/2025:13:27:07 +0800] "GET / HTTP/1.1" 301 5 "-" "Mozilla/5.0 (Windows NT 10.0; Win64; x64) AppleWebKit/537.36 (KHTML, like Gecko) Chrome/90.0.4430.85 Safari/537.36 Edg/90.0.818.46"
43.153.7.191 - - [14/Sep/2025:13:34:01 +0800] "GET /wp-content/uploads/2025/07/1751829518-Precision-processing-services800x500.webp HTTP/1.1" 200 28964 "-" "Mozilla/5.0 (iPhone; CPU iPhone OS 13_2_3 like Mac OS X) AppleWebKit/605.1.15 (KHTML, like Gecko) Version/13.0.3 Mobile/15E148 Safari/604.1"
36.133.115.36 - - [14/Sep/2025:13:41:10 +0800] "POST /wp-cron.php?doing_wp_cron=1757828470.5733768939971923828125 HTTP/1.1" 200 31 "-" "WordPress/6.8.2; http://cqqizhou.com"
170.106.147.63 - - [14/Sep/2025:13:41:10 +0800] "GET /wp-json/oembed/1.0/embed?url=http%3A%2F%2Fcqqizhou.com%2Fbug%2F HTTP/1.1" 200 1106 "-" "Mozilla/5.0 (iPhone; CPU iPhone OS 13_2_3 like Mac OS X) AppleWebKit/605.1.15 (KHTML, like Gecko) Version/13.0.3 Mobile/15E148 Safari/604.1"
47.108.57.90 - - [14/Sep/2025:13:45:30 +0800] "GET / HTTP/1.1" 499 0 "-" "Mozilla/5.0 (Macintosh; Intel Mac OS X 14_7_4) AppleWebKit/605.1.15 (KHTML, like Gecko) Version/18.3 Safari/605.1.15"
36.133.115.36 - - [14/Sep/2025:13:45:31 +0800] "POST /wp-cron.php?doing_wp_cron=1757828731.3951439857482910156250 HTTP/1.1" 200 31 "-" "WordPress/6.8.2; http://cqqizhou.com"
36.133.115.36 - - [14/Sep/2025:13:48:51 +0800] "POST /wp-cron.php?doing_wp_cron=1757828931.7134630680084228515625 HTTP/1.1" 200 31 "-" "WordPress/6.8.2; http://cqqizhou.com"
149.50.103.48 - - [14/Sep/2025:13:48:52 +0800] "GET / HTTP/1.1" 200 33468 "-" "Mozilla/5.0 (Windows NT 10.0; Win64; x64) AppleWebKit/537.36 (KHTML, like Gecko) Chrome/90.0.4430.85 Safari/537.36 Edg/90.0.818.46"
36.133.115.36 - - [14/Sep/2025:13:50:54 +0800] "POST /wp-cron.php?doing_wp_cron=1757829054.2985970973968505859375 HTTP/1.1" 200 31 "-" "WordPress/6.8.2; http://cqqizhou.com"
87.120.191.70 - - [14/Sep/2025:13:50:54 +0800] "GET / HTTP/1.1" 301 5 "-" "Mozilla/5.0 (Windows NT 10.0; Win64; x64) AppleWebKit/537.36 (KHTML, like Gecko) Chrome/90.0.4430.85 Safari/537.36 Edg/90.0.818.46"
