121.42.236.230 - - [07/Sep/2025:06:49:42 +0800] "GET /wp-json/oembed/1.0/ HTTP/1.1" 200 543 "-" "Mozilla/5.0 (Windows NT 6.1; WOW64) AppleWebKit/537.36 (KHTML, like Gecko) Chrome/86.0.4240.198 Safari/537.36"
47.109.44.73 - - [07/Sep/2025:06:49:49 +0800] "GET /logistics/ HTTP/1.1" 200 22410 "-" "Mozilla/5.0 (Windows NT 6.1; WOW64) AppleWebKit/537.36 (KHTML, like Gecko) Chrome/86.0.4240.198 Safari/537.36"
36.133.115.36 - - [07/Sep/2025:06:49:51 +0800] "POST /wp-cron.php?doing_wp_cron=1757198991.7572569847106933593750 HTTP/1.1" 200 31 "-" "WordPress/6.8.2; http://cqqizhou.com"
139.129.246.141 - - [07/Sep/2025:06:49:51 +0800] "GET /admin/ HTTP/1.1" 302 5 "-" "Mozilla/5.0 (Windows NT 6.1; WOW64) AppleWebKit/537.36 (KHTML, like Gecko) Chrome/86.0.4240.198 Safari/537.36"
121.42.236.230 - - [07/Sep/2025:06:49:53 +0800] "GET /news/ HTTP/1.1" 200 25256 "-" "Mozilla/5.0 (Windows NT 6.1; WOW64) AppleWebKit/537.36 (KHTML, like Gecko) Chrome/86.0.4240.198 Safari/537.36"
139.129.246.141 - - [07/Sep/2025:06:49:54 +0800] "GET /wp-admin/ HTTP/1.1" 302 5 "http://cqqizhou.com/admin/" "Mozilla/5.0 (Windows NT 6.1; WOW64) AppleWebKit/537.36 (KHTML, like Gecko) Chrome/86.0.4240.198 Safari/537.36"
139.129.246.141 - - [07/Sep/2025:06:49:54 +0800] "GET /wp-login.php?redirect_to=http%3A%2F%2Fcqqizhou.com%2Fwp-admin%2F&reauth=1 HTTP/1.1" 200 2779 "http://cqqizhou.com/wp-admin/" "Mozilla/5.0 (Windows NT 6.1; WOW64) AppleWebKit/537.36 (KHTML, like Gecko) Chrome/86.0.4240.198 Safari/537.36"
121.42.236.230 - - [07/Sep/2025:06:49:58 +0800] "GET /wp-content/cache/min/1/wp-content/plugins/revslider/public/css/fonts/revicons/css/ HTTP/1.1" 403 548 "-" "Mozilla/5.0 (Windows NT 6.1; WOW64) AppleWebKit/537.36 (KHTML, like Gecko) Chrome/86.0.4240.198 Safari/537.36"
47.109.54.65 - - [07/Sep/2025:06:50:03 +0800] "GET /wp-content/cache/min/1/wp-content/themes/ HTTP/1.1" 403 548 "-" "Mozilla/5.0 (Windows NT 6.1; WOW64) AppleWebKit/537.36 (KHTML, like Gecko) Chrome/86.0.4240.198 Safari/537.36"
139.129.246.141 - - [07/Sep/2025:06:50:08 +0800] "GET /portfolio-category/dual-phase-steel/ HTTP/1.1" 200 20860 "-" "Mozilla/5.0 (Windows NT 6.1; WOW64) AppleWebKit/537.36 (KHTML, like Gecko) Chrome/86.0.4240.198 Safari/537.36"
139.129.246.141 - - [07/Sep/2025:06:50:45 +0800] "GET /wp-content/plugins/elementor-pro/assets/css/modules/ HTTP/1.1" 403 548 "-" "Mozilla/5.0 (Windows NT 6.1; WOW64) AppleWebKit/537.36 (KHTML, like Gecko) Chrome/86.0.4240.198 Safari/537.36"
47.109.44.73 - - [07/Sep/2025:06:51:02 +0800] "GET /wp-content/uploads/elementor/css/ HTTP/1.1" 403 548 "-" "Mozilla/5.0 (Windows NT 6.1; WOW64) AppleWebKit/537.36 (KHTML, like Gecko) Chrome/86.0.4240.198 Safari/537.36"
121.42.252.229 - - [07/Sep/2025:06:51:19 +0800] "GET /wp-content/plugins/elementor/assets/lib/animations/styles/ HTTP/1.1" 403 548 "-" "Mozilla/5.0 (Windows NT 6.1; WOW64) AppleWebKit/537.36 (KHTML, like Gecko) Chrome/86.0.4240.198 Safari/537.36"
47.109.54.65 - - [07/Sep/2025:06:52:16 +0800] "GET /wp-content/themes/qizhou/js/ HTTP/1.1" 403 548 "-" "Mozilla/5.0 (Windows NT 6.1; WOW64) AppleWebKit/537.36 (KHTML, like Gecko) Chrome/86.0.4240.198 Safari/537.36"
139.129.246.141 - - [07/Sep/2025:06:52:16 +0800] "GET /wp-content/cache/min/1/wp-content/plugins/smartideo/static/ HTTP/1.1" 403 548 "-" "Mozilla/5.0 (Windows NT 6.1; WOW64) AppleWebKit/537.36 (KHTML, like Gecko) Chrome/86.0.4240.198 Safari/537.36"
121.42.236.230 - - [07/Sep/2025:06:52:53 +0800] "GET /wp-content/plugins/elementor/assets/ HTTP/1.1" 403 548 "-" "Mozilla/5.0 (Windows NT 6.1; WOW64) AppleWebKit/537.36 (KHTML, like Gecko) Chrome/86.0.4240.198 Safari/537.36"
47.109.54.65 - - [07/Sep/2025:06:53:14 +0800] "GET /wp-content/uploads/elementor/ HTTP/1.1" 403 548 "-" "Mozilla/5.0 (Windows NT 6.1; WOW64) AppleWebKit/537.36 (KHTML, like Gecko) Chrome/86.0.4240.198 Safari/537.36"
36.133.115.36 - - [07/Sep/2025:06:53:18 +0800] "POST /wp-cron.php?doing_wp_cron=1757199198.8524770736694335937500 HTTP/1.1" 200 31 "-" "WordPress/6.8.2; http://cqqizhou.com"
121.42.252.229 - - [07/Sep/2025:06:53:18 +0800] "GET /services HTTP/1.1" 301 5 "-" "Mozilla/5.0 (Windows NT 6.1; WOW64) AppleWebKit/537.36 (KHTML, like Gecko) Chrome/86.0.4240.198 Safari/537.36"
121.42.252.229 - - [07/Sep/2025:06:53:19 +0800] "GET /services/ HTTP/1.1" 200 25528 "http://www.cqqizhou.com/services" "Mozilla/5.0 (Windows NT 6.1; WOW64) AppleWebKit/537.36 (KHTML, like Gecko) Chrome/86.0.4240.198 Safari/537.36"
121.42.253.62 - - [07/Sep/2025:06:53:30 +0800] "GET /wp-content/plugins/revslider/public/css/ HTTP/1.1" 403 548 "-" "Mozilla/5.0 (Windows NT 6.1; WOW64) AppleWebKit/537.36 (KHTML, like Gecko) Chrome/86.0.4240.198 Safari/537.36"
139.129.246.141 - - [07/Sep/2025:06:53:32 +0800] "GET /industry/ HTTP/1.1" 200 21890 "-" "Mozilla/5.0 (Windows NT 6.1; WOW64) AppleWebKit/537.36 (KHTML, like Gecko) Chrome/86.0.4240.198 Safari/537.36"
47.109.54.65 - - [07/Sep/2025:06:53:45 +0800] "GET /wp-content/plugins/wp-rocket/ HTTP/1.1" 403 548 "-" "Mozilla/5.0 (Windows NT 6.1; WOW64) AppleWebKit/537.36 (KHTML, like Gecko) Chrome/86.0.4240.198 Safari/537.36"
36.133.115.36 - - [07/Sep/2025:06:54:19 +0800] "POST /wp-cron.php?doing_wp_cron=1757199259.8860170841217041015625 HTTP/1.1" 200 31 "-" "WordPress/6.8.2; http://cqqizhou.com"
149.50.103.48 - - [07/Sep/2025:06:54:20 +0800] "GET / HTTP/1.1" 200 33467 "-" "Mozilla/5.0 (Windows NT 10.0; Win64; x64) AppleWebKit/537.36 (KHTML, like Gecko) Chrome/90.0.4430.85 Safari/537.36 Edg/90.0.818.46"
121.42.236.230 - - [07/Sep/2025:06:54:20 +0800] "GET /wp-content/cache/min/1/wp-content/plugins/revslider/public/css/ HTTP/1.1" 403 548 "-" "Mozilla/5.0 (Windows NT 6.1; WOW64) AppleWebKit/537.36 (KHTML, like Gecko) Chrome/86.0.4240.198 Safari/537.36"
121.42.236.230 - - [07/Sep/2025:06:54:20 +0800] "GET /wp-content/plugins/revslider/public/js/libs/ HTTP/1.1" 403 548 "-" "Mozilla/5.0 (Windows NT 6.1; WOW64) AppleWebKit/537.36 (KHTML, like Gecko) Chrome/86.0.4240.198 Safari/537.36"
121.42.253.62 - - [07/Sep/2025:06:54:25 +0800] "GET /process/processing HTTP/1.1" 301 5 "-" "Mozilla/5.0 (Windows NT 6.1; WOW64) AppleWebKit/537.36 (KHTML, like Gecko) Chrome/86.0.4240.198 Safari/537.36"
121.42.253.62 - - [07/Sep/2025:06:54:25 +0800] "GET /services/processing/ HTTP/1.1" 200 22903 "http://www.cqqizhou.com/process/processing" "Mozilla/5.0 (Windows NT 6.1; WOW64) AppleWebKit/537.36 (KHTML, like Gecko) Chrome/86.0.4240.198 Safari/537.36"
139.129.246.141 - - [07/Sep/2025:06:54:49 +0800] "GET /wp-content/plugins/elementor-pro/assets/ HTTP/1.1" 403 548 "-" "Mozilla/5.0 (Windows NT 6.1; WOW64) AppleWebKit/537.36 (KHTML, like Gecko) Chrome/86.0.4240.198 Safari/537.36"
47.109.54.65 - - [07/Sep/2025:06:54:57 +0800] "GET /news/ HTTP/1.1" 200 25256 "-" "Mozilla/5.0 (Windows NT 6.1; WOW64) AppleWebKit/537.36 (KHTML, like Gecko) Chrome/86.0.4240.198 Safari/537.36"
47.108.117.45 - - [07/Sep/2025:06:55:02 +0800] "GET /wp-content/plugins/revslider/public/js/ HTTP/1.1" 403 548 "-" "Mozilla/5.0 (Windows NT 6.1; WOW64) AppleWebKit/537.36 (KHTML, like Gecko) Chrome/86.0.4240.198 Safari/537.36"
36.133.115.36 - - [07/Sep/2025:06:55:12 +0800] "POST /wp-cron.php?doing_wp_cron=1757199312.3739581108093261718750 HTTP/1.1" 200 31 "-" "WordPress/6.8.2; http://cqqizhou.com"
45.135.193.100 - - [07/Sep/2025:06:55:12 +0800] "GET / HTTP/1.1" 200 33466 "-" "Mozilla/5.0 (Windows NT 10.0; Win64; x64) AppleWebKit/537.36 (KHTML, like Gecko) Chrome/90.0.4430.85 Safari/537.36 Edg/90.0.818.46"
47.109.54.65 - - [07/Sep/2025:06:55:26 +0800] "GET /wp-content/cache/min/1/ HTTP/1.1" 403 548 "-" "Mozilla/5.0 (Windows NT 6.1; WOW64) AppleWebKit/537.36 (KHTML, like Gecko) Chrome/86.0.4240.198 Safari/537.36"
47.109.44.73 - - [07/Sep/2025:06:55:34 +0800] "GET /wp-content/cache/min/1/wp-content/plugins/smartideo/ HTTP/1.1" 403 548 "-" "Mozilla/5.0 (Windows NT 6.1; WOW64) AppleWebKit/537.36 (KHTML, like Gecko) Chrome/86.0.4240.198 Safari/537.36"
121.42.236.230 - - [07/Sep/2025:06:55:47 +0800] "GET /2214/ HTTP/1.1" 200 24843 "-" "Mozilla/5.0 (Windows NT 6.1; WOW64) AppleWebKit/537.36 (KHTML, like Gecko) Chrome/86.0.4240.198 Safari/537.36"
47.108.117.45 - - [07/Sep/2025:06:55:47 +0800] "GET /wp-content/plugins/wp-rocket/assets/ HTTP/1.1" 403 548 "-" "Mozilla/5.0 (Windows NT 6.1; WOW64) AppleWebKit/537.36 (KHTML, like Gecko) Chrome/86.0.4240.198 Safari/537.36"
36.133.115.36 - - [07/Sep/2025:06:56:16 +0800] "POST /wp-cron.php?doing_wp_cron=1757199376.7050559520721435546875 HTTP/1.1" 200 31 "-" "WordPress/6.8.2; http://cqqizhou.com"
121.42.252.229 - - [07/Sep/2025:06:56:16 +0800] "GET /news/ HTTP/1.1" 301 5 "-" "Mozilla/5.0 (Windows NT 6.1; WOW64) AppleWebKit/537.36 (KHTML, like Gecko) Chrome/86.0.4240.198 Safari/537.36"
121.42.252.229 - - [07/Sep/2025:06:56:16 +0800] "GET /news/ HTTP/1.1" 200 25256 "http://www.cqqizhou.com/news/" "Mozilla/5.0 (Windows NT 6.1; WOW64) AppleWebKit/537.36 (KHTML, like Gecko) Chrome/86.0.4240.198 Safari/537.36"
121.42.253.62 - - [07/Sep/2025:06:56:18 +0800] "GET /wp-content/cache/min/1/wp-content/plugins/smartideo/static/ HTTP/1.1" 403 548 "-" "Mozilla/5.0 (Windows NT 6.1; WOW64) AppleWebKit/537.36 (KHTML, like Gecko) Chrome/86.0.4240.198 Safari/537.36"
47.109.54.65 - - [07/Sep/2025:06:56:20 +0800] "GET /wp-content/plugins/smartideo/ HTTP/1.1" 403 548 "-" "Mozilla/5.0 (Windows NT 6.1; WOW64) AppleWebKit/537.36 (KHTML, like Gecko) Chrome/86.0.4240.198 Safari/537.36"
47.109.54.65 - - [07/Sep/2025:06:57:22 +0800] "GET /wp-content/plugins/elementor-pro/ HTTP/1.1" 403 548 "-" "Mozilla/5.0 (Windows NT 6.1; WOW64) AppleWebKit/537.36 (KHTML, like Gecko) Chrome/86.0.4240.198 Safari/537.36"
121.42.252.229 - - [07/Sep/2025:06:57:39 +0800] "GET /wp-content/cache/min/1/wp-content/ HTTP/1.1" 403 548 "-" "Mozilla/5.0 (Windows NT 6.1; WOW64) AppleWebKit/537.36 (KHTML, like Gecko) Chrome/86.0.4240.198 Safari/537.36"
47.108.117.45 - - [07/Sep/2025:06:57:40 +0800] "GET /wp-includes/js/dist/ HTTP/1.1" 403 548 "-" "Mozilla/5.0 (Windows NT 6.1; WOW64) AppleWebKit/537.36 (KHTML, like Gecko) Chrome/86.0.4240.198 Safari/537.36"
36.133.115.36 - - [07/Sep/2025:06:57:42 +0800] "POST /wp-cron.php?doing_wp_cron=1757199462.0470659732818603515625 HTTP/1.1" 200 31 "-" "WordPress/6.8.2; http://cqqizhou.com"
121.42.249.16 - - [07/Sep/2025:06:57:42 +0800] "GET /process/processing HTTP/1.1" 301 5 "-" "Mozilla/5.0 (Windows NT 6.1; WOW64) AppleWebKit/537.36 (KHTML, like Gecko) Chrome/86.0.4240.198 Safari/537.36"
121.42.249.16 - - [07/Sep/2025:06:57:43 +0800] "GET /services/processing/ HTTP/1.1" 200 22903 "http://www.cqqizhou.com/process/processing" "Mozilla/5.0 (Windows NT 6.1; WOW64) AppleWebKit/537.36 (KHTML, like Gecko) Chrome/86.0.4240.198 Safari/537.36"
121.42.236.230 - - [07/Sep/2025:06:57:53 +0800] "GET /wp-content/themes/qizhou/images/ HTTP/1.1" 403 548 "-" "Mozilla/5.0 (Windows NT 6.1; WOW64) AppleWebKit/537.36 (KHTML, like Gecko) Chrome/86.0.4240.198 Safari/537.36"
36.133.115.36 - - [07/Sep/2025:06:57:59 +0800] "POST /wp-cron.php?doing_wp_cron=1757199479.3069920539855957031250 HTTP/1.1" 200 31 "-" "WordPress/6.8.2; http://cqqizhou.com"
47.108.117.45 - - [07/Sep/2025:06:57:59 +0800] "GET /Editor/data/ HTTP/1.1" 301 5 "-" "Mozilla/5.0 (Windows NT 6.1; WOW64) AppleWebKit/537.36 (KHTML, like Gecko) Chrome/86.0.4240.198 Safari/537.36"
47.108.117.45 - - [07/Sep/2025:06:57:59 +0800] "GET /data/ HTTP/1.1" 200 11831 "http://www.cqqizhou.com/Editor/data/" "Mozilla/5.0 (Windows NT 6.1; WOW64) AppleWebKit/537.36 (KHTML, like Gecko) Chrome/86.0.4240.198 Safari/537.36"
47.109.31.152 - - [07/Sep/2025:06:58:15 +0800] "GET /bug HTTP/1.1" 301 5 "-" "Mozilla/5.0 (Windows NT 6.1; WOW64) AppleWebKit/537.36 (KHTML, like Gecko) Chrome/86.0.4240.198 Safari/537.36"
47.109.31.152 - - [07/Sep/2025:06:58:16 +0800] "GET /bug/ HTTP/1.1" 200 12812 "http://www.cqqizhou.com/bug" "Mozilla/5.0 (Windows NT 6.1; WOW64) AppleWebKit/537.36 (KHTML, like Gecko) Chrome/86.0.4240.198 Safari/537.36"
121.42.252.229 - - [07/Sep/2025:06:58:18 +0800] "GET /wp-includes/css/dist/block-library/ HTTP/1.1" 403 548 "-" "Mozilla/5.0 (Windows NT 6.1; WOW64) AppleWebKit/537.36 (KHTML, like Gecko) Chrome/86.0.4240.198 Safari/537.36"
121.42.236.230 - - [07/Sep/2025:06:58:18 +0800] "GET /wp-content/uploads/2025/09/ HTTP/1.1" 403 548 "-" "Mozilla/5.0 (Windows NT 6.1; WOW64) AppleWebKit/537.36 (KHTML, like Gecko) Chrome/86.0.4240.198 Safari/537.36"
121.42.252.229 - - [07/Sep/2025:06:58:38 +0800] "GET /2231/ HTTP/1.1" 200 23680 "-" "Mozilla/5.0 (Windows NT 6.1; WOW64) AppleWebKit/537.36 (KHTML, like Gecko) Chrome/86.0.4240.198 Safari/537.36"
139.129.246.141 - - [07/Sep/2025:06:58:48 +0800] "GET /wp-content/uploads/2025/09/ HTTP/1.1" 403 548 "-" "Mozilla/5.0 (Windows NT 6.1; WOW64) AppleWebKit/537.36 (KHTML, like Gecko) Chrome/86.0.4240.198 Safari/537.36"
139.129.246.141 - - [07/Sep/2025:06:59:19 +0800] "GET /wp-content/uploads/2025/08/ HTTP/1.1" 403 548 "-" "Mozilla/5.0 (Windows NT 6.1; WOW64) AppleWebKit/537.36 (KHTML, like Gecko) Chrome/86.0.4240.198 Safari/537.36"
36.133.115.36 - - [07/Sep/2025:06:59:41 +0800] "POST /wp-cron.php?doing_wp_cron=1757199581.7501249313354492187500 HTTP/1.1" 200 31 "-" "WordPress/6.8.2; http://cqqizhou.com"
121.42.253.62 - - [07/Sep/2025:06:59:41 +0800] "GET /bug HTTP/1.1" 301 5 "-" "Mozilla/5.0 (Windows NT 6.1; WOW64) AppleWebKit/537.36 (KHTML, like Gecko) Chrome/86.0.4240.198 Safari/537.36"
121.42.253.62 - - [07/Sep/2025:06:59:41 +0800] "GET /bug/ HTTP/1.1" 200 12812 "http://cqqizhou.com/bug" "Mozilla/5.0 (Windows NT 6.1; WOW64) AppleWebKit/537.36 (KHTML, like Gecko) Chrome/86.0.4240.198 Safari/537.36"
36.133.115.36 - - [07/Sep/2025:06:59:56 +0800] "POST /wp-cron.php?doing_wp_cron=1757199596.5080618858337402343750 HTTP/1.1" 200 31 "-" "WordPress/6.8.2; http://cqqizhou.com"
121.42.253.62 - - [07/Sep/2025:06:59:56 +0800] "GET /bug HTTP/1.1" 301 5 "-" "Mozilla/5.0 (Windows NT 6.1; WOW64) AppleWebKit/537.36 (KHTML, like Gecko) Chrome/86.0.4240.198 Safari/537.36"
121.42.253.62 - - [07/Sep/2025:06:59:56 +0800] "GET /bug/ HTTP/1.1" 200 12812 "http://cqqizhou.com/bug" "Mozilla/5.0 (Windows NT 6.1; WOW64) AppleWebKit/537.36 (KHTML, like Gecko) Chrome/86.0.4240.198 Safari/537.36"
121.42.252.229 - - [07/Sep/2025:07:00:08 +0800] "GET /wp-content/uploads/2025/08/ HTTP/1.1" 403 548 "-" "Mozilla/5.0 (Windows NT 6.1; WOW64) AppleWebKit/537.36 (KHTML, like Gecko) Chrome/86.0.4240.198 Safari/537.36"
47.109.44.73 - - [07/Sep/2025:07:00:08 +0800] "GET /2165/ HTTP/1.1" 200 27212 "-" "Mozilla/5.0 (Windows NT 6.1; WOW64) AppleWebKit/537.36 (KHTML, like Gecko) Chrome/86.0.4240.198 Safari/537.36"
121.42.249.16 - - [07/Sep/2025:07:00:16 +0800] "GET /bug HTTP/1.1" 301 5 "-" "Mozilla/5.0 (Windows NT 6.1; WOW64) AppleWebKit/537.36 (KHTML, like Gecko) Chrome/86.0.4240.198 Safari/537.36"
121.42.249.16 - - [07/Sep/2025:07:00:17 +0800] "GET /bug/ HTTP/1.1" 200 12812 "http://www.cqqizhou.com/bug" "Mozilla/5.0 (Windows NT 6.1; WOW64) AppleWebKit/537.36 (KHTML, like Gecko) Chrome/86.0.4240.198 Safari/537.36"
139.129.246.141 - - [07/Sep/2025:07:00:21 +0800] "GET /wp-content/plugins/elementor/assets/lib/ HTTP/1.1" 403 548 "-" "Mozilla/5.0 (Windows NT 6.1; WOW64) AppleWebKit/537.36 (KHTML, like Gecko) Chrome/86.0.4240.198 Safari/537.36"
47.109.44.73 - - [07/Sep/2025:07:01:18 +0800] "GET /wp-content/plugins/revslider/public/ HTTP/1.1" 403 548 "-" "Mozilla/5.0 (Windows NT 6.1; WOW64) AppleWebKit/537.36 (KHTML, like Gecko) Chrome/86.0.4240.198 Safari/537.36"
121.42.252.229 - - [07/Sep/2025:07:01:46 +0800] "GET /material.html HTTP/1.1" 200 6459 "-" "Mozilla/5.0 (Windows NT 6.1; WOW64) AppleWebKit/537.36 (KHTML, like Gecko) Chrome/86.0.4240.198 Safari/537.36"
121.42.249.16 - - [07/Sep/2025:07:02:30 +0800] "GET /wp-content/cache/min/1/wp-content/plugins/revslider/public/js/libs/ HTTP/1.1" 403 548 "-" "Mozilla/5.0 (Windows NT 6.1; WOW64) AppleWebKit/537.36 (KHTML, like Gecko) Chrome/86.0.4240.198 Safari/537.36"
47.108.117.45 - - [07/Sep/2025:07:02:38 +0800] "GET /material.html HTTP/1.1" 200 6459 "-" "Mozilla/5.0 (Windows NT 6.1; WOW64) AppleWebKit/537.36 (KHTML, like Gecko) Chrome/86.0.4240.198 Safari/537.36"
121.42.252.229 - - [07/Sep/2025:07:03:01 +0800] "GET /wp-content/plugins/elementor/assets/lib/ HTTP/1.1" 403 548 "-" "Mozilla/5.0 (Windows NT 6.1; WOW64) AppleWebKit/537.36 (KHTML, like Gecko) Chrome/86.0.4240.198 Safari/537.36"
47.109.54.65 - - [07/Sep/2025:07:04:17 +0800] "GET /portfolio-tag/%e9%9e%8d%e9%92%a2%e8%92%82%e6%a3%ae/ HTTP/1.1" 200 22644 "-" "Mozilla/5.0 (Windows NT 6.1; WOW64) AppleWebKit/537.36 (KHTML, like Gecko) Chrome/86.0.4240.198 Safari/537.36"
36.133.115.36 - - [07/Sep/2025:07:04:32 +0800] "POST /wp-cron.php?doing_wp_cron=1757199872.4488589763641357421875 HTTP/1.1" 200 31 "-" "WordPress/6.8.2; http://cqqizhou.com"
121.42.236.230 - - [07/Sep/2025:07:04:32 +0800] "GET /portfolio-tag/ HTTP/1.1" 404 8991 "-" "Mozilla/5.0 (Windows NT 6.1; WOW64) AppleWebKit/537.36 (KHTML, like Gecko) Chrome/86.0.4240.198 Safari/537.36"
139.129.246.141 - - [07/Sep/2025:07:04:36 +0800] "GET /news/page/ HTTP/1.1" 404 8991 "-" "Mozilla/5.0 (Windows NT 6.1; WOW64) AppleWebKit/537.36 (KHTML, like Gecko) Chrome/86.0.4240.198 Safari/537.36"
47.109.54.65 - - [07/Sep/2025:07:04:45 +0800] "GET /wp-content/cache/min/1/wp-content/plugins/revslider/public/css/fonts/ HTTP/1.1" 403 548 "-" "Mozilla/5.0 (Windows NT 6.1; WOW64) AppleWebKit/537.36 (KHTML, like Gecko) Chrome/86.0.4240.198 Safari/537.36"
47.109.44.73 - - [07/Sep/2025:07:05:02 +0800] "GET /wp-content/cache/min/ HTTP/1.1" 200 0 "-" "Mozilla/5.0 (Windows NT 6.1; WOW64) AppleWebKit/537.36 (KHTML, like Gecko) Chrome/86.0.4240.198 Safari/537.36"
121.42.249.16 - - [07/Sep/2025:07:05:18 +0800] "GET /wp-content/plugins/revslider/public/js/ HTTP/1.1" 403 548 "-" "Mozilla/5.0 (Windows NT 6.1; WOW64) AppleWebKit/537.36 (KHTML, like Gecko) Chrome/86.0.4240.198 Safari/537.36"
47.108.117.45 - - [07/Sep/2025:07:05:49 +0800] "GET /wp-content/plugins/elementor-pro/assets/ HTTP/1.1" 403 548 "-" "Mozilla/5.0 (Windows NT 6.1; WOW64) AppleWebKit/537.36 (KHTML, like Gecko) Chrome/86.0.4240.198 Safari/537.36"
121.42.236.230 - - [07/Sep/2025:07:06:16 +0800] "GET /wp-content/plugins/smartideo/static/ HTTP/1.1" 403 548 "-" "Mozilla/5.0 (Windows NT 6.1; WOW64) AppleWebKit/537.36 (KHTML, like Gecko) Chrome/86.0.4240.198 Safari/537.36"
36.133.115.36 - - [07/Sep/2025:07:06:27 +0800] "POST /wp-cron.php?doing_wp_cron=1757199987.3051609992980957031250 HTTP/1.1" 200 31 "-" "WordPress/6.8.2; http://cqqizhou.com"
47.109.31.152 - - [07/Sep/2025:07:06:27 +0800] "GET /Editor/data/ HTTP/1.1" 301 5 "-" "Mozilla/5.0 (Windows NT 6.1; WOW64) AppleWebKit/537.36 (KHTML, like Gecko) Chrome/86.0.4240.198 Safari/537.36"
47.109.31.152 - - [07/Sep/2025:07:06:27 +0800] "GET /data/ HTTP/1.1" 200 11831 "http://www.cqqizhou.com/Editor/data/" "Mozilla/5.0 (Windows NT 6.1; WOW64) AppleWebKit/537.36 (KHTML, like Gecko) Chrome/86.0.4240.198 Safari/537.36"
47.108.117.45 - - [07/Sep/2025:07:06:34 +0800] "GET /wp-content/cache/min/1/wp-content/plugins/revslider/public/css/fonts/revicons/css/ HTTP/1.1" 403 548 "-" "Mozilla/5.0 (Windows NT 6.1; WOW64) AppleWebKit/537.36 (KHTML, like Gecko) Chrome/86.0.4240.198 Safari/537.36"
121.42.236.230 - - [07/Sep/2025:07:07:25 +0800] "GET /wp-content/cache/ HTTP/1.1" 403 548 "-" "Mozilla/5.0 (Windows NT 6.1; WOW64) AppleWebKit/537.36 (KHTML, like Gecko) Chrome/86.0.4240.198 Safari/537.36"
121.42.236.230 - - [07/Sep/2025:07:07:28 +0800] "GET /wp-content/uploads/2025/ HTTP/1.1" 403 548 "-" "Mozilla/5.0 (Windows NT 6.1; WOW64) AppleWebKit/537.36 (KHTML, like Gecko) Chrome/86.0.4240.198 Safari/537.36"
139.129.246.141 - - [07/Sep/2025:07:08:14 +0800] "GET /wp-content/plugins/smartideo/static/ HTTP/1.1" 403 548 "-" "Mozilla/5.0 (Windows NT 6.1; WOW64) AppleWebKit/537.36 (KHTML, like Gecko) Chrome/86.0.4240.198 Safari/537.36"
36.133.115.36 - - [07/Sep/2025:07:08:42 +0800] "POST /wp-cron.php?doing_wp_cron=1757200121.9915750026702880859375 HTTP/1.1" 200 31 "-" "WordPress/6.8.2; http://cqqizhou.com"
121.42.236.230 - - [07/Sep/2025:07:08:42 +0800] "GET /shop/ HTTP/1.1" 301 5 "-" "Mozilla/5.0 (Windows NT 6.1; WOW64) AppleWebKit/537.36 (KHTML, like Gecko) Chrome/86.0.4240.198 Safari/537.36"
121.42.236.230 - - [07/Sep/2025:07:08:42 +0800] "GET /shop/ HTTP/1.1" 200 20160 "http://www.cqqizhou.com/shop/" "Mozilla/5.0 (Windows NT 6.1; WOW64) AppleWebKit/537.36 (KHTML, like Gecko) Chrome/86.0.4240.198 Safari/537.36"
139.129.246.141 - - [07/Sep/2025:07:09:11 +0800] "GET /wp-content/ HTTP/1.1" 200 31 "-" "Mozilla/5.0 (Windows NT 6.1; WOW64) AppleWebKit/537.36 (KHTML, like Gecko) Chrome/86.0.4240.198 Safari/537.36"
47.109.54.65 - - [07/Sep/2025:07:09:22 +0800] "GET /wp-content/plugins/elementor/assets/css/ HTTP/1.1" 403 548 "-" "Mozilla/5.0 (Windows NT 6.1; WOW64) AppleWebKit/537.36 (KHTML, like Gecko) Chrome/86.0.4240.198 Safari/537.36"
121.42.236.230 - - [07/Sep/2025:07:09:51 +0800] "GET /wp-content/cache/min/1/wp-content/plugins/revslider/ HTTP/1.1" 403 548 "-" "Mozilla/5.0 (Windows NT 6.1; WOW64) AppleWebKit/537.36 (KHTML, like Gecko) Chrome/86.0.4240.198 Safari/537.36"
121.42.252.229 - - [07/Sep/2025:07:10:02 +0800] "GET /wp-content/plugins/elementor/assets/lib/animations/ HTTP/1.1" 403 548 "-" "Mozilla/5.0 (Windows NT 6.1; WOW64) AppleWebKit/537.36 (KHTML, like Gecko) Chrome/86.0.4240.198 Safari/537.36"
36.133.115.36 - - [07/Sep/2025:07:10:08 +0800] "POST /wp-cron.php?doing_wp_cron=1757200208.9093809127807617187500 HTTP/1.1" 200 31 "-" "WordPress/6.8.2; http://cqqizhou.com"
47.108.117.45 - - [07/Sep/2025:07:10:08 +0800] "GET /admin/ HTTP/1.1" 302 5 "-" "Mozilla/5.0 (Windows NT 6.1; WOW64) AppleWebKit/537.36 (KHTML, like Gecko) Chrome/86.0.4240.198 Safari/537.36"
47.108.117.45 - - [07/Sep/2025:07:10:09 +0800] "GET /wp-admin/ HTTP/1.1" 302 5 "http://cqqizhou.com/admin/" "Mozilla/5.0 (Windows NT 6.1; WOW64) AppleWebKit/537.36 (KHTML, like Gecko) Chrome/86.0.4240.198 Safari/537.36"
47.108.117.45 - - [07/Sep/2025:07:10:10 +0800] "GET /wp-login.php?redirect_to=http%3A%2F%2Fcqqizhou.com%2Fwp-admin%2F&reauth=1 HTTP/1.1" 200 2779 "http://cqqizhou.com/wp-admin/" "Mozilla/5.0 (Windows NT 6.1; WOW64) AppleWebKit/537.36 (KHTML, like Gecko) Chrome/86.0.4240.198 Safari/537.36"
121.42.253.62 - - [07/Sep/2025:07:10:32 +0800] "GET /2165/ HTTP/1.1" 200 27212 "-" "Mozilla/5.0 (Windows NT 6.1; WOW64) AppleWebKit/537.36 (KHTML, like Gecko) Chrome/86.0.4240.198 Safari/537.36"
47.109.31.152 - - [07/Sep/2025:07:10:39 +0800] "GET /wp-admin/css/ HTTP/1.1" 403 548 "-" "Mozilla/5.0 (Windows NT 6.1; WOW64) AppleWebKit/537.36 (KHTML, like Gecko) Chrome/86.0.4240.198 Safari/537.36"
47.109.44.73 - - [07/Sep/2025:07:10:40 +0800] "GET /wp-content/plugins/elementor-pro/assets/js/ HTTP/1.1" 403 548 "-" "Mozilla/5.0 (Windows NT 6.1; WOW64) AppleWebKit/537.36 (KHTML, like Gecko) Chrome/86.0.4240.198 Safari/537.36"
36.133.115.36 - - [07/Sep/2025:07:11:31 +0800] "POST /wp-cron.php?doing_wp_cron=1757200291.2191939353942871093750 HTTP/1.1" 200 31 "-" "WordPress/6.8.2; http://cqqizhou.com"
121.42.236.230 - - [07/Sep/2025:07:11:31 +0800] "GET /?s= HTTP/1.1" 200 19545 "-" "Mozilla/5.0 (Windows NT 6.1; WOW64) AppleWebKit/537.36 (KHTML, like Gecko) Chrome/86.0.4240.198 Safari/537.36"
47.108.117.45 - - [07/Sep/2025:07:11:46 +0800] "GET /wp-content/cache/min/1/wp-content/ HTTP/1.1" 403 548 "-" "Mozilla/5.0 (Windows NT 6.1; WOW64) AppleWebKit/537.36 (KHTML, like Gecko) Chrome/86.0.4240.198 Safari/537.36"
36.133.115.36 - - [07/Sep/2025:07:12:36 +0800] "POST /wp-cron.php?doing_wp_cron=1757200356.4288990497589111328125 HTTP/1.1" 200 31 "-" "WordPress/6.8.2; http://cqqizhou.com"
121.42.253.62 - - [07/Sep/2025:07:12:36 +0800] "GET /wp-json/ HTTP/1.1" 200 19172 "-" "Mozilla/5.0 (Windows NT 6.1; WOW64) AppleWebKit/537.36 (KHTML, like Gecko) Chrome/86.0.4240.198 Safari/537.36"
47.109.44.73 - - [07/Sep/2025:07:13:00 +0800] "GET /portfolio/duplex-stainless-steel/ HTTP/1.1" 200 22101 "-" "Mozilla/5.0 (Windows NT 6.1; WOW64) AppleWebKit/537.36 (KHTML, like Gecko) Chrome/86.0.4240.198 Safari/537.36"
139.129.246.141 - - [07/Sep/2025:07:13:13 +0800] "GET /2163/ HTTP/1.1" 200 23987 "-" "Mozilla/5.0 (Windows NT 6.1; WOW64) AppleWebKit/537.36 (KHTML, like Gecko) Chrome/86.0.4240.198 Safari/537.36"
139.129.246.141 - - [07/Sep/2025:07:13:34 +0800] "GET /about/ HTTP/1.1" 200 30088 "-" "Mozilla/5.0 (Windows NT 6.1; WOW64) AppleWebKit/537.36 (KHTML, like Gecko) Chrome/86.0.4240.198 Safari/537.36"
47.108.117.45 - - [07/Sep/2025:07:13:36 +0800] "GET /wp-content/themes/qizhou/css/ HTTP/1.1" 403 548 "-" "Mozilla/5.0 (Windows NT 6.1; WOW64) AppleWebKit/537.36 (KHTML, like Gecko) Chrome/86.0.4240.198 Safari/537.36"
121.42.252.229 - - [07/Sep/2025:07:13:51 +0800] "GET /wp-content/cache/min/1/wp-content/plugins/smartideo/ HTTP/1.1" 403 548 "-" "Mozilla/5.0 (Windows NT 6.1; WOW64) AppleWebKit/537.36 (KHTML, like Gecko) Chrome/86.0.4240.198 Safari/537.36"
139.129.246.141 - - [07/Sep/2025:07:13:53 +0800] "GET /business/ HTTP/1.1" 200 22444 "-" "Mozilla/5.0 (Windows NT 6.1; WOW64) AppleWebKit/537.36 (KHTML, like Gecko) Chrome/86.0.4240.198 Safari/537.36"
36.133.115.36 - - [07/Sep/2025:07:14:40 +0800] "POST /wp-cron.php?doing_wp_cron=1757200480.3333981037139892578125 HTTP/1.1" 200 31 "-" "WordPress/6.8.2; http://cqqizhou.com"
47.109.54.65 - - [07/Sep/2025:07:14:40 +0800] "GET /logistics HTTP/1.1" 301 5 "-" "Mozilla/5.0 (Windows NT 6.1; WOW64) AppleWebKit/537.36 (KHTML, like Gecko) Chrome/86.0.4240.198 Safari/537.36"
47.109.54.65 - - [07/Sep/2025:07:14:40 +0800] "GET /logistics/ HTTP/1.1" 200 22410 "http://www.cqqizhou.com/logistics" "Mozilla/5.0 (Windows NT 6.1; WOW64) AppleWebKit/537.36 (KHTML, like Gecko) Chrome/86.0.4240.198 Safari/537.36"
36.133.115.36 - - [07/Sep/2025:07:14:46 +0800] "POST /wp-cron.php?doing_wp_cron=1757200486.8333809375762939453125 HTTP/1.1" 200 31 "-" "WordPress/6.8.2; http://cqqizhou.com"
139.129.246.141 - - [07/Sep/2025:07:14:46 +0800] "GET /news/ HTTP/1.1" 301 5 "-" "Mozilla/5.0 (Windows NT 6.1; WOW64) AppleWebKit/537.36 (KHTML, like Gecko) Chrome/86.0.4240.198 Safari/537.36"
139.129.246.141 - - [07/Sep/2025:07:14:47 +0800] "GET /news/ HTTP/1.1" 200 25256 "http://www.cqqizhou.com/news/" "Mozilla/5.0 (Windows NT 6.1; WOW64) AppleWebKit/537.36 (KHTML, like Gecko) Chrome/86.0.4240.198 Safari/537.36"
121.42.253.62 - - [07/Sep/2025:07:15:01 +0800] "GET /wp-content/cache/min/1/wp-content/plugins/revslider/public/css/fonts/revicons/ HTTP/1.1" 403 548 "-" "Mozilla/5.0 (Windows NT 6.1; WOW64) AppleWebKit/537.36 (KHTML, like Gecko) Chrome/86.0.4240.198 Safari/537.36"
52.167.144.222 - - [07/Sep/2025:07:15:04 +0800] "GET /category/uncategorized/ HTTP/1.1" 301 66223 "-" "Mozilla/5.0 AppleWebKit/537.36 (KHTML, like Gecko; compatible; bingbot/2.0; +http://www.bing.com/bingbot.htm) Chrome/116.0.1938.76 Safari/537.36"
121.42.236.230 - - [07/Sep/2025:07:15:13 +0800] "GET /wp-content/themes/qizhou/images/ HTTP/1.1" 403 548 "-" "Mozilla/5.0 (Windows NT 6.1; WOW64) AppleWebKit/537.36 (KHTML, like Gecko) Chrome/86.0.4240.198 Safari/537.36"
47.109.54.65 - - [07/Sep/2025:07:15:34 +0800] "GET /wp-content/plugins/elementor/assets/css/conditionals/ HTTP/1.1" 403 548 "-" "Mozilla/5.0 (Windows NT 6.1; WOW64) AppleWebKit/537.36 (KHTML, like Gecko) Chrome/86.0.4240.198 Safari/537.36"
139.129.246.141 - - [07/Sep/2025:07:16:16 +0800] "GET /wp-includes/js/jquery/ui/ HTTP/1.1" 403 548 "-" "Mozilla/5.0 (Windows NT 6.1; WOW64) AppleWebKit/537.36 (KHTML, like Gecko) Chrome/86.0.4240.198 Safari/537.36"
139.129.246.141 - - [07/Sep/2025:07:16:25 +0800] "GET /business/ HTTP/1.1" 200 22444 "-" "Mozilla/5.0 (Windows NT 6.1; WOW64) AppleWebKit/537.36 (KHTML, like Gecko) Chrome/86.0.4240.198 Safari/537.36"
47.109.44.73 - - [07/Sep/2025:07:17:27 +0800] "GET /portfolio-tag/%e9%9e%8d%e9%92%a2%e8%92%82%e6%a3%ae/ HTTP/1.1" 200 22644 "-" "Mozilla/5.0 (Windows NT 6.1; WOW64) AppleWebKit/537.36 (KHTML, like Gecko) Chrome/86.0.4240.198 Safari/537.36"
47.109.44.73 - - [07/Sep/2025:07:18:11 +0800] "GET /2155/ HTTP/1.1" 200 29372 "-" "Mozilla/5.0 (Windows NT 6.1; WOW64) AppleWebKit/537.36 (KHTML, like Gecko) Chrome/86.0.4240.198 Safari/537.36"
121.42.249.16 - - [07/Sep/2025:07:18:12 +0800] "GET /wp-admin/css/ HTTP/1.1" 403 548 "-" "Mozilla/5.0 (Windows NT 6.1; WOW64) AppleWebKit/537.36 (KHTML, like Gecko) Chrome/86.0.4240.198 Safari/537.36"
139.129.246.141 - - [07/Sep/2025:07:18:45 +0800] "GET /portfolio-category/dual-phase-steel/ HTTP/1.1" 200 20860 "-" "Mozilla/5.0 (Windows NT 6.1; WOW64) AppleWebKit/537.36 (KHTML, like Gecko) Chrome/86.0.4240.198 Safari/537.36"
36.133.115.36 - - [07/Sep/2025:07:19:06 +0800] "POST /wp-cron.php?doing_wp_cron=1757200746.8126211166381835937500 HTTP/1.1" 200 31 "-" "WordPress/6.8.2; http://cqqizhou.com"
47.109.54.65 - - [07/Sep/2025:07:19:06 +0800] "GET /comments/ HTTP/1.1" 404 8990 "-" "Mozilla/5.0 (Windows NT 6.1; WOW64) AppleWebKit/537.36 (KHTML, like Gecko) Chrome/86.0.4240.198 Safari/537.36"
47.109.44.73 - - [07/Sep/2025:07:19:29 +0800] "GET /wp-content/plugins/elementor-pro/assets/css/modules/ HTTP/1.1" 403 548 "-" "Mozilla/5.0 (Windows NT 6.1; WOW64) AppleWebKit/537.36 (KHTML, like Gecko) Chrome/86.0.4240.198 Safari/537.36"
121.42.253.62 - - [07/Sep/2025:07:20:06 +0800] "GET /club/ HTTP/1.1" 200 13062 "-" "Mozilla/5.0 (Windows NT 6.1; WOW64) AppleWebKit/537.36 (KHTML, like Gecko) Chrome/86.0.4240.198 Safari/537.36"
36.133.115.36 - - [07/Sep/2025:07:21:36 +0800] "POST /wp-cron.php?doing_wp_cron=1757200896.0928709506988525390625 HTTP/1.1" 200 31 "-" "WordPress/6.8.2; http://cqqizhou.com"
47.109.31.152 - - [07/Sep/2025:07:21:36 +0800] "GET /data/ HTTP/1.1" 301 5 "-" "Mozilla/5.0 (Windows NT 6.1; WOW64) AppleWebKit/537.36 (KHTML, like Gecko) Chrome/86.0.4240.198 Safari/537.36"
47.109.31.152 - - [07/Sep/2025:07:21:37 +0800] "GET /data/ HTTP/1.1" 200 11831 "http://www.cqqizhou.com/data/" "Mozilla/5.0 (Windows NT 6.1; WOW64) AppleWebKit/537.36 (KHTML, like Gecko) Chrome/86.0.4240.198 Safari/537.36"
121.42.236.230 - - [07/Sep/2025:07:21:40 +0800] "GET /news/page/2/ HTTP/1.1" 200 21561 "-" "Mozilla/5.0 (Windows NT 6.1; WOW64) AppleWebKit/537.36 (KHTML, like Gecko) Chrome/86.0.4240.198 Safari/537.36"
121.42.249.16 - - [07/Sep/2025:07:21:42 +0800] "GET /portfolio/%e5%86%b7%e8%bd%a7%e6%9d%bf/ HTTP/1.1" 200 22092 "-" "Mozilla/5.0 (Windows NT 6.1; WOW64) AppleWebKit/537.36 (KHTML, like Gecko) Chrome/86.0.4240.198 Safari/537.36"
121.42.253.62 - - [07/Sep/2025:07:21:54 +0800] "GET /wp-content/uploads/ HTTP/1.1" 403 548 "-" "Mozilla/5.0 (Windows NT 6.1; WOW64) AppleWebKit/537.36 (KHTML, like Gecko) Chrome/86.0.4240.198 Safari/537.36"
36.133.115.36 - - [07/Sep/2025:07:22:16 +0800] "POST /wp-cron.php?doing_wp_cron=1757200936.2077031135559082031250 HTTP/1.1" 200 31 "-" "WordPress/6.8.2; http://cqqizhou.com"
45.135.193.100 - - [07/Sep/2025:07:22:16 +0800] "GET / HTTP/1.1" 200 33467 "-" "Mozilla/5.0 (Windows NT 10.0; Win64; x64) AppleWebKit/537.36 (KHTML, like Gecko) Chrome/90.0.4430.85 Safari/537.36 Edg/90.0.818.46"
121.42.253.62 - - [07/Sep/2025:07:22:29 +0800] "GET /wp-content/cache/min/1/wp-content/plugins/revslider/public/js/ HTTP/1.1" 403 548 "-" "Mozilla/5.0 (Windows NT 6.1; WOW64) AppleWebKit/537.36 (KHTML, like Gecko) Chrome/86.0.4240.198 Safari/537.36"
121.42.236.230 - - [07/Sep/2025:07:23:25 +0800] "GET /2214/ HTTP/1.1" 200 24843 "-" "Mozilla/5.0 (Windows NT 6.1; WOW64) AppleWebKit/537.36 (KHTML, like Gecko) Chrome/86.0.4240.198 Safari/537.36"
36.133.115.36 - - [07/Sep/2025:07:23:49 +0800] "POST /wp-cron.php?doing_wp_cron=1757201029.4889800548553466796875 HTTP/1.1" 200 31 "-" "WordPress/6.8.2; http://cqqizhou.com"
121.42.253.62 - - [07/Sep/2025:07:23:49 +0800] "GET /wp-admin/ HTTP/1.1" 302 5 "-" "Mozilla/5.0 (Windows NT 6.1; WOW64) AppleWebKit/537.36 (KHTML, like Gecko) Chrome/86.0.4240.198 Safari/537.36"
121.42.253.62 - - [07/Sep/2025:07:23:50 +0800] "GET /wp-login.php?redirect_to=http%3A%2F%2Fcqqizhou.com%2Fwp-admin%2F&reauth=1 HTTP/1.1" 200 2779 "http://cqqizhou.com/wp-admin/" "Mozilla/5.0 (Windows NT 6.1; WOW64) AppleWebKit/537.36 (KHTML, like Gecko) Chrome/86.0.4240.198 Safari/537.36"
47.109.54.65 - - [07/Sep/2025:07:23:56 +0800] "GET /wp-admin/js/ HTTP/1.1" 403 548 "-" "Mozilla/5.0 (Windows NT 6.1; WOW64) AppleWebKit/537.36 (KHTML, like Gecko) Chrome/86.0.4240.198 Safari/537.36"
47.109.31.152 - - [07/Sep/2025:07:24:01 +0800] "GET /portfolio/pickled-coil/ HTTP/1.1" 200 22145 "-" "Mozilla/5.0 (Windows NT 6.1; WOW64) AppleWebKit/537.36 (KHTML, like Gecko) Chrome/86.0.4240.198 Safari/537.36"
36.133.115.36 - - [07/Sep/2025:07:26:16 +0800] "POST /wp-cron.php?doing_wp_cron=1757201176.8076860904693603515625 HTTP/1.1" 200 31 "-" "WordPress/6.8.2; http://cqqizhou.com"
43.133.66.51 - - [07/Sep/2025:07:26:16 +0800] "GET / HTTP/1.1" 301 5 "-" "Mozilla/5.0 (iPhone; CPU iPhone OS 13_2_3 like Mac OS X) AppleWebKit/605.1.15 (KHTML, like Gecko) Version/13.0.3 Mobile/15E148 Safari/604.1"
43.133.66.51 - - [07/Sep/2025:07:26:19 +0800] "GET / HTTP/1.1" 200 33467 "http://www.cqqizhou.com" "Mozilla/5.0 (iPhone; CPU iPhone OS 13_2_3 like Mac OS X) AppleWebKit/605.1.15 (KHTML, like Gecko) Version/13.0.3 Mobile/15E148 Safari/604.1"
47.108.117.45 - - [07/Sep/2025:07:26:47 +0800] "GET /services/ HTTP/1.1" 200 25528 "-" "Mozilla/5.0 (Windows NT 6.1; WOW64) AppleWebKit/537.36 (KHTML, like Gecko) Chrome/86.0.4240.198 Safari/537.36"
36.133.115.36 - - [07/Sep/2025:07:27:04 +0800] "POST /wp-cron.php?doing_wp_cron=1757201224.0981609821319580078125 HTTP/1.1" 200 31 "-" "WordPress/6.8.2; http://cqqizhou.com"
47.109.54.65 - - [07/Sep/2025:07:27:04 +0800] "GET /news/page/ HTTP/1.1" 404 8990 "-" "Mozilla/5.0 (Windows NT 6.1; WOW64) AppleWebKit/537.36 (KHTML, like Gecko) Chrome/86.0.4240.198 Safari/537.36"
121.42.253.62 - - [07/Sep/2025:07:27:05 +0800] "GET /wp-admin/ HTTP/1.1" 302 5 "-" "Mozilla/5.0 (Windows NT 6.1; WOW64) AppleWebKit/537.36 (KHTML, like Gecko) Chrome/86.0.4240.198 Safari/537.36"
121.42.253.62 - - [07/Sep/2025:07:27:06 +0800] "GET /wp-login.php?redirect_to=http%3A%2F%2Fcqqizhou.com%2Fwp-admin%2F&reauth=1 HTTP/1.1" 200 2779 "http://cqqizhou.com/wp-admin/" "Mozilla/5.0 (Windows NT 6.1; WOW64) AppleWebKit/537.36 (KHTML, like Gecko) Chrome/86.0.4240.198 Safari/537.36"
47.108.117.45 - - [07/Sep/2025:07:27:30 +0800] "GET /wp-content/uploads/2025/ HTTP/1.1" 403 548 "-" "Mozilla/5.0 (Windows NT 6.1; WOW64) AppleWebKit/537.36 (KHTML, like Gecko) Chrome/86.0.4240.198 Safari/537.36"
139.129.246.141 - - [07/Sep/2025:07:28:08 +0800] "GET /portfolio/duplex-stainless-steel/ HTTP/1.1" 200 22101 "-" "Mozilla/5.0 (Windows NT 6.1; WOW64) AppleWebKit/537.36 (KHTML, like Gecko) Chrome/86.0.4240.198 Safari/537.36"
121.42.252.229 - - [07/Sep/2025:07:28:40 +0800] "GET /2164/ HTTP/1.1" 200 23705 "-" "Mozilla/5.0 (Windows NT 6.1; WOW64) AppleWebKit/537.36 (KHTML, like Gecko) Chrome/86.0.4240.198 Safari/537.36"
47.108.117.45 - - [07/Sep/2025:07:29:20 +0800] "GET /wp-content/plugins/elementor/assets/css/conditionals/ HTTP/1.1" 403 548 "-" "Mozilla/5.0 (Windows NT 6.1; WOW64) AppleWebKit/537.36 (KHTML, like Gecko) Chrome/86.0.4240.198 Safari/537.36"
36.133.115.36 - - [07/Sep/2025:07:29:43 +0800] "POST /wp-cron.php?doing_wp_cron=1757201383.9215369224548339843750 HTTP/1.1" 200 31 "-" "WordPress/6.8.2; http://cqqizhou.com"
47.108.117.45 - - [07/Sep/2025:07:29:43 +0800] "GET /wp-login.php?action=lostpassword HTTP/1.1" 200 1180 "-" "Mozilla/5.0 (Windows NT 6.1; WOW64) AppleWebKit/537.36 (KHTML, like Gecko) Chrome/86.0.4240.198 Safari/537.36"
36.133.115.36 - - [07/Sep/2025:07:30:31 +0800] "POST /wp-cron.php?doing_wp_cron=1757201431.4403450489044189453125 HTTP/1.1" 200 31 "-" "WordPress/6.8.2; http://cqqizhou.com"
121.42.253.62 - - [07/Sep/2025:07:30:31 +0800] "GET /wp-json/ HTTP/1.1" 200 19172 "-" "Mozilla/5.0 (Windows NT 6.1; WOW64) AppleWebKit/537.36 (KHTML, like Gecko) Chrome/86.0.4240.198 Safari/537.36"
121.42.253.62 - - [07/Sep/2025:07:30:47 +0800] "GET /2159/ HTTP/1.1" 200 28935 "-" "Mozilla/5.0 (Windows NT 6.1; WOW64) AppleWebKit/537.36 (KHTML, like Gecko) Chrome/86.0.4240.198 Safari/537.36"
121.42.253.62 - - [07/Sep/2025:07:31:07 +0800] "GET /wp-content/themes/ HTTP/1.1" 200 31 "-" "Mozilla/5.0 (Windows NT 6.1; WOW64) AppleWebKit/537.36 (KHTML, like Gecko) Chrome/86.0.4240.198 Safari/537.36"
47.109.44.73 - - [07/Sep/2025:07:31:08 +0800] "GET /wp-content/cache/min/1/wp-content/themes/qizhou/ HTTP/1.1" 403 548 "-" "Mozilla/5.0 (Windows NT 6.1; WOW64) AppleWebKit/537.36 (KHTML, like Gecko) Chrome/86.0.4240.198 Safari/537.36"
47.109.44.73 - - [07/Sep/2025:07:31:09 +0800] "GET /uncategorized/ HTTP/1.1" 200 20922 "-" "Mozilla/5.0 (Windows NT 6.1; WOW64) AppleWebKit/537.36 (KHTML, like Gecko) Chrome/86.0.4240.198 Safari/537.36"
121.42.236.230 - - [07/Sep/2025:07:31:12 +0800] "GET /portfolio/hot-dip-galvanized-coil/ HTTP/1.1" 200 22257 "-" "Mozilla/5.0 (Windows NT 6.1; WOW64) AppleWebKit/537.36 (KHTML, like Gecko) Chrome/86.0.4240.198 Safari/537.36"
139.129.246.141 - - [07/Sep/2025:07:32:04 +0800] "GET /wp-admin/js/ HTTP/1.1" 403 548 "-" "Mozilla/5.0 (Windows NT 6.1; WOW64) AppleWebKit/537.36 (KHTML, like Gecko) Chrome/86.0.4240.198 Safari/537.36"
121.42.253.62 - - [07/Sep/2025:07:32:31 +0800] "GET /contacts/ HTTP/1.1" 200 21496 "-" "Mozilla/5.0 (Windows NT 6.1; WOW64) AppleWebKit/537.36 (KHTML, like Gecko) Chrome/86.0.4240.198 Safari/537.36"
36.133.115.36 - - [07/Sep/2025:07:32:35 +0800] "POST /wp-cron.php?doing_wp_cron=1757201555.5777769088745117187500 HTTP/1.1" 200 31 "-" "WordPress/6.8.2; http://cqqizhou.com"
66.249.70.168 - - [07/Sep/2025:07:32:35 +0800] "GET /robots.txt HTTP/1.1" 200 190 "-" "Mozilla/5.0 (compatible; Googlebot/2.1; +http://www.google.com/bot.html)"
66.249.70.168 - - [07/Sep/2025:07:32:36 +0800] "GET /wp-sitemap.xml HTTP/1.1" 501 253 "-" "Mozilla/5.0 (compatible; Googlebot/2.1; +http://www.google.com/bot.html)"
121.42.253.62 - - [07/Sep/2025:07:32:47 +0800] "GET /wp-content/uploads/2025/07/ HTTP/1.1" 403 548 "-" "Mozilla/5.0 (Windows NT 6.1; WOW64) AppleWebKit/537.36 (KHTML, like Gecko) Chrome/86.0.4240.198 Safari/537.36"
36.133.115.36 - - [07/Sep/2025:07:33:19 +0800] "POST /wp-cron.php?doing_wp_cron=1757201599.3762259483337402343750 HTTP/1.1" 200 31 "-" "WordPress/6.8.2; http://cqqizhou.com"
47.108.117.45 - - [07/Sep/2025:07:33:19 +0800] "GET /admin/data/ HTTP/1.1" 301 5 "-" "Mozilla/5.0 (Windows NT 6.1; WOW64) AppleWebKit/537.36 (KHTML, like Gecko) Chrome/86.0.4240.198 Safari/537.36"
47.108.117.45 - - [07/Sep/2025:07:33:19 +0800] "GET /data/ HTTP/1.1" 200 11831 "http://www.cqqizhou.com/admin/data/" "Mozilla/5.0 (Windows NT 6.1; WOW64) AppleWebKit/537.36 (KHTML, like Gecko) Chrome/86.0.4240.198 Safari/537.36"
66.249.70.166 - - [07/Sep/2025:07:33:37 +0800] "GET /wp-sitemap.xml HTTP/1.1" 501 253 "-" "Mozilla/5.0 (compatible; Googlebot/2.1; +http://www.google.com/bot.html)"
36.133.115.36 - - [07/Sep/2025:07:34:38 +0800] "POST /wp-cron.php?doing_wp_cron=1757201678.9432671070098876953125 HTTP/1.1" 200 31 "-" "WordPress/6.8.2; http://cqqizhou.com"
66.249.70.168 - - [07/Sep/2025:07:34:39 +0800] "GET /wp-sitemap.xml HTTP/1.1" 501 253 "-" "Mozilla/5.0 (compatible; Googlebot/2.1; +http://www.google.com/bot.html)"
36.133.115.36 - - [07/Sep/2025:07:34:49 +0800] "POST /wp-cron.php?doing_wp_cron=1757201689.2656939029693603515625 HTTP/1.1" 200 31 "-" "WordPress/6.8.2; http://cqqizhou.com"
47.109.54.65 - - [07/Sep/2025:07:34:49 +0800] "GET /shop/ HTTP/1.1" 301 5 "-" "Mozilla/5.0 (Windows NT 6.1; WOW64) AppleWebKit/537.36 (KHTML, like Gecko) Chrome/86.0.4240.198 Safari/537.36"
47.109.54.65 - - [07/Sep/2025:07:34:49 +0800] "GET /shop/ HTTP/1.1" 200 20160 "http://www.cqqizhou.com/shop/" "Mozilla/5.0 (Windows NT 6.1; WOW64) AppleWebKit/537.36 (KHTML, like Gecko) Chrome/86.0.4240.198 Safari/537.36"
66.249.70.168 - - [07/Sep/2025:07:35:39 +0800] "GET /wp-sitemap.xml HTTP/1.1" 501 253 "-" "Mozilla/5.0 (compatible; Googlebot/2.1; +http://www.google.com/bot.html)"
121.42.236.230 - - [07/Sep/2025:07:35:41 +0800] "GET /2164/ HTTP/1.1" 200 23705 "-" "Mozilla/5.0 (Windows NT 6.1; WOW64) AppleWebKit/537.36 (KHTML, like Gecko) Chrome/86.0.4240.198 Safari/537.36"
36.133.115.36 - - [07/Sep/2025:07:37:57 +0800] "POST /wp-cron.php?doing_wp_cron=1757201877.9280679225921630859375 HTTP/1.1" 200 31 "-" "WordPress/6.8.2; http://cqqizhou.com"
121.42.249.16 - - [07/Sep/2025:07:37:57 +0800] "GET /wp-login.php?action=lostpassword HTTP/1.1" 200 1180 "-" "Mozilla/5.0 (Windows NT 6.1; WOW64) AppleWebKit/537.36 (KHTML, like Gecko) Chrome/86.0.4240.198 Safari/537.36"
139.129.246.141 - - [07/Sep/2025:07:38:08 +0800] "GET /wp-content/plugins/elementor/assets/js/ HTTP/1.1" 403 548 "-" "Mozilla/5.0 (Windows NT 6.1; WOW64) AppleWebKit/537.36 (KHTML, like Gecko) Chrome/86.0.4240.198 Safari/537.36"
139.129.246.141 - - [07/Sep/2025:07:38:48 +0800] "GET /wp-content/cache/min/1/wp-content/themes/qizhou/css/ HTTP/1.1" 403 548 "-" "Mozilla/5.0 (Windows NT 6.1; WOW64) AppleWebKit/537.36 (KHTML, like Gecko) Chrome/86.0.4240.198 Safari/537.36"
36.133.115.36 - - [07/Sep/2025:07:38:54 +0800] "POST /wp-cron.php?doing_wp_cron=1757201933.9706370830535888671875 HTTP/1.1" 200 31 "-" "WordPress/6.8.2; http://cqqizhou.com"
121.42.252.229 - - [07/Sep/2025:07:38:54 +0800] "GET /contacts/ HTTP/1.1" 301 5 "-" "Mozilla/5.0 (Windows NT 6.1; WOW64) AppleWebKit/537.36 (KHTML, like Gecko) Chrome/86.0.4240.198 Safari/537.36"
121.42.252.229 - - [07/Sep/2025:07:38:54 +0800] "GET /contacts/ HTTP/1.1" 200 21496 "http://www.cqqizhou.com/contacts/" "Mozilla/5.0 (Windows NT 6.1; WOW64) AppleWebKit/537.36 (KHTML, like Gecko) Chrome/86.0.4240.198 Safari/537.36"
139.129.246.141 - - [07/Sep/2025:07:39:23 +0800] "GET /news/page/2/ HTTP/1.1" 200 21561 "-" "Mozilla/5.0 (Windows NT 6.1; WOW64) AppleWebKit/537.36 (KHTML, like Gecko) Chrome/86.0.4240.198 Safari/537.36"
121.42.253.62 - - [07/Sep/2025:07:39:23 +0800] "GET /wp-content/cache/min/1/wp-content/plugins/revslider/public/ HTTP/1.1" 403 548 "-" "Mozilla/5.0 (Windows NT 6.1; WOW64) AppleWebKit/537.36 (KHTML, like Gecko) Chrome/86.0.4240.198 Safari/537.36"
121.42.236.230 - - [07/Sep/2025:07:39:28 +0800] "GET /wp-content/plugins/wp-rocket/assets/js/ HTTP/1.1" 403 548 "-" "Mozilla/5.0 (Windows NT 6.1; WOW64) AppleWebKit/537.36 (KHTML, like Gecko) Chrome/86.0.4240.198 Safari/537.36"
47.109.54.65 - - [07/Sep/2025:07:40:05 +0800] "GET /industry/ HTTP/1.1" 200 21890 "-" "Mozilla/5.0 (Windows NT 6.1; WOW64) AppleWebKit/537.36 (KHTML, like Gecko) Chrome/86.0.4240.198 Safari/537.36"
36.133.115.36 - - [07/Sep/2025:07:40:39 +0800] "POST /wp-cron.php?doing_wp_cron=1757202039.9255049228668212890625 HTTP/1.1" 200 31 "-" "WordPress/6.8.2; http://cqqizhou.com"
121.42.236.230 - - [07/Sep/2025:07:40:39 +0800] "GET /data/ HTTP/1.1" 301 5 "-" "Mozilla/5.0 (Windows NT 6.1; WOW64) AppleWebKit/537.36 (KHTML, like Gecko) Chrome/86.0.4240.198 Safari/537.36"
121.42.236.230 - - [07/Sep/2025:07:40:40 +0800] "GET /data/ HTTP/1.1" 200 11831 "http://www.cqqizhou.com/data/" "Mozilla/5.0 (Windows NT 6.1; WOW64) AppleWebKit/537.36 (KHTML, like Gecko) Chrome/86.0.4240.198 Safari/537.36"
47.109.54.65 - - [07/Sep/2025:07:41:14 +0800] "GET /uncategorized/ HTTP/1.1" 200 20922 "-" "Mozilla/5.0 (Windows NT 6.1; WOW64) AppleWebKit/537.36 (KHTML, like Gecko) Chrome/86.0.4240.198 Safari/537.36"
47.109.31.152 - - [07/Sep/2025:07:41:24 +0800] "GET /portfolio/hot-dip-galvanized-coil/ HTTP/1.1" 200 22257 "-" "Mozilla/5.0 (Windows NT 6.1; WOW64) AppleWebKit/537.36 (KHTML, like Gecko) Chrome/86.0.4240.198 Safari/537.36"
139.129.246.141 - - [07/Sep/2025:07:41:50 +0800] "GET /club/ HTTP/1.1" 200 13062 "-" "Mozilla/5.0 (Windows NT 6.1; WOW64) AppleWebKit/537.36 (KHTML, like Gecko) Chrome/86.0.4240.198 Safari/537.36"
121.42.252.229 - - [07/Sep/2025:07:43:51 +0800] "GET /wp-content/plugins/elementor/assets/lib/animations/ HTTP/1.1" 403 548 "-" "Mozilla/5.0 (Windows NT 6.1; WOW64) AppleWebKit/537.36 (KHTML, like Gecko) Chrome/86.0.4240.198 Safari/537.36"
47.109.54.65 - - [07/Sep/2025:07:44:08 +0800] "GET /services/ HTTP/1.1" 200 25528 "-" "Mozilla/5.0 (Windows NT 6.1; WOW64) AppleWebKit/537.36 (KHTML, like Gecko) Chrome/86.0.4240.198 Safari/537.36"
36.133.115.36 - - [07/Sep/2025:07:45:37 +0800] "POST /wp-cron.php?doing_wp_cron=1757202337.6643769741058349609375 HTTP/1.1" 200 31 "-" "WordPress/6.8.2; http://cqqizhou.com"
121.42.249.16 - - [07/Sep/2025:07:45:37 +0800] "GET /?s= HTTP/1.1" 200 19545 "-" "Mozilla/5.0 (Windows NT 6.1; WOW64) AppleWebKit/537.36 (KHTML, like Gecko) Chrome/86.0.4240.198 Safari/537.36"
139.129.246.141 - - [07/Sep/2025:07:46:36 +0800] "GET /contacts/ HTTP/1.1" 200 21496 "-" "Mozilla/5.0 (Windows NT 6.1; WOW64) AppleWebKit/537.36 (KHTML, like Gecko) Chrome/86.0.4240.198 Safari/537.36"
139.129.246.141 - - [07/Sep/2025:07:46:50 +0800] "GET /wp-content/cache/min/1/wp-content/plugins/contact-form-7/includes/css/ HTTP/1.1" 403 548 "-" "Mozilla/5.0 (Windows NT 6.1; WOW64) AppleWebKit/537.36 (KHTML, like Gecko) Chrome/86.0.4240.198 Safari/537.36"
47.109.31.152 - - [07/Sep/2025:07:47:14 +0800] "GET /wp-content/cache/min/1/wp-content/plugins/contact-form-7/ HTTP/1.1" 403 548 "-" "Mozilla/5.0 (Windows NT 6.1; WOW64) AppleWebKit/537.36 (KHTML, like Gecko) Chrome/86.0.4240.198 Safari/537.36"
121.42.253.62 - - [07/Sep/2025:07:47:26 +0800] "GET /wp-content/plugins/elementor/assets/ HTTP/1.1" 403 548 "-" "Mozilla/5.0 (Windows NT 6.1; WOW64) AppleWebKit/537.36 (KHTML, like Gecko) Chrome/86.0.4240.198 Safari/537.36"
36.133.115.36 - - [07/Sep/2025:07:47:43 +0800] "POST /wp-cron.php?doing_wp_cron=1757202463.9247560501098632812500 HTTP/1.1" 200 31 "-" "WordPress/6.8.2; http://cqqizhou.com"
121.42.253.62 - - [07/Sep/2025:07:47:43 +0800] "GET /ask/data/ HTTP/1.1" 301 5 "-" "Mozilla/5.0 (Windows NT 6.1; WOW64) AppleWebKit/537.36 (KHTML, like Gecko) Chrome/86.0.4240.198 Safari/537.36"
121.42.253.62 - - [07/Sep/2025:07:47:44 +0800] "GET /data/ HTTP/1.1" 200 11831 "http://www.cqqizhou.com/ask/data/" "Mozilla/5.0 (Windows NT 6.1; WOW64) AppleWebKit/537.36 (KHTML, like Gecko) Chrome/86.0.4240.198 Safari/537.36"
121.42.249.16 - - [07/Sep/2025:07:48:32 +0800] "GET /wp-content/cache/min/1/wp-content/plugins/contact-form-7/includes/swv/js/ HTTP/1.1" 403 548 "-" "Mozilla/5.0 (Windows NT 6.1; WOW64) AppleWebKit/537.36 (KHTML, like Gecko) Chrome/86.0.4240.198 Safari/537.36"
121.42.253.62 - - [07/Sep/2025:07:49:22 +0800] "GET /wp-content/themes/qizhou/ HTTP/1.1" 500 5 "-" "Mozilla/5.0 (Windows NT 6.1; WOW64) AppleWebKit/537.36 (KHTML, like Gecko) Chrome/86.0.4240.198 Safari/537.36"
36.133.115.36 - - [07/Sep/2025:07:49:36 +0800] "POST /wp-cron.php?doing_wp_cron=1757202576.6285901069641113281250 HTTP/1.1" 200 31 "-" "WordPress/6.8.2; http://cqqizhou.com"
45.135.193.100 - - [07/Sep/2025:07:49:36 +0800] "GET / HTTP/1.1" 200 33467 "-" "Mozilla/5.0 (Windows NT 10.0; Win64; x64) AppleWebKit/537.36 (KHTML, like Gecko) Chrome/90.0.4430.85 Safari/537.36 Edg/90.0.818.46"
121.42.252.229 - - [07/Sep/2025:07:51:48 +0800] "GET /wp-content/cache/min/1/wp-content/themes/qizhou/css/ HTTP/1.1" 403 548 "-" "Mozilla/5.0 (Windows NT 6.1; WOW64) AppleWebKit/537.36 (KHTML, like Gecko) Chrome/86.0.4240.198 Safari/537.36"
47.109.44.73 - - [07/Sep/2025:07:51:59 +0800] "GET /wp-content/cache/min/1/wp-content/plugins/contact-form-7/includes/swv/ HTTP/1.1" 403 548 "-" "Mozilla/5.0 (Windows NT 6.1; WOW64) AppleWebKit/537.36 (KHTML, like Gecko) Chrome/86.0.4240.198 Safari/537.36"
36.133.115.36 - - [07/Sep/2025:07:52:00 +0800] "POST /wp-cron.php?doing_wp_cron=1757202720.8750009536743164062500 HTTP/1.1" 200 31 "-" "WordPress/6.8.2; http://cqqizhou.com"
47.109.44.73 - - [07/Sep/2025:07:52:01 +0800] "GET /wp-content/plugins/revslider/public/ HTTP/1.1" 403 548 "-" "Mozilla/5.0 (Windows NT 6.1; WOW64) AppleWebKit/537.36 (KHTML, like Gecko) Chrome/86.0.4240.198 Safari/537.36"
91.224.92.17 - - [07/Sep/2025:07:52:21 +0800] "GET / HTTP/1.1" 200 96805 "-" "-"
121.42.253.62 - - [07/Sep/2025:07:52:45 +0800] "GET /wp-content/cache/min/1/wp-content/plugins/revslider/ HTTP/1.1" 403 548 "-" "Mozilla/5.0 (Windows NT 6.1; WOW64) AppleWebKit/537.36 (KHTML, like Gecko) Chrome/86.0.4240.198 Safari/537.36"
47.109.54.65 - - [07/Sep/2025:07:52:54 +0800] "GET /2155/ HTTP/1.1" 200 29372 "-" "Mozilla/5.0 (Windows NT 6.1; WOW64) AppleWebKit/537.36 (KHTML, like Gecko) Chrome/86.0.4240.198 Safari/537.36"
47.109.54.65 - - [07/Sep/2025:07:54:25 +0800] "GET /wp-includes/css/dist/ HTTP/1.1" 403 548 "-" "Mozilla/5.0 (Windows NT 6.1; WOW64) AppleWebKit/537.36 (KHTML, like Gecko) Chrome/86.0.4240.198 Safari/537.36"
121.42.252.229 - - [07/Sep/2025:07:54:26 +0800] "GET /wp-content/cache/min/1/wp-content/plugins/contact-form-7/includes/swv/ HTTP/1.1" 403 548 "-" "Mozilla/5.0 (Windows NT 6.1; WOW64) AppleWebKit/537.36 (KHTML, like Gecko) Chrome/86.0.4240.198 Safari/537.36"
121.42.252.229 - - [07/Sep/2025:07:55:47 +0800] "GET /wp-content/cache/min/1/wp-content/plugins/contact-form-7/ HTTP/1.1" 403 548 "-" "Mozilla/5.0 (Windows NT 6.1; WOW64) AppleWebKit/537.36 (KHTML, like Gecko) Chrome/86.0.4240.198 Safari/537.36"
47.109.44.73 - - [07/Sep/2025:07:56:02 +0800] "GET /contacts/ HTTP/1.1" 200 21496 "-" "Mozilla/5.0 (Windows NT 6.1; WOW64) AppleWebKit/537.36 (KHTML, like Gecko) Chrome/86.0.4240.198 Safari/537.36"
121.42.249.16 - - [07/Sep/2025:07:56:08 +0800] "GET /wp-content/cache/min/1/wp-content/plugins/contact-form-7/includes/ HTTP/1.1" 403 548 "-" "Mozilla/5.0 (Windows NT 6.1; WOW64) AppleWebKit/537.36 (KHTML, like Gecko) Chrome/86.0.4240.198 Safari/537.36"
121.42.252.229 - - [07/Sep/2025:07:56:44 +0800] "GET /wp-content/cache/min/1/wp-content/plugins/revslider/public/js/ HTTP/1.1" 403 548 "-" "Mozilla/5.0 (Windows NT 6.1; WOW64) AppleWebKit/537.36 (KHTML, like Gecko) Chrome/86.0.4240.198 Safari/537.36"
36.133.115.36 - - [07/Sep/2025:07:57:33 +0800] "POST /wp-cron.php?doing_wp_cron=1757203053.2576160430908203125000 HTTP/1.1" 200 31 "-" "WordPress/6.8.2; http://cqqizhou.com"
47.109.44.73 - - [07/Sep/2025:07:57:33 +0800] "GET /admin/data/ HTTP/1.1" 301 5 "-" "Mozilla/5.0 (Windows NT 6.1; WOW64) AppleWebKit/537.36 (KHTML, like Gecko) Chrome/86.0.4240.198 Safari/537.36"
