File: //home/logs/cqqizhou_access_2025-08-26.log
36.133.115.36 - - [26/Aug/2025:00:03:25 +0800] "POST /wp-cron.php?doing_wp_cron=1756137805.5951910018920898437500 HTTP/1.1" 200 31 "-" "WordPress/6.8.2; http://cqqizhou.com"
78.153.140.224 - - [26/Aug/2025:00:03:25 +0800] "GET /.env HTTP/1.1" 404 31381 "-" "Mozilla/5.0 (X11; U; Linux x86_64; en-US; rv:1.8.1) Gecko/20061202 Firefox/2.0"
36.133.115.36 - - [26/Aug/2025:00:16:12 +0800] "POST /wp-cron.php?doing_wp_cron=1756138572.9000079631805419921875 HTTP/1.1" 200 31 "-" "WordPress/6.8.2; http://cqqizhou.com"
196.251.84.253 - - [26/Aug/2025:00:16:13 +0800] "GET / HTTP/1.0" 200 151647 "-" "Mozilla/5.0 (X11; Linux x86_64; rv:140.0) Gecko/20100101 Firefox/140.0"
36.133.115.36 - - [26/Aug/2025:00:23:37 +0800] "POST /wp-cron.php?doing_wp_cron=1756139017.9458129405975341796875 HTTP/1.1" 200 31 "-" "WordPress/6.8.2; http://cqqizhou.com"
20.14.75.2 - - [26/Aug/2025:00:23:38 +0800] "GET /hudson HTTP/1.1" 404 8989 "-" "Mozilla/5.0 zgrab/0.x"
36.133.115.36 - - [26/Aug/2025:00:23:52 +0800] "POST /wp-cron.php?doing_wp_cron=1756139031.9813361167907714843750 HTTP/1.1" 200 31 "-" "WordPress/6.8.2; http://cqqizhou.com"
149.50.103.48 - - [26/Aug/2025:00:23:52 +0800] "GET / HTTP/1.1" 200 33395 "-" "Mozilla/5.0 (Windows NT 10.0; Win64; x64) AppleWebKit/537.36 (KHTML, like Gecko) Chrome/90.0.4430.85 Safari/537.36 Edg/90.0.818.46"
36.133.115.36 - - [26/Aug/2025:00:32:55 +0800] "POST /wp-cron.php?doing_wp_cron=1756139575.8341310024261474609375 HTTP/1.1" 200 31 "-" "WordPress/6.8.2; http://cqqizhou.com"
34.64.218.102 - - [26/Aug/2025:00:32:56 +0800] "POST /xmlrpc.php HTTP/1.1" 200 217 "-" "Mozilla/5.0 (X11; Ubuntu; Linux x86_64; rv:85.0) Gecko/20100101 Firefox/91.0"
42.236.12.236 - - [26/Aug/2025:00:40:03 +0800] "GET / HTTP/1.1" 200 33858 "http://cqqizhou.com" "Mozilla/5.0 (Windows NT 6.1; WOW64) AppleWebKit/537.36 (KHTML, like Gecko) Chrome/50.0.2661.102 Safari/537.36; 360Spider"
36.133.115.36 - - [26/Aug/2025:00:41:43 +0800] "POST /wp-cron.php?doing_wp_cron=1756140103.0052359104156494140625 HTTP/1.1" 200 31 "-" "WordPress/6.8.2; http://cqqizhou.com"
140.238.241.140 - - [26/Aug/2025:00:41:43 +0800] "GET / HTTP/1.1" 301 5 "-" "Go-http-client/1.1"
36.133.115.36 - - [26/Aug/2025:01:24:02 +0800] "POST /wp-cron.php?doing_wp_cron=1756142642.3587141036987304687500 HTTP/1.1" 200 31 "-" "WordPress/6.8.2; http://cqqizhou.com"
149.50.103.48 - - [26/Aug/2025:01:24:02 +0800] "GET / HTTP/1.1" 200 33395 "-" "Mozilla/5.0 (Windows NT 10.0; Win64; x64) AppleWebKit/537.36 (KHTML, like Gecko) Chrome/90.0.4430.85 Safari/537.36 Edg/90.0.818.46"
36.133.115.36 - - [26/Aug/2025:01:29:42 +0800] "POST /wp-cron.php?doing_wp_cron=1756142982.3851308822631835937500 HTTP/1.1" 200 31 "-" "WordPress/6.8.2; http://cqqizhou.com"
157.245.89.176 - - [26/Aug/2025:01:29:42 +0800] "POST /xmlrpc.php HTTP/1.1" 200 217 "-" "Mozilla/5.0 (X11; Ubuntu; Linux x86_64; rv:85.0) Gecko/20100101 Firefox/91.0"
36.133.115.36 - - [26/Aug/2025:01:35:42 +0800] "POST /wp-cron.php?doing_wp_cron=1756143342.3823299407958984375000 HTTP/1.1" 200 31 "-" "WordPress/6.8.2; http://cqqizhou.com"
121.229.185.160 - - [26/Aug/2025:01:35:42 +0800] "GET / HTTP/1.1" 301 5 "-" "Mozilla/5.0 (iPhone; CPU iPhone OS 13_2_3 like Mac OS X) AppleWebKit/605.1.15 (KHTML, like Gecko) Version/13.0.3 Mobile/15E148 Safari/604.1"
36.133.115.36 - - [26/Aug/2025:01:41:17 +0800] "POST /wp-cron.php?doing_wp_cron=1756143677.5879070758819580078125 HTTP/1.1" 200 31 "-" "WordPress/6.8.2; http://cqqizhou.com"
170.64.154.53 - - [26/Aug/2025:01:41:17 +0800] "GET /aaa9 HTTP/1.1" 404 8990 "-" "Mozilla/5.0 zgrab/0.x"
170.64.154.53 - - [26/Aug/2025:01:41:30 +0800] "GET /aab8 HTTP/1.1" 404 8989 "-" "Mozilla/5.0 zgrab/0.x"
170.64.154.53 - - [26/Aug/2025:01:41:40 +0800] "GET / HTTP/1.1" 301 5 "-" "Mozilla/5.0 zgrab/0.x"
36.133.115.36 - - [26/Aug/2025:02:02:54 +0800] "POST /wp-cron.php?doing_wp_cron=1756144974.5655989646911621093750 HTTP/1.1" 200 31 "-" "WordPress/6.8.2; http://cqqizhou.com"
83.99.151.67 - - [26/Aug/2025:02:02:54 +0800] "GET /robots.txt HTTP/1.1" 200 190 "-" "Mozilla/5.0 (X11; Linux x86_64) AppleWebKit/537.36 (KHTML, like Gecko; GeedoProductSearch; +https://geedo.com/product-search.html) Chrome/134.0.0.0 Safari/537.36"
83.99.151.68 - - [26/Aug/2025:02:02:56 +0800] "GET / HTTP/1.1" 200 33858 "-" "Mozilla/5.0 (X11; Linux x86_64) AppleWebKit/537.36 (KHTML, like Gecko; GeedoProductSearch; +https://geedo.com/product-search.html) Chrome/134.0.0.0 Safari/537.36"
52.167.144.180 - - [26/Aug/2025:02:06:03 +0800] "GET /wp-content/uploads/2025/07/1751864682-Logistics800x500_2.webp HTTP/1.1" 200 27420 "-" "Mozilla/5.0 AppleWebKit/537.36 (KHTML, like Gecko; compatible; bingbot/2.0; +http://www.bing.com/bingbot.htm) Chrome/116.0.1938.76 Safari/537.36"
36.133.115.36 - - [26/Aug/2025:02:13:32 +0800] "POST /wp-cron.php?doing_wp_cron=1756145612.9464828968048095703125 HTTP/1.1" 200 31 "-" "WordPress/6.8.2; http://cqqizhou.com"
51.255.71.164 - - [26/Aug/2025:02:13:33 +0800] "POST /xmlrpc.php HTTP/1.1" 200 217 "-" "Mozilla/5.0 (X11; Ubuntu; Linux x86_64; rv:85.0) Gecko/20100101 Firefox/91.0"
185.39.19.48 - - [26/Aug/2025:02:23:50 +0800] "GET / HTTP/1.0" 200 153335 "http://cqqizhou.com/" "Mozilla/5.0 (Windows NT 10.0; Win64; x64) AppleWebKit/537.36 (KHTML, like Gecko) Chrome/130.0.0.0 Safari/537.36 CCleaner/130.0.0.0"
185.39.19.48 - - [26/Aug/2025:02:23:51 +0800] "GET /contacts/ HTTP/1.0" 200 78154 "http://cqqizhou.com/contacts/" "Mozilla/5.0 (Windows NT 10.0; Win64; x64) AppleWebKit/537.36 (KHTML, like Gecko) Chrome/130.0.0.0 Safari/537.36 CCleaner/130.0.0.0"
36.133.115.36 - - [26/Aug/2025:02:23:52 +0800] "POST /wp-cron.php?doing_wp_cron=1756146232.9426989555358886718750 HTTP/1.1" 200 31 "-" "WordPress/6.8.2; http://cqqizhou.com"
185.39.19.48 - - [26/Aug/2025:02:23:54 +0800] "POST /contacts/ HTTP/1.0" 200 68827 "http://cqqizhou.com/contacts/" "Mozilla/5.0 (Windows NT 10.0; Win64; x64) AppleWebKit/537.36 (KHTML, like Gecko) Chrome/130.0.0.0 Safari/537.36 CCleaner/130.0.0.0"
36.133.115.36 - - [26/Aug/2025:02:25:06 +0800] "POST /wp-cron.php?doing_wp_cron=1756146306.8634209632873535156250 HTTP/1.1" 200 31 "-" "WordPress/6.8.2; http://cqqizhou.com"
149.50.103.48 - - [26/Aug/2025:02:25:07 +0800] "GET / HTTP/1.1" 200 33395 "-" "Mozilla/5.0 (Windows NT 10.0; Win64; x64) AppleWebKit/537.36 (KHTML, like Gecko) Chrome/90.0.4430.85 Safari/537.36 Edg/90.0.818.46"
52.167.144.150 - - [26/Aug/2025:02:50:47 +0800] "GET /wp-content/uploads/2025/07/1750945417-honor300%C3%97206_1.webp HTTP/1.1" 200 57666 "-" "Mozilla/5.0 AppleWebKit/537.36 (KHTML, like Gecko; compatible; bingbot/2.0; +http://www.bing.com/bingbot.htm) Chrome/116.0.1938.76 Safari/537.36"
52.167.144.150 - - [26/Aug/2025:02:53:37 +0800] "GET /wp-content/uploads/2025/07/1750945417-honor300%C3%97206_1.webp HTTP/1.1" 200 57666 "-" "Mozilla/5.0 AppleWebKit/537.36 (KHTML, like Gecko; compatible; bingbot/2.0; +http://www.bing.com/bingbot.htm) Chrome/116.0.1938.76 Safari/537.36"
36.133.115.36 - - [26/Aug/2025:02:55:12 +0800] "POST /wp-cron.php?doing_wp_cron=1756148112.6036939620971679687500 HTTP/1.1" 200 31 "-" "WordPress/6.8.2; http://cqqizhou.com"
13.93.123.99 - - [26/Aug/2025:02:55:13 +0800] "POST /xmlrpc.php HTTP/1.1" 200 217 "-" "Mozilla/5.0 (X11; Ubuntu; Linux x86_64; rv:85.0) Gecko/20100101 Firefox/91.0"
36.133.115.36 - - [26/Aug/2025:03:12:56 +0800] "POST /wp-cron.php?doing_wp_cron=1756149176.8716540336608886718750 HTTP/1.1" 200 31 "-" "WordPress/6.8.2; http://cqqizhou.com"
45.135.193.253 - - [26/Aug/2025:03:12:57 +0800] "GET / HTTP/1.1" 200 151669 "-" "-"
36.133.115.36 - - [26/Aug/2025:03:20:47 +0800] "POST /wp-cron.php?doing_wp_cron=1756149647.5186560153961181640625 HTTP/1.1" 200 31 "-" "WordPress/6.8.2; http://cqqizhou.com"
91.224.92.17 - - [26/Aug/2025:03:21:06 +0800] "GET / HTTP/1.1" 200 109837 "-" "-"
36.133.115.36 - - [26/Aug/2025:03:25:19 +0800] "POST /wp-cron.php?doing_wp_cron=1756149919.4469070434570312500000 HTTP/1.1" 200 31 "-" "WordPress/6.8.2; http://cqqizhou.com"
115.159.33.43 - - [26/Aug/2025:03:25:19 +0800] "GET / HTTP/1.1" 301 5 "-" "Mozilla/5.0 (Windows NT 10.0; Win64; x64) AppleWebKit/537.36 (KHTML, like Gecko) Chrome/79.0.3945.117 Safari/537.36"
36.133.115.36 - - [26/Aug/2025:03:30:03 +0800] "POST /wp-cron.php?doing_wp_cron=1756150203.2561330795288085937500 HTTP/1.1" 200 31 "-" "WordPress/6.8.2; http://cqqizhou.com"
144.172.103.95 - - [26/Aug/2025:03:30:03 +0800] "GET / HTTP/1.0" 200 151647 "-" "Mozilla/5.0 (X11; Linux x86_64; rv:140.0) Gecko/20100101 Firefox/140.0"
36.133.115.36 - - [26/Aug/2025:03:33:06 +0800] "POST /wp-cron.php?doing_wp_cron=1756150386.5191910266876220703125 HTTP/1.1" 200 31 "-" "WordPress/6.8.2; http://cqqizhou.com"
87.120.191.6 - - [26/Aug/2025:03:33:06 +0800] "GET / HTTP/1.1" 200 33395 "-" "Mozilla/5.0 (Windows NT 10.0; Win64; x64) AppleWebKit/537.36 (KHTML, like Gecko) Chrome/90.0.4430.85 Safari/537.36 Edg/90.0.818.46"
36.133.115.36 - - [26/Aug/2025:03:33:52 +0800] "POST /wp-cron.php?doing_wp_cron=1756150432.8133170604705810546875 HTTP/1.1" 200 31 "-" "WordPress/6.8.2; http://cqqizhou.com"
149.50.103.48 - - [26/Aug/2025:03:33:53 +0800] "GET / HTTP/1.1" 200 33395 "-" "Mozilla/5.0 (Windows NT 10.0; Win64; x64) AppleWebKit/537.36 (KHTML, like Gecko) Chrome/90.0.4430.85 Safari/537.36 Edg/90.0.818.46"
36.133.115.36 - - [26/Aug/2025:03:36:27 +0800] "POST /wp-cron.php?doing_wp_cron=1756150587.2053399085998535156250 HTTP/1.1" 200 31 "-" "WordPress/6.8.2; http://cqqizhou.com"
157.230.255.214 - - [26/Aug/2025:03:36:27 +0800] "POST /xmlrpc.php HTTP/1.1" 200 217 "-" "Mozilla/5.0 (X11; Ubuntu; Linux x86_64; rv:85.0) Gecko/20100101 Firefox/91.0"
36.133.115.36 - - [26/Aug/2025:03:42:31 +0800] "POST /wp-cron.php?doing_wp_cron=1756150951.1833789348602294921875 HTTP/1.1" 200 31 "-" "WordPress/6.8.2; http://cqqizhou.com"
142.93.90.55 - - [26/Aug/2025:03:42:31 +0800] "GET /.env HTTP/1.1" 404 8989 "-" "Mozilla/5.0; Keydrop.io/1.0(onlyscans.com/about);"
142.93.90.55 - - [26/Aug/2025:03:42:32 +0800] "GET /.git/config HTTP/1.1" 404 8989 "-" "Mozilla/5.0; Keydrop.io/1.0(onlyscans.com/about);"
36.133.115.36 - - [26/Aug/2025:03:56:31 +0800] "POST /wp-cron.php?doing_wp_cron=1756151791.5414929389953613281250 HTTP/1.1" 200 31 "-" "WordPress/6.8.2; http://cqqizhou.com"
212.32.238.6 - - [26/Aug/2025:03:56:31 +0800] "POST /xmlrpc.php HTTP/1.1" 200 217 "-" "Mozilla/5.0 (X11; Ubuntu; Linux x86_64; rv:85.0) Gecko/20100101 Firefox/91.0"
36.133.115.36 - - [26/Aug/2025:04:16:34 +0800] "POST /wp-cron.php?doing_wp_cron=1756152994.2962028980255126953125 HTTP/1.1" 200 31 "-" "WordPress/6.8.2; http://cqqizhou.com"
188.166.234.199 - - [26/Aug/2025:04:16:34 +0800] "POST /xmlrpc.php HTTP/1.1" 200 217 "-" "Mozilla/5.0 (X11; Ubuntu; Linux x86_64; rv:85.0) Gecko/20100101 Firefox/91.0"
36.133.115.36 - - [26/Aug/2025:04:20:00 +0800] "POST /wp-cron.php?doing_wp_cron=1756153200.8072168827056884765625 HTTP/1.1" 200 31 "-" "WordPress/6.8.2; http://cqqizhou.com"
87.120.191.6 - - [26/Aug/2025:04:20:01 +0800] "GET / HTTP/1.1" 200 33395 "-" "Mozilla/5.0 (Windows NT 10.0; Win64; x64) AppleWebKit/537.36 (KHTML, like Gecko) Chrome/90.0.4430.85 Safari/537.36 Edg/90.0.818.46"
36.133.115.36 - - [26/Aug/2025:04:38:46 +0800] "POST /wp-cron.php?doing_wp_cron=1756154326.0257670879364013671875 HTTP/1.1" 200 31 "-" "WordPress/6.8.2; http://cqqizhou.com"
149.50.103.48 - - [26/Aug/2025:04:38:46 +0800] "GET / HTTP/1.1" 200 33395 "-" "Mozilla/5.0 (Windows NT 10.0; Win64; x64) AppleWebKit/537.36 (KHTML, like Gecko) Chrome/90.0.4430.85 Safari/537.36 Edg/90.0.818.46"
36.133.115.36 - - [26/Aug/2025:05:15:57 +0800] "POST /wp-cron.php?doing_wp_cron=1756156557.7872529029846191406250 HTTP/1.1" 200 31 "-" "WordPress/6.8.2; http://cqqizhou.com"
87.120.191.6 - - [26/Aug/2025:05:15:58 +0800] "GET / HTTP/1.1" 200 33395 "-" "Mozilla/5.0 (Windows NT 10.0; Win64; x64) AppleWebKit/537.36 (KHTML, like Gecko) Chrome/90.0.4430.85 Safari/537.36 Edg/90.0.818.46"
36.133.115.36 - - [26/Aug/2025:05:39:25 +0800] "POST /wp-cron.php?doing_wp_cron=1756157965.8202641010284423828125 HTTP/1.1" 200 31 "-" "WordPress/6.8.2; http://cqqizhou.com"
149.50.103.48 - - [26/Aug/2025:05:39:26 +0800] "GET / HTTP/1.1" 200 33395 "-" "Mozilla/5.0 (Windows NT 10.0; Win64; x64) AppleWebKit/537.36 (KHTML, like Gecko) Chrome/90.0.4430.85 Safari/537.36 Edg/90.0.818.46"
36.133.115.36 - - [26/Aug/2025:05:56:21 +0800] "POST /wp-cron.php?doing_wp_cron=1756158981.1384871006011962890625 HTTP/1.1" 200 31 "-" "WordPress/6.8.2; http://cqqizhou.com"
91.224.92.17 - - [26/Aug/2025:05:56:42 +0800] "GET / HTTP/1.1" 200 109837 "-" "-"
36.133.115.36 - - [26/Aug/2025:06:07:18 +0800] "POST /wp-cron.php?doing_wp_cron=1756159638.4123299121856689453125 HTTP/1.1" 200 31 "-" "WordPress/6.8.2; http://cqqizhou.com"
147.185.132.42 - - [26/Aug/2025:06:07:18 +0800] "GET / HTTP/1.1" 200 33395 "-" "Hello from Palo Alto Networks, find out more about our scans in https://docs-cortex.paloaltonetworks.com/r/1/Cortex-Xpanse/Scanning-activity"
36.133.115.36 - - [26/Aug/2025:06:12:03 +0800] "POST /wp-cron.php?doing_wp_cron=1756159923.9484651088714599609375 HTTP/1.1" 200 31 "-" "WordPress/6.8.2; http://cqqizhou.com"
87.120.191.6 - - [26/Aug/2025:06:12:04 +0800] "GET / HTTP/1.1" 200 33396 "-" "Mozilla/5.0 (Windows NT 10.0; Win64; x64) AppleWebKit/537.36 (KHTML, like Gecko) Chrome/90.0.4430.85 Safari/537.36 Edg/90.0.818.46"
36.133.115.36 - - [26/Aug/2025:06:18:16 +0800] "POST /wp-cron.php?doing_wp_cron=1756160296.7407650947570800781250 HTTP/1.1" 200 31 "-" "WordPress/6.8.2; http://cqqizhou.com"
107.175.141.10 - - [26/Aug/2025:06:18:17 +0800] "GET / HTTP/1.1" 200 151669 "-" "-"
36.133.115.36 - - [26/Aug/2025:06:49:01 +0800] "POST /wp-cron.php?doing_wp_cron=1756162141.8016591072082519531250 HTTP/1.1" 200 31 "-" "WordPress/6.8.2; http://cqqizhou.com"
149.50.103.48 - - [26/Aug/2025:06:49:02 +0800] "GET / HTTP/1.1" 200 33395 "-" "Mozilla/5.0 (Windows NT 10.0; Win64; x64) AppleWebKit/537.36 (KHTML, like Gecko) Chrome/90.0.4430.85 Safari/537.36 Edg/90.0.818.46"
36.133.115.36 - - [26/Aug/2025:06:52:35 +0800] "POST /wp-cron.php?doing_wp_cron=1756162355.1054420471191406250000 HTTP/1.1" 200 31 "-" "WordPress/6.8.2; http://cqqizhou.com"
43.153.7.191 - - [26/Aug/2025:06:52:35 +0800] "GET / HTTP/1.1" 301 5 "-" "Mozilla/5.0 (iPhone; CPU iPhone OS 13_2_3 like Mac OS X) AppleWebKit/605.1.15 (KHTML, like Gecko) Version/13.0.3 Mobile/15E148 Safari/604.1"
43.153.7.191 - - [26/Aug/2025:06:52:37 +0800] "GET / HTTP/1.1" 200 33395 "http://www.cqqizhou.com" "Mozilla/5.0 (iPhone; CPU iPhone OS 13_2_3 like Mac OS X) AppleWebKit/605.1.15 (KHTML, like Gecko) Version/13.0.3 Mobile/15E148 Safari/604.1"
36.133.115.36 - - [26/Aug/2025:07:05:11 +0800] "POST /wp-cron.php?doing_wp_cron=1756163111.1579549312591552734375 HTTP/1.1" 200 31 "-" "WordPress/6.8.2; http://cqqizhou.com"
43.135.142.37 - - [26/Aug/2025:07:05:11 +0800] "GET /portfolio/remaining-rolls/ HTTP/1.1" 200 18631 "-" "Mozilla/5.0 (iPhone; CPU iPhone OS 13_2_3 like Mac OS X) AppleWebKit/605.1.15 (KHTML, like Gecko) Version/13.0.3 Mobile/15E148 Safari/604.1"
36.133.115.36 - - [26/Aug/2025:07:09:55 +0800] "POST /wp-cron.php?doing_wp_cron=1756163395.5573089122772216796875 HTTP/1.1" 200 31 "-" "WordPress/6.8.2; http://cqqizhou.com"
87.120.191.6 - - [26/Aug/2025:07:09:55 +0800] "GET / HTTP/1.1" 200 33395 "-" "Mozilla/5.0 (Windows NT 10.0; Win64; x64) AppleWebKit/537.36 (KHTML, like Gecko) Chrome/90.0.4430.85 Safari/537.36 Edg/90.0.818.46"
36.133.115.36 - - [26/Aug/2025:07:17:09 +0800] "POST /wp-cron.php?doing_wp_cron=1756163829.2457430362701416015625 HTTP/1.1" 200 31 "-" "WordPress/6.8.2; http://cqqizhou.com"
43.166.131.228 - - [26/Aug/2025:07:17:09 +0800] "GET /portfolio-category/remaining-rolls/ HTTP/1.1" 200 17453 "-" "Mozilla/5.0 (iPhone; CPU iPhone OS 13_2_3 like Mac OS X) AppleWebKit/605.1.15 (KHTML, like Gecko) Version/13.0.3 Mobile/15E148 Safari/604.1"
36.133.115.36 - - [26/Aug/2025:07:28:33 +0800] "POST /wp-cron.php?doing_wp_cron=1756164513.5280311107635498046875 HTTP/1.1" 200 31 "-" "WordPress/6.8.2; http://cqqizhou.com"
43.159.144.16 - - [26/Aug/2025:07:28:33 +0800] "GET //Material.html HTTP/1.1" 301 5 "-" "Mozilla/5.0 (iPhone; CPU iPhone OS 13_2_3 like Mac OS X) AppleWebKit/605.1.15 (KHTML, like Gecko) Version/13.0.3 Mobile/15E148 Safari/604.1"
43.159.144.16 - - [26/Aug/2025:07:28:39 +0800] "GET /Material.html HTTP/1.1" 404 8989 "http://cqqizhou.com//Material.html" "Mozilla/5.0 (iPhone; CPU iPhone OS 13_2_3 like Mac OS X) AppleWebKit/605.1.15 (KHTML, like Gecko) Version/13.0.3 Mobile/15E148 Safari/604.1"
36.133.115.36 - - [26/Aug/2025:07:36:46 +0800] "POST /wp-cron.php?doing_wp_cron=1756165006.2936770915985107421875 HTTP/1.1" 200 31 "-" "WordPress/6.8.2; http://cqqizhou.com"
43.130.102.7 - - [26/Aug/2025:07:36:46 +0800] "GET /wp-content/uploads/2025/07/1753587901-Slider_3840 HTTP/1.1" 404 8989 "-" "Mozilla/5.0 (iPhone; CPU iPhone OS 13_2_3 like Mac OS X) AppleWebKit/605.1.15 (KHTML, like Gecko) Version/13.0.3 Mobile/15E148 Safari/604.1"
132.232.144.200 - - [26/Aug/2025:07:36:54 +0800] "GET / HTTP/1.1" 301 5 "-" "Mozilla/5.0 (iPhone; CPU iPhone OS 13_2_3 like Mac OS X) AppleWebKit/605.1.15 (KHTML, like Gecko) Version/13.0.3 Mobile/15E148 Safari/604.1"
132.232.144.200 - - [26/Aug/2025:07:36:56 +0800] "GET / HTTP/1.1" 200 33395 "http://www.cqqizhou.com" "Mozilla/5.0 (iPhone; CPU iPhone OS 13_2_3 like Mac OS X) AppleWebKit/605.1.15 (KHTML, like Gecko) Version/13.0.3 Mobile/15E148 Safari/604.1"
36.133.115.36 - - [26/Aug/2025:07:46:24 +0800] "POST /wp-cron.php?doing_wp_cron=1756165584.4819200038909912109375 HTTP/1.1" 200 31 "-" "WordPress/6.8.2; http://cqqizhou.com"
196.251.84.253 - - [26/Aug/2025:07:46:26 +0800] "GET / HTTP/1.0" 200 78014 "-" "Mozilla/5.0 (X11; Linux x86_64; rv:140.0) Gecko/20100101 Firefox/140.0"
149.50.103.48 - - [26/Aug/2025:07:46:40 +0800] "GET / HTTP/1.1" 200 33395 "-" "Mozilla/5.0 (Windows NT 10.0; Win64; x64) AppleWebKit/537.36 (KHTML, like Gecko) Chrome/90.0.4430.85 Safari/537.36 Edg/90.0.818.46"
36.133.115.36 - - [26/Aug/2025:07:49:11 +0800] "POST /wp-cron.php?doing_wp_cron=1756165751.4199020862579345703125 HTTP/1.1" 200 31 "-" "WordPress/6.8.2; http://cqqizhou.com"
43.153.10.83 - - [26/Aug/2025:07:49:11 +0800] "GET /wp-content/uploads/2025/07/1753453127- HTTP/1.1" 404 8990 "-" "Mozilla/5.0 (iPhone; CPU iPhone OS 13_2_3 like Mac OS X) AppleWebKit/605.1.15 (KHTML, like Gecko) Version/13.0.3 Mobile/15E148 Safari/604.1"
36.133.115.36 - - [26/Aug/2025:07:55:32 +0800] "POST /wp-cron.php?doing_wp_cron=1756166132.3718669414520263671875 HTTP/1.1" 200 31 "-" "WordPress/6.8.2; http://cqqizhou.com"
43.164.195.17 - - [26/Aug/2025:07:55:32 +0800] "GET / HTTP/1.1" 200 33395 "-" "Mozilla/5.0 (iPhone; CPU iPhone OS 13_2_3 like Mac OS X) AppleWebKit/605.1.15 (KHTML, like Gecko) Version/13.0.3 Mobile/15E148 Safari/604.1"
36.133.115.36 - - [26/Aug/2025:08:00:04 +0800] "POST /wp-cron.php?doing_wp_cron=1756166404.0830640792846679687500 HTTP/1.1" 200 31 "-" "WordPress/6.8.2; http://cqqizhou.com"
170.106.11.141 - - [26/Aug/2025:08:00:04 +0800] "GET /portfolio/duplex-stainless-steel/ HTTP/1.1" 200 18609 "-" "Mozilla/5.0 (iPhone; CPU iPhone OS 13_2_3 like Mac OS X) AppleWebKit/605.1.15 (KHTML, like Gecko) Version/13.0.3 Mobile/15E148 Safari/604.1"
36.133.115.36 - - [26/Aug/2025:08:08:44 +0800] "POST /wp-cron.php?doing_wp_cron=1756166924.3508839607238769531250 HTTP/1.1" 200 31 "-" "WordPress/6.8.2; http://cqqizhou.com"
87.120.191.6 - - [26/Aug/2025:08:08:44 +0800] "GET / HTTP/1.1" 200 33395 "-" "Mozilla/5.0 (Windows NT 10.0; Win64; x64) AppleWebKit/537.36 (KHTML, like Gecko) Chrome/90.0.4430.85 Safari/537.36 Edg/90.0.818.46"
36.133.115.36 - - [26/Aug/2025:08:11:25 +0800] "POST /wp-cron.php?doing_wp_cron=1756167085.1824679374694824218750 HTTP/1.1" 200 31 "-" "WordPress/6.8.2; http://cqqizhou.com"
147.185.132.132 - - [26/Aug/2025:08:11:25 +0800] "GET /wp-login.php HTTP/1.1" 200 8672 "-" "Hello from Palo Alto Networks, find out more about our scans in https://docs-cortex.paloaltonetworks.com/r/1/Cortex-Xpanse/Scanning-activity"
36.133.115.36 - - [26/Aug/2025:08:12:31 +0800] "POST /wp-cron.php?doing_wp_cron=1756167150.9685409069061279296875 HTTP/1.1" 200 31 "-" "WordPress/6.8.2; http://cqqizhou.com"
49.51.166.228 - - [26/Aug/2025:08:12:31 +0800] "GET /about/ HTTP/1.1" 200 24180 "-" "Mozilla/5.0 (iPhone; CPU iPhone OS 13_2_3 like Mac OS X) AppleWebKit/605.1.15 (KHTML, like Gecko) Version/13.0.3 Mobile/15E148 Safari/604.1"
36.133.115.36 - - [26/Aug/2025:08:16:43 +0800] "POST /wp-cron.php?doing_wp_cron=1756167403.3474490642547607421875 HTTP/1.1" 200 31 "-" "WordPress/6.8.2; http://cqqizhou.com"
162.62.231.139 - - [26/Aug/2025:08:16:43 +0800] "GET /2163/ HTTP/1.1" 200 19703 "-" "Mozilla/5.0 (iPhone; CPU iPhone OS 13_2_3 like Mac OS X) AppleWebKit/605.1.15 (KHTML, like Gecko) Version/13.0.3 Mobile/15E148 Safari/604.1"
36.133.115.36 - - [26/Aug/2025:08:25:29 +0800] "POST /wp-cron.php?doing_wp_cron=1756167929.2887899875640869140625 HTTP/1.1" 200 31 "-" "WordPress/6.8.2; http://cqqizhou.com"
43.157.38.228 - - [26/Aug/2025:08:25:29 +0800] "GET /portfolio/hot-dip-galvanized-coil/ HTTP/1.1" 200 18751 "-" "Mozilla/5.0 (iPhone; CPU iPhone OS 13_2_3 like Mac OS X) AppleWebKit/605.1.15 (KHTML, like Gecko) Version/13.0.3 Mobile/15E148 Safari/604.1"
36.133.115.36 - - [26/Aug/2025:08:40:27 +0800] "POST /wp-cron.php?doing_wp_cron=1756168827.0745930671691894531250 HTTP/1.1" 200 31 "-" "WordPress/6.8.2; http://cqqizhou.com"
43.135.138.128 - - [26/Aug/2025:08:40:27 +0800] "GET /portfolio-category/cold-rolled-coil/ HTTP/1.1" 200 17490 "-" "Mozilla/5.0 (iPhone; CPU iPhone OS 13_2_3 like Mac OS X) AppleWebKit/605.1.15 (KHTML, like Gecko) Version/13.0.3 Mobile/15E148 Safari/604.1"
138.117.148.158 - - [26/Aug/2025:08:44:05 +0800] "GET / HTTP/1.1" 200 33858 "-" "Mozilla/5.0 (Windows NT 10.0; Win64; x64) AppleWebKit/537.36 (KHTML, like Gecko) Chrome/113.0.5672.126 Safari/537.36 Edg/113.0.1774.50"
36.133.115.36 - - [26/Aug/2025:08:44:06 +0800] "POST /wp-cron.php?doing_wp_cron=1756169046.8437840938568115234375 HTTP/1.1" 200 31 "-" "WordPress/6.8.2; http://cqqizhou.com"
138.117.148.158 - - [26/Aug/2025:08:44:06 +0800] "GET /index.php?rest_route=/wp/v2/users HTTP/1.1" 200 282 "http://cqqizhou.com" "Mozilla/5.0 (Macintosh; Intel Mac OS X 14_6) AppleWebKit/605.1.15 (KHTML, like Gecko) Version/17.5 Safari/605.1.15"
52.167.144.187 - - [26/Aug/2025:08:46:27 +0800] "GET /wp-content/uploads/2025/07/1753453127-%E4%BD%99%E5%8D%B7product_Single600%C3%97284.webp HTTP/1.1" 200 18744 "-" "Mozilla/5.0 AppleWebKit/537.36 (KHTML, like Gecko; compatible; bingbot/2.0; +http://www.bing.com/bingbot.htm) Chrome/116.0.1938.76 Safari/537.36"
124.156.226.179 - - [26/Aug/2025:08:48:22 +0800] "GET /wp-content/uploads/2025/07/1751425283-qizhou.kf_.qq_.com_.webp HTTP/1.1" 200 16864 "-" "Mozilla/5.0 (iPhone; CPU iPhone OS 13_2_3 like Mac OS X) AppleWebKit/605.1.15 (KHTML, like Gecko) Version/13.0.3 Mobile/15E148 Safari/604.1"
36.133.115.36 - - [26/Aug/2025:08:54:54 +0800] "POST /wp-cron.php?doing_wp_cron=1756169694.3397140502929687500000 HTTP/1.1" 200 31 "-" "WordPress/6.8.2; http://cqqizhou.com"
149.50.103.48 - - [26/Aug/2025:08:54:54 +0800] "GET / HTTP/1.1" 200 33394 "-" "Mozilla/5.0 (Windows NT 10.0; Win64; x64) AppleWebKit/537.36 (KHTML, like Gecko) Chrome/90.0.4430.85 Safari/537.36 Edg/90.0.818.46"
36.133.115.36 - - [26/Aug/2025:08:55:58 +0800] "POST /wp-cron.php?doing_wp_cron=1756169758.7402610778808593750000 HTTP/1.1" 200 31 "-" "WordPress/6.8.2; http://cqqizhou.com"
87.120.191.6 - - [26/Aug/2025:08:55:59 +0800] "GET / HTTP/1.1" 200 33394 "-" "Mozilla/5.0 (Windows NT 10.0; Win64; x64) AppleWebKit/537.36 (KHTML, like Gecko) Chrome/90.0.4430.85 Safari/537.36 Edg/90.0.818.46"
36.133.115.36 - - [26/Aug/2025:08:57:26 +0800] "POST /wp-cron.php?doing_wp_cron=1756169846.3144679069519042968750 HTTP/1.1" 200 31 "-" "WordPress/6.8.2; http://cqqizhou.com"
49.51.38.193 - - [26/Aug/2025:08:57:26 +0800] "GET /wp-content/uploads/2025/07/1753453096- HTTP/1.1" 404 8990 "-" "Mozilla/5.0 (iPhone; CPU iPhone OS 13_2_3 like Mac OS X) AppleWebKit/605.1.15 (KHTML, like Gecko) Version/13.0.3 Mobile/15E148 Safari/604.1"
36.133.115.36 - - [26/Aug/2025:09:03:58 +0800] "POST /wp-cron.php?doing_wp_cron=1756170238.8242208957672119140625 HTTP/1.1" 200 31 "-" "WordPress/6.8.2; http://cqqizhou.com"
196.251.69.194 - - [26/Aug/2025:09:03:59 +0800] "GET / HTTP/1.0" 200 96838 "-" "Mozilla/5.0 (X11; Linux x86_64; rv:140.0) Gecko/20100101 Firefox/140.0"
89.19.180.90 - - [26/Aug/2025:09:08:05 +0800] "GET / HTTP/1.1" 499 0 "-" "Mozilla/5.0 (Windows NT 10.0; WOW64) AppleWebKit/537.36 (KHTML, like Gecko) Chrome/51.0.2704.103 Safari/537.36"
36.133.115.36 - - [26/Aug/2025:09:08:05 +0800] "POST /wp-cron.php?doing_wp_cron=1756170485.5917420387268066406250 HTTP/1.1" 200 31 "-" "WordPress/6.8.2; http://cqqizhou.com"
43.130.139.177 - - [26/Aug/2025:09:11:58 +0800] "GET /wp-content/uploads/2025/07/1750649193-qizhou1920x1080_5.webp HTTP/1.1" 200 110214 "-" "Mozilla/5.0 (iPhone; CPU iPhone OS 13_2_3 like Mac OS X) AppleWebKit/605.1.15 (KHTML, like Gecko) Version/13.0.3 Mobile/15E148 Safari/604.1"
36.133.115.36 - - [26/Aug/2025:09:15:34 +0800] "POST /wp-cron.php?doing_wp_cron=1756170934.6191549301147460937500 HTTP/1.1" 200 31 "-" "WordPress/6.8.2; http://cqqizhou.com"
49.51.178.45 - - [26/Aug/2025:09:15:34 +0800] "GET /wp-json/oembed/1.0/embed?url=http%3A%2F%2Fcqqizhou.com%2F2163%2F HTTP/1.1" 200 1238 "-" "Mozilla/5.0 (iPhone; CPU iPhone OS 13_2_3 like Mac OS X) AppleWebKit/605.1.15 (KHTML, like Gecko) Version/13.0.3 Mobile/15E148 Safari/604.1"
125.80.164.134 - - [26/Aug/2025:09:15:41 +0800] "GET /about/ HTTP/1.1" 200 30035 "https://cn.bing.com/" "Mozilla/5.0 (Windows NT 10.0; Win64; x64) AppleWebKit/537.36 (KHTML, like Gecko) Chrome/139.0.0.0 Safari/537.36 Edg/139.0.0.0"
125.80.164.134 - - [26/Aug/2025:09:15:41 +0800] "GET /wp-content/uploads/2025/07/1750649803-qizhou800x500_2.webp HTTP/1.1" 200 63616 "http://cqqizhou.com/about/" "Mozilla/5.0 (Windows NT 10.0; Win64; x64) AppleWebKit/537.36 (KHTML, like Gecko) Chrome/139.0.0.0 Safari/537.36 Edg/139.0.0.0"
125.80.164.134 - - [26/Aug/2025:09:15:41 +0800] "GET /wp-content/uploads/2025/07/1750945417-honor300%C3%97206_1.webp HTTP/1.1" 200 57666 "http://cqqizhou.com/about/" "Mozilla/5.0 (Windows NT 10.0; Win64; x64) AppleWebKit/537.36 (KHTML, like Gecko) Chrome/139.0.0.0 Safari/537.36 Edg/139.0.0.0"
125.80.164.134 - - [26/Aug/2025:09:15:41 +0800] "GET /wp-content/uploads/2025/07/1750945444-honor300%C3%97206_2.webp HTTP/1.1" 200 71296 "http://cqqizhou.com/about/" "Mozilla/5.0 (Windows NT 10.0; Win64; x64) AppleWebKit/537.36 (KHTML, like Gecko) Chrome/139.0.0.0 Safari/537.36 Edg/139.0.0.0"
125.80.164.134 - - [26/Aug/2025:09:15:41 +0800] "GET /wp-content/uploads/2025/07/1750671800-partner1_200x50.webp HTTP/1.1" 200 2244 "http://cqqizhou.com/about/" "Mozilla/5.0 (Windows NT 10.0; Win64; x64) AppleWebKit/537.36 (KHTML, like Gecko) Chrome/139.0.0.0 Safari/537.36 Edg/139.0.0.0"
125.80.164.134 - - [26/Aug/2025:09:15:41 +0800] "GET /wp-content/uploads/2025/07/1750671801-partner2_200x50.webp HTTP/1.1" 200 3946 "http://cqqizhou.com/about/" "Mozilla/5.0 (Windows NT 10.0; Win64; x64) AppleWebKit/537.36 (KHTML, like Gecko) Chrome/139.0.0.0 Safari/537.36 Edg/139.0.0.0"
125.80.164.134 - - [26/Aug/2025:09:15:41 +0800] "GET /wp-content/uploads/2025/07/1750671803-partner3_200x50.webp HTTP/1.1" 200 4414 "http://cqqizhou.com/about/" "Mozilla/5.0 (Windows NT 10.0; Win64; x64) AppleWebKit/537.36 (KHTML, like Gecko) Chrome/139.0.0.0 Safari/537.36 Edg/139.0.0.0"
125.80.164.134 - - [26/Aug/2025:09:15:41 +0800] "GET /wp-content/uploads/2025/07/1750671805-partner4_200x50.webp HTTP/1.1" 200 2390 "http://cqqizhou.com/about/" "Mozilla/5.0 (Windows NT 10.0; Win64; x64) AppleWebKit/537.36 (KHTML, like Gecko) Chrome/139.0.0.0 Safari/537.36 Edg/139.0.0.0"
125.80.164.134 - - [26/Aug/2025:09:15:41 +0800] "GET /wp-content/uploads/2025/07/1750671806-partner5_200x50.webp HTTP/1.1" 200 2840 "http://cqqizhou.com/about/" "Mozilla/5.0 (Windows NT 10.0; Win64; x64) AppleWebKit/537.36 (KHTML, like Gecko) Chrome/139.0.0.0 Safari/537.36 Edg/139.0.0.0"
125.80.164.134 - - [26/Aug/2025:09:15:41 +0800] "GET /wp-content/uploads/2025/07/1750671808-partner6_200x50.webp HTTP/1.1" 200 3004 "http://cqqizhou.com/about/" "Mozilla/5.0 (Windows NT 10.0; Win64; x64) AppleWebKit/537.36 (KHTML, like Gecko) Chrome/139.0.0.0 Safari/537.36 Edg/139.0.0.0"
125.80.164.134 - - [26/Aug/2025:09:15:41 +0800] "GET /wp-content/uploads/2025/07/1751425283-qizhou.kf_.qq_.com_.webp HTTP/1.1" 200 16864 "http://cqqizhou.com/about/" "Mozilla/5.0 (Windows NT 10.0; Win64; x64) AppleWebKit/537.36 (KHTML, like Gecko) Chrome/139.0.0.0 Safari/537.36 Edg/139.0.0.0"
125.80.164.134 - - [26/Aug/2025:09:15:41 +0800] "GET /wp-content/uploads/2025/06/1750755307-qizhoucangku2000x400_2025624.webp HTTP/1.1" 200 45470 "http://cqqizhou.com/about/" "Mozilla/5.0 (Windows NT 10.0; Win64; x64) AppleWebKit/537.36 (KHTML, like Gecko) Chrome/139.0.0.0 Safari/537.36 Edg/139.0.0.0"
125.80.164.134 - - [26/Aug/2025:09:15:41 +0800] "GET /wp-content/uploads/elementor/thumbs/1751209300-Hello-Qizhou3-r91b71mdtei8mab1rr8x739cnvi1mafuaga3vbed3o.webp HTTP/1.1" 200 39120 "http://cqqizhou.com/about/" "Mozilla/5.0 (Windows NT 10.0; Win64; x64) AppleWebKit/537.36 (KHTML, like Gecko) Chrome/139.0.0.0 Safari/537.36 Edg/139.0.0.0"
125.80.164.134 - - [26/Aug/2025:09:15:41 +0800] "GET /wp-content/uploads/elementor/thumbs/1751373145-About_Qizhoudalou_W800px-r91b70ok8huvvdr4ynxnf302e8ie3iydlh6ag9ew82.webp HTTP/1.1" 200 37938 "http://cqqizhou.com/about/" "Mozilla/5.0 (Windows NT 10.0; Win64; x64) AppleWebKit/537.36 (KHTML, like Gecko) Chrome/139.0.0.0 Safari/537.36 Edg/139.0.0.0"
125.80.164.134 - - [26/Aug/2025:09:15:41 +0800] "GET /wp-content/uploads/2025/07/1750649179-qizhou1920x1080_1.webp HTTP/1.1" 200 172154 "http://cqqizhou.com/about/" "Mozilla/5.0 (Windows NT 10.0; Win64; x64) AppleWebKit/537.36 (KHTML, like Gecko) Chrome/139.0.0.0 Safari/537.36 Edg/139.0.0.0"
125.80.164.134 - - [26/Aug/2025:09:15:41 +0800] "GET /wp-content/uploads/2025/07/1750649193-qizhou1920x1080_5.webp HTTP/1.1" 200 110214 "http://cqqizhou.com/about/" "Mozilla/5.0 (Windows NT 10.0; Win64; x64) AppleWebKit/537.36 (KHTML, like Gecko) Chrome/139.0.0.0 Safari/537.36 Edg/139.0.0.0"
125.80.164.134 - - [26/Aug/2025:09:15:41 +0800] "GET /wp-content/uploads/2025/07/1750649197-qizhou1920x1080_6.webp HTTP/1.1" 200 150354 "http://cqqizhou.com/about/" "Mozilla/5.0 (Windows NT 10.0; Win64; x64) AppleWebKit/537.36 (KHTML, like Gecko) Chrome/139.0.0.0 Safari/537.36 Edg/139.0.0.0"
125.80.164.134 - - [26/Aug/2025:09:15:41 +0800] "GET /wp-content/uploads/2025/07/1750649189-qizhou1920x1080_4.webp HTTP/1.1" 200 174962 "http://cqqizhou.com/about/" "Mozilla/5.0 (Windows NT 10.0; Win64; x64) AppleWebKit/537.36 (KHTML, like Gecko) Chrome/139.0.0.0 Safari/537.36 Edg/139.0.0.0"
125.80.164.134 - - [26/Aug/2025:09:15:41 +0800] "GET /wp-content/uploads/2025/07/1750649186-qizhou1920x1080_3.webp HTTP/1.1" 200 134070 "http://cqqizhou.com/about/" "Mozilla/5.0 (Windows NT 10.0; Win64; x64) AppleWebKit/537.36 (KHTML, like Gecko) Chrome/139.0.0.0 Safari/537.36 Edg/139.0.0.0"
125.80.164.134 - - [26/Aug/2025:09:15:41 +0800] "GET /wp-content/uploads/2025/07/1750649183-qizhou1920x1080_2.webp HTTP/1.1" 200 267936 "http://cqqizhou.com/about/" "Mozilla/5.0 (Windows NT 10.0; Win64; x64) AppleWebKit/537.36 (KHTML, like Gecko) Chrome/139.0.0.0 Safari/537.36 Edg/139.0.0.0"
125.80.164.134 - - [26/Aug/2025:09:15:41 +0800] "GET /wp-content/uploads/2025/07/1750649200-qizhou1920x1080_7.webp HTTP/1.1" 200 238866 "http://cqqizhou.com/about/" "Mozilla/5.0 (Windows NT 10.0; Win64; x64) AppleWebKit/537.36 (KHTML, like Gecko) Chrome/139.0.0.0 Safari/537.36 Edg/139.0.0.0"
125.80.164.134 - - [26/Aug/2025:09:15:41 +0800] "GET /wp-content/uploads/2025/07/1750649203-qizhou1920x1080_8.webp HTTP/1.1" 200 256782 "http://cqqizhou.com/about/" "Mozilla/5.0 (Windows NT 10.0; Win64; x64) AppleWebKit/537.36 (KHTML, like Gecko) Chrome/139.0.0.0 Safari/537.36 Edg/139.0.0.0"
125.80.164.134 - - [26/Aug/2025:09:15:41 +0800] "GET /wp-content/uploads/2025/07/1750649207-qizhou1920x1080_9.webp HTTP/1.1" 200 146108 "http://cqqizhou.com/about/" "Mozilla/5.0 (Windows NT 10.0; Win64; x64) AppleWebKit/537.36 (KHTML, like Gecko) Chrome/139.0.0.0 Safari/537.36 Edg/139.0.0.0"
125.80.164.134 - - [26/Aug/2025:09:15:41 +0800] "GET /wp-content/uploads/2025/07/1750649215-qizhou1920x1080_11.webp HTTP/1.1" 200 171642 "http://cqqizhou.com/about/" "Mozilla/5.0 (Windows NT 10.0; Win64; x64) AppleWebKit/537.36 (KHTML, like Gecko) Chrome/139.0.0.0 Safari/537.36 Edg/139.0.0.0"
125.80.164.134 - - [26/Aug/2025:09:15:41 +0800] "GET /wp-content/uploads/2025/07/1750649212-qizhou1920x1080_10.webp HTTP/1.1" 200 143362 "http://cqqizhou.com/about/" "Mozilla/5.0 (Windows NT 10.0; Win64; x64) AppleWebKit/537.36 (KHTML, like Gecko) Chrome/139.0.0.0 Safari/537.36 Edg/139.0.0.0"
125.80.164.134 - - [26/Aug/2025:09:15:42 +0800] "GET /wp-content/uploads/2025/07/1750945514-honor300%C3%97206_3.webp HTTP/1.1" 200 74124 "http://cqqizhou.com/about/" "Mozilla/5.0 (Windows NT 10.0; Win64; x64) AppleWebKit/537.36 (KHTML, like Gecko) Chrome/139.0.0.0 Safari/537.36 Edg/139.0.0.0"
125.80.164.134 - - [26/Aug/2025:09:15:43 +0800] "GET /wp-content/uploads/2025/07/1750945616-honor300%C3%97206_4.webp HTTP/1.1" 200 33814 "http://cqqizhou.com/about/" "Mozilla/5.0 (Windows NT 10.0; Win64; x64) AppleWebKit/537.36 (KHTML, like Gecko) Chrome/139.0.0.0 Safari/537.36 Edg/139.0.0.0"
125.80.164.134 - - [26/Aug/2025:09:15:43 +0800] "GET /wp-content/uploads/2025/07/1750945650-honor300%C3%97206_6.webp HTTP/1.1" 200 66306 "http://cqqizhou.com/about/" "Mozilla/5.0 (Windows NT 10.0; Win64; x64) AppleWebKit/537.36 (KHTML, like Gecko) Chrome/139.0.0.0 Safari/537.36 Edg/139.0.0.0"
125.80.164.134 - - [26/Aug/2025:09:15:43 +0800] "GET /wp-content/uploads/2025/07/1750945637-honor300%C3%97206_5.webp HTTP/1.1" 200 77368 "http://cqqizhou.com/about/" "Mozilla/5.0 (Windows NT 10.0; Win64; x64) AppleWebKit/537.36 (KHTML, like Gecko) Chrome/139.0.0.0 Safari/537.36 Edg/139.0.0.0"
125.80.164.134 - - [26/Aug/2025:09:15:45 +0800] "GET /wp-content/uploads/2025/07/1750656103-Visionr2000x800_20250623131702.webp HTTP/1.1" 200 57650 "http://cqqizhou.com/wp-content/uploads/elementor/css/post-1849.css?ver=1755835654" "Mozilla/5.0 (Windows NT 10.0; Win64; x64) AppleWebKit/537.36 (KHTML, like Gecko) Chrome/139.0.0.0 Safari/537.36 Edg/139.0.0.0"
125.80.164.134 - - [26/Aug/2025:09:17:49 +0800] "GET / HTTP/1.1" 200 33858 "https://www.so.com/link?m=w3rYYxt47iQh3W%2FvFiMf4oyqwJGY7ufE8hJAGikrjxqYVp9Gm1AfB7XFzTwXp3pLkZyYbi9fQD7B3Y%2BoypkQ2m60kwYxj77YCq18PML8btD7AJFI0b0AtwHrWDdHMnAJil1v0wRc4LsLTtxwr" "Mozilla/5.0 (Windows NT 10.0; WOW64) AppleWebKit/537.36 (KHTML, like Gecko) Chrome/86.0.4240.198 Safari/537.36"
125.80.164.134 - - [26/Aug/2025:09:17:50 +0800] "GET /wp-content/uploads/2025/07/1751425283-qizhou.kf_.qq_.com_.webp HTTP/1.1" 200 16864 "http://cqqizhou.com/" "Mozilla/5.0 (Windows NT 10.0; WOW64) AppleWebKit/537.36 (KHTML, like Gecko) Chrome/86.0.4240.198 Safari/537.36"
125.80.164.134 - - [26/Aug/2025:09:17:50 +0800] "GET /wp-content/uploads/2025/07/1753456723-%E5%8F%8C%E7%9B%B8%E9%92%A2roduct_Single600.webp HTTP/1.1" 200 22790 "http://cqqizhou.com/" "Mozilla/5.0 (Windows NT 10.0; WOW64) AppleWebKit/537.36 (KHTML, like Gecko) Chrome/86.0.4240.198 Safari/537.36"
125.80.164.134 - - [26/Aug/2025:09:17:50 +0800] "GET /wp-content/uploads/2025/07/1753453096-%E5%8F%8C%E7%9B%B8%E9%92%A2product_Single600%C3%97284.webp HTTP/1.1" 200 14562 "http://cqqizhou.com/" "Mozilla/5.0 (Windows NT 10.0; WOW64) AppleWebKit/537.36 (KHTML, like Gecko) Chrome/86.0.4240.198 Safari/537.36"
125.80.164.134 - - [26/Aug/2025:09:17:50 +0800] "GET /wp-content/uploads/2025/07/1753453127-%E4%BD%99%E5%8D%B7product_Single600%C3%97284.webp HTTP/1.1" 200 18744 "http://cqqizhou.com/" "Mozilla/5.0 (Windows NT 10.0; WOW64) AppleWebKit/537.36 (KHTML, like Gecko) Chrome/86.0.4240.198 Safari/537.36"
125.80.164.134 - - [26/Aug/2025:09:17:50 +0800] "GET /wp-content/uploads/2025/07/1753456770-%E7%83%AD%E9%95%80%E9%94%8C%E5%8D%B7product_Single600.webp HTTP/1.1" 200 27502 "http://cqqizhou.com/" "Mozilla/5.0 (Windows NT 10.0; WOW64) AppleWebKit/537.36 (KHTML, like Gecko) Chrome/86.0.4240.198 Safari/537.36"
125.80.164.134 - - [26/Aug/2025:09:17:51 +0800] "GET /wp-content/uploads/revslider/slider-1/1750929639-yuanjing_Slider_3840%C3%972160_20250626171955-scaled.webp HTTP/1.1" 200 203290 "http://cqqizhou.com/" "Mozilla/5.0 (Windows NT 10.0; WOW64) AppleWebKit/537.36 (KHTML, like Gecko) Chrome/86.0.4240.198 Safari/537.36"
125.80.164.134 - - [26/Aug/2025:09:17:51 +0800] "GET /wp-content/uploads/2025/07/1753587901-Slider_3840%C3%972160_20250727-scaled-50x100.webp HTTP/1.1" 200 1660 "http://cqqizhou.com/" "Mozilla/5.0 (Windows NT 10.0; WOW64) AppleWebKit/537.36 (KHTML, like Gecko) Chrome/86.0.4240.198 Safari/537.36"
125.80.164.134 - - [26/Aug/2025:09:17:51 +0800] "GET /wp-content/uploads/revslider/slider-1/1750861156-logistics_Slider_3840%C3%972160_20250625191356-scaled-50x100.webp HTTP/1.1" 200 1416 "http://cqqizhou.com/" "Mozilla/5.0 (Windows NT 10.0; WOW64) AppleWebKit/537.36 (KHTML, like Gecko) Chrome/86.0.4240.198 Safari/537.36"
36.133.115.36 - - [26/Aug/2025:09:17:52 +0800] "POST /wp-cron.php?doing_wp_cron=1756171072.3192379474639892578125 HTTP/1.1" 200 31 "-" "WordPress/6.8.2; http://cqqizhou.com"
125.80.164.134 - - [26/Aug/2025:09:17:52 +0800] "GET /wp-json/sliderrevolution/sliders/1?srengine=7&slideid=3 HTTP/1.1" 200 2292 "http://cqqizhou.com/" "Mozilla/5.0 (Windows NT 10.0; WOW64) AppleWebKit/537.36 (KHTML, like Gecko) Chrome/86.0.4240.198 Safari/537.36"
125.80.164.134 - - [26/Aug/2025:09:17:52 +0800] "GET /wp-content/uploads/2025/07/1753587901-Slider_3840%C3%972160_20250727-scaled.webp HTTP/1.1" 200 141034 "http://cqqizhou.com/" "Mozilla/5.0 (Windows NT 10.0; WOW64) AppleWebKit/537.36 (KHTML, like Gecko) Chrome/86.0.4240.198 Safari/537.36"
125.80.164.134 - - [26/Aug/2025:09:17:52 +0800] "GET /wp-json/sliderrevolution/sliders/1?srengine=7&slideid=2 HTTP/1.1" 200 2058 "http://cqqizhou.com/" "Mozilla/5.0 (Windows NT 10.0; WOW64) AppleWebKit/537.36 (KHTML, like Gecko) Chrome/86.0.4240.198 Safari/537.36"
125.80.164.134 - - [26/Aug/2025:09:17:52 +0800] "GET /wp-content/uploads/revslider/slider-1/1750861156-logistics_Slider_3840%C3%972160_20250625191356-scaled.webp HTTP/1.1" 200 197360 "http://cqqizhou.com/" "Mozilla/5.0 (Windows NT 10.0; WOW64) AppleWebKit/537.36 (KHTML, like Gecko) Chrome/86.0.4240.198 Safari/537.36"
125.80.164.134 - - [26/Aug/2025:09:17:53 +0800] "GET /wp-content/uploads/2025/07/1750174127-Marketing1920x800_3.webp HTTP/1.1" 200 52790 "http://cqqizhou.com/wp-content/uploads/elementor/css/post-1666.css?ver=1755834647" "Mozilla/5.0 (Windows NT 10.0; WOW64) AppleWebKit/537.36 (KHTML, like Gecko) Chrome/86.0.4240.198 Safari/537.36"
125.80.164.134 - - [26/Aug/2025:09:17:54 +0800] "GET /wp-content/uploads/2025/07/1753454089-Article_images_W900px.webp HTTP/1.1" 200 27552 "http://cqqizhou.com/" "Mozilla/5.0 (Windows NT 10.0; WOW64) AppleWebKit/537.36 (KHTML, like Gecko) Chrome/86.0.4240.198 Safari/537.36"
125.80.164.134 - - [26/Aug/2025:09:17:56 +0800] "GET /wp-content/uploads/2025/07/1751829454-Smart-warehousing800x500.webp HTTP/1.1" 200 79504 "http://cqqizhou.com/wp-content/uploads/elementor/css/post-1666.css?ver=1755834647" "Mozilla/5.0 (Windows NT 10.0; WOW64) AppleWebKit/537.36 (KHTML, like Gecko) Chrome/86.0.4240.198 Safari/537.36"
125.80.164.134 - - [26/Aug/2025:09:17:57 +0800] "GET /wp-content/uploads/2025/07/1751967322-Storage-processing_images_W900%C3%97300.webp HTTP/1.1" 200 23120 "http://cqqizhou.com/wp-content/uploads/elementor/css/post-1666.css?ver=1755834647" "Mozilla/5.0 (Windows NT 10.0; WOW64) AppleWebKit/537.36 (KHTML, like Gecko) Chrome/86.0.4240.198 Safari/537.36"
125.80.164.134 - - [26/Aug/2025:09:17:58 +0800] "GET /wp-content/uploads/2025/07/1753454299-Article_images_W900px.webp HTTP/1.1" 200 52418 "http://cqqizhou.com/" "Mozilla/5.0 (Windows NT 10.0; WOW64) AppleWebKit/537.36 (KHTML, like Gecko) Chrome/86.0.4240.198 Safari/537.36"
125.80.164.134 - - [26/Aug/2025:09:19:47 +0800] "GET /wp-content/uploads/revslider/slider-1/1750929639-yuanjing_Slider_3840%C3%972160_20250626171955-scaled-50x100.webp HTTP/1.1" 200 1784 "http://cqqizhou.com/" "Mozilla/5.0 (Windows NT 10.0; WOW64) AppleWebKit/537.36 (KHTML, like Gecko) Chrome/86.0.4240.198 Safari/537.36"
125.80.164.134 - - [26/Aug/2025:09:19:55 +0800] "GET /wp-content/uploads/2025/07/1751988544-Logistics-delivery_images_W900%C3%97300.webp HTTP/1.1" 200 26142 "http://cqqizhou.com/wp-content/uploads/elementor/css/post-1666.css?ver=1755834647" "Mozilla/5.0 (Windows NT 10.0; WOW64) AppleWebKit/537.36 (KHTML, like Gecko) Chrome/86.0.4240.198 Safari/537.36"
125.80.164.134 - - [26/Aug/2025:09:21:06 +0800] "GET /news/ HTTP/1.1" 200 25103 "http://cqqizhou.com/" "Mozilla/5.0 (Windows NT 10.0; WOW64) AppleWebKit/537.36 (KHTML, like Gecko) Chrome/86.0.4240.198 Safari/537.36"
125.80.164.134 - - [26/Aug/2025:09:21:06 +0800] "GET /wp-content/uploads/2025/08/1755826390-DSC01765.webp HTTP/1.1" 200 71514 "http://cqqizhou.com/news/" "Mozilla/5.0 (Windows NT 10.0; WOW64) AppleWebKit/537.36 (KHTML, like Gecko) Chrome/86.0.4240.198 Safari/537.36"
125.80.164.134 - - [26/Aug/2025:09:21:06 +0800] "GET /wp-content/uploads/2025/08/1755826456-DSC01841.webp HTTP/1.1" 200 87046 "http://cqqizhou.com/news/" "Mozilla/5.0 (Windows NT 10.0; WOW64) AppleWebKit/537.36 (KHTML, like Gecko) Chrome/86.0.4240.198 Safari/537.36"
125.80.164.134 - - [26/Aug/2025:09:21:06 +0800] "GET /wp-content/uploads/2025/07/1753455746-DSC01472.webp HTTP/1.1" 200 31854 "http://cqqizhou.com/news/" "Mozilla/5.0 (Windows NT 10.0; WOW64) AppleWebKit/537.36 (KHTML, like Gecko) Chrome/86.0.4240.198 Safari/537.36"
125.80.164.134 - - [26/Aug/2025:09:21:06 +0800] "GET /wp-content/uploads/2025/07/1753453986-Article_images_W900px.webp HTTP/1.1" 200 57364 "http://cqqizhou.com/news/" "Mozilla/5.0 (Windows NT 10.0; WOW64) AppleWebKit/537.36 (KHTML, like Gecko) Chrome/86.0.4240.198 Safari/537.36"
125.80.164.134 - - [26/Aug/2025:09:21:06 +0800] "GET /wp-content/uploads/2025/07/1753410289-News2000%C3%97400_202571.webp HTTP/1.1" 200 17830 "http://cqqizhou.com/news/" "Mozilla/5.0 (Windows NT 10.0; WOW64) AppleWebKit/537.36 (KHTML, like Gecko) Chrome/86.0.4240.198 Safari/537.36"
36.133.115.36 - - [26/Aug/2025:09:21:10 +0800] "POST /wp-cron.php?doing_wp_cron=1756171270.1628661155700683593750 HTTP/1.1" 200 31 "-" "WordPress/6.8.2; http://cqqizhou.com"
125.80.164.134 - - [26/Aug/2025:09:21:10 +0800] "POST /wp-admin/admin-ajax.php HTTP/1.1" 403 33 "http://cqqizhou.com/news/" "Mozilla/5.0 (Windows NT 10.0; WOW64) AppleWebKit/537.36 (KHTML, like Gecko) Chrome/86.0.4240.198 Safari/537.36"
125.80.164.134 - - [26/Aug/2025:09:21:14 +0800] "GET /2215/ HTTP/1.1" 200 24058 "http://cqqizhou.com/news/" "Mozilla/5.0 (Windows NT 10.0; WOW64) AppleWebKit/537.36 (KHTML, like Gecko) Chrome/86.0.4240.198 Safari/537.36"
125.80.164.134 - - [26/Aug/2025:09:21:14 +0800] "GET /wp-content/uploads/2025/08/1755826390-DSC01765-150x150.webp HTTP/1.1" 200 6586 "http://cqqizhou.com/2215/" "Mozilla/5.0 (Windows NT 10.0; WOW64) AppleWebKit/537.36 (KHTML, like Gecko) Chrome/86.0.4240.198 Safari/537.36"
125.80.164.134 - - [26/Aug/2025:09:21:14 +0800] "GET /wp-content/uploads/2025/07/1753453719-Article_images1_W900px.webp HTTP/1.1" 200 78234 "http://cqqizhou.com/2215/" "Mozilla/5.0 (Windows NT 10.0; WOW64) AppleWebKit/537.36 (KHTML, like Gecko) Chrome/86.0.4240.198 Safari/537.36"
125.80.164.134 - - [26/Aug/2025:09:21:16 +0800] "POST /wp-admin/admin-ajax.php HTTP/1.1" 200 599 "http://cqqizhou.com/2215/" "Mozilla/5.0 (Windows NT 10.0; WOW64) AppleWebKit/537.36 (KHTML, like Gecko) Chrome/86.0.4240.198 Safari/537.36"
36.133.115.36 - - [26/Aug/2025:09:22:27 +0800] "POST /wp-cron.php?doing_wp_cron=1756171347.4157519340515136718750 HTTP/1.1" 200 31 "-" "WordPress/6.8.2; http://cqqizhou.com"
125.80.164.134 - - [26/Aug/2025:09:22:27 +0800] "GET /2214/ HTTP/1.1" 200 24757 "http://cqqizhou.com/2215/" "Mozilla/5.0 (Windows NT 10.0; WOW64) AppleWebKit/537.36 (KHTML, like Gecko) Chrome/86.0.4240.198 Safari/537.36"
125.80.164.134 - - [26/Aug/2025:09:22:27 +0800] "GET /wp-content/uploads/2025/07/1753455746-DSC01472-150x150.webp HTTP/1.1" 200 4760 "http://cqqizhou.com/2214/" "Mozilla/5.0 (Windows NT 10.0; WOW64) AppleWebKit/537.36 (KHTML, like Gecko) Chrome/86.0.4240.198 Safari/537.36"
125.80.164.134 - - [26/Aug/2025:09:22:27 +0800] "GET /wp-content/uploads/2025/08/1755826456-DSC01841-150x150.webp HTTP/1.1" 200 9850 "http://cqqizhou.com/2214/" "Mozilla/5.0 (Windows NT 10.0; WOW64) AppleWebKit/537.36 (KHTML, like Gecko) Chrome/86.0.4240.198 Safari/537.36"
36.133.115.36 - - [26/Aug/2025:09:27:25 +0800] "POST /wp-cron.php?doing_wp_cron=1756171645.7098839282989501953125 HTTP/1.1" 200 31 "-" "WordPress/6.8.2; http://cqqizhou.com"
43.135.140.225 - - [26/Aug/2025:09:27:25 +0800] "GET /portfolio/ HTTP/1.1" 200 16943 "-" "Mozilla/5.0 (iPhone; CPU iPhone OS 13_2_3 like Mac OS X) AppleWebKit/605.1.15 (KHTML, like Gecko) Version/13.0.3 Mobile/15E148 Safari/604.1"
36.133.115.36 - - [26/Aug/2025:09:34:24 +0800] "POST /wp-cron.php?doing_wp_cron=1756172064.3242630958557128906250 HTTP/1.1" 200 31 "-" "WordPress/6.8.2; http://cqqizhou.com"
91.224.92.17 - - [26/Aug/2025:09:34:43 +0800] "GET / HTTP/1.1" 200 96805 "-" "-"
52.167.144.150 - - [26/Aug/2025:09:36:35 +0800] "GET /wp-content/uploads/2025/07/1751864682-Logistics800x500_2.webp HTTP/1.1" 200 27420 "-" "Mozilla/5.0 AppleWebKit/537.36 (KHTML, like Gecko; compatible; bingbot/2.0; +http://www.bing.com/bingbot.htm) Chrome/116.0.1938.76 Safari/537.36"
36.133.115.36 - - [26/Aug/2025:09:38:08 +0800] "POST /wp-cron.php?doing_wp_cron=1756172288.7477529048919677734375 HTTP/1.1" 200 31 "-" "WordPress/6.8.2; http://cqqizhou.com"
170.106.165.186 - - [26/Aug/2025:09:38:08 +0800] "GET /2164/ HTTP/1.1" 200 19437 "-" "Mozilla/5.0 (iPhone; CPU iPhone OS 13_2_3 like Mac OS X) AppleWebKit/605.1.15 (KHTML, like Gecko) Version/13.0.3 Mobile/15E148 Safari/604.1"
125.80.164.134 - - [26/Aug/2025:09:40:40 +0800] "GET / HTTP/1.1" 200 33858 "http://cqqizhou.com/about/" "Mozilla/5.0 (Windows NT 10.0; Win64; x64) AppleWebKit/537.36 (KHTML, like Gecko) Chrome/139.0.0.0 Safari/537.36 Edg/139.0.0.0"
125.80.164.134 - - [26/Aug/2025:09:40:41 +0800] "GET /wp-content/uploads/2025/07/1753453096-%E5%8F%8C%E7%9B%B8%E9%92%A2product_Single600%C3%97284.webp HTTP/1.1" 200 14562 "http://cqqizhou.com/" "Mozilla/5.0 (Windows NT 10.0; Win64; x64) AppleWebKit/537.36 (KHTML, like Gecko) Chrome/139.0.0.0 Safari/537.36 Edg/139.0.0.0"
125.80.164.134 - - [26/Aug/2025:09:40:41 +0800] "GET /wp-content/uploads/2025/07/1753456770-%E7%83%AD%E9%95%80%E9%94%8C%E5%8D%B7product_Single600.webp HTTP/1.1" 200 27502 "http://cqqizhou.com/" "Mozilla/5.0 (Windows NT 10.0; Win64; x64) AppleWebKit/537.36 (KHTML, like Gecko) Chrome/139.0.0.0 Safari/537.36 Edg/139.0.0.0"
125.80.164.134 - - [26/Aug/2025:09:40:41 +0800] "GET /wp-content/uploads/2025/07/1753456723-%E5%8F%8C%E7%9B%B8%E9%92%A2roduct_Single600.webp HTTP/1.1" 200 22790 "http://cqqizhou.com/" "Mozilla/5.0 (Windows NT 10.0; Win64; x64) AppleWebKit/537.36 (KHTML, like Gecko) Chrome/139.0.0.0 Safari/537.36 Edg/139.0.0.0"
125.80.164.134 - - [26/Aug/2025:09:40:41 +0800] "GET /wp-content/uploads/2025/07/1753453127-%E4%BD%99%E5%8D%B7product_Single600%C3%97284.webp HTTP/1.1" 200 18744 "http://cqqizhou.com/" "Mozilla/5.0 (Windows NT 10.0; Win64; x64) AppleWebKit/537.36 (KHTML, like Gecko) Chrome/139.0.0.0 Safari/537.36 Edg/139.0.0.0"
125.80.164.134 - - [26/Aug/2025:09:40:42 +0800] "GET /wp-content/uploads/revslider/slider-1/1750929639-yuanjing_Slider_3840%C3%972160_20250626171955-scaled.webp HTTP/1.1" 200 203290 "http://cqqizhou.com/" "Mozilla/5.0 (Windows NT 10.0; Win64; x64) AppleWebKit/537.36 (KHTML, like Gecko) Chrome/139.0.0.0 Safari/537.36 Edg/139.0.0.0"
125.80.164.134 - - [26/Aug/2025:09:40:42 +0800] "GET /wp-content/uploads/revslider/slider-1/1750861156-logistics_Slider_3840%C3%972160_20250625191356-scaled-50x100.webp HTTP/1.1" 200 1416 "http://cqqizhou.com/" "Mozilla/5.0 (Windows NT 10.0; Win64; x64) AppleWebKit/537.36 (KHTML, like Gecko) Chrome/139.0.0.0 Safari/537.36 Edg/139.0.0.0"
125.80.164.134 - - [26/Aug/2025:09:40:42 +0800] "GET /wp-content/uploads/2025/07/1753587901-Slider_3840%C3%972160_20250727-scaled-50x100.webp HTTP/1.1" 200 1660 "http://cqqizhou.com/" "Mozilla/5.0 (Windows NT 10.0; Win64; x64) AppleWebKit/537.36 (KHTML, like Gecko) Chrome/139.0.0.0 Safari/537.36 Edg/139.0.0.0"
36.133.115.36 - - [26/Aug/2025:09:40:43 +0800] "POST /wp-cron.php?doing_wp_cron=1756172442.9665470123291015625000 HTTP/1.1" 200 31 "-" "WordPress/6.8.2; http://cqqizhou.com"
125.80.164.134 - - [26/Aug/2025:09:40:43 +0800] "GET /wp-json/sliderrevolution/sliders/1?srengine=7&slideid=3 HTTP/1.1" 200 2292 "http://cqqizhou.com/" "Mozilla/5.0 (Windows NT 10.0; Win64; x64) AppleWebKit/537.36 (KHTML, like Gecko) Chrome/139.0.0.0 Safari/537.36 Edg/139.0.0.0"
125.80.164.134 - - [26/Aug/2025:09:40:43 +0800] "GET /wp-json/sliderrevolution/sliders/1?srengine=7&slideid=2 HTTP/1.1" 200 2058 "http://cqqizhou.com/" "Mozilla/5.0 (Windows NT 10.0; Win64; x64) AppleWebKit/537.36 (KHTML, like Gecko) Chrome/139.0.0.0 Safari/537.36 Edg/139.0.0.0"
125.80.164.134 - - [26/Aug/2025:09:40:43 +0800] "GET /wp-content/uploads/2025/07/1753587901-Slider_3840%C3%972160_20250727-scaled.webp HTTP/1.1" 200 141034 "http://cqqizhou.com/" "Mozilla/5.0 (Windows NT 10.0; Win64; x64) AppleWebKit/537.36 (KHTML, like Gecko) Chrome/139.0.0.0 Safari/537.36 Edg/139.0.0.0"
125.80.164.134 - - [26/Aug/2025:09:40:43 +0800] "GET /wp-content/uploads/revslider/slider-1/1750861156-logistics_Slider_3840%C3%972160_20250625191356-scaled.webp HTTP/1.1" 200 197360 "http://cqqizhou.com/" "Mozilla/5.0 (Windows NT 10.0; Win64; x64) AppleWebKit/537.36 (KHTML, like Gecko) Chrome/139.0.0.0 Safari/537.36 Edg/139.0.0.0"
