135.220.172.38 - - [25/Aug/2025:09:51:10 +0800] "GET /content/ HTTP/1.1" 404 31381 "-" "-"
135.220.172.38 - - [25/Aug/2025:09:51:11 +0800] "GET /css/ HTTP/1.1" 404 31381 "-" "-"
135.220.172.38 - - [25/Aug/2025:09:51:12 +0800] "GET /dev.php/laravel/ HTTP/1.1" 404 31381 "-" "-"
135.220.172.38 - - [25/Aug/2025:09:51:12 +0800] "GET /edit.php HTTP/1.1" 404 27 "-" "-"
135.220.172.38 - - [25/Aug/2025:09:51:12 +0800] "GET /file.php HTTP/1.1" 404 27 "-" "-"
135.220.172.38 - - [25/Aug/2025:09:51:13 +0800] "GET /file/ HTTP/1.1" 404 31381 "-" "-"
135.220.172.38 - - [25/Aug/2025:09:51:14 +0800] "GET /files/ALFA_DATA/alfacgiapi/ HTTP/1.1" 404 31381 "-" "-"
135.220.172.38 - - [25/Aug/2025:09:51:15 +0800] "GET /flower.php HTTP/1.1" 404 27 "-" "-"
135.220.172.38 - - [25/Aug/2025:09:51:15 +0800] "GET /index/function.php HTTP/1.1" 404 27 "-" "-"
135.220.172.38 - - [25/Aug/2025:09:51:15 +0800] "GET /ioxi-o.php HTTP/1.1" 404 27 "-" "-"
135.220.172.38 - - [25/Aug/2025:09:51:16 +0800] "GET /js/filemanager/ HTTP/1.1" 404 31381 "-" "-"
135.220.172.38 - - [25/Aug/2025:09:51:17 +0800] "GET /libraries/ HTTP/1.1" 404 31381 "-" "-"
135.220.172.38 - - [25/Aug/2025:09:51:18 +0800] "GET /link.php/wp-includes/Text/ HTTP/1.1" 404 31381 "-" "-"
135.220.172.38 - - [25/Aug/2025:09:51:19 +0800] "GET /mail/backup/ HTTP/1.1" 404 31381 "-" "-"
135.220.172.38 - - [25/Aug/2025:09:51:20 +0800] "GET /media/filemanager/ HTTP/1.1" 404 31381 "-" "-"
135.220.172.38 - - [25/Aug/2025:09:51:21 +0800] "GET /modules/mod_footer/tmpl/ HTTP/1.1" 404 31381 "-" "-"
135.220.172.38 - - [25/Aug/2025:09:51:22 +0800] "GET /profiles/ HTTP/1.1" 404 31381 "-" "-"
135.220.172.38 - - [25/Aug/2025:09:51:23 +0800] "GET /radio.php HTTP/1.1" 404 27 "-" "-"
135.220.172.38 - - [25/Aug/2025:09:51:24 +0800] "GET /resources/ HTTP/1.1" 404 31381 "-" "-"
135.220.172.38 - - [25/Aug/2025:09:51:24 +0800] "GET /templates/beez3/error.php HTTP/1.1" 404 27 "-" "-"
135.220.172.38 - - [25/Aug/2025:09:51:25 +0800] "GET /update/ HTTP/1.1" 404 31381 "-" "-"
135.220.172.38 - - [25/Aug/2025:09:51:26 +0800] "GET /wordpress/wp-admin/ HTTP/1.1" 404 31381 "-" "-"
135.220.172.38 - - [25/Aug/2025:09:51:29 +0800] "GET /wp-admin/ HTTP/1.1" 302 5 "-" "-"
135.220.172.38 - - [25/Aug/2025:09:51:29 +0800] "GET /wp-login.php?redirect_to=http%3A%2F%2Fcqqizhou.com%2Fwp-admin%2F&reauth=1 HTTP/1.1" 200 8672 "-" "-"
135.220.172.38 - - [25/Aug/2025:09:51:30 +0800] "GET /wp-admin/admin-ajax.php HTTP/1.1" 400 11 "-" "-"
135.220.172.38 - - [25/Aug/2025:09:51:30 +0800] "GET /wp-admin/css/colors/blue/index.php HTTP/1.1" 404 27 "-" "-"
135.220.172.38 - - [25/Aug/2025:09:51:31 +0800] "GET /wp-admin/css/colors/ectoplasm/wp-login.php HTTP/1.1" 404 27 "-" "-"
135.220.172.38 - - [25/Aug/2025:09:51:31 +0800] "GET /wp-admin/css/colors/light/ HTTP/1.1" 403 146 "-" "-"
135.220.172.38 - - [25/Aug/2025:09:51:31 +0800] "GET /wp-admin/css/colors/midnight/ HTTP/1.1" 403 146 "-" "-"
135.220.172.38 - - [25/Aug/2025:09:51:31 +0800] "GET /wp-admin/css/colors/modern/ HTTP/1.1" 403 146 "-" "-"
135.220.172.38 - - [25/Aug/2025:09:51:31 +0800] "GET /wp-admin/images/index.php HTTP/1.1" 404 27 "-" "-"
135.220.172.38 - - [25/Aug/2025:09:51:32 +0800] "GET /wp-admin/includes/index.php HTTP/1.1" 404 27 "-" "-"
135.220.172.38 - - [25/Aug/2025:09:51:32 +0800] "GET /wp-admin/js/ HTTP/1.1" 403 146 "-" "-"
135.220.172.38 - - [25/Aug/2025:09:51:32 +0800] "GET /wp-admin/js/about.php HTTP/1.1" 404 27 "-" "-"
135.220.172.38 - - [25/Aug/2025:09:51:32 +0800] "GET /wp-admin/js/widgets/about.php HTTP/1.1" 404 27 "-" "-"
135.220.172.38 - - [25/Aug/2025:09:51:33 +0800] "GET /wp-admin/js/widgets/cloud.php HTTP/1.1" 404 27 "-" "-"
135.220.172.38 - - [25/Aug/2025:09:51:33 +0800] "GET /wp-admin/network/ HTTP/1.1" 302 5 "-" "-"
135.220.172.38 - - [25/Aug/2025:09:51:34 +0800] "GET /wp-login.php?redirect_to=http%3A%2F%2Fcqqizhou.com%2Fwp-admin%2Fnetwork%2F&reauth=1 HTTP/1.1" 200 8680 "-" "-"
135.220.172.38 - - [25/Aug/2025:09:51:35 +0800] "GET /wp-admin/wp-admin/ HTTP/1.1" 404 31381 "-" "-"
135.220.172.38 - - [25/Aug/2025:09:51:35 +0800] "GET /wp-content/ HTTP/1.1" 200 5 "-" "-"
135.220.172.38 - - [25/Aug/2025:09:51:36 +0800] "GET /wp-content/about.php HTTP/1.1" 404 27 "-" "-"
135.220.172.38 - - [25/Aug/2025:09:51:36 +0800] "GET /wp-content/admin.php HTTP/1.1" 404 27 "-" "-"
135.220.172.38 - - [25/Aug/2025:09:51:36 +0800] "GET /wp-content/file.php HTTP/1.1" 404 27 "-" "-"
135.220.172.38 - - [25/Aug/2025:09:51:37 +0800] "GET /wp-content/index.php/wp-includes/Text/ HTTP/1.1" 301 5 "-" "-"
135.220.172.38 - - [25/Aug/2025:09:51:38 +0800] "GET /wp-content/wp-includes/Text/ HTTP/1.1" 404 31381 "-" "-"
135.220.172.38 - - [25/Aug/2025:09:51:38 +0800] "GET /wp-content/languages/chosen.php HTTP/1.1" 404 27 "-" "-"
135.220.172.38 - - [25/Aug/2025:09:51:39 +0800] "GET /wp-content/packed.php/wp-includes/Text/ HTTP/1.1" 404 31381 "-" "-"
135.220.172.38 - - [25/Aug/2025:09:51:40 +0800] "GET /wp-content/plugins/ioxi/ HTTP/1.1" 404 31381 "-" "-"
135.220.172.38 - - [25/Aug/2025:09:51:41 +0800] "GET /wp-content/plugins/rxr/ HTTP/1.1" 404 31381 "-" "-"
135.220.172.38 - - [25/Aug/2025:09:51:42 +0800] "GET /wp-content/plugins/seoplugins/index.php HTTP/1.1" 404 27 "-" "-"
135.220.172.38 - - [25/Aug/2025:09:51:42 +0800] "GET /wp-content/plugins/wordpress-seo/admin/ HTTP/1.1" 404 31381 "-" "-"
135.220.172.38 - - [25/Aug/2025:09:51:43 +0800] "GET /wp-content/plugins/yanierin/ HTTP/1.1" 404 31381 "-" "-"
135.220.172.38 - - [25/Aug/2025:09:51:45 +0800] "GET /wp-content/themes/aahana/json.php/wp-content/uploads/ HTTP/1.1" 404 31381 "-" "-"
135.220.172.38 - - [25/Aug/2025:09:51:45 +0800] "GET /wp-content/themes/about.php HTTP/1.1" 404 27 "-" "-"
36.133.115.36 - - [25/Aug/2025:09:51:46 +0800] "POST /wp-cron.php?doing_wp_cron=1756086706.2555499076843261718750 HTTP/1.1" 200 31 "-" "WordPress/6.8.2; http://cqqizhou.com"
135.220.172.38 - - [25/Aug/2025:09:51:46 +0800] "GET /wp-content/themes/twentytwentyone/ HTTP/1.1" 404 31381 "-" "-"
135.220.172.38 - - [25/Aug/2025:09:51:47 +0800] "GET /wp-content/themes/twentytwentythree/ HTTP/1.1" 404 31381 "-" "-"
135.220.172.38 - - [25/Aug/2025:09:51:48 +0800] "GET /wp-content/themes/twentytwentytwo/ HTTP/1.1" 404 31381 "-" "-"
135.220.172.38 - - [25/Aug/2025:09:51:48 +0800] "GET /wp-content/upgrade/ HTTP/1.1" 403 146 "-" "-"
135.220.172.38 - - [25/Aug/2025:09:51:49 +0800] "GET /wp-content/uploads/ HTTP/1.1" 403 146 "-" "-"
135.220.172.38 - - [25/Aug/2025:09:51:49 +0800] "GET /wp-content/uploads/2024/04/ HTTP/1.1" 404 31381 "-" "-"
135.220.172.38 - - [25/Aug/2025:09:51:50 +0800] "GET /wp-content/uploads/index.php/wp-includes/Text/ HTTP/1.1" 301 5 "-" "-"
135.220.172.38 - - [25/Aug/2025:09:51:51 +0800] "GET /wp-content/uploads/wp-includes/Text/ HTTP/1.1" 404 31381 "-" "-"
135.220.172.38 - - [25/Aug/2025:09:51:52 +0800] "GET /wp-includes/ HTTP/1.1" 403 146 "-" "-"
135.220.172.38 - - [25/Aug/2025:09:51:52 +0800] "GET /wp-includes/ID3/ HTTP/1.1" 403 146 "-" "-"
135.220.172.38 - - [25/Aug/2025:09:51:52 +0800] "GET /wp-includes/ID3/autoload_classmap.php HTTP/1.1" 404 27 "-" "-"
135.220.172.38 - - [25/Aug/2025:09:51:52 +0800] "GET /wp-includes/ID3/index.php HTTP/1.1" 404 27 "-" "-"
135.220.172.38 - - [25/Aug/2025:09:51:53 +0800] "GET /wp-includes/ID3/index.php/wp-includes/Text/ HTTP/1.1" 301 5 "-" "-"
135.220.172.38 - - [25/Aug/2025:09:51:54 +0800] "GET /wp-includes/ID3/wp-includes/Text/ HTTP/1.1" 404 31381 "-" "-"
135.220.172.38 - - [25/Aug/2025:09:51:54 +0800] "GET /wp-includes/Requests/ HTTP/1.1" 403 146 "-" "-"
135.220.172.38 - - [25/Aug/2025:09:51:55 +0800] "GET /wp-includes/SimplePie/Decode/HTML/ HTTP/1.1" 404 31381 "-" "-"
135.220.172.38 - - [25/Aug/2025:09:51:56 +0800] "GET /wp-includes/SimplePie/XML/ HTTP/1.1" 404 31381 "-" "-"
135.220.172.38 - - [25/Aug/2025:09:51:57 +0800] "GET /wp-includes/bk/ HTTP/1.1" 404 31381 "-" "-"
135.220.172.38 - - [25/Aug/2025:09:51:58 +0800] "GET /wp-includes/block-patterns/ HTTP/1.1" 403 146 "-" "-"
135.220.172.38 - - [25/Aug/2025:09:51:58 +0800] "GET /wp-includes/blocks/button/ HTTP/1.1" 403 146 "-" "-"
135.220.172.38 - - [25/Aug/2025:09:51:58 +0800] "GET /wp-includes/certificates/ HTTP/1.1" 403 146 "-" "-"
135.220.172.38 - - [25/Aug/2025:09:51:58 +0800] "GET /wp-includes/css/ HTTP/1.1" 403 146 "-" "-"
135.220.172.38 - - [25/Aug/2025:09:51:59 +0800] "GET /wp-includes/css/dist/ HTTP/1.1" 403 146 "-" "-"
135.220.172.38 - - [25/Aug/2025:09:51:59 +0800] "GET /wp-includes/css/dist/editor/ HTTP/1.1" 403 146 "-" "-"
135.220.172.38 - - [25/Aug/2025:09:51:59 +0800] "GET /wp-includes/customize/ HTTP/1.1" 403 146 "-" "-"
135.220.172.38 - - [25/Aug/2025:09:51:59 +0800] "GET /wp-includes/fonts/ HTTP/1.1" 403 146 "-" "-"
135.220.172.38 - - [25/Aug/2025:09:51:59 +0800] "GET /wp-includes/html-api/ HTTP/1.1" 403 146 "-" "-"
135.220.172.38 - - [25/Aug/2025:09:52:00 +0800] "GET /wp-includes/images/media/ HTTP/1.1" 403 146 "-" "-"
135.220.172.38 - - [25/Aug/2025:09:52:00 +0800] "GET /wp-includes/images/smilies/about.php HTTP/1.1" 404 27 "-" "-"
135.220.172.38 - - [25/Aug/2025:09:52:00 +0800] "GET /wp-includes/images/smilies/index.php HTTP/1.1" 404 27 "-" "-"
135.220.172.38 - - [25/Aug/2025:09:52:00 +0800] "GET /wp-includes/js/tinymce/plugins/fullscreen/ HTTP/1.1" 403 146 "-" "-"
135.220.172.38 - - [25/Aug/2025:09:52:01 +0800] "GET /wp-includes/js/tinymce/themes/ HTTP/1.1" 403 146 "-" "-"
135.220.172.38 - - [25/Aug/2025:09:52:01 +0800] "GET /wp-includes/sodium_compat/src/Core32/Curve25519/Ge/ HTTP/1.1" 403 146 "-" "-"
135.220.172.38 - - [25/Aug/2025:09:52:02 +0800] "GET /wp/wp-admin/includes/ HTTP/1.1" 404 31381 "-" "-"
36.133.115.36 - - [25/Aug/2025:09:53:55 +0800] "POST /wp-cron.php?doing_wp_cron=1756086835.7486779689788818359375 HTTP/1.1" 200 31 "-" "WordPress/6.8.2; http://cqqizhou.com"
195.96.129.76 - - [25/Aug/2025:09:53:56 +0800] "GET / HTTP/1.1" 200 33396 "-" "Mozilla/5.0 (Windows NT 10.0; Win64; x64) AppleWebKit/537.36 (KHTML, like Gecko) Chrome/90.0.4430.85 Safari/537.36 Edg/90.0.818.46"
36.133.115.36 - - [25/Aug/2025:10:03:10 +0800] "POST /wp-cron.php?doing_wp_cron=1756087389.9902551174163818359375 HTTP/1.1" 200 31 "-" "WordPress/6.8.2; http://cqqizhou.com"
174.138.15.76 - - [25/Aug/2025:10:03:10 +0800] "POST /xmlrpc.php HTTP/1.1" 200 217 "-" "Mozilla/5.0 (X11; Ubuntu; Linux x86_64; rv:85.0) Gecko/20100101 Firefox/91.0"
36.133.115.36 - - [25/Aug/2025:10:05:46 +0800] "POST /wp-cron.php?doing_wp_cron=1756087546.0236499309539794921875 HTTP/1.1" 200 31 "-" "WordPress/6.8.2; http://cqqizhou.com"
120.24.227.139 - - [25/Aug/2025:10:05:46 +0800] "GET / HTTP/1.1" 301 5 "-" "Mozilla/5.0 (Windows NT 10.0; Win64; x64) AppleWebKit/537.36 (KHTML, like Gecko) Chrome/88.0.4240.193 Safari/537.36"
120.24.227.139 - - [25/Aug/2025:10:05:46 +0800] "GET / HTTP/1.1" 200 165624 "-" "Mozilla/5.0 (Windows NT 10.0; Win64; x64) AppleWebKit/537.36 (KHTML, like Gecko) Chrome/88.0.4240.193 Safari/537.36"
120.24.227.139 - - [25/Aug/2025:10:05:46 +0800] "GET //wp-includes/wlwmanifest.xml HTTP/1.1" 301 5 "-" "Mozilla/5.0 (Windows NT 10.0; Win64; x64) AppleWebKit/537.36 (KHTML, like Gecko) Chrome/88.0.4240.193 Safari/537.36"
120.24.227.139 - - [25/Aug/2025:10:05:47 +0800] "GET //xmlrpc.php?rsd HTTP/1.1" 200 700 "-" "Mozilla/5.0 (Windows NT 10.0; Win64; x64) AppleWebKit/537.36 (KHTML, like Gecko) Chrome/88.0.4240.193 Safari/537.36"
120.24.227.139 - - [25/Aug/2025:10:05:48 +0800] "GET //?author=1 HTTP/1.1" 301 5 "-" "Mozilla/5.0 (Windows NT 10.0; Win64; x64) AppleWebKit/537.36 (KHTML, like Gecko) Chrome/88.0.4240.193 Safari/537.36"
120.24.227.139 - - [25/Aug/2025:10:05:48 +0800] "GET //?author=2 HTTP/1.1" 301 5 "-" "Mozilla/5.0 (Windows NT 10.0; Win64; x64) AppleWebKit/537.36 (KHTML, like Gecko) Chrome/88.0.4240.193 Safari/537.36"
120.24.227.139 - - [25/Aug/2025:10:06:11 +0800] "GET //wp-json/wp/v2/users/ HTTP/1.1" 200 498 "-" "Mozilla/5.0 (Windows NT 10.0; Win64; x64) AppleWebKit/537.36 (KHTML, like Gecko) Chrome/88.0.4240.193 Safari/537.36"
120.24.227.139 - - [25/Aug/2025:10:06:11 +0800] "POST //xmlrpc.php HTTP/1.1" 200 415 "-" "Mozilla/5.0 (Windows NT 10.0; Win64; x64) AppleWebKit/537.36 (KHTML, like Gecko) Chrome/88.0.4240.193 Safari/537.36"
120.24.227.139 - - [25/Aug/2025:10:06:12 +0800] "POST //xmlrpc.php HTTP/1.1" 200 415 "-" "Mozilla/5.0 (Windows NT 10.0; Win64; x64) AppleWebKit/537.36 (KHTML, like Gecko) Chrome/88.0.4240.193 Safari/537.36"
120.24.227.139 - - [25/Aug/2025:10:06:18 +0800] "POST //xmlrpc.php HTTP/1.1" 200 415 "-" "Mozilla/5.0 (Windows NT 10.0; Win64; x64) AppleWebKit/537.36 (KHTML, like Gecko) Chrome/88.0.4240.193 Safari/537.36"
120.24.227.139 - - [25/Aug/2025:10:06:19 +0800] "POST //xmlrpc.php HTTP/1.1" 200 415 "-" "Mozilla/5.0 (Windows NT 10.0; Win64; x64) AppleWebKit/537.36 (KHTML, like Gecko) Chrome/88.0.4240.193 Safari/537.36"
120.24.227.139 - - [25/Aug/2025:10:06:19 +0800] "POST //xmlrpc.php HTTP/1.1" 200 415 "-" "Mozilla/5.0 (Windows NT 10.0; Win64; x64) AppleWebKit/537.36 (KHTML, like Gecko) Chrome/88.0.4240.193 Safari/537.36"
120.24.227.139 - - [25/Aug/2025:10:06:20 +0800] "POST //xmlrpc.php HTTP/1.1" 200 415 "-" "Mozilla/5.0 (Windows NT 10.0; Win64; x64) AppleWebKit/537.36 (KHTML, like Gecko) Chrome/88.0.4240.193 Safari/537.36"
120.77.174.138 - - [25/Aug/2025:10:06:43 +0800] "GET /wp-login.php HTTP/1.1" 200 2780 "-" "Mozilla/5.0"
120.77.174.138 - - [25/Aug/2025:10:06:44 +0800] "GET /?author=1 HTTP/1.1" 200 19308 "-" "Mozilla/5.0"
120.77.174.138 - - [25/Aug/2025:10:06:45 +0800] "GET /?feed=rss2 HTTP/1.1" 301 5 "-" "Mozilla/5.0"
36.133.115.36 - - [25/Aug/2025:10:06:46 +0800] "POST /wp-cron.php?doing_wp_cron=1756087606.3183259963989257812500 HTTP/1.1" 200 31 "-" "WordPress/6.8.2; http://cqqizhou.com"
120.77.174.138 - - [25/Aug/2025:10:06:46 +0800] "GET /feed/ HTTP/1.1" 200 84160 "-" "Mozilla/5.0"
87.120.222.241 - - [25/Aug/2025:10:07:02 +0800] "GET / HTTP/1.1" 301 5 "-" "Mozilla/5.0 zgrab/0.x"
87.120.222.241 - - [25/Aug/2025:10:07:03 +0800] "GET / HTTP/1.1" 200 39302 "http://36.133.115.36/" "Mozilla/5.0 zgrab/0.x"
36.133.115.36 - - [25/Aug/2025:10:14:56 +0800] "POST /wp-cron.php?doing_wp_cron=1756088096.5843040943145751953125 HTTP/1.1" 200 31 "-" "WordPress/6.8.2; http://cqqizhou.com"
36.68.111.52 - - [25/Aug/2025:10:14:57 +0800] "GET / HTTP/1.1" 200 151669 "-" "Mozilla/5.0 (Macintosh; Intel Mac OS X 10_11_6) AppleWebKit/601.7.7 (KHTML, like Gecko) Version/9.1.2 Safari/601.7.7"
36.133.115.36 - - [25/Aug/2025:10:30:38 +0800] "POST /wp-cron.php?doing_wp_cron=1756089038.4296090602874755859375 HTTP/1.1" 200 31 "-" "WordPress/6.8.2; http://cqqizhou.com"
149.50.103.48 - - [25/Aug/2025:10:30:38 +0800] "GET / HTTP/1.1" 200 33395 "-" "Mozilla/5.0 (Windows NT 10.0; Win64; x64) AppleWebKit/537.36 (KHTML, like Gecko) Chrome/90.0.4430.85 Safari/537.36 Edg/90.0.818.46"
36.133.115.36 - - [25/Aug/2025:10:32:40 +0800] "POST /wp-cron.php?doing_wp_cron=1756089160.7942109107971191406250 HTTP/1.1" 200 31 "-" "WordPress/6.8.2; http://cqqizhou.com"
103.81.249.126 - - [25/Aug/2025:10:32:41 +0800] "POST /xmlrpc.php HTTP/1.1" 200 217 "-" "Mozilla/5.0 (X11; Ubuntu; Linux x86_64; rv:85.0) Gecko/20100101 Firefox/91.0"
36.133.115.36 - - [25/Aug/2025:10:38:00 +0800] "POST /wp-cron.php?doing_wp_cron=1756089480.4176819324493408203125 HTTP/1.1" 200 31 "-" "WordPress/6.8.2; http://cqqizhou.com"
91.224.92.17 - - [25/Aug/2025:10:38:19 +0800] "GET / HTTP/1.1" 200 96805 "-" "-"
36.133.115.36 - - [25/Aug/2025:10:43:31 +0800] "POST /wp-cron.php?doing_wp_cron=1756089811.8956599235534667968750 HTTP/1.1" 200 31 "-" "WordPress/6.8.2; http://cqqizhou.com"
91.224.92.14 - - [25/Aug/2025:10:43:32 +0800] "GET / HTTP/1.1" 200 33395 "-" "Mozilla/5.0 (Windows NT 10.0; Win64; x64) AppleWebKit/537.36 (KHTML, like Gecko) Chrome/90.0.4430.85 Safari/537.36 Edg/90.0.818.46"
36.133.115.36 - - [25/Aug/2025:10:46:16 +0800] "POST /wp-cron.php?doing_wp_cron=1756089976.8411650657653808593750 HTTP/1.1" 200 31 "-" "WordPress/6.8.2; http://cqqizhou.com"
120.77.174.138 - - [25/Aug/2025:10:46:16 +0800] "POST /wp-login.php HTTP/1.1" 200 9111 "-" "Mozilla/5.0"
120.77.174.138 - - [25/Aug/2025:10:46:20 +0800] "POST /wp-login.php HTTP/1.1" 200 9111 "-" "Mozilla/5.0"
120.77.174.138 - - [25/Aug/2025:10:46:23 +0800] "POST /wp-login.php HTTP/1.1" 200 9111 "-" "Mozilla/5.0"
120.77.174.138 - - [25/Aug/2025:10:46:26 +0800] "POST /wp-login.php HTTP/1.1" 200 9111 "-" "Mozilla/5.0"
120.77.174.138 - - [25/Aug/2025:10:46:30 +0800] "POST /wp-login.php HTTP/1.1" 200 9111 "-" "Mozilla/5.0"
120.77.174.138 - - [25/Aug/2025:10:46:35 +0800] "POST /wp-login.php HTTP/1.1" 200 9111 "-" "Mozilla/5.0"
120.77.174.138 - - [25/Aug/2025:10:46:41 +0800] "POST /wp-login.php HTTP/1.1" 200 9111 "-" "Mozilla/5.0"
36.133.115.36 - - [25/Aug/2025:10:46:46 +0800] "POST /wp-cron.php?doing_wp_cron=1756090006.5643639564514160156250 HTTP/1.1" 200 31 "-" "WordPress/6.8.2; http://cqqizhou.com"
120.77.174.138 - - [25/Aug/2025:10:46:46 +0800] "POST /wp-login.php HTTP/1.1" 200 9111 "-" "Mozilla/5.0"
120.77.174.138 - - [25/Aug/2025:10:46:51 +0800] "POST /wp-login.php HTTP/1.1" 200 9111 "-" "Mozilla/5.0"
120.77.174.138 - - [25/Aug/2025:10:46:55 +0800] "POST /wp-login.php HTTP/1.1" 200 9111 "-" "Mozilla/5.0"
120.77.174.138 - - [25/Aug/2025:10:47:01 +0800] "POST /wp-login.php HTTP/1.1" 200 9111 "-" "Mozilla/5.0"
120.77.174.138 - - [25/Aug/2025:10:47:07 +0800] "POST /wp-login.php HTTP/1.1" 200 9111 "-" "Mozilla/5.0"
120.77.174.138 - - [25/Aug/2025:10:47:12 +0800] "POST /wp-login.php HTTP/1.1" 200 9111 "-" "Mozilla/5.0"
120.77.174.138 - - [25/Aug/2025:10:47:18 +0800] "POST /wp-login.php HTTP/1.1" 200 9111 "-" "Mozilla/5.0"
120.77.174.138 - - [25/Aug/2025:10:47:23 +0800] "POST /wp-login.php HTTP/1.1" 200 9111 "-" "Mozilla/5.0"
120.77.174.138 - - [25/Aug/2025:10:47:28 +0800] "POST /wp-login.php HTTP/1.1" 200 9111 "-" "Mozilla/5.0"
120.77.174.138 - - [25/Aug/2025:10:47:33 +0800] "POST /wp-login.php HTTP/1.1" 200 9111 "-" "Mozilla/5.0"
120.77.174.138 - - [25/Aug/2025:10:47:39 +0800] "POST /wp-login.php HTTP/1.1" 200 9111 "-" "Mozilla/5.0"
120.77.174.138 - - [25/Aug/2025:10:47:44 +0800] "POST /wp-login.php HTTP/1.1" 200 9111 "-" "Mozilla/5.0"
36.133.115.36 - - [25/Aug/2025:10:47:49 +0800] "POST /wp-cron.php?doing_wp_cron=1756090069.7576739788055419921875 HTTP/1.1" 200 31 "-" "WordPress/6.8.2; http://cqqizhou.com"
120.77.174.138 - - [25/Aug/2025:10:47:49 +0800] "POST /wp-login.php HTTP/1.1" 200 9111 "-" "Mozilla/5.0"
120.77.174.138 - - [25/Aug/2025:10:47:53 +0800] "POST /wp-login.php HTTP/1.1" 200 9111 "-" "Mozilla/5.0"
120.77.174.138 - - [25/Aug/2025:10:47:57 +0800] "POST /wp-login.php HTTP/1.1" 200 9111 "-" "Mozilla/5.0"
120.77.174.138 - - [25/Aug/2025:10:48:04 +0800] "POST /wp-login.php HTTP/1.1" 200 9111 "-" "Mozilla/5.0"
120.77.174.138 - - [25/Aug/2025:10:48:08 +0800] "POST /wp-login.php HTTP/1.1" 200 9111 "-" "Mozilla/5.0"
120.77.174.138 - - [25/Aug/2025:10:48:13 +0800] "POST /wp-login.php HTTP/1.1" 200 9111 "-" "Mozilla/5.0"
120.77.174.138 - - [25/Aug/2025:10:48:18 +0800] "POST /wp-login.php HTTP/1.1" 200 9111 "-" "Mozilla/5.0"
120.77.174.138 - - [25/Aug/2025:10:48:22 +0800] "POST /wp-login.php HTTP/1.1" 200 9111 "-" "Mozilla/5.0"
120.77.174.138 - - [25/Aug/2025:10:48:27 +0800] "POST /wp-login.php HTTP/1.1" 200 9111 "-" "Mozilla/5.0"
120.77.174.138 - - [25/Aug/2025:10:48:31 +0800] "POST /wp-login.php HTTP/1.1" 200 9111 "-" "Mozilla/5.0"
120.77.174.138 - - [25/Aug/2025:10:48:36 +0800] "POST /wp-login.php HTTP/1.1" 200 9111 "-" "Mozilla/5.0"
120.77.174.138 - - [25/Aug/2025:10:48:41 +0800] "POST /wp-login.php HTTP/1.1" 200 9111 "-" "Mozilla/5.0"
36.133.115.36 - - [25/Aug/2025:10:48:47 +0800] "POST /wp-cron.php?doing_wp_cron=1756090127.3756809234619140625000 HTTP/1.1" 200 31 "-" "WordPress/6.8.2; http://cqqizhou.com"
120.77.174.138 - - [25/Aug/2025:10:48:47 +0800] "POST /wp-login.php HTTP/1.1" 200 9111 "-" "Mozilla/5.0"
120.77.174.138 - - [25/Aug/2025:10:48:52 +0800] "POST /wp-login.php HTTP/1.1" 200 9111 "-" "Mozilla/5.0"
120.77.174.138 - - [25/Aug/2025:10:48:57 +0800] "POST /wp-login.php HTTP/1.1" 200 9111 "-" "Mozilla/5.0"
120.77.174.138 - - [25/Aug/2025:10:49:01 +0800] "POST /wp-login.php HTTP/1.1" 200 9111 "-" "Mozilla/5.0"
120.77.174.138 - - [25/Aug/2025:10:49:05 +0800] "POST /wp-login.php HTTP/1.1" 200 9111 "-" "Mozilla/5.0"
120.77.174.138 - - [25/Aug/2025:10:49:10 +0800] "POST /wp-login.php HTTP/1.1" 200 9111 "-" "Mozilla/5.0"
120.77.174.138 - - [25/Aug/2025:10:49:15 +0800] "POST /wp-login.php HTTP/1.1" 200 9111 "-" "Mozilla/5.0"
120.77.174.138 - - [25/Aug/2025:10:49:20 +0800] "POST /wp-login.php HTTP/1.1" 200 9111 "-" "Mozilla/5.0"
120.77.174.138 - - [25/Aug/2025:10:49:24 +0800] "POST /wp-login.php HTTP/1.1" 200 9111 "-" "Mozilla/5.0"
120.77.174.138 - - [25/Aug/2025:10:49:30 +0800] "POST /wp-login.php HTTP/1.1" 200 9111 "-" "Mozilla/5.0"
120.77.174.138 - - [25/Aug/2025:10:49:36 +0800] "POST /wp-login.php HTTP/1.1" 200 9111 "-" "Mozilla/5.0"
120.77.174.138 - - [25/Aug/2025:10:49:40 +0800] "POST /wp-login.php HTTP/1.1" 200 9111 "-" "Mozilla/5.0"
120.77.174.138 - - [25/Aug/2025:10:49:44 +0800] "POST /wp-login.php HTTP/1.1" 200 9111 "-" "Mozilla/5.0"
36.133.115.36 - - [25/Aug/2025:10:49:50 +0800] "POST /wp-cron.php?doing_wp_cron=1756090190.1526420116424560546875 HTTP/1.1" 200 31 "-" "WordPress/6.8.2; http://cqqizhou.com"
120.77.174.138 - - [25/Aug/2025:10:49:50 +0800] "POST /wp-login.php HTTP/1.1" 200 9111 "-" "Mozilla/5.0"
120.77.174.138 - - [25/Aug/2025:10:49:56 +0800] "POST /wp-login.php HTTP/1.1" 200 9111 "-" "Mozilla/5.0"
120.77.174.138 - - [25/Aug/2025:10:50:01 +0800] "POST /wp-login.php HTTP/1.1" 200 9111 "-" "Mozilla/5.0"
120.77.174.138 - - [25/Aug/2025:10:50:07 +0800] "POST /wp-login.php HTTP/1.1" 200 9111 "-" "Mozilla/5.0"
120.77.174.138 - - [25/Aug/2025:10:50:11 +0800] "POST /wp-login.php HTTP/1.1" 200 9111 "-" "Mozilla/5.0"
120.77.174.138 - - [25/Aug/2025:10:50:17 +0800] "POST /wp-login.php HTTP/1.1" 200 9111 "-" "Mozilla/5.0"
120.77.174.138 - - [25/Aug/2025:10:50:22 +0800] "POST /wp-login.php HTTP/1.1" 200 9111 "-" "Mozilla/5.0"
120.77.174.138 - - [25/Aug/2025:10:50:26 +0800] "POST /wp-login.php HTTP/1.1" 200 9111 "-" "Mozilla/5.0"
120.77.174.138 - - [25/Aug/2025:10:50:30 +0800] "POST /wp-login.php HTTP/1.1" 200 9111 "-" "Mozilla/5.0"
120.77.174.138 - - [25/Aug/2025:10:50:35 +0800] "POST /wp-login.php HTTP/1.1" 200 9111 "-" "Mozilla/5.0"
120.77.174.138 - - [25/Aug/2025:10:50:40 +0800] "POST /wp-login.php HTTP/1.1" 200 9111 "-" "Mozilla/5.0"
36.133.115.36 - - [25/Aug/2025:10:50:46 +0800] "POST /wp-cron.php?doing_wp_cron=1756090246.8930048942565917968750 HTTP/1.1" 200 31 "-" "WordPress/6.8.2; http://cqqizhou.com"
120.77.174.138 - - [25/Aug/2025:10:50:47 +0800] "POST /wp-login.php HTTP/1.1" 200 9111 "-" "Mozilla/5.0"
120.77.174.138 - - [25/Aug/2025:10:50:51 +0800] "POST /wp-login.php HTTP/1.1" 200 9111 "-" "Mozilla/5.0"
120.77.174.138 - - [25/Aug/2025:10:50:56 +0800] "POST /wp-login.php HTTP/1.1" 200 9111 "-" "Mozilla/5.0"
120.77.174.138 - - [25/Aug/2025:10:51:00 +0800] "POST /wp-login.php HTTP/1.1" 200 9111 "-" "Mozilla/5.0"
120.77.174.138 - - [25/Aug/2025:10:51:06 +0800] "POST /wp-login.php HTTP/1.1" 200 9111 "-" "Mozilla/5.0"
120.77.174.138 - - [25/Aug/2025:10:51:11 +0800] "POST /wp-login.php HTTP/1.1" 200 9111 "-" "Mozilla/5.0"
120.77.174.138 - - [25/Aug/2025:10:51:15 +0800] "POST /wp-login.php HTTP/1.1" 200 9111 "-" "Mozilla/5.0"
120.77.174.138 - - [25/Aug/2025:10:51:20 +0800] "POST /wp-login.php HTTP/1.1" 200 9111 "-" "Mozilla/5.0"
120.77.174.138 - - [25/Aug/2025:10:51:26 +0800] "POST /wp-login.php HTTP/1.1" 200 9111 "-" "Mozilla/5.0"
120.77.174.138 - - [25/Aug/2025:10:51:31 +0800] "POST /wp-login.php HTTP/1.1" 200 9111 "-" "Mozilla/5.0"
120.77.174.138 - - [25/Aug/2025:10:51:36 +0800] "POST /wp-login.php HTTP/1.1" 200 9111 "-" "Mozilla/5.0"
120.77.174.138 - - [25/Aug/2025:10:51:41 +0800] "POST /wp-login.php HTTP/1.1" 200 9111 "-" "Mozilla/5.0"
120.77.174.138 - - [25/Aug/2025:10:51:45 +0800] "POST /wp-login.php HTTP/1.1" 200 9111 "-" "Mozilla/5.0"
36.133.115.36 - - [25/Aug/2025:10:51:50 +0800] "POST /wp-cron.php?doing_wp_cron=1756090310.2375130653381347656250 HTTP/1.1" 200 31 "-" "WordPress/6.8.2; http://cqqizhou.com"
120.77.174.138 - - [25/Aug/2025:10:51:50 +0800] "POST /wp-login.php HTTP/1.1" 200 9111 "-" "Mozilla/5.0"
120.77.174.138 - - [25/Aug/2025:10:51:55 +0800] "POST /wp-login.php HTTP/1.1" 200 9111 "-" "Mozilla/5.0"
120.77.174.138 - - [25/Aug/2025:10:52:02 +0800] "POST /wp-login.php HTTP/1.1" 200 9111 "-" "Mozilla/5.0"
120.77.174.138 - - [25/Aug/2025:10:52:07 +0800] "POST /wp-login.php HTTP/1.1" 200 9111 "-" "Mozilla/5.0"
120.77.174.138 - - [25/Aug/2025:10:52:11 +0800] "POST /wp-login.php HTTP/1.1" 200 9111 "-" "Mozilla/5.0"
120.77.174.138 - - [25/Aug/2025:10:52:16 +0800] "POST /wp-login.php HTTP/1.1" 200 9111 "-" "Mozilla/5.0"
120.77.174.138 - - [25/Aug/2025:10:52:21 +0800] "POST /wp-login.php HTTP/1.1" 200 9111 "-" "Mozilla/5.0"
120.77.174.138 - - [25/Aug/2025:10:52:26 +0800] "POST /wp-login.php HTTP/1.1" 200 9111 "-" "Mozilla/5.0"
120.77.174.138 - - [25/Aug/2025:10:52:30 +0800] "POST /wp-login.php HTTP/1.1" 200 9111 "-" "Mozilla/5.0"
120.77.174.138 - - [25/Aug/2025:10:52:35 +0800] "POST /wp-login.php HTTP/1.1" 200 9111 "-" "Mozilla/5.0"
120.77.174.138 - - [25/Aug/2025:10:52:40 +0800] "POST /wp-login.php HTTP/1.1" 200 9111 "-" "Mozilla/5.0"
120.77.174.138 - - [25/Aug/2025:10:52:44 +0800] "POST /wp-login.php HTTP/1.1" 200 9111 "-" "Mozilla/5.0"
36.133.115.36 - - [25/Aug/2025:10:52:49 +0800] "POST /wp-cron.php?doing_wp_cron=1756090369.0980761051177978515625 HTTP/1.1" 200 31 "-" "WordPress/6.8.2; http://cqqizhou.com"
120.77.174.138 - - [25/Aug/2025:10:52:49 +0800] "POST /wp-login.php HTTP/1.1" 200 9111 "-" "Mozilla/5.0"
188.166.234.199 - - [25/Aug/2025:10:52:52 +0800] "POST /xmlrpc.php HTTP/1.1" 200 217 "-" "Mozilla/5.0 (X11; Ubuntu; Linux x86_64; rv:85.0) Gecko/20100101 Firefox/91.0"
120.77.174.138 - - [25/Aug/2025:10:52:53 +0800] "POST /wp-login.php HTTP/1.1" 200 9111 "-" "Mozilla/5.0"
120.77.174.138 - - [25/Aug/2025:10:52:58 +0800] "POST /wp-login.php HTTP/1.1" 200 9111 "-" "Mozilla/5.0"
120.77.174.138 - - [25/Aug/2025:10:53:03 +0800] "POST /wp-login.php HTTP/1.1" 200 9111 "-" "Mozilla/5.0"
36.133.115.36 - - [25/Aug/2025:10:58:41 +0800] "POST /wp-cron.php?doing_wp_cron=1756090721.1893770694732666015625 HTTP/1.1" 200 31 "-" "WordPress/6.8.2; http://cqqizhou.com"
172.104.11.51 - - [25/Aug/2025:10:58:41 +0800] "GET / HTTP/1.1" 301 5 "-" "Mozilla/5.0 (Macintosh; Intel Mac OS X 13_1) AppleWebKit/537.36 (KHTML, like Gecko) Chrome/108.0.0.0 Safari/537.36"
172.104.11.51 - - [25/Aug/2025:10:58:42 +0800] "GET / HTTP/1.1" 200 39302 "http://36.133.115.36/" "Mozilla/5.0 (Macintosh; Intel Mac OS X 13_1) AppleWebKit/537.36 (KHTML, like Gecko) Chrome/108.0.0.0 Safari/537.36"
123.57.13.121 - - [25/Aug/2025:10:59:05 +0800] "GET / HTTP/1.1" 200 39302 "-" "Mozilla/5.0 (Windows NT 10.0; Win64; x64) AppleWebKit/537.36 (KHTML, like Gecko) Chrome/104.0.0.0 Safari/537.36"
36.133.115.36 - - [25/Aug/2025:11:11:26 +0800] "POST /wp-cron.php?doing_wp_cron=1756091486.4582180976867675781250 HTTP/1.1" 200 31 "-" "WordPress/6.8.2; http://cqqizhou.com"
103.74.118.39 - - [25/Aug/2025:11:11:26 +0800] "POST /xmlrpc.php HTTP/1.1" 200 217 "-" "Mozilla/5.0 (X11; Ubuntu; Linux x86_64; rv:85.0) Gecko/20100101 Firefox/91.0"
36.133.115.36 - - [25/Aug/2025:11:13:27 +0800] "POST /wp-cron.php?doing_wp_cron=1756091607.6490430831909179687500 HTTP/1.1" 200 31 "-" "WordPress/6.8.2; http://cqqizhou.com"
71.6.232.22 - - [25/Aug/2025:11:13:27 +0800] "GET / HTTP/1.1" 301 5 "-" "Mozilla/5.0 (Windows NT 10.0; Win64; x64) AppleWebKit/537.36 (KHTML, like Gecko) Chrome/134.0.0.0 Safari/537.36"
36.133.115.36 - - [25/Aug/2025:11:30:31 +0800] "POST /wp-cron.php?doing_wp_cron=1756092631.5753009319305419921875 HTTP/1.1" 200 31 "-" "WordPress/6.8.2; http://cqqizhou.com"
196.251.115.37 - - [25/Aug/2025:11:30:31 +0800] "GET /.env HTTP/1.1" 301 5 "-" "Mozilla/5.0 (X11; Linux x86_64) AppleWebKit/537.36 (KHTML, like Gecko) Chrome/81.0.4044.129 Safari/537.36"
196.251.115.37 - - [25/Aug/2025:11:30:34 +0800] "POST / HTTP/1.1" 200 33395 "-" "Mozilla/5.0 (X11; Linux x86_64) AppleWebKit/537.36 (KHTML, like Gecko) Chrome/81.0.4044.129 Safari/537.36"
36.133.115.36 - - [25/Aug/2025:11:30:57 +0800] "POST /wp-cron.php?doing_wp_cron=1756092657.0070960521697998046875 HTTP/1.1" 200 31 "-" "WordPress/6.8.2; http://cqqizhou.com"
93.174.93.12 - - [25/Aug/2025:11:30:57 +0800] "GET / HTTP/1.0" 301 0 "-" "Mozilla/5.0 (Linux; Android 9; VTR-AL00 Build/HUAWEIVTR-AL00; wv) AppleWebKit/537.36 (KHTML, like Gecko) Version/4.0 Chrome/66.0.3359.126 MQQBrowser/6.2 TBS/044807 Mobile Safari/537.36 MMWEBID/6475 MicroMessenger/7.0.6.1460(0x27000634) Process/tools NetType/4G Language/zh_CN"
36.133.115.36 - - [25/Aug/2025:11:33:17 +0800] "POST /wp-cron.php?doing_wp_cron=1756092797.9425299167633056640625 HTTP/1.1" 200 31 "-" "WordPress/6.8.2; http://cqqizhou.com"
51.254.199.77 - - [25/Aug/2025:11:33:18 +0800] "POST /xmlrpc.php HTTP/1.1" 200 217 "-" "Mozilla/5.0 (X11; Ubuntu; Linux x86_64; rv:85.0) Gecko/20100101 Firefox/91.0"
36.133.115.36 - - [25/Aug/2025:11:38:51 +0800] "POST /wp-cron.php?doing_wp_cron=1756093131.8323190212249755859375 HTTP/1.1" 200 31 "-" "WordPress/6.8.2; http://cqqizhou.com"
149.50.103.48 - - [25/Aug/2025:11:38:52 +0800] "GET / HTTP/1.1" 200 33395 "-" "Mozilla/5.0 (Windows NT 10.0; Win64; x64) AppleWebKit/537.36 (KHTML, like Gecko) Chrome/90.0.4430.85 Safari/537.36 Edg/90.0.818.46"
36.133.115.36 - - [25/Aug/2025:11:42:17 +0800] "POST /wp-cron.php?doing_wp_cron=1756093337.4129729270935058593750 HTTP/1.1" 200 31 "-" "WordPress/6.8.2; http://cqqizhou.com"
91.224.92.14 - - [25/Aug/2025:11:42:17 +0800] "GET / HTTP/1.1" 200 33395 "-" "Mozilla/5.0 (Windows NT 10.0; Win64; x64) AppleWebKit/537.36 (KHTML, like Gecko) Chrome/90.0.4430.85 Safari/537.36 Edg/90.0.818.46"
36.133.115.36 - - [25/Aug/2025:11:58:50 +0800] "POST /wp-cron.php?doing_wp_cron=1756094330.0324509143829345703125 HTTP/1.1" 200 31 "-" "WordPress/6.8.2; http://cqqizhou.com"
107.189.1.156 - - [25/Aug/2025:11:58:50 +0800] "GET /wp-login.php HTTP/1.1" 200 2780 "-" "Mozilla/5.0 (iPhone; CPU iPhone OS 7_1_2 like Mac OS X) AppleWebKit/537.51.2 (KHTML, like Gecko) Version/7.0 Mobile/11D257 Safari/9537.53"
107.189.1.156 - - [25/Aug/2025:11:59:05 +0800] "POST /wp-login.php HTTP/1.1" 200 2925 "-" "Mozilla/5.0 (iPhone; CPU iPhone OS 7_1_2 like Mac OS X) AppleWebKit/537.51.2 (KHTML, like Gecko) Version/7.0 Mobile/11D257 Safari/9537.53"
36.133.115.36 - - [25/Aug/2025:12:05:35 +0800] "POST /wp-cron.php?doing_wp_cron=1756094735.6886498928070068359375 HTTP/1.1" 200 31 "-" "WordPress/6.8.2; http://cqqizhou.com"
192.81.211.194 - - [25/Aug/2025:12:05:35 +0800] "GET / HTTP/1.1" 301 5 "-" "Mozilla/5.0 (X11; Linux x86_64) AppleWebKit/537.36 (KHTML, like Gecko) Chrome/139.0.0.0 Safari/537.36"
36.133.115.36 - - [25/Aug/2025:12:10:58 +0800] "POST /wp-cron.php?doing_wp_cron=1756095058.5793590545654296875000 HTTP/1.1" 200 31 "-" "WordPress/6.8.2; http://cqqizhou.com"
65.21.87.175 - - [25/Aug/2025:12:10:58 +0800] "POST /xmlrpc.php HTTP/1.1" 200 217 "-" "Mozilla/5.0 (X11; Ubuntu; Linux x86_64; rv:85.0) Gecko/20100101 Firefox/91.0"
36.133.115.36 - - [25/Aug/2025:12:30:18 +0800] "POST /wp-cron.php?doing_wp_cron=1756096218.6499319076538085937500 HTTP/1.1" 200 31 "-" "WordPress/6.8.2; http://cqqizhou.com"
147.182.196.72 - - [25/Aug/2025:12:30:18 +0800] "POST /xmlrpc.php HTTP/1.1" 200 217 "-" "Mozilla/5.0 (X11; Ubuntu; Linux x86_64; rv:85.0) Gecko/20100101 Firefox/91.0"
36.133.115.36 - - [25/Aug/2025:12:40:31 +0800] "POST /wp-cron.php?doing_wp_cron=1756096831.2759981155395507812500 HTTP/1.1" 200 31 "-" "WordPress/6.8.2; http://cqqizhou.com"
149.50.103.48 - - [25/Aug/2025:12:40:31 +0800] "GET / HTTP/1.1" 200 33395 "-" "Mozilla/5.0 (Windows NT 10.0; Win64; x64) AppleWebKit/537.36 (KHTML, like Gecko) Chrome/90.0.4430.85 Safari/537.36 Edg/90.0.818.46"
36.133.115.36 - - [25/Aug/2025:12:49:59 +0800] "POST /wp-cron.php?doing_wp_cron=1756097399.3113629817962646484375 HTTP/1.1" 200 31 "-" "WordPress/6.8.2; http://cqqizhou.com"
101.78.165.42 - - [25/Aug/2025:12:49:59 +0800] "POST /xmlrpc.php HTTP/1.1" 200 217 "-" "Mozilla/5.0 (X11; Ubuntu; Linux x86_64; rv:85.0) Gecko/20100101 Firefox/91.0"
36.133.115.36 - - [25/Aug/2025:12:52:08 +0800] "POST /wp-cron.php?doing_wp_cron=1756097528.6644320487976074218750 HTTP/1.1" 200 31 "-" "WordPress/6.8.2; http://cqqizhou.com"
106.119.167.146 - - [25/Aug/2025:12:52:08 +0800] "GET / HTTP/1.1" 301 5 "-" "Mozilla/5.0 (iPhone; CPU iPhone OS 13_2_3 like Mac OS X) AppleWebKit/605.1.15 (KHTML, like Gecko) Version/13.0.3 Mobile/15E148 Safari/604.1"
106.119.167.146 - - [25/Aug/2025:12:52:12 +0800] "GET / HTTP/1.1" 200 33395 "http://www.cqqizhou.com" "Mozilla/5.0 (iPhone; CPU iPhone OS 13_2_3 like Mac OS X) AppleWebKit/605.1.15 (KHTML, like Gecko) Version/13.0.3 Mobile/15E148 Safari/604.1"
52.167.144.157 - - [25/Aug/2025:12:56:28 +0800] "GET /wp-content/uploads/2025/07/1750945637-honor300%C3%97206_5.webp HTTP/1.1" 200 77368 "-" "Mozilla/5.0 AppleWebKit/537.36 (KHTML, like Gecko; compatible; bingbot/2.0; +http://www.bing.com/bingbot.htm) Chrome/116.0.1938.76 Safari/537.36"
36.133.115.36 - - [25/Aug/2025:13:06:37 +0800] "POST /wp-cron.php?doing_wp_cron=1756098397.8752169609069824218750 HTTP/1.1" 200 31 "-" "WordPress/6.8.2; http://cqqizhou.com"
45.135.193.253 - - [25/Aug/2025:13:06:38 +0800] "GET / HTTP/1.1" 200 151669 "-" "-"
36.133.115.36 - - [25/Aug/2025:13:10:00 +0800] "POST /wp-cron.php?doing_wp_cron=1756098600.6514201164245605468750 HTTP/1.1" 200 31 "-" "WordPress/6.8.2; http://cqqizhou.com"
208.109.32.191 - - [25/Aug/2025:13:10:00 +0800] "POST /xmlrpc.php HTTP/1.1" 200 217 "-" "Mozilla/5.0 (X11; Ubuntu; Linux x86_64; rv:85.0) Gecko/20100101 Firefox/91.0"
36.133.115.36 - - [25/Aug/2025:13:14:04 +0800] "POST /wp-cron.php?doing_wp_cron=1756098844.6609001159667968750000 HTTP/1.1" 200 31 "-" "WordPress/6.8.2; http://cqqizhou.com"
91.224.92.14 - - [25/Aug/2025:13:14:04 +0800] "GET / HTTP/1.1" 200 33395 "-" "Mozilla/5.0 (Windows NT 10.0; Win64; x64) AppleWebKit/537.36 (KHTML, like Gecko) Chrome/90.0.4430.85 Safari/537.36 Edg/90.0.818.46"
36.133.115.36 - - [25/Aug/2025:13:17:53 +0800] "POST /wp-cron.php?doing_wp_cron=1756099073.0955629348754882812500 HTTP/1.1" 200 31 "-" "WordPress/6.8.2; http://cqqizhou.com"
91.224.92.17 - - [25/Aug/2025:13:18:10 +0800] "GET / HTTP/1.1" 200 96805 "-" "-"
36.133.115.36 - - [25/Aug/2025:13:26:30 +0800] "POST /wp-cron.php?doing_wp_cron=1756099590.6757419109344482421875 HTTP/1.1" 200 31 "-" "WordPress/6.8.2; http://cqqizhou.com"
43.131.36.84 - - [25/Aug/2025:13:26:30 +0800] "GET / HTTP/1.1" 301 5 "-" "Mozilla/5.0 (iPhone; CPU iPhone OS 13_2_3 like Mac OS X) AppleWebKit/605.1.15 (KHTML, like Gecko) Version/13.0.3 Mobile/15E148 Safari/604.1"
43.131.36.84 - - [25/Aug/2025:13:26:32 +0800] "GET / HTTP/1.1" 200 33395 "http://36.133.115.36" "Mozilla/5.0 (iPhone; CPU iPhone OS 13_2_3 like Mac OS X) AppleWebKit/605.1.15 (KHTML, like Gecko) Version/13.0.3 Mobile/15E148 Safari/604.1"
36.7.190.170 - - [25/Aug/2025:13:26:33 +0800] "GET /services/ HTTP/1.1" 200 19716 "-" "Mozilla/5.0 (Windows NT 10.0; WOW64) AppleWebKit/537.36 (KHTML, like Gecko) Chrome/59.0.3071.115 Safari/537.36"
36.133.115.36 - - [25/Aug/2025:13:26:51 +0800] "POST /wp-cron.php?doing_wp_cron=1756099611.4912559986114501953125 HTTP/1.1" 200 31 "-" "WordPress/6.8.2; http://cqqizhou.com"
36.7.190.170 - - [25/Aug/2025:13:26:51 +0800] "GET /services/ HTTP/1.1" 200 19716 "-" "Mozilla/5.0 (Windows NT 10.0; WOW64) AppleWebKit/537.36 (KHTML, like Gecko) Chrome/59.0.3071.115 Safari/537.36"
36.7.190.170 - - [25/Aug/2025:13:27:26 +0800] "GET /services/ HTTP/1.1" 200 19716 "-" "Mozilla/5.0 (Windows NT 10.0; WOW64) AppleWebKit/537.36 (KHTML, like Gecko) Chrome/59.0.3071.115 Safari/537.36"
36.133.115.36 - - [25/Aug/2025:13:27:58 +0800] "POST /wp-cron.php?doing_wp_cron=1756099678.4786770343780517578125 HTTP/1.1" 200 31 "-" "WordPress/6.8.2; http://cqqizhou.com"
36.7.190.170 - - [25/Aug/2025:13:27:58 +0800] "GET /services/ HTTP/1.1" 200 19716 "-" "Mozilla/5.0 (Windows NT 10.0; WOW64) AppleWebKit/537.36 (KHTML, like Gecko) Chrome/59.0.3071.115 Safari/537.36"
36.7.190.170 - - [25/Aug/2025:13:28:30 +0800] "GET /services/ HTTP/1.1" 200 19716 "-" "Mozilla/5.0 (Windows NT 10.0; WOW64) AppleWebKit/537.36 (KHTML, like Gecko) Chrome/59.0.3071.115 Safari/537.36"
36.7.190.170 - - [25/Aug/2025:13:28:45 +0800] "GET /services/ HTTP/1.1" 200 19717 "-" "Mozilla/5.0 (Windows NT 10.0; WOW64) AppleWebKit/537.36 (KHTML, like Gecko) Chrome/59.0.3071.115 Safari/537.36"
36.133.115.36 - - [25/Aug/2025:13:29:24 +0800] "POST /wp-cron.php?doing_wp_cron=1756099764.9215021133422851562500 HTTP/1.1" 200 31 "-" "WordPress/6.8.2; http://cqqizhou.com"
36.7.190.170 - - [25/Aug/2025:13:29:25 +0800] "GET /services/ HTTP/1.1" 200 19716 "-" "Mozilla/5.0 (Windows NT 10.0; WOW64) AppleWebKit/537.36 (KHTML, like Gecko) Chrome/59.0.3071.115 Safari/537.36"
36.7.190.170 - - [25/Aug/2025:13:29:40 +0800] "GET /services/ HTTP/1.1" 200 19716 "-" "Mozilla/5.0 (Windows NT 10.0; WOW64) AppleWebKit/537.36 (KHTML, like Gecko) Chrome/59.0.3071.115 Safari/537.36"
36.133.115.36 - - [25/Aug/2025:13:30:27 +0800] "POST /wp-cron.php?doing_wp_cron=1756099827.3680338859558105468750 HTTP/1.1" 200 31 "-" "WordPress/6.8.2; http://cqqizhou.com"
36.7.190.170 - - [25/Aug/2025:13:30:27 +0800] "GET /services/ HTTP/1.1" 200 19716 "-" "Mozilla/5.0 (Windows NT 10.0; WOW64) AppleWebKit/537.36 (KHTML, like Gecko) Chrome/59.0.3071.115 Safari/537.36"
36.133.115.36 - - [25/Aug/2025:13:30:53 +0800] "POST /wp-cron.php?doing_wp_cron=1756099853.7226641178131103515625 HTTP/1.1" 200 31 "-" "WordPress/6.8.2; http://cqqizhou.com"
36.7.190.170 - - [25/Aug/2025:13:30:53 +0800] "GET /services/ HTTP/1.1" 200 19716 "-" "Mozilla/5.0 (Windows NT 10.0; WOW64) AppleWebKit/537.36 (KHTML, like Gecko) Chrome/59.0.3071.115 Safari/537.36"
36.7.190.170 - - [25/Aug/2025:13:31:08 +0800] "GET /services/ HTTP/1.1" 200 19716 "-" "Mozilla/5.0 (Windows NT 10.0; WOW64) AppleWebKit/537.36 (KHTML, like Gecko) Chrome/59.0.3071.115 Safari/537.36"
36.7.190.170 - - [25/Aug/2025:13:31:23 +0800] "GET /services/ HTTP/1.1" 200 19716 "-" "Mozilla/5.0 (Windows NT 10.0; WOW64) AppleWebKit/537.36 (KHTML, like Gecko) Chrome/59.0.3071.115 Safari/537.36"
35.225.92.125 - - [25/Aug/2025:13:31:25 +0800] "POST /xmlrpc.php HTTP/1.1" 200 217 "-" "Mozilla/5.0 (X11; Ubuntu; Linux x86_64; rv:85.0) Gecko/20100101 Firefox/91.0"
36.133.115.36 - - [25/Aug/2025:13:31:52 +0800] "POST /wp-cron.php?doing_wp_cron=1756099912.7415370941162109375000 HTTP/1.1" 200 31 "-" "WordPress/6.8.2; http://cqqizhou.com"
36.7.190.170 - - [25/Aug/2025:13:31:53 +0800] "GET /about/ HTTP/1.1" 200 24180 "-" "Mozilla/5.0 (Windows NT 10.0; WOW64) AppleWebKit/537.36 (KHTML, like Gecko) Chrome/59.0.3071.115 Safari/537.36"
36.7.190.170 - - [25/Aug/2025:13:32:42 +0800] "GET /services/ HTTP/1.1" 200 19716 "-" "Mozilla/5.0 (Windows NT 10.0; WOW64) AppleWebKit/537.36 (KHTML, like Gecko) Chrome/59.0.3071.115 Safari/537.36"
36.133.115.36 - - [25/Aug/2025:13:34:30 +0800] "POST /wp-cron.php?doing_wp_cron=1756100070.3596620559692382812500 HTTP/1.1" 200 31 "-" "WordPress/6.8.2; http://cqqizhou.com"
27.221.254.122 - - [25/Aug/2025:13:34:30 +0800] "GET http://www.cqqizhou.com/ HTTP/1.1" 301 5 "-" "Mozilla/5.0 (Windows NT 10.0) AppleWebKit/537.36 (KHTML, like Gecko) Chrome/73.0.3683.68"
27.221.254.122 - - [25/Aug/2025:13:34:30 +0800] "GET http://cqqizhou.com/ HTTP/1.1" 200 39302 "-" "Mozilla/5.0 (Windows NT 10.0) AppleWebKit/537.36 (KHTML, like Gecko) Chrome/73.0.3683.68"
223.101.174.204 - - [25/Aug/2025:13:34:30 +0800] "GET http://cqqizhou.com/ HTTP/1.1" 200 39302 "-" "Mozilla/5.0 (Windows NT 10.0) AppleWebKit/537.36 (KHTML, like Gecko) Chrome/78.0.3904.105"
36.133.115.36 - - [25/Aug/2025:13:36:45 +0800] "POST /wp-cron.php?doing_wp_cron=1756100205.8718459606170654296875 HTTP/1.1" 200 31 "-" "WordPress/6.8.2; http://cqqizhou.com"
43.133.220.37 - - [25/Aug/2025:13:36:45 +0800] "GET / HTTP/1.1" 301 5 "-" "Mozilla/5.0 (iPhone; CPU iPhone OS 13_2_3 like Mac OS X) AppleWebKit/605.1.15 (KHTML, like Gecko) Version/13.0.3 Mobile/15E148 Safari/604.1"
43.133.220.37 - - [25/Aug/2025:13:36:47 +0800] "GET / HTTP/1.1" 200 33395 "http://www.cqqizhou.com" "Mozilla/5.0 (iPhone; CPU iPhone OS 13_2_3 like Mac OS X) AppleWebKit/605.1.15 (KHTML, like Gecko) Version/13.0.3 Mobile/15E148 Safari/604.1"
36.133.115.36 - - [25/Aug/2025:13:41:25 +0800] "POST /wp-cron.php?doing_wp_cron=1756100485.8157069683074951171875 HTTP/1.1" 200 31 "-" "WordPress/6.8.2; http://cqqizhou.com"
3.134.148.59 - - [25/Aug/2025:13:41:25 +0800] "GET / HTTP/1.1" 301 5 "-" "Mozilla/5.0 (Macintosh; Intel Mac OS X 10_15_7) Chrome/126.0.0.0 Safari/537.36"
3.134.148.59 - - [25/Aug/2025:13:41:28 +0800] "GET / HTTP/1.1" 200 39302 "http://36.133.115.36/" "Mozilla/5.0 (Macintosh; Intel Mac OS X 10_15_7) Chrome/126.0.0.0 Safari/537.36"
36.133.115.36 - - [25/Aug/2025:13:44:07 +0800] "POST /wp-cron.php?doing_wp_cron=1756100647.5216128826141357421875 HTTP/1.1" 200 31 "-" "WordPress/6.8.2; http://cqqizhou.com"
3.134.148.59 - - [25/Aug/2025:13:44:07 +0800] "GET / HTTP/1.1" 301 5 "-" "Mozilla/5.0 (Macintosh; Intel Mac OS X 10_15_7) Chrome/126.0.0.0 Safari/537.36"
36.133.115.36 - - [25/Aug/2025:13:45:03 +0800] "POST /wp-cron.php?doing_wp_cron=1756100703.3526830673217773437500 HTTP/1.1" 200 31 "-" "WordPress/6.8.2; http://cqqizhou.com"
149.50.103.48 - - [25/Aug/2025:13:45:03 +0800] "GET / HTTP/1.1" 200 33395 "-" "Mozilla/5.0 (Windows NT 10.0; Win64; x64) AppleWebKit/537.36 (KHTML, like Gecko) Chrome/90.0.4430.85 Safari/537.36 Edg/90.0.818.46"
36.133.115.36 - - [25/Aug/2025:13:53:13 +0800] "POST /wp-cron.php?doing_wp_cron=1756101193.2978301048278808593750 HTTP/1.1" 200 31 "-" "WordPress/6.8.2; http://cqqizhou.com"
167.172.190.211 - - [25/Aug/2025:13:53:13 +0800] "POST /xmlrpc.php HTTP/1.1" 200 217 "-" "Mozilla/5.0 (X11; Ubuntu; Linux x86_64; rv:85.0) Gecko/20100101 Firefox/91.0"
36.133.115.36 - - [25/Aug/2025:14:04:06 +0800] "POST /wp-cron.php?doing_wp_cron=1756101846.0372929573059082031250 HTTP/1.1" 200 31 "-" "WordPress/6.8.2; http://cqqizhou.com"
183.207.45.112 - - [25/Aug/2025:14:04:06 +0800] "GET / HTTP/1.1" 301 5 "-" "Mozilla/5.0 (Windows NT 10.0; Win64; x64) AppleWebKit/537.36 (KHTML, like Gecko) Chrome/107.0.0.0 Safari/537.36"
183.207.45.112 - - [25/Aug/2025:14:04:06 +0800] "GET / HTTP/1.1" 200 39302 "-" "Mozilla/5.0 (Windows NT 10.0; Win64; x64) AppleWebKit/537.36 (KHTML, like Gecko) Chrome/107.0.0.0 Safari/537.36"
183.207.45.112 - - [25/Aug/2025:14:04:07 +0800] "GET /bug HTTP/1.1" 301 5 "-" "Mozilla/5.0 (Windows NT 10.0; Win64; x64) AppleWebKit/537.36 (KHTML, like Gecko) Chrome/107.0.0.0 Safari/537.36"
183.207.45.112 - - [25/Aug/2025:14:04:07 +0800] "GET /bug/ HTTP/1.1" 200 11961 "-" "Mozilla/5.0 (Windows NT 10.0; Win64; x64) AppleWebKit/537.36 (KHTML, like Gecko) Chrome/107.0.0.0 Safari/537.36"
183.207.45.112 - - [25/Aug/2025:14:04:08 +0800] "GET /contacts/ HTTP/1.1" 200 18523 "-" "Mozilla/5.0 (Windows NT 10.0; Win64; x64) AppleWebKit/537.36 (KHTML, like Gecko) Chrome/107.0.0.0 Safari/537.36"
183.207.45.112 - - [25/Aug/2025:14:04:09 +0800] "GET /logistics HTTP/1.1" 301 5 "-" "Mozilla/5.0 (Windows NT 10.0; Win64; x64) AppleWebKit/537.36 (KHTML, like Gecko) Chrome/107.0.0.0 Safari/537.36"
183.207.45.112 - - [25/Aug/2025:14:04:10 +0800] "GET /logistics/ HTTP/1.1" 200 18194 "-" "Mozilla/5.0 (Windows NT 10.0; Win64; x64) AppleWebKit/537.36 (KHTML, like Gecko) Chrome/107.0.0.0 Safari/537.36"
183.207.45.112 - - [25/Aug/2025:14:04:10 +0800] "GET /services HTTP/1.1" 301 5 "-" "Mozilla/5.0 (Windows NT 10.0; Win64; x64) AppleWebKit/537.36 (KHTML, like Gecko) Chrome/107.0.0.0 Safari/537.36"
183.207.45.112 - - [25/Aug/2025:14:04:11 +0800] "GET /services/ HTTP/1.1" 200 19716 "-" "Mozilla/5.0 (Windows NT 10.0; Win64; x64) AppleWebKit/537.36 (KHTML, like Gecko) Chrome/107.0.0.0 Safari/537.36"
183.207.45.112 - - [25/Aug/2025:14:04:12 +0800] "GET / HTTP/1.1" 301 5 "-" "Mozilla/5.0 (Windows NT 10.0; Win64; x64) AppleWebKit/537.36 (KHTML, like Gecko) Chrome/107.0.0.0 Safari/537.36"
183.207.45.112 - - [25/Aug/2025:14:04:12 +0800] "GET / HTTP/1.1" 200 39302 "-" "Mozilla/5.0 (Windows NT 10.0; Win64; x64) AppleWebKit/537.36 (KHTML, like Gecko) Chrome/107.0.0.0 Safari/537.36"
183.207.45.112 - - [25/Aug/2025:14:04:13 +0800] "GET / HTTP/1.1" 301 5 "-" "Mozilla/5.0 (Windows NT 10.0; Win64; x64) AppleWebKit/537.36 (KHTML, like Gecko) Chrome/107.0.0.0 Safari/537.36"
183.207.45.112 - - [25/Aug/2025:14:04:13 +0800] "GET / HTTP/1.1" 200 39302 "-" "Mozilla/5.0 (Windows NT 10.0; Win64; x64) AppleWebKit/537.36 (KHTML, like Gecko) Chrome/107.0.0.0 Safari/537.36"
183.207.45.112 - - [25/Aug/2025:14:04:13 +0800] "GET / HTTP/1.1" 301 5 "-" "Mozilla/5.0 (Windows NT 10.0; Win64; x64) AppleWebKit/537.36 (KHTML, like Gecko) Chrome/107.0.0.0 Safari/537.36"
183.207.45.112 - - [25/Aug/2025:14:04:13 +0800] "GET / HTTP/1.1" 200 39302 "-" "Mozilla/5.0 (Windows NT 10.0; Win64; x64) AppleWebKit/537.36 (KHTML, like Gecko) Chrome/107.0.0.0 Safari/537.36"
183.207.45.112 - - [25/Aug/2025:14:04:14 +0800] "GET / HTTP/1.1" 301 5 "-" "Mozilla/5.0 (Windows NT 10.0; Win64; x64) AppleWebKit/537.36 (KHTML, like Gecko) Chrome/107.0.0.0 Safari/537.36"
183.207.45.112 - - [25/Aug/2025:14:04:14 +0800] "GET / HTTP/1.1" 200 39302 "-" "Mozilla/5.0 (Windows NT 10.0; Win64; x64) AppleWebKit/537.36 (KHTML, like Gecko) Chrome/107.0.0.0 Safari/537.36"
183.207.45.112 - - [25/Aug/2025:14:04:15 +0800] "GET / HTTP/1.1" 301 5 "-" "Mozilla/5.0 (Windows NT 10.0; Win64; x64) AppleWebKit/537.36 (KHTML, like Gecko) Chrome/107.0.0.0 Safari/537.36"
183.207.45.112 - - [25/Aug/2025:14:04:15 +0800] "GET / HTTP/1.1" 200 39302 "-" "Mozilla/5.0 (Windows NT 10.0; Win64; x64) AppleWebKit/537.36 (KHTML, like Gecko) Chrome/107.0.0.0 Safari/537.36"
183.207.45.112 - - [25/Aug/2025:14:04:16 +0800] "GET /bug HTTP/1.1" 301 5 "-" "Mozilla/5.0 (Windows NT 10.0; Win64; x64) AppleWebKit/537.36 (KHTML, like Gecko) Chrome/107.0.0.0 Safari/537.36"
183.207.45.112 - - [25/Aug/2025:14:04:17 +0800] "GET /bug/ HTTP/1.1" 200 11961 "-" "Mozilla/5.0 (Windows NT 10.0; Win64; x64) AppleWebKit/537.36 (KHTML, like Gecko) Chrome/107.0.0.0 Safari/537.36"
183.207.45.112 - - [25/Aug/2025:14:04:17 +0800] "GET /contacts/ HTTP/1.1" 200 18523 "-" "Mozilla/5.0 (Windows NT 10.0; Win64; x64) AppleWebKit/537.36 (KHTML, like Gecko) Chrome/107.0.0.0 Safari/537.36"
183.207.45.112 - - [25/Aug/2025:14:04:18 +0800] "GET /logistics HTTP/1.1" 301 5 "-" "Mozilla/5.0 (Windows NT 10.0; Win64; x64) AppleWebKit/537.36 (KHTML, like Gecko) Chrome/107.0.0.0 Safari/537.36"
183.207.45.112 - - [25/Aug/2025:14:04:19 +0800] "GET /logistics/ HTTP/1.1" 200 18194 "-" "Mozilla/5.0 (Windows NT 10.0; Win64; x64) AppleWebKit/537.36 (KHTML, like Gecko) Chrome/107.0.0.0 Safari/537.36"
183.207.45.112 - - [25/Aug/2025:14:04:20 +0800] "GET /process/processing HTTP/1.1" 404 8989 "-" "Mozilla/5.0 (Windows NT 10.0; Win64; x64) AppleWebKit/537.36 (KHTML, like Gecko) Chrome/107.0.0.0 Safari/537.36"
183.207.45.112 - - [25/Aug/2025:14:04:20 +0800] "GET /services HTTP/1.1" 301 5 "-" "Mozilla/5.0 (Windows NT 10.0; Win64; x64) AppleWebKit/537.36 (KHTML, like Gecko) Chrome/107.0.0.0 Safari/537.36"
183.207.45.112 - - [25/Aug/2025:14:04:21 +0800] "GET /services/ HTTP/1.1" 200 19717 "-" "Mozilla/5.0 (Windows NT 10.0; Win64; x64) AppleWebKit/537.36 (KHTML, like Gecko) Chrome/107.0.0.0 Safari/537.36"
36.133.115.36 - - [25/Aug/2025:14:15:01 +0800] "POST /wp-cron.php?doing_wp_cron=1756102501.6036601066589355468750 HTTP/1.1" 200 31 "-" "WordPress/6.8.2; http://cqqizhou.com"
174.138.15.76 - - [25/Aug/2025:14:15:01 +0800] "POST /xmlrpc.php HTTP/1.1" 200 217 "-" "Mozilla/5.0 (X11; Ubuntu; Linux x86_64; rv:85.0) Gecko/20100101 Firefox/91.0"
36.133.115.36 - - [25/Aug/2025:14:24:46 +0800] "POST /wp-cron.php?doing_wp_cron=1756103086.0494370460510253906250 HTTP/1.1" 200 31 "-" "WordPress/6.8.2; http://cqqizhou.com"
91.224.92.14 - - [25/Aug/2025:14:24:46 +0800] "GET / HTTP/1.1" 200 33395 "-" "Mozilla/5.0 (Windows NT 10.0; Win64; x64) AppleWebKit/537.36 (KHTML, like Gecko) Chrome/90.0.4430.85 Safari/537.36 Edg/90.0.818.46"
45.135.193.253 - - [25/Aug/2025:14:24:56 +0800] "GET / HTTP/1.1" 200 151669 "-" "-"
36.133.115.36 - - [25/Aug/2025:14:32:28 +0800] "POST /wp-cron.php?doing_wp_cron=1756103548.4238860607147216796875 HTTP/1.1" 200 31 "-" "WordPress/6.8.2; http://cqqizhou.com"
91.224.92.17 - - [25/Aug/2025:14:32:48 +0800] "GET / HTTP/1.1" 200 109837 "-" "-"
36.133.115.36 - - [25/Aug/2025:14:38:35 +0800] "POST /wp-cron.php?doing_wp_cron=1756103915.2602939605712890625000 HTTP/1.1" 200 31 "-" "WordPress/6.8.2; http://cqqizhou.com"
200.63.100.137 - - [25/Aug/2025:14:38:35 +0800] "POST /xmlrpc.php HTTP/1.1" 200 217 "-" "Mozilla/5.0 (X11; Ubuntu; Linux x86_64; rv:85.0) Gecko/20100101 Firefox/91.0"
36.133.115.36 - - [25/Aug/2025:14:44:24 +0800] "POST /wp-cron.php?doing_wp_cron=1756104264.8849060535430908203125 HTTP/1.1" 200 31 "-" "WordPress/6.8.2; http://cqqizhou.com"
149.50.103.48 - - [25/Aug/2025:14:44:25 +0800] "GET / HTTP/1.1" 200 33395 "-" "Mozilla/5.0 (Windows NT 10.0; Win64; x64) AppleWebKit/537.36 (KHTML, like Gecko) Chrome/90.0.4430.85 Safari/537.36 Edg/90.0.818.46"
36.133.115.36 - - [25/Aug/2025:15:00:50 +0800] "POST /wp-cron.php?doing_wp_cron=1756105249.9843549728393554687500 HTTP/1.1" 200 31 "-" "WordPress/6.8.2; http://cqqizhou.com"
51.255.71.164 - - [25/Aug/2025:15:00:50 +0800] "POST /xmlrpc.php HTTP/1.1" 200 217 "-" "Mozilla/5.0 (X11; Ubuntu; Linux x86_64; rv:85.0) Gecko/20100101 Firefox/91.0"
36.133.115.36 - - [25/Aug/2025:15:14:32 +0800] "POST /wp-cron.php?doing_wp_cron=1756106072.6433880329132080078125 HTTP/1.1" 200 31 "-" "WordPress/6.8.2; http://cqqizhou.com"
91.224.92.17 - - [25/Aug/2025:15:14:52 +0800] "GET / HTTP/1.1" 200 109837 "-" "-"
36.133.115.36 - - [25/Aug/2025:15:23:40 +0800] "POST /wp-cron.php?doing_wp_cron=1756106620.8489420413970947265625 HTTP/1.1" 200 31 "-" "WordPress/6.8.2; http://cqqizhou.com"
