178.128.25.97 - - [25/Aug/2025:00:03:35 +0800] "POST /xmlrpc.php HTTP/1.1" 200 415 "-" "Mozilla/5.0 (Windows NT 10.0; Win64; x64) AppleWebKit/537.36 (KHTML, like Gecko) Chrome/88.0.4240.193 Safari/537.36"
178.128.25.97 - - [25/Aug/2025:00:03:36 +0800] "POST /xmlrpc.php HTTP/1.1" 200 415 "-" "Mozilla/5.0 (Windows NT 10.0; Win64; x64) AppleWebKit/537.36 (KHTML, like Gecko) Chrome/88.0.4240.193 Safari/537.36"
178.128.25.97 - - [25/Aug/2025:00:03:37 +0800] "POST /xmlrpc.php HTTP/1.1" 200 415 "-" "Mozilla/5.0 (Windows NT 10.0; Win64; x64) AppleWebKit/537.36 (KHTML, like Gecko) Chrome/88.0.4240.193 Safari/537.36"
178.128.25.97 - - [25/Aug/2025:00:03:37 +0800] "POST /xmlrpc.php HTTP/1.1" 200 415 "-" "Mozilla/5.0 (Windows NT 10.0; Win64; x64) AppleWebKit/537.36 (KHTML, like Gecko) Chrome/88.0.4240.193 Safari/537.36"
178.128.25.97 - - [25/Aug/2025:00:03:38 +0800] "POST /xmlrpc.php HTTP/1.1" 200 415 "-" "Mozilla/5.0 (Windows NT 10.0; Win64; x64) AppleWebKit/537.36 (KHTML, like Gecko) Chrome/88.0.4240.193 Safari/537.36"
178.128.25.97 - - [25/Aug/2025:00:03:39 +0800] "POST /xmlrpc.php HTTP/1.1" 200 415 "-" "Mozilla/5.0 (Windows NT 10.0; Win64; x64) AppleWebKit/537.36 (KHTML, like Gecko) Chrome/88.0.4240.193 Safari/537.36"
178.128.25.97 - - [25/Aug/2025:00:03:40 +0800] "POST /xmlrpc.php HTTP/1.1" 200 415 "-" "Mozilla/5.0 (Windows NT 10.0; Win64; x64) AppleWebKit/537.36 (KHTML, like Gecko) Chrome/88.0.4240.193 Safari/537.36"
178.128.25.97 - - [25/Aug/2025:00:03:40 +0800] "POST /xmlrpc.php HTTP/1.1" 200 415 "-" "Mozilla/5.0 (Windows NT 10.0; Win64; x64) AppleWebKit/537.36 (KHTML, like Gecko) Chrome/88.0.4240.193 Safari/537.36"
178.128.25.97 - - [25/Aug/2025:00:03:41 +0800] "POST /xmlrpc.php HTTP/1.1" 200 415 "-" "Mozilla/5.0 (Windows NT 10.0; Win64; x64) AppleWebKit/537.36 (KHTML, like Gecko) Chrome/88.0.4240.193 Safari/537.36"
178.128.25.97 - - [25/Aug/2025:00:03:42 +0800] "POST /xmlrpc.php HTTP/1.1" 200 415 "-" "Mozilla/5.0 (Windows NT 10.0; Win64; x64) AppleWebKit/537.36 (KHTML, like Gecko) Chrome/88.0.4240.193 Safari/537.36"
178.128.25.97 - - [25/Aug/2025:00:03:42 +0800] "POST /xmlrpc.php HTTP/1.1" 200 415 "-" "Mozilla/5.0 (Windows NT 10.0; Win64; x64) AppleWebKit/537.36 (KHTML, like Gecko) Chrome/88.0.4240.193 Safari/537.36"
178.128.25.97 - - [25/Aug/2025:00:03:43 +0800] "POST /xmlrpc.php HTTP/1.1" 200 415 "-" "Mozilla/5.0 (Windows NT 10.0; Win64; x64) AppleWebKit/537.36 (KHTML, like Gecko) Chrome/88.0.4240.193 Safari/537.36"
178.128.25.97 - - [25/Aug/2025:00:03:44 +0800] "POST /xmlrpc.php HTTP/1.1" 200 415 "-" "Mozilla/5.0 (Windows NT 10.0; Win64; x64) AppleWebKit/537.36 (KHTML, like Gecko) Chrome/88.0.4240.193 Safari/537.36"
178.128.25.97 - - [25/Aug/2025:00:03:45 +0800] "POST /xmlrpc.php HTTP/1.1" 200 415 "-" "Mozilla/5.0 (Windows NT 10.0; Win64; x64) AppleWebKit/537.36 (KHTML, like Gecko) Chrome/88.0.4240.193 Safari/537.36"
178.128.25.97 - - [25/Aug/2025:00:03:45 +0800] "POST /xmlrpc.php HTTP/1.1" 200 415 "-" "Mozilla/5.0 (Windows NT 10.0; Win64; x64) AppleWebKit/537.36 (KHTML, like Gecko) Chrome/88.0.4240.193 Safari/537.36"
36.133.115.36 - - [25/Aug/2025:00:03:46 +0800] "POST /wp-cron.php?doing_wp_cron=1756051426.6673779487609863281250 HTTP/1.1" 200 31 "-" "WordPress/6.8.2; http://cqqizhou.com"
178.128.25.97 - - [25/Aug/2025:00:03:46 +0800] "POST /xmlrpc.php HTTP/1.1" 200 415 "-" "Mozilla/5.0 (Windows NT 10.0; Win64; x64) AppleWebKit/537.36 (KHTML, like Gecko) Chrome/88.0.4240.193 Safari/537.36"
178.128.25.97 - - [25/Aug/2025:00:03:47 +0800] "POST /xmlrpc.php HTTP/1.1" 200 415 "-" "Mozilla/5.0 (Windows NT 10.0; Win64; x64) AppleWebKit/537.36 (KHTML, like Gecko) Chrome/88.0.4240.193 Safari/537.36"
178.128.25.97 - - [25/Aug/2025:00:03:48 +0800] "POST /xmlrpc.php HTTP/1.1" 200 415 "-" "Mozilla/5.0 (Windows NT 10.0; Win64; x64) AppleWebKit/537.36 (KHTML, like Gecko) Chrome/88.0.4240.193 Safari/537.36"
178.128.25.97 - - [25/Aug/2025:00:03:49 +0800] "POST /xmlrpc.php HTTP/1.1" 200 415 "-" "Mozilla/5.0 (Windows NT 10.0; Win64; x64) AppleWebKit/537.36 (KHTML, like Gecko) Chrome/88.0.4240.193 Safari/537.36"
178.128.25.97 - - [25/Aug/2025:00:03:50 +0800] "POST /xmlrpc.php HTTP/1.1" 200 415 "-" "Mozilla/5.0 (Windows NT 10.0; Win64; x64) AppleWebKit/537.36 (KHTML, like Gecko) Chrome/88.0.4240.193 Safari/537.36"
178.128.25.97 - - [25/Aug/2025:00:03:50 +0800] "POST /xmlrpc.php HTTP/1.1" 200 415 "-" "Mozilla/5.0 (Windows NT 10.0; Win64; x64) AppleWebKit/537.36 (KHTML, like Gecko) Chrome/88.0.4240.193 Safari/537.36"
178.128.25.97 - - [25/Aug/2025:00:03:51 +0800] "POST /xmlrpc.php HTTP/1.1" 200 415 "-" "Mozilla/5.0 (Windows NT 10.0; Win64; x64) AppleWebKit/537.36 (KHTML, like Gecko) Chrome/88.0.4240.193 Safari/537.36"
178.128.25.97 - - [25/Aug/2025:00:03:52 +0800] "POST /xmlrpc.php HTTP/1.1" 200 415 "-" "Mozilla/5.0 (Windows NT 10.0; Win64; x64) AppleWebKit/537.36 (KHTML, like Gecko) Chrome/88.0.4240.193 Safari/537.36"
178.128.25.97 - - [25/Aug/2025:00:03:53 +0800] "POST /xmlrpc.php HTTP/1.1" 200 415 "-" "Mozilla/5.0 (Windows NT 10.0; Win64; x64) AppleWebKit/537.36 (KHTML, like Gecko) Chrome/88.0.4240.193 Safari/537.36"
178.128.25.97 - - [25/Aug/2025:00:03:53 +0800] "POST /xmlrpc.php HTTP/1.1" 200 415 "-" "Mozilla/5.0 (Windows NT 10.0; Win64; x64) AppleWebKit/537.36 (KHTML, like Gecko) Chrome/88.0.4240.193 Safari/537.36"
178.128.25.97 - - [25/Aug/2025:00:03:54 +0800] "POST /xmlrpc.php HTTP/1.1" 200 415 "-" "Mozilla/5.0 (Windows NT 10.0; Win64; x64) AppleWebKit/537.36 (KHTML, like Gecko) Chrome/88.0.4240.193 Safari/537.36"
178.128.25.97 - - [25/Aug/2025:00:03:55 +0800] "POST /xmlrpc.php HTTP/1.1" 200 415 "-" "Mozilla/5.0 (Windows NT 10.0; Win64; x64) AppleWebKit/537.36 (KHTML, like Gecko) Chrome/88.0.4240.193 Safari/537.36"
178.128.25.97 - - [25/Aug/2025:00:03:56 +0800] "POST /xmlrpc.php HTTP/1.1" 200 415 "-" "Mozilla/5.0 (Windows NT 10.0; Win64; x64) AppleWebKit/537.36 (KHTML, like Gecko) Chrome/88.0.4240.193 Safari/537.36"
178.128.25.97 - - [25/Aug/2025:00:03:57 +0800] "POST /xmlrpc.php HTTP/1.1" 200 415 "-" "Mozilla/5.0 (Windows NT 10.0; Win64; x64) AppleWebKit/537.36 (KHTML, like Gecko) Chrome/88.0.4240.193 Safari/537.36"
178.128.25.97 - - [25/Aug/2025:00:03:58 +0800] "POST /xmlrpc.php HTTP/1.1" 200 415 "-" "Mozilla/5.0 (Windows NT 10.0; Win64; x64) AppleWebKit/537.36 (KHTML, like Gecko) Chrome/88.0.4240.193 Safari/537.36"
178.128.25.97 - - [25/Aug/2025:00:03:58 +0800] "POST /xmlrpc.php HTTP/1.1" 200 415 "-" "Mozilla/5.0 (Windows NT 10.0; Win64; x64) AppleWebKit/537.36 (KHTML, like Gecko) Chrome/88.0.4240.193 Safari/537.36"
178.128.25.97 - - [25/Aug/2025:00:03:59 +0800] "POST /xmlrpc.php HTTP/1.1" 200 415 "-" "Mozilla/5.0 (Windows NT 10.0; Win64; x64) AppleWebKit/537.36 (KHTML, like Gecko) Chrome/88.0.4240.193 Safari/537.36"
178.128.25.97 - - [25/Aug/2025:00:04:00 +0800] "POST /xmlrpc.php HTTP/1.1" 200 415 "-" "Mozilla/5.0 (Windows NT 10.0; Win64; x64) AppleWebKit/537.36 (KHTML, like Gecko) Chrome/88.0.4240.193 Safari/537.36"
178.128.25.97 - - [25/Aug/2025:00:04:01 +0800] "POST /xmlrpc.php HTTP/1.1" 200 415 "-" "Mozilla/5.0 (Windows NT 10.0; Win64; x64) AppleWebKit/537.36 (KHTML, like Gecko) Chrome/88.0.4240.193 Safari/537.36"
178.128.25.97 - - [25/Aug/2025:00:04:03 +0800] "POST /xmlrpc.php HTTP/1.1" 200 415 "-" "Mozilla/5.0 (Windows NT 10.0; Win64; x64) AppleWebKit/537.36 (KHTML, like Gecko) Chrome/88.0.4240.193 Safari/537.36"
178.128.25.97 - - [25/Aug/2025:00:04:03 +0800] "POST /xmlrpc.php HTTP/1.1" 200 415 "-" "Mozilla/5.0 (Windows NT 10.0; Win64; x64) AppleWebKit/537.36 (KHTML, like Gecko) Chrome/88.0.4240.193 Safari/537.36"
36.133.115.36 - - [25/Aug/2025:00:12:35 +0800] "POST /wp-cron.php?doing_wp_cron=1756051955.4029140472412109375000 HTTP/1.1" 200 31 "-" "WordPress/6.8.2; http://cqqizhou.com"
115.79.32.136 - - [25/Aug/2025:00:12:35 +0800] "POST /xmlrpc.php HTTP/1.1" 200 217 "-" "Mozilla/5.0 (X11; Ubuntu; Linux x86_64; rv:85.0) Gecko/20100101 Firefox/91.0"
52.167.144.222 - - [25/Aug/2025:00:21:37 +0800] "GET /contacts/ HTTP/1.1" 200 21624 "-" "Mozilla/5.0 AppleWebKit/537.36 (KHTML, like Gecko; compatible; bingbot/2.0; +http://www.bing.com/bingbot.htm) Chrome/116.0.1938.76 Safari/537.36"
36.133.115.36 - - [25/Aug/2025:00:30:39 +0800] "POST /wp-cron.php?doing_wp_cron=1756053039.4793739318847656250000 HTTP/1.1" 200 31 "-" "WordPress/6.8.2; http://cqqizhou.com"
50.6.193.138 - - [25/Aug/2025:00:30:39 +0800] "POST /xmlrpc.php HTTP/1.1" 200 217 "-" "Mozilla/5.0 (X11; Ubuntu; Linux x86_64; rv:85.0) Gecko/20100101 Firefox/91.0"
192.64.113.146 - - [25/Aug/2025:00:45:26 +0800] "HEAD / HTTP/1.1" 200 0 "-" "Mozilla/5.0 (Macintosh; Intel Mac OS X 10.15; rv:120.0) Gecko/20100101 Firefox/120.0"
192.64.113.146 - - [25/Aug/2025:00:45:27 +0800] "GET / HTTP/1.1" 200 39302 "-" "Mozilla/5.0 (X11; Linux x86_64; rv:122.0) Gecko/20100101 Firefox/122.0"
36.133.115.36 - - [25/Aug/2025:00:46:09 +0800] "POST /wp-cron.php?doing_wp_cron=1756053969.6549899578094482421875 HTTP/1.1" 200 31 "-" "WordPress/6.8.2; http://cqqizhou.com"
175.6.217.4 - - [25/Aug/2025:00:46:09 +0800] "GET / HTTP/1.1" 301 5 "-" "Mozilla/5.0 (iPhone; CPU iPhone OS 13_2_3 like Mac OS X) AppleWebKit/605.1.15 (KHTML, like Gecko) Version/13.0.3 Mobile/15E148 Safari/604.1"
175.6.217.4 - - [25/Aug/2025:00:46:11 +0800] "GET / HTTP/1.1" 200 33395 "http://www.cqqizhou.com" "Mozilla/5.0 (iPhone; CPU iPhone OS 13_2_3 like Mac OS X) AppleWebKit/605.1.15 (KHTML, like Gecko) Version/13.0.3 Mobile/15E148 Safari/604.1"
36.133.115.36 - - [25/Aug/2025:00:48:14 +0800] "POST /wp-cron.php?doing_wp_cron=1756054094.9512460231781005859375 HTTP/1.1" 200 31 "-" "WordPress/6.8.2; http://cqqizhou.com"
162.240.19.150 - - [25/Aug/2025:00:48:15 +0800] "POST /xmlrpc.php HTTP/1.1" 200 217 "-" "Mozilla/5.0 (X11; Ubuntu; Linux x86_64; rv:85.0) Gecko/20100101 Firefox/91.0"
36.133.115.36 - - [25/Aug/2025:00:51:18 +0800] "POST /wp-cron.php?doing_wp_cron=1756054278.4563488960266113281250 HTTP/1.1" 200 31 "-" "WordPress/6.8.2; http://cqqizhou.com"
149.50.103.48 - - [25/Aug/2025:00:51:18 +0800] "GET / HTTP/1.1" 200 33395 "-" "Mozilla/5.0 (Windows NT 10.0; Win64; x64) AppleWebKit/537.36 (KHTML, like Gecko) Chrome/90.0.4430.85 Safari/537.36 Edg/90.0.818.46"
36.133.115.36 - - [25/Aug/2025:01:05:04 +0800] "POST /wp-cron.php?doing_wp_cron=1756055104.1422770023345947265625 HTTP/1.1" 200 31 "-" "WordPress/6.8.2; http://cqqizhou.com"
91.224.92.14 - - [25/Aug/2025:01:05:04 +0800] "GET / HTTP/1.1" 200 33395 "-" "Mozilla/5.0 (Windows NT 10.0; Win64; x64) AppleWebKit/537.36 (KHTML, like Gecko) Chrome/90.0.4430.85 Safari/537.36 Edg/90.0.818.46"
36.133.115.36 - - [25/Aug/2025:01:06:37 +0800] "POST /wp-cron.php?doing_wp_cron=1756055197.6862449645996093750000 HTTP/1.1" 200 31 "-" "WordPress/6.8.2; http://cqqizhou.com"
149.56.28.185 - - [25/Aug/2025:01:06:38 +0800] "POST /xmlrpc.php HTTP/1.1" 200 217 "-" "Mozilla/5.0 (X11; Ubuntu; Linux x86_64; rv:85.0) Gecko/20100101 Firefox/91.0"
42.236.12.207 - - [25/Aug/2025:01:17:32 +0800] "GET / HTTP/1.1" 200 39302 "http://cqqizhou.com" "Mozilla/5.0 (Windows NT 6.1; WOW64) AppleWebKit/537.36 (KHTML, like Gecko) Chrome/50.0.2661.102 Safari/537.36; 360Spider"
36.133.115.36 - - [25/Aug/2025:01:26:24 +0800] "POST /wp-cron.php?doing_wp_cron=1756056384.5225019454956054687500 HTTP/1.1" 200 31 "-" "WordPress/6.8.2; http://cqqizhou.com"
149.56.28.185 - - [25/Aug/2025:01:26:24 +0800] "POST /xmlrpc.php HTTP/1.1" 200 217 "-" "Mozilla/5.0 (X11; Ubuntu; Linux x86_64; rv:85.0) Gecko/20100101 Firefox/91.0"
36.133.115.36 - - [25/Aug/2025:01:32:53 +0800] "POST /wp-cron.php?doing_wp_cron=1756056773.7272350788116455078125 HTTP/1.1" 200 31 "-" "WordPress/6.8.2; http://cqqizhou.com"
20.168.113.228 - - [25/Aug/2025:01:32:53 +0800] "GET /actuator/health HTTP/1.1" 404 8990 "-" "Mozilla/5.0 zgrab/0.x"
36.133.115.36 - - [25/Aug/2025:01:36:56 +0800] "POST /wp-cron.php?doing_wp_cron=1756057015.9680678844451904296875 HTTP/1.1" 200 31 "-" "WordPress/6.8.2; http://cqqizhou.com"
115.159.33.43 - - [25/Aug/2025:01:36:56 +0800] "GET / HTTP/1.1" 301 5 "-" "Mozilla/5.0 (Windows NT 10.0; Win64; x64) AppleWebKit/537.36 (KHTML, like Gecko) Chrome/79.0.3945.117 Safari/537.36"
36.133.115.36 - - [25/Aug/2025:01:41:02 +0800] "POST /wp-cron.php?doing_wp_cron=1756057262.7646319866180419921875 HTTP/1.1" 200 31 "-" "WordPress/6.8.2; http://cqqizhou.com"
91.224.92.17 - - [25/Aug/2025:01:41:22 +0800] "GET / HTTP/1.1" 200 109837 "-" "-"
36.133.115.36 - - [25/Aug/2025:01:59:25 +0800] "POST /wp-cron.php?doing_wp_cron=1756058365.6628079414367675781250 HTTP/1.1" 200 31 "-" "WordPress/6.8.2; http://cqqizhou.com"
149.50.103.48 - - [25/Aug/2025:01:59:25 +0800] "GET / HTTP/1.1" 200 33395 "-" "Mozilla/5.0 (Windows NT 10.0; Win64; x64) AppleWebKit/537.36 (KHTML, like Gecko) Chrome/90.0.4430.85 Safari/537.36 Edg/90.0.818.46"
36.133.115.36 - - [25/Aug/2025:01:59:58 +0800] "POST /wp-cron.php?doing_wp_cron=1756058398.8421258926391601562500 HTTP/1.1" 200 31 "-" "WordPress/6.8.2; http://cqqizhou.com"
43.130.91.95 - - [25/Aug/2025:01:59:59 +0800] "GET / HTTP/1.1" 200 33395 "-" "Mozilla/5.0 (iPhone; CPU iPhone OS 13_2_3 like Mac OS X) AppleWebKit/605.1.15 (KHTML, like Gecko) Version/13.0.3 Mobile/15E148 Safari/604.1"
36.133.115.36 - - [25/Aug/2025:02:15:02 +0800] "POST /wp-cron.php?doing_wp_cron=1756059302.8291630744934082031250 HTTP/1.1" 200 31 "-" "WordPress/6.8.2; http://cqqizhou.com"
43.135.144.126 - - [25/Aug/2025:02:15:03 +0800] "GET /portfolio/%e5%86%b7%e8%bd%a7%e6%9d%bf/ HTTP/1.1" 200 18679 "-" "Mozilla/5.0 (iPhone; CPU iPhone OS 13_2_3 like Mac OS X) AppleWebKit/605.1.15 (KHTML, like Gecko) Version/13.0.3 Mobile/15E148 Safari/604.1"
43.130.228.73 - - [25/Aug/2025:02:15:06 +0800] "GET / HTTP/1.1" 200 33395 "-" "Mozilla/5.0 (iPhone; CPU iPhone OS 13_2_3 like Mac OS X) AppleWebKit/605.1.15 (KHTML, like Gecko) Version/13.0.3 Mobile/15E148 Safari/604.1"
36.133.115.36 - - [25/Aug/2025:02:23:34 +0800] "POST /wp-cron.php?doing_wp_cron=1756059814.5735020637512207031250 HTTP/1.1" 200 31 "-" "WordPress/6.8.2; http://cqqizhou.com"
43.173.1.57 - - [25/Aug/2025:02:23:34 +0800] "GET /contacts/ HTTP/1.1" 200 18523 "-" "Mozilla/5.0 (iPhone; CPU iPhone OS 13_2_3 like Mac OS X) AppleWebKit/605.1.15 (KHTML, like Gecko) Version/13.0.3 Mobile/15E148 Safari/604.1"
36.133.115.36 - - [25/Aug/2025:02:24:03 +0800] "POST /wp-cron.php?doing_wp_cron=1756059843.4165930747985839843750 HTTP/1.1" 200 31 "-" "WordPress/6.8.2; http://cqqizhou.com"
43.153.58.28 - - [25/Aug/2025:02:24:03 +0800] "GET /services HTTP/1.1" 301 5 "-" "Mozilla/5.0 (iPhone; CPU iPhone OS 13_2_3 like Mac OS X) AppleWebKit/605.1.15 (KHTML, like Gecko) Version/13.0.3 Mobile/15E148 Safari/604.1"
43.153.58.28 - - [25/Aug/2025:02:24:06 +0800] "GET /services/ HTTP/1.1" 200 19715 "http://36.133.115.36:80/services" "Mozilla/5.0 (iPhone; CPU iPhone OS 13_2_3 like Mac OS X) AppleWebKit/605.1.15 (KHTML, like Gecko) Version/13.0.3 Mobile/15E148 Safari/604.1"
36.133.115.36 - - [25/Aug/2025:02:26:20 +0800] "POST /wp-cron.php?doing_wp_cron=1756059980.3305349349975585937500 HTTP/1.1" 200 31 "-" "WordPress/6.8.2; http://cqqizhou.com"
34.52.204.70 - - [25/Aug/2025:02:26:20 +0800] "GET / HTTP/1.1" 301 5 "-" "python-requests/2.32.4"
36.133.115.36 - - [25/Aug/2025:02:30:53 +0800] "POST /wp-cron.php?doing_wp_cron=1756060253.5384480953216552734375 HTTP/1.1" 200 31 "-" "WordPress/6.8.2; http://cqqizhou.com"
196.251.69.194 - - [25/Aug/2025:02:30:54 +0800] "GET / HTTP/1.0" 200 109870 "-" "Mozilla/5.0 (X11; Linux x86_64; rv:140.0) Gecko/20100101 Firefox/140.0"
36.133.115.36 - - [25/Aug/2025:02:34:52 +0800] "POST /wp-cron.php?doing_wp_cron=1756060492.1112949848175048828125 HTTP/1.1" 200 31 "-" "WordPress/6.8.2; http://cqqizhou.com"
101.33.55.204 - - [25/Aug/2025:02:34:52 +0800] "GET /news/ HTTP/1.1" 200 19302 "-" "Mozilla/5.0 (iPhone; CPU iPhone OS 13_2_3 like Mac OS X) AppleWebKit/605.1.15 (KHTML, like Gecko) Version/13.0.3 Mobile/15E148 Safari/604.1"
36.133.115.36 - - [25/Aug/2025:02:39:48 +0800] "POST /wp-cron.php?doing_wp_cron=1756060788.3912739753723144531250 HTTP/1.1" 200 31 "-" "WordPress/6.8.2; http://cqqizhou.com"
43.165.190.5 - - [25/Aug/2025:02:39:48 +0800] "GET /logistics HTTP/1.1" 301 5 "-" "Mozilla/5.0 (iPhone; CPU iPhone OS 13_2_3 like Mac OS X) AppleWebKit/605.1.15 (KHTML, like Gecko) Version/13.0.3 Mobile/15E148 Safari/604.1"
43.165.190.5 - - [25/Aug/2025:02:39:51 +0800] "GET /logistics/ HTTP/1.1" 200 18193 "http://36.133.115.36:80/logistics" "Mozilla/5.0 (iPhone; CPU iPhone OS 13_2_3 like Mac OS X) AppleWebKit/605.1.15 (KHTML, like Gecko) Version/13.0.3 Mobile/15E148 Safari/604.1"
36.133.115.36 - - [25/Aug/2025:02:43:09 +0800] "POST /wp-cron.php?doing_wp_cron=1756060988.9856638908386230468750 HTTP/1.1" 200 31 "-" "WordPress/6.8.2; http://cqqizhou.com"
208.109.32.191 - - [25/Aug/2025:02:43:09 +0800] "POST /xmlrpc.php HTTP/1.1" 200 217 "-" "Mozilla/5.0 (X11; Ubuntu; Linux x86_64; rv:85.0) Gecko/20100101 Firefox/91.0"
142.93.153.149 - - [25/Aug/2025:02:45:12 +0800] "GET / HTTP/1.1" 200 39302 "-" "Mozilla/5.0 (X11; Linux x86_64) AppleWebKit/537.36 (KHTML, like Gecko) Chrome/139.0.0.0 Safari/537.36"
36.133.115.36 - - [25/Aug/2025:02:45:21 +0800] "POST /wp-cron.php?doing_wp_cron=1756061121.9449899196624755859375 HTTP/1.1" 200 31 "-" "WordPress/6.8.2; http://cqqizhou.com"
43.154.250.181 - - [25/Aug/2025:02:45:22 +0800] "GET / HTTP/1.1" 200 33395 "-" "Mozilla/5.0 (iPhone; CPU iPhone OS 13_2_3 like Mac OS X) AppleWebKit/605.1.15 (KHTML, like Gecko) Version/13.0.3 Mobile/15E148 Safari/604.1"
36.133.115.36 - - [25/Aug/2025:02:52:53 +0800] "POST /wp-cron.php?doing_wp_cron=1756061573.2799770832061767578125 HTTP/1.1" 200 31 "-" "WordPress/6.8.2; http://cqqizhou.com"
43.157.170.13 - - [25/Aug/2025:02:52:53 +0800] "GET /wp-content/uploads/revslider/slider-1/1750929639-yuanjing_Slider_3840 HTTP/1.1" 404 8989 "-" "Mozilla/5.0 (iPhone; CPU iPhone OS 13_2_3 like Mac OS X) AppleWebKit/605.1.15 (KHTML, like Gecko) Version/13.0.3 Mobile/15E148 Safari/604.1"
36.133.115.36 - - [25/Aug/2025:02:54:53 +0800] "POST /wp-cron.php?doing_wp_cron=1756061693.2646739482879638671875 HTTP/1.1" 200 31 "-" "WordPress/6.8.2; http://cqqizhou.com"
43.153.96.79 - - [25/Aug/2025:02:54:53 +0800] "GET / HTTP/1.1" 200 33395 "-" "Mozilla/5.0 (iPhone; CPU iPhone OS 13_2_3 like Mac OS X) AppleWebKit/605.1.15 (KHTML, like Gecko) Version/13.0.3 Mobile/15E148 Safari/604.1"
36.133.115.36 - - [25/Aug/2025:03:00:24 +0800] "POST /wp-cron.php?doing_wp_cron=1756062024.1366269588470458984375 HTTP/1.1" 200 31 "-" "WordPress/6.8.2; http://cqqizhou.com"
149.50.103.48 - - [25/Aug/2025:03:00:24 +0800] "GET / HTTP/1.1" 200 33396 "-" "Mozilla/5.0 (Windows NT 10.0; Win64; x64) AppleWebKit/537.36 (KHTML, like Gecko) Chrome/90.0.4430.85 Safari/537.36 Edg/90.0.818.46"
36.133.115.36 - - [25/Aug/2025:03:01:48 +0800] "POST /wp-cron.php?doing_wp_cron=1756062108.9138209819793701171875 HTTP/1.1" 200 31 "-" "WordPress/6.8.2; http://cqqizhou.com"
91.224.92.14 - - [25/Aug/2025:03:01:49 +0800] "GET / HTTP/1.1" 200 33395 "-" "Mozilla/5.0 (Windows NT 10.0; Win64; x64) AppleWebKit/537.36 (KHTML, like Gecko) Chrome/90.0.4430.85 Safari/537.36 Edg/90.0.818.46"
36.133.115.36 - - [25/Aug/2025:03:04:53 +0800] "POST /wp-cron.php?doing_wp_cron=1756062293.2617020606994628906250 HTTP/1.1" 200 31 "-" "WordPress/6.8.2; http://cqqizhou.com"
43.166.238.12 - - [25/Aug/2025:03:04:53 +0800] "GET / HTTP/1.1" 200 33395 "-" "Mozilla/5.0 (iPhone; CPU iPhone OS 13_2_3 like Mac OS X) AppleWebKit/605.1.15 (KHTML, like Gecko) Version/13.0.3 Mobile/15E148 Safari/604.1"
36.133.115.36 - - [25/Aug/2025:03:05:50 +0800] "POST /wp-cron.php?doing_wp_cron=1756062350.0257608890533447265625 HTTP/1.1" 200 31 "-" "WordPress/6.8.2; http://cqqizhou.com"
43.135.115.233 - - [25/Aug/2025:03:05:50 +0800] "GET /wp-content/uploads/2025/07/1753456770- HTTP/1.1" 404 8989 "-" "Mozilla/5.0 (iPhone; CPU iPhone OS 13_2_3 like Mac OS X) AppleWebKit/605.1.15 (KHTML, like Gecko) Version/13.0.3 Mobile/15E148 Safari/604.1"
36.133.115.36 - - [25/Aug/2025:03:07:03 +0800] "POST /wp-cron.php?doing_wp_cron=1756062423.7533230781555175781250 HTTP/1.1" 200 31 "-" "WordPress/6.8.2; http://cqqizhou.com"
45.135.193.253 - - [25/Aug/2025:03:07:04 +0800] "GET / HTTP/1.1" 200 151669 "-" "-"
36.133.115.36 - - [25/Aug/2025:03:13:12 +0800] "POST /wp-cron.php?doing_wp_cron=1756062792.8569250106811523437500 HTTP/1.1" 200 31 "-" "WordPress/6.8.2; http://cqqizhou.com"
195.96.129.76 - - [25/Aug/2025:03:13:13 +0800] "GET / HTTP/1.1" 200 33395 "-" "Mozilla/5.0 (Windows NT 10.0; Win64; x64) AppleWebKit/537.36 (KHTML, like Gecko) Chrome/90.0.4430.85 Safari/537.36 Edg/90.0.818.46"
36.133.115.36 - - [25/Aug/2025:03:15:34 +0800] "POST /wp-cron.php?doing_wp_cron=1756062934.4587659835815429687500 HTTP/1.1" 200 31 "-" "WordPress/6.8.2; http://cqqizhou.com"
43.166.244.251 - - [25/Aug/2025:03:15:34 +0800] "GET /bug HTTP/1.1" 301 5 "-" "Mozilla/5.0 (iPhone; CPU iPhone OS 13_2_3 like Mac OS X) AppleWebKit/605.1.15 (KHTML, like Gecko) Version/13.0.3 Mobile/15E148 Safari/604.1"
43.166.244.251 - - [25/Aug/2025:03:15:38 +0800] "GET /bug/ HTTP/1.1" 200 11960 "http://36.133.115.36/bug" "Mozilla/5.0 (iPhone; CPU iPhone OS 13_2_3 like Mac OS X) AppleWebKit/605.1.15 (KHTML, like Gecko) Version/13.0.3 Mobile/15E148 Safari/604.1"
36.133.115.36 - - [25/Aug/2025:03:16:19 +0800] "POST /wp-cron.php?doing_wp_cron=1756062979.6835689544677734375000 HTTP/1.1" 200 31 "-" "WordPress/6.8.2; http://cqqizhou.com"
43.157.98.187 - - [25/Aug/2025:03:16:19 +0800] "GET /bug HTTP/1.1" 301 5 "-" "Mozilla/5.0 (iPhone; CPU iPhone OS 13_2_3 like Mac OS X) AppleWebKit/605.1.15 (KHTML, like Gecko) Version/13.0.3 Mobile/15E148 Safari/604.1"
43.157.98.187 - - [25/Aug/2025:03:16:24 +0800] "GET /bug/ HTTP/1.1" 200 11961 "http://cqqizhou.com/bug" "Mozilla/5.0 (iPhone; CPU iPhone OS 13_2_3 like Mac OS X) AppleWebKit/605.1.15 (KHTML, like Gecko) Version/13.0.3 Mobile/15E148 Safari/604.1"
36.133.115.36 - - [25/Aug/2025:03:23:26 +0800] "POST /wp-cron.php?doing_wp_cron=1756063406.5388510227203369140625 HTTP/1.1" 200 31 "-" "WordPress/6.8.2; http://cqqizhou.com"
43.135.182.95 - - [25/Aug/2025:03:23:26 +0800] "GET /contacts/ HTTP/1.1" 200 18522 "-" "Mozilla/5.0 (iPhone; CPU iPhone OS 13_2_3 like Mac OS X) AppleWebKit/605.1.15 (KHTML, like Gecko) Version/13.0.3 Mobile/15E148 Safari/604.1"
36.133.115.36 - - [25/Aug/2025:03:24:48 +0800] "POST /wp-cron.php?doing_wp_cron=1756063488.4975099563598632812500 HTTP/1.1" 200 31 "-" "WordPress/6.8.2; http://cqqizhou.com"
18.215.123.28 - - [25/Aug/2025:03:24:48 +0800] "POST /xmlrpc.php HTTP/1.1" 200 217 "-" "Mozilla/5.0 (X11; Ubuntu; Linux x86_64; rv:85.0) Gecko/20100101 Firefox/91.0"
36.133.115.36 - - [25/Aug/2025:03:26:09 +0800] "POST /wp-cron.php?doing_wp_cron=1756063569.0504899024963378906250 HTTP/1.1" 200 31 "-" "WordPress/6.8.2; http://cqqizhou.com"
170.106.11.141 - - [25/Aug/2025:03:26:09 +0800] "GET /wp-json/oembed/1.0/embed?url=http%3A%2F%2Fcqqizhou.com%2Fcontacts%2F HTTP/1.1" 200 1112 "-" "Mozilla/5.0 (iPhone; CPU iPhone OS 13_2_3 like Mac OS X) AppleWebKit/605.1.15 (KHTML, like Gecko) Version/13.0.3 Mobile/15E148 Safari/604.1"
36.133.115.36 - - [25/Aug/2025:03:34:39 +0800] "POST /wp-cron.php?doing_wp_cron=1756064079.2050600051879882812500 HTTP/1.1" 200 31 "-" "WordPress/6.8.2; http://cqqizhou.com"
170.106.35.187 - - [25/Aug/2025:03:34:39 +0800] "GET /2155/ HTTP/1.1" 200 25075 "-" "Mozilla/5.0 (iPhone; CPU iPhone OS 13_2_3 like Mac OS X) AppleWebKit/605.1.15 (KHTML, like Gecko) Version/13.0.3 Mobile/15E148 Safari/604.1"
36.133.115.36 - - [25/Aug/2025:03:37:07 +0800] "POST /wp-cron.php?doing_wp_cron=1756064227.3734929561614990234375 HTTP/1.1" 200 31 "-" "WordPress/6.8.2; http://cqqizhou.com"
91.224.92.14 - - [25/Aug/2025:03:37:07 +0800] "GET / HTTP/1.1" 200 33395 "-" "Mozilla/5.0 (Windows NT 10.0; Win64; x64) AppleWebKit/537.36 (KHTML, like Gecko) Chrome/90.0.4430.85 Safari/537.36 Edg/90.0.818.46"
36.133.115.36 - - [25/Aug/2025:03:44:50 +0800] "POST /wp-cron.php?doing_wp_cron=1756064690.5630939006805419921875 HTTP/1.1" 200 31 "-" "WordPress/6.8.2; http://cqqizhou.com"
162.214.101.253 - - [25/Aug/2025:03:44:50 +0800] "POST /xmlrpc.php HTTP/1.1" 200 217 "-" "Mozilla/5.0 (X11; Ubuntu; Linux x86_64; rv:85.0) Gecko/20100101 Firefox/91.0"
175.6.217.4 - - [25/Aug/2025:03:45:35 +0800] "GET / HTTP/1.1" 200 33395 "-" "Mozilla/5.0 (iPhone; CPU iPhone OS 13_2_3 like Mac OS X) AppleWebKit/605.1.15 (KHTML, like Gecko) Version/13.0.3 Mobile/15E148 Safari/604.1"
36.133.115.36 - - [25/Aug/2025:03:47:53 +0800] "POST /wp-cron.php?doing_wp_cron=1756064873.2573010921478271484375 HTTP/1.1" 200 31 "-" "WordPress/6.8.2; http://cqqizhou.com"
43.159.152.4 - - [25/Aug/2025:03:47:53 +0800] "GET /portfolio-category/dual-phase-steel/ HTTP/1.1" 200 17488 "-" "Mozilla/5.0 (iPhone; CPU iPhone OS 13_2_3 like Mac OS X) AppleWebKit/605.1.15 (KHTML, like Gecko) Version/13.0.3 Mobile/15E148 Safari/604.1"
36.133.115.36 - - [25/Aug/2025:04:00:50 +0800] "POST /wp-cron.php?doing_wp_cron=1756065650.7314100265502929687500 HTTP/1.1" 200 31 "-" "WordPress/6.8.2; http://cqqizhou.com"
43.155.162.41 - - [25/Aug/2025:04:00:50 +0800] "GET /wp-content/uploads/revslider/slider-1/1750861156-logistics_Slider_3840 HTTP/1.1" 404 8989 "-" "Mozilla/5.0 (iPhone; CPU iPhone OS 13_2_3 like Mac OS X) AppleWebKit/605.1.15 (KHTML, like Gecko) Version/13.0.3 Mobile/15E148 Safari/604.1"
36.133.115.36 - - [25/Aug/2025:04:03:52 +0800] "POST /wp-cron.php?doing_wp_cron=1756065832.8753380775451660156250 HTTP/1.1" 200 31 "-" "WordPress/6.8.2; http://cqqizhou.com"
20.25.250.19 - - [25/Aug/2025:04:03:53 +0800] "POST /xmlrpc.php HTTP/1.1" 200 217 "-" "Mozilla/5.0 (X11; Ubuntu; Linux x86_64; rv:85.0) Gecko/20100101 Firefox/91.0"
149.50.103.48 - - [25/Aug/2025:04:04:37 +0800] "GET / HTTP/1.1" 200 33395 "-" "Mozilla/5.0 (Windows NT 10.0; Win64; x64) AppleWebKit/537.36 (KHTML, like Gecko) Chrome/90.0.4430.85 Safari/537.36 Edg/90.0.818.46"
36.133.115.36 - - [25/Aug/2025:04:05:04 +0800] "POST /wp-cron.php?doing_wp_cron=1756065904.6266109943389892578125 HTTP/1.1" 200 31 "-" "WordPress/6.8.2; http://cqqizhou.com"
185.247.137.44 - - [25/Aug/2025:04:05:04 +0800] "GET / HTTP/1.1" 301 5 "-" "Mozilla/5.0 (compatible; InternetMeasurement/1.0; +https://internet-measurement.com/)"
185.247.137.44 - - [25/Aug/2025:04:05:05 +0800] "GET / HTTP/1.1" 200 39302 "http://36.133.115.36" "Mozilla/5.0 (compatible; InternetMeasurement/1.0; +https://internet-measurement.com/)"
36.133.115.36 - - [25/Aug/2025:04:07:21 +0800] "POST /wp-cron.php?doing_wp_cron=1756066041.6849770545959472656250 HTTP/1.1" 200 31 "-" "WordPress/6.8.2; http://cqqizhou.com"
167.99.69.81 - - [25/Aug/2025:04:07:21 +0800] "GET /.env HTTP/1.1" 404 8989 "-" "Mozilla/5.0; Keydrop.io/1.0(onlyscans.com/about);"
167.99.69.81 - - [25/Aug/2025:04:07:22 +0800] "GET /.git/config HTTP/1.1" 404 8989 "-" "Mozilla/5.0; Keydrop.io/1.0(onlyscans.com/about);"
36.133.115.36 - - [25/Aug/2025:04:12:35 +0800] "POST /wp-cron.php?doing_wp_cron=1756066355.6542310714721679687500 HTTP/1.1" 200 31 "-" "WordPress/6.8.2; http://cqqizhou.com"
119.28.140.106 - - [25/Aug/2025:04:12:35 +0800] "GET /services/ HTTP/1.1" 200 19715 "-" "Mozilla/5.0 (iPhone; CPU iPhone OS 13_2_3 like Mac OS X) AppleWebKit/605.1.15 (KHTML, like Gecko) Version/13.0.3 Mobile/15E148 Safari/604.1"
36.133.115.36 - - [25/Aug/2025:04:17:17 +0800] "POST /wp-cron.php?doing_wp_cron=1756066637.3169000148773193359375 HTTP/1.1" 200 31 "-" "WordPress/6.8.2; http://cqqizhou.com"
91.224.92.17 - - [25/Aug/2025:04:17:36 +0800] "GET / HTTP/1.1" 200 96805 "-" "-"
36.133.115.36 - - [25/Aug/2025:04:18:55 +0800] "POST /wp-cron.php?doing_wp_cron=1756066735.0816400051116943359375 HTTP/1.1" 200 31 "-" "WordPress/6.8.2; http://cqqizhou.com"
43.133.220.37 - - [25/Aug/2025:04:18:55 +0800] "GET /bug/ HTTP/1.1" 200 11961 "-" "Mozilla/5.0 (iPhone; CPU iPhone OS 13_2_3 like Mac OS X) AppleWebKit/605.1.15 (KHTML, like Gecko) Version/13.0.3 Mobile/15E148 Safari/604.1"
36.133.115.36 - - [25/Aug/2025:04:24:00 +0800] "POST /wp-cron.php?doing_wp_cron=1756067040.4462449550628662109375 HTTP/1.1" 200 31 "-" "WordPress/6.8.2; http://cqqizhou.com"
44.232.127.247 - - [25/Aug/2025:04:24:00 +0800] "POST /xmlrpc.php HTTP/1.1" 200 217 "-" "Mozilla/5.0 (X11; Ubuntu; Linux x86_64; rv:85.0) Gecko/20100101 Firefox/91.0"
49.51.183.84 - - [25/Aug/2025:04:31:01 +0800] "GET /wp-content/uploads/2025/07/1750005875-qizhou_map2025616.webp HTTP/1.1" 200 348798 "-" "Mozilla/5.0 (iPhone; CPU iPhone OS 13_2_3 like Mac OS X) AppleWebKit/605.1.15 (KHTML, like Gecko) Version/13.0.3 Mobile/15E148 Safari/604.1"
36.133.115.36 - - [25/Aug/2025:04:36:19 +0800] "POST /wp-cron.php?doing_wp_cron=1756067779.8569269180297851562500 HTTP/1.1" 200 31 "-" "WordPress/6.8.2; http://cqqizhou.com"
91.224.92.17 - - [25/Aug/2025:04:36:39 +0800] "GET / HTTP/1.1" 200 109837 "-" "-"
36.133.115.36 - - [25/Aug/2025:04:39:27 +0800] "POST /wp-cron.php?doing_wp_cron=1756067967.9082710742950439453125 HTTP/1.1" 200 31 "-" "WordPress/6.8.2; http://cqqizhou.com"
49.51.204.74 - - [25/Aug/2025:04:39:27 +0800] "GET /wp-json/oembed/1.0/embed?url=http%3A%2F%2Fcqqizhou.com%2F2155%2F HTTP/1.1" 200 1258 "-" "Mozilla/5.0 (iPhone; CPU iPhone OS 13_2_3 like Mac OS X) AppleWebKit/605.1.15 (KHTML, like Gecko) Version/13.0.3 Mobile/15E148 Safari/604.1"
36.133.115.36 - - [25/Aug/2025:04:40:32 +0800] "POST /wp-cron.php?doing_wp_cron=1756068032.3563261032104492187500 HTTP/1.1" 200 31 "-" "WordPress/6.8.2; http://cqqizhou.com"
94.156.152.110 - - [25/Aug/2025:04:40:32 +0800] "GET / HTTP/1.1" 200 33395 "-" "Linux Gnu (cow)"
36.133.115.36 - - [25/Aug/2025:04:47:54 +0800] "POST /wp-cron.php?doing_wp_cron=1756068474.0084769725799560546875 HTTP/1.1" 200 31 "-" "WordPress/6.8.2; http://cqqizhou.com"
217.174.152.39 - - [25/Aug/2025:04:47:54 +0800] "POST /xmlrpc.php HTTP/1.1" 200 217 "-" "Mozilla/5.0 (X11; Ubuntu; Linux x86_64; rv:85.0) Gecko/20100101 Firefox/91.0"
36.133.115.36 - - [25/Aug/2025:05:05:35 +0800] "POST /wp-cron.php?doing_wp_cron=1756069535.2463099956512451171875 HTTP/1.1" 200 31 "-" "WordPress/6.8.2; http://cqqizhou.com"
87.120.191.6 - - [25/Aug/2025:05:05:36 +0800] "GET / HTTP/1.1" 200 33395 "-" "Mozilla/5.0 (Windows NT 10.0; Win64; x64) AppleWebKit/537.36 (KHTML, like Gecko) Chrome/90.0.4430.85 Safari/537.36 Edg/90.0.818.46"
91.224.92.17 - - [25/Aug/2025:05:05:54 +0800] "GET / HTTP/1.1" 200 109837 "-" "-"
36.133.115.36 - - [25/Aug/2025:05:08:49 +0800] "POST /wp-cron.php?doing_wp_cron=1756069729.5336160659790039062500 HTTP/1.1" 200 31 "-" "WordPress/6.8.2; http://cqqizhou.com"
149.50.103.48 - - [25/Aug/2025:05:08:49 +0800] "GET / HTTP/1.1" 200 33395 "-" "Mozilla/5.0 (Windows NT 10.0; Win64; x64) AppleWebKit/537.36 (KHTML, like Gecko) Chrome/90.0.4430.85 Safari/537.36 Edg/90.0.818.46"
170.106.180.153 - - [25/Aug/2025:05:09:28 +0800] "GET /wp-content/uploads/2025/07/1751829454-Smart-warehousing800x500.webp HTTP/1.1" 200 79504 "-" "Mozilla/5.0 (iPhone; CPU iPhone OS 13_2_3 like Mac OS X) AppleWebKit/605.1.15 (KHTML, like Gecko) Version/13.0.3 Mobile/15E148 Safari/604.1"
36.133.115.36 - - [25/Aug/2025:05:14:40 +0800] "POST /wp-cron.php?doing_wp_cron=1756070080.5468630790710449218750 HTTP/1.1" 200 31 "-" "WordPress/6.8.2; http://cqqizhou.com"
162.240.19.150 - - [25/Aug/2025:05:14:40 +0800] "POST /xmlrpc.php HTTP/1.1" 200 217 "-" "Mozilla/5.0 (X11; Ubuntu; Linux x86_64; rv:85.0) Gecko/20100101 Firefox/91.0"
43.130.110.130 - - [25/Aug/2025:05:20:29 +0800] "GET /wp-content/uploads/2025/07/1751829518-Precision-processing-services800x500.webp HTTP/1.1" 200 28964 "-" "Mozilla/5.0 (iPhone; CPU iPhone OS 13_2_3 like Mac OS X) AppleWebKit/605.1.15 (KHTML, like Gecko) Version/13.0.3 Mobile/15E148 Safari/604.1"
36.133.115.36 - - [25/Aug/2025:05:42:23 +0800] "POST /wp-cron.php?doing_wp_cron=1756071743.3263959884643554687500 HTTP/1.1" 200 31 "-" "WordPress/6.8.2; http://cqqizhou.com"
44.232.127.247 - - [25/Aug/2025:05:42:23 +0800] "POST /xmlrpc.php HTTP/1.1" 200 217 "-" "Mozilla/5.0 (X11; Ubuntu; Linux x86_64; rv:85.0) Gecko/20100101 Firefox/91.0"
36.133.115.36 - - [25/Aug/2025:05:58:34 +0800] "POST /wp-cron.php?doing_wp_cron=1756072714.2612469196319580078125 HTTP/1.1" 200 31 "-" "WordPress/6.8.2; http://cqqizhou.com"
43.130.53.252 - - [25/Aug/2025:05:58:34 +0800] "GET / HTTP/1.1" 301 5 "-" "Mozilla/5.0 (iPhone; CPU iPhone OS 13_2_3 like Mac OS X) AppleWebKit/605.1.15 (KHTML, like Gecko) Version/13.0.3 Mobile/15E148 Safari/604.1"
43.130.53.252 - - [25/Aug/2025:05:58:36 +0800] "GET / HTTP/1.1" 200 33395 "http://www.cqqizhou.com" "Mozilla/5.0 (iPhone; CPU iPhone OS 13_2_3 like Mac OS X) AppleWebKit/605.1.15 (KHTML, like Gecko) Version/13.0.3 Mobile/15E148 Safari/604.1"
36.133.115.36 - - [25/Aug/2025:06:09:16 +0800] "POST /wp-cron.php?doing_wp_cron=1756073356.0454859733581542968750 HTTP/1.1" 200 31 "-" "WordPress/6.8.2; http://cqqizhou.com"
107.189.30.241 - - [25/Aug/2025:06:09:16 +0800] "GET /wp-login.php HTTP/1.1" 200 2780 "-" "Mozilla/5.0 (Windows NT 6.1; WOW64; rv:24.0) Gecko/20100101 Firefox/24.0"
107.189.30.241 - - [25/Aug/2025:06:09:17 +0800] "POST /wp-login.php HTTP/1.1" 200 2925 "-" "Mozilla/5.0 (Windows NT 6.1; WOW64; rv:24.0) Gecko/20100101 Firefox/24.0"
36.133.115.36 - - [25/Aug/2025:06:11:48 +0800] "POST /wp-cron.php?doing_wp_cron=1756073508.5461280345916748046875 HTTP/1.1" 200 31 "-" "WordPress/6.8.2; http://cqqizhou.com"
149.50.103.48 - - [25/Aug/2025:06:11:48 +0800] "GET / HTTP/1.1" 200 33395 "-" "Mozilla/5.0 (Windows NT 10.0; Win64; x64) AppleWebKit/537.36 (KHTML, like Gecko) Chrome/90.0.4430.85 Safari/537.36 Edg/90.0.818.46"
185.225.22.27 - - [25/Aug/2025:06:12:26 +0800] "POST /xmlrpc.php HTTP/1.1" 200 217 "-" "Mozilla/5.0 (X11; U; Linux i686; en-US; rv:96.0) Gecko/20071914 Firefox/96.0"
49.51.183.75 - - [25/Aug/2025:06:12:43 +0800] "GET / HTTP/1.1" 200 33395 "-" "Mozilla/5.0 (iPhone; CPU iPhone OS 13_2_3 like Mac OS X) AppleWebKit/605.1.15 (KHTML, like Gecko) Version/13.0.3 Mobile/15E148 Safari/604.1"
36.133.115.36 - - [25/Aug/2025:06:21:19 +0800] "POST /wp-cron.php?doing_wp_cron=1756074079.1318299770355224609375 HTTP/1.1" 200 31 "-" "WordPress/6.8.2; http://cqqizhou.com"
129.226.93.214 - - [25/Aug/2025:06:21:19 +0800] "GET /services HTTP/1.1" 301 5 "-" "Mozilla/5.0 (iPhone; CPU iPhone OS 13_2_3 like Mac OS X) AppleWebKit/605.1.15 (KHTML, like Gecko) Version/13.0.3 Mobile/15E148 Safari/604.1"
129.226.93.214 - - [25/Aug/2025:06:21:21 +0800] "GET /services/ HTTP/1.1" 200 19715 "http://cqqizhou.com/services" "Mozilla/5.0 (iPhone; CPU iPhone OS 13_2_3 like Mac OS X) AppleWebKit/605.1.15 (KHTML, like Gecko) Version/13.0.3 Mobile/15E148 Safari/604.1"
36.133.115.36 - - [25/Aug/2025:06:32:39 +0800] "POST /wp-cron.php?doing_wp_cron=1756074758.9871339797973632812500 HTTP/1.1" 200 31 "-" "WordPress/6.8.2; http://cqqizhou.com"
43.159.148.221 - - [25/Aug/2025:06:32:39 +0800] "GET /wp-content/uploads/2025/07/1753456723- HTTP/1.1" 404 8990 "-" "Mozilla/5.0 (iPhone; CPU iPhone OS 13_2_3 like Mac OS X) AppleWebKit/605.1.15 (KHTML, like Gecko) Version/13.0.3 Mobile/15E148 Safari/604.1"
36.133.115.36 - - [25/Aug/2025:06:40:56 +0800] "POST /wp-cron.php?doing_wp_cron=1756075256.3251090049743652343750 HTTP/1.1" 200 31 "-" "WordPress/6.8.2; http://cqqizhou.com"
43.157.156.190 - - [25/Aug/2025:06:40:56 +0800] "GET /process/processing HTTP/1.1" 301 5 "-" "Mozilla/5.0 (iPhone; CPU iPhone OS 13_2_3 like Mac OS X) AppleWebKit/605.1.15 (KHTML, like Gecko) Version/13.0.3 Mobile/15E148 Safari/604.1"
43.157.156.190 - - [25/Aug/2025:06:41:00 +0800] "GET /services/processing/ HTTP/1.1" 200 18827 "http://cqqizhou.com/process/processing" "Mozilla/5.0 (iPhone; CPU iPhone OS 13_2_3 like Mac OS X) AppleWebKit/605.1.15 (KHTML, like Gecko) Version/13.0.3 Mobile/15E148 Safari/604.1"
36.133.115.36 - - [25/Aug/2025:06:43:57 +0800] "POST /wp-cron.php?doing_wp_cron=1756075437.5508019924163818359375 HTTP/1.1" 200 31 "-" "WordPress/6.8.2; http://cqqizhou.com"
160.30.113.129 - - [25/Aug/2025:06:43:57 +0800] "POST /xmlrpc.php HTTP/1.1" 200 217 "-" "Mozilla/5.0 (X11; Ubuntu; Linux x86_64; rv:85.0) Gecko/20100101 Firefox/91.0"
36.133.115.36 - - [25/Aug/2025:06:45:23 +0800] "POST /wp-cron.php?doing_wp_cron=1756075523.7649190425872802734375 HTTP/1.1" 200 31 "-" "WordPress/6.8.2; http://cqqizhou.com"
91.224.92.14 - - [25/Aug/2025:06:45:24 +0800] "GET / HTTP/1.1" 200 33395 "-" "Mozilla/5.0 (Windows NT 10.0; Win64; x64) AppleWebKit/537.36 (KHTML, like Gecko) Chrome/90.0.4430.85 Safari/537.36 Edg/90.0.818.46"
36.133.115.36 - - [25/Aug/2025:06:46:13 +0800] "POST /wp-cron.php?doing_wp_cron=1756075573.8334770202636718750000 HTTP/1.1" 200 31 "-" "WordPress/6.8.2; http://cqqizhou.com"
173.252.83.116 - - [25/Aug/2025:06:46:13 +0800] "GET /robots.txt HTTP/1.1" 200 390 "-" "facebookexternalhit/1.1 (+http://www.facebook.com/externalhit_uatext.php)"
36.133.115.36 - - [25/Aug/2025:06:49:42 +0800] "POST /wp-cron.php?doing_wp_cron=1756075782.1227550506591796875000 HTTP/1.1" 200 31 "-" "WordPress/6.8.2; http://cqqizhou.com"
124.226.222.66 - - [25/Aug/2025:06:49:42 +0800] "GET / HTTP/1.1" 301 5 "-" "Mozilla/5.0 (iPhone; CPU iPhone OS 13_2_3 like Mac OS X) AppleWebKit/605.1.15 (KHTML, like Gecko) Version/13.0.3 Mobile/15E148 Safari/604.1"
124.226.222.66 - - [25/Aug/2025:06:49:44 +0800] "GET / HTTP/1.1" 200 33395 "http://www.cqqizhou.com" "Mozilla/5.0 (iPhone; CPU iPhone OS 13_2_3 like Mac OS X) AppleWebKit/605.1.15 (KHTML, like Gecko) Version/13.0.3 Mobile/15E148 Safari/604.1"
36.133.115.36 - - [25/Aug/2025:06:51:03 +0800] "POST /wp-cron.php?doing_wp_cron=1756075863.7670691013336181640625 HTTP/1.1" 200 31 "-" "WordPress/6.8.2; http://cqqizhou.com"
35.203.210.63 - - [25/Aug/2025:06:51:04 +0800] "GET / HTTP/1.1" 200 33395 "-" "Hello from Palo Alto Networks, find out more about our scans in https://docs-cortex.paloaltonetworks.com/r/1/Cortex-Xpanse/Scanning-activity"
36.133.115.36 - - [25/Aug/2025:06:52:54 +0800] "POST /wp-cron.php?doing_wp_cron=1756075974.4187479019165039062500 HTTP/1.1" 200 31 "-" "WordPress/6.8.2; http://cqqizhou.com"
43.166.244.251 - - [25/Aug/2025:06:52:54 +0800] "GET /wp-json/oembed/1.0/embed?url=http%3A%2F%2Fcqqizhou.com%2Fservices%2F HTTP/1.1" 200 1113 "-" "Mozilla/5.0 (iPhone; CPU iPhone OS 13_2_3 like Mac OS X) AppleWebKit/605.1.15 (KHTML, like Gecko) Version/13.0.3 Mobile/15E148 Safari/604.1"
36.133.115.36 - - [25/Aug/2025:07:02:26 +0800] "POST /wp-cron.php?doing_wp_cron=1756076545.9983019828796386718750 HTTP/1.1" 200 31 "-" "WordPress/6.8.2; http://cqqizhou.com"
43.135.134.127 - - [25/Aug/2025:07:02:26 +0800] "GET /wp-content/uploads/2025/07/1753405252-Services_Banner2000 HTTP/1.1" 404 8989 "-" "Mozilla/5.0 (iPhone; CPU iPhone OS 13_2_3 like Mac OS X) AppleWebKit/605.1.15 (KHTML, like Gecko) Version/13.0.3 Mobile/15E148 Safari/604.1"
36.133.115.36 - - [25/Aug/2025:07:11:59 +0800] "POST /wp-cron.php?doing_wp_cron=1756077119.6044309139251708984375 HTTP/1.1" 200 31 "-" "WordPress/6.8.2; http://cqqizhou.com"
220.93.167.11 - - [25/Aug/2025:07:11:59 +0800] "GET / HTTP/1.0" 301 0 "-" "-"
101.33.55.204 - - [25/Aug/2025:07:12:39 +0800] "GET /wp-content/uploads/2025/07/1751857929-3D-one-stop-supply-chain-service-W900px2.webp HTTP/1.1" 200 38362 "-" "Mozilla/5.0 (iPhone; CPU iPhone OS 13_2_3 like Mac OS X) AppleWebKit/605.1.15 (KHTML, like Gecko) Version/13.0.3 Mobile/15E148 Safari/604.1"
36.133.115.36 - - [25/Aug/2025:07:18:02 +0800] "POST /wp-cron.php?doing_wp_cron=1756077482.3200318813323974609375 HTTP/1.1" 200 31 "-" "WordPress/6.8.2; http://cqqizhou.com"
104.193.172.81 - - [25/Aug/2025:07:18:02 +0800] "POST /xmlrpc.php HTTP/1.1" 200 217 "-" "Mozilla/5.0 (X11; Ubuntu; Linux x86_64; rv:85.0) Gecko/20100101 Firefox/91.0"
36.133.115.36 - - [25/Aug/2025:07:21:42 +0800] "POST /wp-cron.php?doing_wp_cron=1756077702.9334359169006347656250 HTTP/1.1" 200 31 "-" "WordPress/6.8.2; http://cqqizhou.com"
149.50.103.48 - - [25/Aug/2025:07:21:43 +0800] "GET / HTTP/1.1" 200 33395 "-" "Mozilla/5.0 (Windows NT 10.0; Win64; x64) AppleWebKit/537.36 (KHTML, like Gecko) Chrome/90.0.4430.85 Safari/537.36 Edg/90.0.818.46"
36.133.115.36 - - [25/Aug/2025:07:22:16 +0800] "POST /wp-cron.php?doing_wp_cron=1756077736.8258171081542968750000 HTTP/1.1" 200 31 "-" "WordPress/6.8.2; http://cqqizhou.com"
49.51.183.15 - - [25/Aug/2025:07:22:16 +0800] "GET /wp-json/oembed/1.0/embed?url=http%3A%2F%2Fcqqizhou.com%2Fservices%2Fprocessing%2F HTTP/1.1" 200 1121 "-" "Mozilla/5.0 (iPhone; CPU iPhone OS 13_2_3 like Mac OS X) AppleWebKit/605.1.15 (KHTML, like Gecko) Version/13.0.3 Mobile/15E148 Safari/604.1"
36.133.115.36 - - [25/Aug/2025:07:31:21 +0800] "POST /wp-cron.php?doing_wp_cron=1756078281.4446499347686767578125 HTTP/1.1" 200 31 "-" "WordPress/6.8.2; http://cqqizhou.com"
43.157.142.101 - - [25/Aug/2025:07:31:21 +0800] "GET /services/processing/qzgyl@cq-qizhou.com HTTP/1.1" 404 8989 "-" "Mozilla/5.0 (iPhone; CPU iPhone OS 13_2_3 like Mac OS X) AppleWebKit/605.1.15 (KHTML, like Gecko) Version/13.0.3 Mobile/15E148 Safari/604.1"
43.130.14.245 - - [25/Aug/2025:07:43:05 +0800] "GET /wp-content/uploads/2025/07/1751826322-Services_images_W900px.webp HTTP/1.1" 200 87128 "-" "Mozilla/5.0 (iPhone; CPU iPhone OS 13_2_3 like Mac OS X) AppleWebKit/605.1.15 (KHTML, like Gecko) Version/13.0.3 Mobile/15E148 Safari/604.1"
47.100.121.12 - - [25/Aug/2025:07:43:23 +0800] "GET /.env HTTP/1.1" 499 0 "-" "Mozilla/5.0 (iPhone; CPU iPhone OS 17_5_1 like Mac OS X) AppleWebKit/605.1.15 (KHTML, like Gecko) Version/17.4.1 Mobile/15E148 Safari/604.1"
47.100.121.12 - - [25/Aug/2025:07:43:23 +0800] "GET /version HTTP/1.1" 499 0 "-" "Mozilla/5.0 (iPhone; CPU iPhone OS 17_5_1 like Mac OS X) AppleWebKit/605.1.15 (KHTML, like Gecko) Version/17.4.1 Mobile/15E148 Safari/604.1"
47.100.121.12 - - [25/Aug/2025:07:43:23 +0800] "GET /containers/json HTTP/1.1" 499 0 "-" "Mozilla/5.0 (iPhone; CPU iPhone OS 17_5_1 like Mac OS X) AppleWebKit/605.1.15 (KHTML, like Gecko) Version/17.4.1 Mobile/15E148 Safari/604.1"
47.100.121.12 - - [25/Aug/2025:07:43:24 +0800] "GET /.env.bak HTTP/1.1" 499 0 "-" "Mozilla/5.0 (iPhone; CPU iPhone OS 17_5_1 like Mac OS X) AppleWebKit/605.1.15 (KHTML, like Gecko) Version/17.4.1 Mobile/15E148 Safari/604.1"
36.133.115.36 - - [25/Aug/2025:07:43:24 +0800] "POST /wp-cron.php?doing_wp_cron=1756079004.2247219085693359375000 HTTP/1.1" 200 31 "-" "WordPress/6.8.2; http://cqqizhou.com"
47.100.121.12 - - [25/Aug/2025:07:43:24 +0800] "GET / HTTP/1.1" 499 0 "-" "Mozilla/5.0 (iPhone; CPU iPhone OS 17_5_1 like Mac OS X) AppleWebKit/605.1.15 (KHTML, like Gecko) Version/17.4.1 Mobile/15E148 Safari/604.1"
36.133.115.36 - - [25/Aug/2025:07:54:28 +0800] "POST /wp-cron.php?doing_wp_cron=1756079668.4014739990234375000000 HTTP/1.1" 200 31 "-" "WordPress/6.8.2; http://cqqizhou.com"
91.201.169.15 - - [25/Aug/2025:07:54:29 +0800] "POST /xmlrpc.php HTTP/1.1" 200 217 "-" "Mozilla/5.0 (X11; Ubuntu; Linux x86_64; rv:85.0) Gecko/20100101 Firefox/91.0"
36.133.115.36 - - [25/Aug/2025:08:14:34 +0800] "POST /wp-cron.php?doing_wp_cron=1756080874.8542840480804443359375 HTTP/1.1" 200 31 "-" "WordPress/6.8.2; http://cqqizhou.com"
91.224.92.17 - - [25/Aug/2025:08:14:54 +0800] "GET / HTTP/1.1" 200 96805 "-" "-"
36.133.115.36 - - [25/Aug/2025:08:24:52 +0800] "POST /wp-cron.php?doing_wp_cron=1756081492.1846950054168701171875 HTTP/1.1" 200 31 "-" "WordPress/6.8.2; http://cqqizhou.com"
149.50.103.48 - - [25/Aug/2025:08:24:52 +0800] "GET / HTTP/1.1" 200 33395 "-" "Mozilla/5.0 (Windows NT 10.0; Win64; x64) AppleWebKit/537.36 (KHTML, like Gecko) Chrome/90.0.4430.85 Safari/537.36 Edg/90.0.818.46"
36.133.115.36 - - [25/Aug/2025:08:33:26 +0800] "POST /wp-cron.php?doing_wp_cron=1756082006.0219299793243408203125 HTTP/1.1" 200 31 "-" "WordPress/6.8.2; http://cqqizhou.com"
112.196.0.228 - - [25/Aug/2025:08:33:26 +0800] "POST /xmlrpc.php HTTP/1.1" 200 217 "-" "Mozilla/5.0 (X11; Ubuntu; Linux x86_64; rv:85.0) Gecko/20100101 Firefox/91.0"
36.133.115.36 - - [25/Aug/2025:08:34:35 +0800] "POST /wp-cron.php?doing_wp_cron=1756082075.2470309734344482421875 HTTP/1.1" 200 31 "-" "WordPress/6.8.2; http://cqqizhou.com"
91.224.92.14 - - [25/Aug/2025:08:34:35 +0800] "GET / HTTP/1.1" 200 33395 "-" "Mozilla/5.0 (Windows NT 10.0; Win64; x64) AppleWebKit/537.36 (KHTML, like Gecko) Chrome/90.0.4430.85 Safari/537.36 Edg/90.0.818.46"
36.133.115.36 - - [25/Aug/2025:08:34:49 +0800] "POST /wp-cron.php?doing_wp_cron=1756082089.5757451057434082031250 HTTP/1.1" 200 31 "-" "WordPress/6.8.2; http://cqqizhou.com"
179.43.161.226 - - [25/Aug/2025:08:34:49 +0800] "GET / HTTP/1.1" 301 5 "-" "Mozilla/5.0 (Windows NT 5.1) AppleWebKit/537.36 (KHTML, like Gecko) Chrome/34.0.1866.237 Safari/537.36"
36.133.115.36 - - [25/Aug/2025:08:39:21 +0800] "POST /wp-cron.php?doing_wp_cron=1756082361.0633299350738525390625 HTTP/1.1" 200 31 "-" "WordPress/6.8.2; http://cqqizhou.com"
65.49.1.52 - - [25/Aug/2025:08:39:21 +0800] "GET / HTTP/1.1" 301 5 "-" "Mozilla/5.0 (X11; Linux x86_64) Gecko/20060609 Firefox/123.0esr"
36.133.115.36 - - [25/Aug/2025:08:43:23 +0800] "POST /wp-cron.php?doing_wp_cron=1756082603.4129889011383056640625 HTTP/1.1" 200 31 "-" "WordPress/6.8.2; http://cqqizhou.com"
65.49.1.52 - - [25/Aug/2025:08:43:23 +0800] "GET /webui/ HTTP/1.1" 404 8989 "-" "Mozilla/5.0 (Windows NT 10.0; Win64; x64) AppleWebKit/537.36 (KHTML, like Gecko) Chrome/110.0.0.0 Safari/537.36 Edg/110.0.1587.50"
36.133.115.36 - - [25/Aug/2025:08:43:49 +0800] "POST /wp-cron.php?doing_wp_cron=1756082629.4153261184692382812500 HTTP/1.1" 200 31 "-" "WordPress/6.8.2; http://cqqizhou.com"
65.49.1.61 - - [25/Aug/2025:08:43:49 +0800] "GET / HTTP/1.1" 301 5 "-" "Mozilla/5.0 (Windows NT 10.0; Win64; x64) AppleWebKit/537.36 (KHTML, like Gecko) Chrome/110.0.0.0 Safari/537.36 Edg/110.0.1587.50"
65.49.1.54 - - [25/Aug/2025:08:43:51 +0800] "GET / HTTP/1.1" 200 39302 "http://36.133.115.36/" "Mozilla/5.0 (Windows NT 10.0; Win64; x64) AppleWebKit/537.36 (KHTML, like Gecko) Chrome/110.0.0.0 Safari/537.36 Edg/110.0.1587.50"
36.133.115.36 - - [25/Aug/2025:08:50:34 +0800] "POST /wp-cron.php?doing_wp_cron=1756083034.0208160877227783203125 HTTP/1.1" 200 31 "-" "WordPress/6.8.2; http://cqqizhou.com"
65.49.1.52 - - [25/Aug/2025:08:50:34 +0800] "GET /geoserver/web/ HTTP/1.1" 404 8990 "-" "Mozilla/5.0 (X11; Linux x86_64) Gecko/20060609 Firefox/123.0esr"
178.17.57.107 - - [25/Aug/2025:08:55:17 +0800] "GET /archivarix.cms.php HTTP/1.1" 404 47 "http://cqqizhou.com/archivarix.cms.php" "Mozilla/5.0 (platform; rv:geckoversion) Gecko/geckotrail Firefox/firefoxversion"
36.133.115.36 - - [25/Aug/2025:08:56:59 +0800] "POST /wp-cron.php?doing_wp_cron=1756083419.0589718818664550781250 HTTP/1.1" 200 31 "-" "WordPress/6.8.2; http://cqqizhou.com"
179.43.161.226 - - [25/Aug/2025:08:56:59 +0800] "GET /index.php?a=fetch&content=%3C?php+file_put_contents(%2218203.php%22,%22%3C?php+echo+1332136563%3B%22)%3B HTTP/1.1" 200 33395 "-" "Mozilla/5.0 (Windows NT 6.1; WOW64) AppleWebKit/537.36 (KHTML, like Gecko) Chrome/41.0.2227.0 Safari/537.36"
179.43.161.226 - - [25/Aug/2025:08:57:00 +0800] "GET /18203.php HTTP/1.1" 404 47 "-" "Mozilla/5.0 (Windows NT 6.1; WOW64) AppleWebKit/537.36 (KHTML, like Gecko) Chrome/36.0.1985.67 Safari/537.36"
36.133.115.36 - - [25/Aug/2025:09:16:47 +0800] "POST /wp-cron.php?doing_wp_cron=1756084607.8493690490722656250000 HTTP/1.1" 200 31 "-" "WordPress/6.8.2; http://cqqizhou.com"
162.240.6.87 - - [25/Aug/2025:09:16:48 +0800] "POST /xmlrpc.php HTTP/1.1" 200 217 "-" "Mozilla/5.0 (X11; Ubuntu; Linux x86_64; rv:85.0) Gecko/20100101 Firefox/91.0"
36.133.115.36 - - [25/Aug/2025:09:25:17 +0800] "POST /wp-cron.php?doing_wp_cron=1756085117.2076840400695800781250 HTTP/1.1" 200 31 "-" "WordPress/6.8.2; http://cqqizhou.com"
149.50.103.48 - - [25/Aug/2025:09:25:17 +0800] "GET / HTTP/1.1" 200 33395 "-" "Mozilla/5.0 (Windows NT 10.0; Win64; x64) AppleWebKit/537.36 (KHTML, like Gecko) Chrome/90.0.4430.85 Safari/537.36 Edg/90.0.818.46"
36.133.115.36 - - [25/Aug/2025:09:44:39 +0800] "POST /wp-cron.php?doing_wp_cron=1756086279.9118518829345703125000 HTTP/1.1" 200 31 "-" "WordPress/6.8.2; http://cqqizhou.com"
43.167.245.18 - - [25/Aug/2025:09:44:40 +0800] "GET / HTTP/1.1" 200 33395 "-" "Mozilla/5.0 (iPhone; CPU iPhone OS 13_2_3 like Mac OS X) AppleWebKit/605.1.15 (KHTML, like Gecko) Version/13.0.3 Mobile/15E148 Safari/604.1"
36.133.115.36 - - [25/Aug/2025:09:46:56 +0800] "POST /wp-cron.php?doing_wp_cron=1756086416.1021630764007568359375 HTTP/1.1" 200 31 "-" "WordPress/6.8.2; http://cqqizhou.com"
124.221.245.78 - - [25/Aug/2025:09:46:56 +0800] "GET / HTTP/1.1" 200 33395 "-" "Mozilla/5.0 (iPhone; CPU iPhone OS 13_2_3 like Mac OS X) AppleWebKit/605.1.15 (KHTML, like Gecko) Version/13.0.3 Mobile/15E148 Safari/604.1"
36.133.115.36 - - [25/Aug/2025:09:51:01 +0800] "POST /wp-cron.php?doing_wp_cron=1756086661.0843660831451416015625 HTTP/1.1" 200 31 "-" "WordPress/6.8.2; http://cqqizhou.com"
135.220.172.38 - - [25/Aug/2025:09:51:01 +0800] "GET /.bod/.ll/ HTTP/1.1" 404 31381 "-" "-"
135.220.172.38 - - [25/Aug/2025:09:51:02 +0800] "GET /.well-known/ HTTP/1.1" 404 31381 "-" "-"
135.220.172.38 - - [25/Aug/2025:09:51:02 +0800] "GET /.well-known/gecko-litespeed.php HTTP/1.1" 404 27 "-" "-"
135.220.172.38 - - [25/Aug/2025:09:51:02 +0800] "GET /1.php HTTP/1.1" 404 27 "-" "-"
135.220.172.38 - - [25/Aug/2025:09:51:03 +0800] "GET /2021/01/16/upload-and-download-file-using-multipart-form-over-http/ HTTP/1.1" 404 31381 "-" "-"
135.220.172.38 - - [25/Aug/2025:09:51:04 +0800] "GET /aa.php HTTP/1.1" 404 27 "-" "-"
135.220.172.38 - - [25/Aug/2025:09:51:04 +0800] "GET /admin.php HTTP/1.1" 404 27 "-" "-"
135.220.172.38 - - [25/Aug/2025:09:51:05 +0800] "GET /admin/controller/extension/ HTTP/1.1" 404 31381 "-" "-"
135.220.172.38 - - [25/Aug/2025:09:51:05 +0800] "GET /admin/controller/extension/extension/ultra.php HTTP/1.1" 404 27 "-" "-"
135.220.172.38 - - [25/Aug/2025:09:51:05 +0800] "GET /admin/function.php HTTP/1.1" 404 27 "-" "-"
135.220.172.38 - - [25/Aug/2025:09:51:06 +0800] "GET /autoload_classmap.php HTTP/1.1" 404 27 "-" "-"
135.220.172.38 - - [25/Aug/2025:09:51:06 +0800] "GET /blog/wp-admin/ HTTP/1.1" 404 31381 "-" "-"
135.220.172.38 - - [25/Aug/2025:09:51:07 +0800] "GET /catalog/ HTTP/1.1" 404 31381 "-" "-"
135.220.172.38 - - [25/Aug/2025:09:51:09 +0800] "GET /cgi-bin/cgi-bin/ HTTP/1.1" 404 31381 "-" "-"
